[INFO] fetching crate saunter 0.2.0...
[INFO] testing saunter-0.2.0 against 1.69.0 for beta-1.70-1
[INFO] extracting crate saunter 0.2.0 into /workspace/builds/worker-1-tc1/source
[INFO] validating manifest of crates.io crate saunter 0.2.0 on toolchain 1.69.0
[INFO] running `Command { std: CARGO_HOME="/workspace/cargo-home" RUSTUP_HOME="/workspace/rustup-home" "/workspace/cargo-home/bin/cargo" "+1.69.0" "metadata" "--manifest-path" "Cargo.toml" "--no-deps", kill_on_drop: false }`
[INFO] started tweaking crates.io crate saunter 0.2.0
[INFO] finished tweaking crates.io crate saunter 0.2.0
[INFO] tweaked toml for crates.io crate saunter 0.2.0 written to /workspace/builds/worker-1-tc1/source/Cargo.toml
[INFO] crate crates.io crate saunter 0.2.0 already has a lockfile, it will not be regenerated
[INFO] running `Command { std: CARGO_HOME="/workspace/cargo-home" RUSTUP_HOME="/workspace/rustup-home" "/workspace/cargo-home/bin/cargo" "+1.69.0" "fetch" "--manifest-path" "Cargo.toml", kill_on_drop: false }`
[INFO] running `Command { std: "docker" "create" "-v" "/var/lib/crater-agent-workspace/builds/worker-1-tc1/target:/opt/rustwide/target:rw,Z" "-v" "/var/lib/crater-agent-workspace/builds/worker-1-tc1/source:/opt/rustwide/workdir:ro,Z" "-v" "/var/lib/crater-agent-workspace/cargo-home:/opt/rustwide/cargo-home:ro,Z" "-v" "/var/lib/crater-agent-workspace/rustup-home:/opt/rustwide/rustup-home:ro,Z" "-e" "SOURCE_DIR=/opt/rustwide/workdir" "-e" "CARGO_TARGET_DIR=/opt/rustwide/target" "-e" "CARGO_HOME=/opt/rustwide/cargo-home" "-e" "RUSTUP_HOME=/opt/rustwide/rustup-home" "-w" "/opt/rustwide/workdir" "-m" "1610612736" "--user" "0:0" "--network" "none" "ghcr.io/rust-lang/crates-build-env/linux@sha256:5ff2268d62e97bff2cde7d5815dd6ed5b47097566f13b8d0ca110b04b60e07ed" "/opt/rustwide/cargo-home/bin/cargo" "+1.69.0" "metadata" "--no-deps" "--format-version=1", kill_on_drop: false }`
[INFO] [stdout] 81fc92cb9e9b9aac9d380de15b1d3dd2aa8ff3fde27be28b848b0fbf8433ea62
[INFO] running `Command { std: "docker" "start" "-a" "81fc92cb9e9b9aac9d380de15b1d3dd2aa8ff3fde27be28b848b0fbf8433ea62", kill_on_drop: false }`
[INFO] running `Command { std: "docker" "inspect" "81fc92cb9e9b9aac9d380de15b1d3dd2aa8ff3fde27be28b848b0fbf8433ea62", kill_on_drop: false }`
[INFO] running `Command { std: "docker" "rm" "-f" "81fc92cb9e9b9aac9d380de15b1d3dd2aa8ff3fde27be28b848b0fbf8433ea62", kill_on_drop: false }`
[INFO] [stdout] 81fc92cb9e9b9aac9d380de15b1d3dd2aa8ff3fde27be28b848b0fbf8433ea62
[INFO] running `Command { std: "docker" "create" "-v" "/var/lib/crater-agent-workspace/builds/worker-1-tc1/target:/opt/rustwide/target:rw,Z" "-v" "/var/lib/crater-agent-workspace/builds/worker-1-tc1/source:/opt/rustwide/workdir:ro,Z" "-v" "/var/lib/crater-agent-workspace/cargo-home:/opt/rustwide/cargo-home:ro,Z" "-v" "/var/lib/crater-agent-workspace/rustup-home:/opt/rustwide/rustup-home:ro,Z" "-e" "SOURCE_DIR=/opt/rustwide/workdir" "-e" "CARGO_TARGET_DIR=/opt/rustwide/target" "-e" "CARGO_INCREMENTAL=0" "-e" "RUST_BACKTRACE=full" "-e" "RUSTFLAGS=--cap-lints=warn" "-e" "RUSTDOCFLAGS=--cap-lints=warn" "-e" "CARGO_HOME=/opt/rustwide/cargo-home" "-e" "RUSTUP_HOME=/opt/rustwide/rustup-home" "-w" "/opt/rustwide/workdir" "-m" "1610612736" "--user" "0:0" "--network" "none" "ghcr.io/rust-lang/crates-build-env/linux@sha256:5ff2268d62e97bff2cde7d5815dd6ed5b47097566f13b8d0ca110b04b60e07ed" "/opt/rustwide/cargo-home/bin/cargo" "+1.69.0" "build" "--frozen" "--message-format=json", kill_on_drop: false }`
[INFO] [stdout] 35cff6c90a5ec8a7c79337b8bee79b19cc2d601a70a53164e4659d721b7839f2
[INFO] running `Command { std: "docker" "start" "-a" "35cff6c90a5ec8a7c79337b8bee79b19cc2d601a70a53164e4659d721b7839f2", kill_on_drop: false }`
[INFO] [stderr]    Compiling spin_sleep v1.1.1
[INFO] [stderr]    Compiling saunter v0.2.0 (/opt/rustwide/workdir)
[INFO] [stderr]     Finished dev [unoptimized + debuginfo] target(s) in 0.24s
[INFO] running `Command { std: "docker" "inspect" "35cff6c90a5ec8a7c79337b8bee79b19cc2d601a70a53164e4659d721b7839f2", kill_on_drop: false }`
[INFO] running `Command { std: "docker" "rm" "-f" "35cff6c90a5ec8a7c79337b8bee79b19cc2d601a70a53164e4659d721b7839f2", kill_on_drop: false }`
[INFO] [stdout] 35cff6c90a5ec8a7c79337b8bee79b19cc2d601a70a53164e4659d721b7839f2
[INFO] running `Command { std: "docker" "create" "-v" "/var/lib/crater-agent-workspace/builds/worker-1-tc1/target:/opt/rustwide/target:rw,Z" "-v" "/var/lib/crater-agent-workspace/builds/worker-1-tc1/source:/opt/rustwide/workdir:ro,Z" "-v" "/var/lib/crater-agent-workspace/cargo-home:/opt/rustwide/cargo-home:ro,Z" "-v" "/var/lib/crater-agent-workspace/rustup-home:/opt/rustwide/rustup-home:ro,Z" "-e" "SOURCE_DIR=/opt/rustwide/workdir" "-e" "CARGO_TARGET_DIR=/opt/rustwide/target" "-e" "CARGO_INCREMENTAL=0" "-e" "RUST_BACKTRACE=full" "-e" "RUSTFLAGS=--cap-lints=warn" "-e" "RUSTDOCFLAGS=--cap-lints=warn" "-e" "CARGO_HOME=/opt/rustwide/cargo-home" "-e" "RUSTUP_HOME=/opt/rustwide/rustup-home" "-w" "/opt/rustwide/workdir" "-m" "1610612736" "--user" "0:0" "--network" "none" "ghcr.io/rust-lang/crates-build-env/linux@sha256:5ff2268d62e97bff2cde7d5815dd6ed5b47097566f13b8d0ca110b04b60e07ed" "/opt/rustwide/cargo-home/bin/cargo" "+1.69.0" "test" "--frozen" "--no-run" "--message-format=json", kill_on_drop: false }`
[INFO] [stdout] 725cd5a20378d10c29c51248487bd7fb2d70c569684371ff8e235e9ace95aee5
[INFO] running `Command { std: "docker" "start" "-a" "725cd5a20378d10c29c51248487bd7fb2d70c569684371ff8e235e9ace95aee5", kill_on_drop: false }`
[INFO] [stderr]    Compiling libc v0.2.139
[INFO] [stderr]    Compiling xml-rs v0.8.4
[INFO] [stderr]    Compiling wayland-sys v0.29.5
[INFO] [stderr]    Compiling memchr v2.5.0
[INFO] [stderr]    Compiling cmake v0.1.49
[INFO] [stderr]    Compiling servo-fontconfig-sys v5.1.0
[INFO] [stderr]    Compiling thiserror v1.0.38
[INFO] [stderr]    Compiling dlib v0.5.0
[INFO] [stderr]    Compiling slotmap v1.0.6
[INFO] [stderr]    Compiling scoped-tls v1.0.1
[INFO] [stderr]    Compiling downcast-rs v1.2.0
[INFO] [stderr]    Compiling miniz_oxide v0.6.2
[INFO] [stderr]    Compiling bytemuck v1.13.0
[INFO] [stderr]    Compiling smithay-client-toolkit v0.16.0
[INFO] [stderr]    Compiling thiserror-impl v1.0.38
[INFO] [stderr]    Compiling foreign-types-macros v0.2.2
[INFO] [stderr]    Compiling crossfont v0.5.1
[INFO] [stderr]    Compiling arrayref v0.3.6
[INFO] [stderr]    Compiling foreign-types-shared v0.3.1
[INFO] [stderr]    Compiling safe_arch v0.5.2
[INFO] [stderr]    Compiling tiny-skia-path v0.7.0
[INFO] [stderr]    Compiling x11-dl v2.21.0
[INFO] [stderr]    Compiling cty v0.2.2
[INFO] [stderr]    Compiling arrayvec v0.5.2
[INFO] [stderr]    Compiling time-macros v0.2.6
[INFO] [stderr]    Compiling num_threads v0.1.6
[INFO] [stderr]    Compiling raw-window-handle v0.4.3
[INFO] [stderr]    Compiling freetype-sys v0.13.1
[INFO] [stderr]    Compiling expat-sys v2.1.6
[INFO] [stderr]    Compiling wayland-scanner v0.29.5
[INFO] [stderr]    Compiling flate2 v1.0.25
[INFO] [stderr]    Compiling raw-window-handle v0.5.0
[INFO] [stderr]    Compiling nom v7.1.3
[INFO] [stderr]    Compiling foreign-types v0.5.0
[INFO] [stderr]    Compiling instant v0.1.12
[INFO] [stderr]    Compiling termcolor v1.1.3
[INFO] [stderr]    Compiling saunter v0.2.0 (/opt/rustwide/workdir)
[INFO] [stderr]    Compiling png v0.17.7
[INFO] [stderr]    Compiling wayland-client v0.29.5
[INFO] [stderr]    Compiling wayland-protocols v0.29.5
[INFO] [stderr]    Compiling tiny-skia v0.7.0
[INFO] [stderr]    Compiling nix v0.24.3
[INFO] [stderr]    Compiling nix v0.25.1
[INFO] [stderr]    Compiling memmap2 v0.5.8
[INFO] [stderr]    Compiling parking_lot_core v0.9.7
[INFO] [stderr]    Compiling mio v0.8.6
[INFO] [stderr]    Compiling time v0.3.17
[INFO] [stderr]    Compiling parking_lot v0.12.1
[INFO] [stderr]    Compiling freetype-rs v0.26.0
[INFO] [stderr]    Compiling servo-fontconfig v0.5.1
[INFO] [stderr]    Compiling simplelog v0.12.0
[INFO] [stderr]    Compiling xcursor v0.3.4
[INFO] [stderr]    Compiling wayland-commons v0.29.5
[INFO] [stderr]    Compiling calloop v0.10.5
[INFO] [stderr]    Compiling wayland-cursor v0.29.5
[INFO] [stderr]    Compiling sctk-adwaita v0.4.3
[INFO] [stderr]    Compiling winit v0.27.5
[INFO] [stderr]     Finished test [unoptimized + debuginfo] target(s) in 54.55s
[INFO] running `Command { std: "docker" "inspect" "725cd5a20378d10c29c51248487bd7fb2d70c569684371ff8e235e9ace95aee5", kill_on_drop: false }`
[INFO] running `Command { std: "docker" "rm" "-f" "725cd5a20378d10c29c51248487bd7fb2d70c569684371ff8e235e9ace95aee5", kill_on_drop: false }`
[INFO] [stdout] 725cd5a20378d10c29c51248487bd7fb2d70c569684371ff8e235e9ace95aee5
[INFO] running `Command { std: "docker" "create" "-v" "/var/lib/crater-agent-workspace/builds/worker-1-tc1/target:/opt/rustwide/target:rw,Z" "-v" "/var/lib/crater-agent-workspace/builds/worker-1-tc1/source:/opt/rustwide/workdir:ro,Z" "-v" "/var/lib/crater-agent-workspace/cargo-home:/opt/rustwide/cargo-home:ro,Z" "-v" "/var/lib/crater-agent-workspace/rustup-home:/opt/rustwide/rustup-home:ro,Z" "-e" "SOURCE_DIR=/opt/rustwide/workdir" "-e" "CARGO_TARGET_DIR=/opt/rustwide/target" "-e" "CARGO_INCREMENTAL=0" "-e" "RUST_BACKTRACE=full" "-e" "RUSTFLAGS=--cap-lints=warn" "-e" "RUSTDOCFLAGS=--cap-lints=warn" "-e" "CARGO_HOME=/opt/rustwide/cargo-home" "-e" "RUSTUP_HOME=/opt/rustwide/rustup-home" "-w" "/opt/rustwide/workdir" "-m" "1610612736" "--user" "0:0" "--network" "none" "ghcr.io/rust-lang/crates-build-env/linux@sha256:5ff2268d62e97bff2cde7d5815dd6ed5b47097566f13b8d0ca110b04b60e07ed" "/opt/rustwide/cargo-home/bin/cargo" "+1.69.0" "test" "--frozen", kill_on_drop: false }`
[INFO] [stdout] 5da77197657098600dc02584efc841ffa23e5a8afec2d4a9825aca7a115e84d5
[INFO] running `Command { std: "docker" "start" "-a" "5da77197657098600dc02584efc841ffa23e5a8afec2d4a9825aca7a115e84d5", kill_on_drop: false }`
[INFO] [stderr]     Blocking waiting for file lock on package cache
[INFO] [stderr]     Finished test [unoptimized + debuginfo] target(s) in 0.34s
[INFO] [stderr]      Running unittests src/lib.rs (/opt/rustwide/target/debug/deps/saunter-caa3ff9a970a0086)
[INFO] [stdout] 
[INFO] [stdout] running 1 test
[INFO] [stdout] test tests::lerp ... ok
[INFO] [stdout] 
[INFO] [stdout] test result: ok. 1 passed; 0 failed; 0 ignored; 0 measured; 0 filtered out; finished in 0.00s
[INFO] [stdout] 
[INFO] [stderr]      Running tests/tests.rs (/opt/rustwide/target/debug/deps/tests-8306c51d8f82456b)
[INFO] [stdout] 
[INFO] [stdout] running 1 test
[INFO] [stdout] test test_ticks_update ... ok
[INFO] [stdout] 
[INFO] [stdout] test result: ok. 1 passed; 0 failed; 0 ignored; 0 measured; 0 filtered out; finished in 0.00s
[INFO] [stdout] 
[INFO] [stderr]    Doc-tests saunter
[INFO] [stdout] 
[INFO] [stdout] running 3 tests
[INFO] [stdout] test src/lib.rs - (line 66) ... FAILED
[INFO] [stdout] test src/lib.rs - (line 10) ... FAILED
[INFO] [stdout] test src/lib.rs - (line 41) ... FAILED
[INFO] [stdout] 
[INFO] [stdout] failures:
[INFO] [stdout] 
[INFO] [stdout] ---- src/lib.rs - (line 66) stdout ----
[INFO] [stdout] error[E0433]: failed to resolve: use of undeclared type `Loop`
[INFO] [stdout]  --> src/lib.rs:67:44
[INFO] [stdout]   |
[INFO] [stdout] 3 | let (mut tick_loop, event_sender, ticks) = Loop::init(
[INFO] [stdout]   |                                            ^^^^ use of undeclared type `Loop`
[INFO] [stdout]   |
[INFO] [stdout] help: consider importing this struct
[INFO] [stdout]   |
[INFO] [stdout] 2 | use saunter::tickloop::Loop;
[INFO] [stdout]   |
[INFO] [stdout] 
[INFO] [stdout] error[E0425]: cannot find value `listener` in this scope
[INFO] [stdout]  --> src/lib.rs:69:14
[INFO] [stdout]   |
[INFO] [stdout] 5 |     Box::new(listener),
[INFO] [stdout]   |              ^^^^^^^^ not found in this scope
[INFO] [stdout] 
[INFO] [stdout] error[E0425]: cannot find value `first_tick` in this scope
[INFO] [stdout]  --> src/lib.rs:71:5
[INFO] [stdout]   |
[INFO] [stdout] 7 |     first_tick, 
[INFO] [stdout]   |     ^^^^^^^^^^ not found in this scope
[INFO] [stdout] 
[INFO] [stdout] error[E0425]: cannot find value `tps` in this scope
[INFO] [stdout]  --> src/lib.rs:73:5
[INFO] [stdout]   |
[INFO] [stdout] 9 |     tps,
[INFO] [stdout]   |     ^^^ not found in this scope
[INFO] [stdout] 
[INFO] [stdout] error: aborting due to 4 previous errors
[INFO] [stdout] 
[INFO] [stdout] Some errors have detailed explanations: E0425, E0433.
[INFO] [stdout] For more information about an error, try `rustc --explain E0425`.
[INFO] [stdout] Couldn't compile the test.
[INFO] [stdout] ---- src/lib.rs - (line 10) stdout ----
[INFO] [stdout] error[E0405]: cannot find trait `Listener` in this scope
[INFO] [stdout]  --> src/lib.rs:14:6
[INFO] [stdout]   |
[INFO] [stdout] 6 | impl Listener for ExampleListener {
[INFO] [stdout]   |      ^^^^^^^^ not found in this scope
[INFO] [stdout]   |
[INFO] [stdout] help: consider importing this trait
[INFO] [stdout]   |
[INFO] [stdout] 2 | use saunter::listener::Listener;
[INFO] [stdout]   |
[INFO] [stdout] 
[INFO] [stdout] error[E0412]: cannot find type `ExampleTick` in this scope
[INFO] [stdout]  --> src/lib.rs:16:21
[INFO] [stdout]   |
[INFO] [stdout] 8 |     type TickType = ExampleTick; 
[INFO] [stdout]   |                     ^^^^^^^^^^^ not found in this scope
[INFO] [stdout] 
[INFO] [stdout] error[E0412]: cannot find type `ExampleEvent` in this scope
[INFO] [stdout]   --> src/lib.rs:18:22
[INFO] [stdout]    |
[INFO] [stdout] 10 |     type EventType = ExampleEvent;
[INFO] [stdout]    |                      ^^^^^^^^^^^^ not found in this scope
[INFO] [stdout] 
[INFO] [stdout] error[E0412]: cannot find type `Event` in this scope
[INFO] [stdout]   --> src/lib.rs:23:26
[INFO] [stdout]    |
[INFO] [stdout] 15 |         events: &mut Vec<Event<Self::EventType>>,
[INFO] [stdout]    |                          ^^^^^ not found in this scope
[INFO] [stdout]    |
[INFO] [stdout] help: consider importing one of these items
[INFO] [stdout]    |
[INFO] [stdout] 2  | use saunter::event::Event;
[INFO] [stdout]    |
[INFO] [stdout] 2  | use winit::event::Event;
[INFO] [stdout]    |
[INFO] [stdout] 
[INFO] [stdout] error[E0412]: cannot find type `Instant` in this scope
[INFO] [stdout]   --> src/lib.rs:24:15
[INFO] [stdout]    |
[INFO] [stdout] 16 |         time: Instant,
[INFO] [stdout]    |               ^^^^^^^ not found in this scope
[INFO] [stdout]    |
[INFO] [stdout] help: consider importing this struct
[INFO] [stdout]    |
[INFO] [stdout] 2  | use std::time::Instant;
[INFO] [stdout]    |
[INFO] [stdout] 
[INFO] [stdout] error[E0412]: cannot find type `SaunterError` in this scope
[INFO] [stdout]   --> src/lib.rs:25:33
[INFO] [stdout]    |
[INFO] [stdout] 17 |     ) -> Result<Self::TickType, SaunterError> {
[INFO] [stdout]    |                                 ^^^^^^^^^^^^ not found in this scope
[INFO] [stdout]    |
[INFO] [stdout] help: consider importing this enum
[INFO] [stdout]    |
[INFO] [stdout] 2  | use saunter::error::SaunterError;
[INFO] [stdout]    |
[INFO] [stdout] 
[INFO] [stdout] error: aborting due to 6 previous errors
[INFO] [stdout] 
[INFO] [stdout] Some errors have detailed explanations: E0405, E0412.
[INFO] [stdout] For more information about an error, try `rustc --explain E0405`.
[INFO] [stdout] Couldn't compile the test.
[INFO] [stdout] ---- src/lib.rs - (line 41) stdout ----
[INFO] [stdout] error[E0412]: cannot find type `Instant` in this scope
[INFO] [stdout]  --> src/lib.rs:44:15
[INFO] [stdout]   |
[INFO] [stdout] 5 |     pub time: Instant,
[INFO] [stdout]   |               ^^^^^^^ not found in this scope
[INFO] [stdout]   |
[INFO] [stdout] help: consider importing this struct
[INFO] [stdout]   |
[INFO] [stdout] 2 | use std::time::Instant;
[INFO] [stdout]   |
[INFO] [stdout] 
[INFO] [stdout] error[E0405]: cannot find trait `Tick` in this scope
[INFO] [stdout]  --> src/lib.rs:48:6
[INFO] [stdout]   |
[INFO] [stdout] 9 | impl Tick for ExampleTick {
[INFO] [stdout]   |      ^^^^ not found in this scope
[INFO] [stdout]   |
[INFO] [stdout] help: consider importing this trait
[INFO] [stdout]   |
[INFO] [stdout] 2 | use saunter::tick::Tick;
[INFO] [stdout]   |
[INFO] [stdout] 
[INFO] [stdout] error[E0412]: cannot find type `MathError` in this scope
[INFO] [stdout]   --> src/lib.rs:50:54
[INFO] [stdout]    |
[INFO] [stdout] 11 |     fn lerp(&self, b: &Self, t: f32) -> Result<Self, MathError> {
[INFO] [stdout]    |                                                      ^^^^^^^^^ not found in this scope
[INFO] [stdout]    |
[INFO] [stdout] help: consider importing this enum
[INFO] [stdout]    |
[INFO] [stdout] 2  | use saunter::math::MathError;
[INFO] [stdout]    |
[INFO] [stdout] 
[INFO] [stdout] error[E0412]: cannot find type `Instant` in this scope
[INFO] [stdout]   --> src/lib.rs:58:28
[INFO] [stdout]    |
[INFO] [stdout] 19 |     fn get_time(&self) -> &Instant {
[INFO] [stdout]    |                            ^^^^^^^ not found in this scope
[INFO] [stdout]    |
[INFO] [stdout] help: consider importing this struct
[INFO] [stdout]    |
[INFO] [stdout] 2  | use std::time::Instant;
[INFO] [stdout]    |
[INFO] [stdout] 
[INFO] [stdout] error[E0433]: failed to resolve: use of undeclared crate or module `math`
[INFO] [stdout]   --> src/lib.rs:53:19
[INFO] [stdout]    |
[INFO] [stdout] 14 |             time: math::lerp_instant(&self.time, &b.time, t)?,
[INFO] [stdout]    |                   ^^^^ use of undeclared crate or module `math`
[INFO] [stdout] 
[INFO] [stdout] error[E0433]: failed to resolve: use of undeclared crate or module `math`
[INFO] [stdout]   --> src/lib.rs:54:18
[INFO] [stdout]    |
[INFO] [stdout] 15 |             val: math::lerp(self.val, b.val, t)?,
[INFO] [stdout]    |                  ^^^^ use of undeclared crate or module `math`
[INFO] [stdout] 
[INFO] [stdout] error: aborting due to 6 previous errors
[INFO] [stdout] 
[INFO] [stdout] Some errors have detailed explanations: E0405, E0412, E0433.
[INFO] [stdout] For more information about an error, try `rustc --explain E0405`.
[INFO] [stdout] Couldn't compile the test.
[INFO] [stdout] 
[INFO] [stdout] failures:
[INFO] [stdout]     src/lib.rs - (line 10)
[INFO] [stdout]     src/lib.rs - (line 41)
[INFO] [stdout]     src/lib.rs - (line 66)
[INFO] [stdout] 
[INFO] [stdout] test result: FAILED. 0 passed; 3 failed; 0 ignored; 0 measured; 0 filtered out; finished in 0.07s
[INFO] [stdout] 
[INFO] [stderr] error: doctest failed, to rerun pass `--doc`
[INFO] running `Command { std: "docker" "inspect" "5da77197657098600dc02584efc841ffa23e5a8afec2d4a9825aca7a115e84d5", kill_on_drop: false }`
[INFO] running `Command { std: "docker" "rm" "-f" "5da77197657098600dc02584efc841ffa23e5a8afec2d4a9825aca7a115e84d5", kill_on_drop: false }`
[INFO] [stdout] 5da77197657098600dc02584efc841ffa23e5a8afec2d4a9825aca7a115e84d5
