[INFO] fetching crate salvia_macro 0.1.0...
[INFO] testing salvia_macro-0.1.0 against beta-2023-04-20 for beta-1.70-1
[INFO] extracting crate salvia_macro 0.1.0 into /workspace/builds/worker-5-tc2/source
[INFO] validating manifest of crates.io crate salvia_macro 0.1.0 on toolchain beta-2023-04-20
[INFO] running `Command { std: CARGO_HOME="/workspace/cargo-home" RUSTUP_HOME="/workspace/rustup-home" "/workspace/cargo-home/bin/cargo" "+beta-2023-04-20" "metadata" "--manifest-path" "Cargo.toml" "--no-deps", kill_on_drop: false }`
[INFO] started tweaking crates.io crate salvia_macro 0.1.0
[INFO] finished tweaking crates.io crate salvia_macro 0.1.0
[INFO] tweaked toml for crates.io crate salvia_macro 0.1.0 written to /workspace/builds/worker-5-tc2/source/Cargo.toml
[INFO] running `Command { std: CARGO_HOME="/workspace/cargo-home" RUSTUP_HOME="/workspace/rustup-home" __CARGO_TEST_CHANNEL_OVERRIDE_DO_NOT_USE_THIS="nightly" "/workspace/cargo-home/bin/cargo" "+beta-2023-04-20" "generate-lockfile" "--manifest-path" "Cargo.toml" "-Zno-index-update", kill_on_drop: false }`
[INFO] running `Command { std: CARGO_HOME="/workspace/cargo-home" RUSTUP_HOME="/workspace/rustup-home" "/workspace/cargo-home/bin/cargo" "+beta-2023-04-20" "fetch" "--manifest-path" "Cargo.toml", kill_on_drop: false }`
[INFO] running `Command { std: "docker" "create" "-v" "/var/lib/crater-agent-workspace/builds/worker-5-tc2/target:/opt/rustwide/target:rw,Z" "-v" "/var/lib/crater-agent-workspace/builds/worker-5-tc2/source:/opt/rustwide/workdir:ro,Z" "-v" "/var/lib/crater-agent-workspace/cargo-home:/opt/rustwide/cargo-home:ro,Z" "-v" "/var/lib/crater-agent-workspace/rustup-home:/opt/rustwide/rustup-home:ro,Z" "-e" "SOURCE_DIR=/opt/rustwide/workdir" "-e" "CARGO_TARGET_DIR=/opt/rustwide/target" "-e" "CARGO_HOME=/opt/rustwide/cargo-home" "-e" "RUSTUP_HOME=/opt/rustwide/rustup-home" "-w" "/opt/rustwide/workdir" "-m" "1610612736" "--user" "0:0" "--network" "none" "ghcr.io/rust-lang/crates-build-env/linux@sha256:5ff2268d62e97bff2cde7d5815dd6ed5b47097566f13b8d0ca110b04b60e07ed" "/opt/rustwide/cargo-home/bin/cargo" "+beta-2023-04-20" "metadata" "--no-deps" "--format-version=1", kill_on_drop: false }`
[INFO] [stdout] fe0362bfb8fb8828a4b8c8808d904234998da35afbb77e18dff79d244344bd0b
[INFO] running `Command { std: "docker" "start" "-a" "fe0362bfb8fb8828a4b8c8808d904234998da35afbb77e18dff79d244344bd0b", kill_on_drop: false }`
[INFO] running `Command { std: "docker" "inspect" "fe0362bfb8fb8828a4b8c8808d904234998da35afbb77e18dff79d244344bd0b", kill_on_drop: false }`
[INFO] running `Command { std: "docker" "rm" "-f" "fe0362bfb8fb8828a4b8c8808d904234998da35afbb77e18dff79d244344bd0b", kill_on_drop: false }`
[INFO] [stdout] fe0362bfb8fb8828a4b8c8808d904234998da35afbb77e18dff79d244344bd0b
[INFO] running `Command { std: "docker" "create" "-v" "/var/lib/crater-agent-workspace/builds/worker-5-tc2/target:/opt/rustwide/target:rw,Z" "-v" "/var/lib/crater-agent-workspace/builds/worker-5-tc2/source:/opt/rustwide/workdir:ro,Z" "-v" "/var/lib/crater-agent-workspace/cargo-home:/opt/rustwide/cargo-home:ro,Z" "-v" "/var/lib/crater-agent-workspace/rustup-home:/opt/rustwide/rustup-home:ro,Z" "-e" "SOURCE_DIR=/opt/rustwide/workdir" "-e" "CARGO_TARGET_DIR=/opt/rustwide/target" "-e" "CARGO_INCREMENTAL=0" "-e" "RUST_BACKTRACE=full" "-e" "RUSTFLAGS=--cap-lints=warn" "-e" "RUSTDOCFLAGS=--cap-lints=warn" "-e" "CARGO_HOME=/opt/rustwide/cargo-home" "-e" "RUSTUP_HOME=/opt/rustwide/rustup-home" "-w" "/opt/rustwide/workdir" "-m" "1610612736" "--user" "0:0" "--network" "none" "ghcr.io/rust-lang/crates-build-env/linux@sha256:5ff2268d62e97bff2cde7d5815dd6ed5b47097566f13b8d0ca110b04b60e07ed" "/opt/rustwide/cargo-home/bin/cargo" "+beta-2023-04-20" "build" "--frozen" "--message-format=json", kill_on_drop: false }`
[INFO] [stdout] c94cff3c009de9702fe5e45a471b19647c301c4584da0473b6108782bb00d239
[INFO] running `Command { std: "docker" "start" "-a" "c94cff3c009de9702fe5e45a471b19647c301c4584da0473b6108782bb00d239", kill_on_drop: false }`
[INFO] [stderr]    Compiling proc-macro2 v1.0.56
[INFO] [stderr]    Compiling unicode-ident v1.0.8
[INFO] [stderr]    Compiling quote v1.0.26
[INFO] [stderr]    Compiling syn v1.0.109
[INFO] [stderr]    Compiling salvia_macro v0.1.0 (/opt/rustwide/workdir)
[INFO] [stderr]     Finished dev [unoptimized + debuginfo] target(s) in 9.58s
[INFO] running `Command { std: "docker" "inspect" "c94cff3c009de9702fe5e45a471b19647c301c4584da0473b6108782bb00d239", kill_on_drop: false }`
[INFO] running `Command { std: "docker" "rm" "-f" "c94cff3c009de9702fe5e45a471b19647c301c4584da0473b6108782bb00d239", kill_on_drop: false }`
[INFO] [stdout] c94cff3c009de9702fe5e45a471b19647c301c4584da0473b6108782bb00d239
[INFO] running `Command { std: "docker" "create" "-v" "/var/lib/crater-agent-workspace/builds/worker-5-tc2/target:/opt/rustwide/target:rw,Z" "-v" "/var/lib/crater-agent-workspace/builds/worker-5-tc2/source:/opt/rustwide/workdir:ro,Z" "-v" "/var/lib/crater-agent-workspace/cargo-home:/opt/rustwide/cargo-home:ro,Z" "-v" "/var/lib/crater-agent-workspace/rustup-home:/opt/rustwide/rustup-home:ro,Z" "-e" "SOURCE_DIR=/opt/rustwide/workdir" "-e" "CARGO_TARGET_DIR=/opt/rustwide/target" "-e" "CARGO_INCREMENTAL=0" "-e" "RUST_BACKTRACE=full" "-e" "RUSTFLAGS=--cap-lints=warn" "-e" "RUSTDOCFLAGS=--cap-lints=warn" "-e" "CARGO_HOME=/opt/rustwide/cargo-home" "-e" "RUSTUP_HOME=/opt/rustwide/rustup-home" "-w" "/opt/rustwide/workdir" "-m" "1610612736" "--user" "0:0" "--network" "none" "ghcr.io/rust-lang/crates-build-env/linux@sha256:5ff2268d62e97bff2cde7d5815dd6ed5b47097566f13b8d0ca110b04b60e07ed" "/opt/rustwide/cargo-home/bin/cargo" "+beta-2023-04-20" "test" "--frozen" "--no-run" "--message-format=json", kill_on_drop: false }`
[INFO] [stdout] b25486208228a55152796f9677556be0a8a26cf8980c1097fdb17d7bffd41389
[INFO] running `Command { std: "docker" "start" "-a" "b25486208228a55152796f9677556be0a8a26cf8980c1097fdb17d7bffd41389", kill_on_drop: false }`
[INFO] [stderr]    Compiling serde v1.0.160
[INFO] [stderr]    Compiling serde_json v1.0.96
[INFO] [stderr]    Compiling serde_derive v1.0.160
[INFO] [stderr]    Compiling libc v0.2.142
[INFO] [stderr]    Compiling tokio v1.28.0
[INFO] [stderr]    Compiling ryu v1.0.13
[INFO] [stderr]    Compiling itoa v1.0.6
[INFO] [stderr]    Compiling syn v2.0.15
[INFO] [stderr]    Compiling trybuild v1.0.80
[INFO] [stderr]    Compiling async-trait v0.1.68
[INFO] [stderr]    Compiling termcolor v1.2.0
[INFO] [stderr]    Compiling once_cell v1.17.1
[INFO] [stderr]    Compiling glob v0.3.1
[INFO] [stderr]    Compiling pin-project-lite v0.2.9
[INFO] [stderr]    Compiling async-recursion v0.3.2
[INFO] [stderr]    Compiling salvia_macro v0.1.0 (/opt/rustwide/workdir)
[INFO] [stderr]    Compiling num_cpus v1.15.0
[INFO] [stderr]    Compiling basic-toml v0.1.2
[INFO] [stderr]     Finished test [unoptimized + debuginfo] target(s) in 23.15s
[INFO] running `Command { std: "docker" "inspect" "b25486208228a55152796f9677556be0a8a26cf8980c1097fdb17d7bffd41389", kill_on_drop: false }`
[INFO] running `Command { std: "docker" "rm" "-f" "b25486208228a55152796f9677556be0a8a26cf8980c1097fdb17d7bffd41389", kill_on_drop: false }`
[INFO] [stdout] b25486208228a55152796f9677556be0a8a26cf8980c1097fdb17d7bffd41389
[INFO] running `Command { std: "docker" "create" "-v" "/var/lib/crater-agent-workspace/builds/worker-5-tc2/target:/opt/rustwide/target:rw,Z" "-v" "/var/lib/crater-agent-workspace/builds/worker-5-tc2/source:/opt/rustwide/workdir:ro,Z" "-v" "/var/lib/crater-agent-workspace/cargo-home:/opt/rustwide/cargo-home:ro,Z" "-v" "/var/lib/crater-agent-workspace/rustup-home:/opt/rustwide/rustup-home:ro,Z" "-e" "SOURCE_DIR=/opt/rustwide/workdir" "-e" "CARGO_TARGET_DIR=/opt/rustwide/target" "-e" "CARGO_INCREMENTAL=0" "-e" "RUST_BACKTRACE=full" "-e" "RUSTFLAGS=--cap-lints=warn" "-e" "RUSTDOCFLAGS=--cap-lints=warn" "-e" "CARGO_HOME=/opt/rustwide/cargo-home" "-e" "RUSTUP_HOME=/opt/rustwide/rustup-home" "-w" "/opt/rustwide/workdir" "-m" "1610612736" "--user" "0:0" "--network" "none" "ghcr.io/rust-lang/crates-build-env/linux@sha256:5ff2268d62e97bff2cde7d5815dd6ed5b47097566f13b8d0ca110b04b60e07ed" "/opt/rustwide/cargo-home/bin/cargo" "+beta-2023-04-20" "test" "--frozen", kill_on_drop: false }`
[INFO] [stdout] 27fb8c3e55fa11f9999b7a080562cb011b744e4cc32c2630d16ae13c518840e9
[INFO] running `Command { std: "docker" "start" "-a" "27fb8c3e55fa11f9999b7a080562cb011b744e4cc32c2630d16ae13c518840e9", kill_on_drop: false }`
[INFO] [stderr]     Finished test [unoptimized + debuginfo] target(s) in 0.05s
[INFO] [stderr]      Running unittests src/lib.rs (/opt/rustwide/target/debug/deps/salvia_macro-8cc107db114b143c)
[INFO] [stdout] 
[INFO] [stdout] running 2 tests
[INFO] [stderr]    Compiling proc-macro2 v1.0.56
[INFO] [stderr]    Compiling quote v1.0.26
[INFO] [stderr]    Compiling unicode-ident v1.0.8
[INFO] [stderr]    Compiling syn v1.0.109
[INFO] [stderr]    Compiling libc v0.2.142
[INFO] [stderr]    Compiling autocfg v1.1.0
[INFO] [stderr]    Compiling async-trait v0.1.68
[INFO] [stderr]    Compiling pin-project-lite v0.2.9
[INFO] [stderr]    Compiling tokio v1.28.0
[INFO] [stderr]    Compiling syn v2.0.15
[INFO] [stderr]    Compiling num_cpus v1.15.0
[INFO] [stderr]    Compiling async-recursion v0.3.2
[INFO] [stderr]    Compiling salvia_macro v0.1.0 (/opt/rustwide/workdir)
[INFO] [stderr]    Compiling salvia_macro-tests v0.0.0 (/opt/rustwide/target/tests/trybuild/salvia_macro)
[INFO] [stderr]     Finished dev [unoptimized + debuginfo] target(s) in 31.82s
[INFO] [stderr] 
[INFO] [stderr] 
[INFO] [stderr] test tests/query_ui/pass/arg_common.rs [should pass] ... error
[INFO] [stderr] ┈┈┈┈┈┈┈┈┈┈┈┈┈┈┈┈┈┈┈┈┈┈┈┈┈┈┈┈┈┈┈┈┈┈┈┈┈┈┈┈┈┈┈┈┈┈┈┈┈┈┈┈┈┈┈┈┈┈┈┈
[INFO] [stderr] error[E0432]: unresolved import `salvia`
[INFO] [stderr]  --> tests/query_ui/pass/arg_common.rs:1:5
[INFO] [stderr]   |
[INFO] [stderr] 1 | use salvia::{query, QueryContext};
[INFO] [stderr]   |     ^^^^^^ use of undeclared crate or module `salvia`
[INFO] [stderr] 
[INFO] [stderr] error: cannot determine resolution for the attribute macro `query`
[INFO] [stderr]  --> tests/query_ui/pass/arg_common.rs:3:3
[INFO] [stderr]   |
[INFO] [stderr] 3 | #[query]
[INFO] [stderr]   |   ^^^^^
[INFO] [stderr]   |
[INFO] [stderr]   = note: import resolution is stuck, try simplifying macro imports
[INFO] [stderr] ┈┈┈┈┈┈┈┈┈┈┈┈┈┈┈┈┈┈┈┈┈┈┈┈┈┈┈┈┈┈┈┈┈┈┈┈┈┈┈┈┈┈┈┈┈┈┈┈┈┈┈┈┈┈┈┈┈┈┈┈
[INFO] [stderr] 
[INFO] [stderr] test tests/query_ui/pass/arg_mut_common.rs [should pass] ... error
[INFO] [stderr] ┈┈┈┈┈┈┈┈┈┈┈┈┈┈┈┈┈┈┈┈┈┈┈┈┈┈┈┈┈┈┈┈┈┈┈┈┈┈┈┈┈┈┈┈┈┈┈┈┈┈┈┈┈┈┈┈┈┈┈┈
[INFO] [stderr] error[E0432]: unresolved import `salvia`
[INFO] [stderr]  --> tests/query_ui/pass/arg_mut_common.rs:3:5
[INFO] [stderr]   |
[INFO] [stderr] 3 | use salvia::{query, QueryContext};
[INFO] [stderr]   |     ^^^^^^ use of undeclared crate or module `salvia`
[INFO] [stderr] 
[INFO] [stderr] error: cannot determine resolution for the attribute macro `query`
[INFO] [stderr]  --> tests/query_ui/pass/arg_mut_common.rs:5:3
[INFO] [stderr]   |
[INFO] [stderr] 5 | #[query]
[INFO] [stderr]   |   ^^^^^
[INFO] [stderr]   |
[INFO] [stderr]   = note: import resolution is stuck, try simplifying macro imports
[INFO] [stderr] ┈┈┈┈┈┈┈┈┈┈┈┈┈┈┈┈┈┈┈┈┈┈┈┈┈┈┈┈┈┈┈┈┈┈┈┈┈┈┈┈┈┈┈┈┈┈┈┈┈┈┈┈┈┈┈┈┈┈┈┈
[INFO] [stderr] 
[INFO] [stderr] test tests/query_ui/pass/arg_mut_ref_static_self_type.rs [should pass] ... error
[INFO] [stderr] ┈┈┈┈┈┈┈┈┈┈┈┈┈┈┈┈┈┈┈┈┈┈┈┈┈┈┈┈┈┈┈┈┈┈┈┈┈┈┈┈┈┈┈┈┈┈┈┈┈┈┈┈┈┈┈┈┈┈┈┈
[INFO] [stderr] error[E0432]: unresolved import `salvia`
[INFO] [stderr]  --> tests/query_ui/pass/arg_mut_ref_static_self_type.rs:4:5
[INFO] [stderr]   |
[INFO] [stderr] 4 | use salvia::{query, QueryContext};
[INFO] [stderr]   |     ^^^^^^ use of undeclared crate or module `salvia`
[INFO] [stderr] 
[INFO] [stderr] error: cannot determine resolution for the attribute macro `query`
[INFO] [stderr]   --> tests/query_ui/pass/arg_mut_ref_static_self_type.rs:12:7
[INFO] [stderr]    |
[INFO] [stderr] 12 |     #[query]
[INFO] [stderr]    |       ^^^^^
[INFO] [stderr]    |
[INFO] [stderr]    = note: import resolution is stuck, try simplifying macro imports
[INFO] [stderr] ┈┈┈┈┈┈┈┈┈┈┈┈┈┈┈┈┈┈┈┈┈┈┈┈┈┈┈┈┈┈┈┈┈┈┈┈┈┈┈┈┈┈┈┈┈┈┈┈┈┈┈┈┈┈┈┈┈┈┈┈
[INFO] [stderr] 
[INFO] [stderr] test tests/query_ui/pass/arg_mut_self.rs [should pass] ... error
[INFO] [stderr] ┈┈┈┈┈┈┈┈┈┈┈┈┈┈┈┈┈┈┈┈┈┈┈┈┈┈┈┈┈┈┈┈┈┈┈┈┈┈┈┈┈┈┈┈┈┈┈┈┈┈┈┈┈┈┈┈┈┈┈┈
[INFO] [stderr] error[E0432]: unresolved import `salvia`
[INFO] [stderr]  --> tests/query_ui/pass/arg_mut_self.rs:4:5
[INFO] [stderr]   |
[INFO] [stderr] 4 | use salvia::{query, QueryContext};
[INFO] [stderr]   |     ^^^^^^ use of undeclared crate or module `salvia`
[INFO] [stderr] 
[INFO] [stderr] error: cannot determine resolution for the attribute macro `query`
[INFO] [stderr]   --> tests/query_ui/pass/arg_mut_self.rs:10:7
[INFO] [stderr]    |
[INFO] [stderr] 10 |     #[query]
[INFO] [stderr]    |       ^^^^^
[INFO] [stderr]    |
[INFO] [stderr]    = note: import resolution is stuck, try simplifying macro imports
[INFO] [stderr] ┈┈┈┈┈┈┈┈┈┈┈┈┈┈┈┈┈┈┈┈┈┈┈┈┈┈┈┈┈┈┈┈┈┈┈┈┈┈┈┈┈┈┈┈┈┈┈┈┈┈┈┈┈┈┈┈┈┈┈┈
[INFO] [stderr] 
[INFO] [stderr] test tests/query_ui/pass/arg_mut_self_type.rs [should pass] ... error
[INFO] [stderr] ┈┈┈┈┈┈┈┈┈┈┈┈┈┈┈┈┈┈┈┈┈┈┈┈┈┈┈┈┈┈┈┈┈┈┈┈┈┈┈┈┈┈┈┈┈┈┈┈┈┈┈┈┈┈┈┈┈┈┈┈
[INFO] [stderr] error[E0432]: unresolved import `salvia`
[INFO] [stderr]  --> tests/query_ui/pass/arg_mut_self_type.rs:4:5
[INFO] [stderr]   |
[INFO] [stderr] 4 | use salvia::{query, QueryContext};
[INFO] [stderr]   |     ^^^^^^ use of undeclared crate or module `salvia`
[INFO] [stderr] 
[INFO] [stderr] error: cannot determine resolution for the attribute macro `query`
[INFO] [stderr]   --> tests/query_ui/pass/arg_mut_self_type.rs:10:7
[INFO] [stderr]    |
[INFO] [stderr] 10 |     #[query]
[INFO] [stderr]    |       ^^^^^
[INFO] [stderr]    |
[INFO] [stderr]    = note: import resolution is stuck, try simplifying macro imports
[INFO] [stderr] ┈┈┈┈┈┈┈┈┈┈┈┈┈┈┈┈┈┈┈┈┈┈┈┈┈┈┈┈┈┈┈┈┈┈┈┈┈┈┈┈┈┈┈┈┈┈┈┈┈┈┈┈┈┈┈┈┈┈┈┈
[INFO] [stderr] 
[INFO] [stderr] test tests/query_ui/pass/arg_none.rs [should pass] ... error
[INFO] [stderr] ┈┈┈┈┈┈┈┈┈┈┈┈┈┈┈┈┈┈┈┈┈┈┈┈┈┈┈┈┈┈┈┈┈┈┈┈┈┈┈┈┈┈┈┈┈┈┈┈┈┈┈┈┈┈┈┈┈┈┈┈
[INFO] [stderr] error[E0432]: unresolved import `salvia`
[INFO] [stderr]  --> tests/query_ui/pass/arg_none.rs:1:5
[INFO] [stderr]   |
[INFO] [stderr] 1 | use salvia::{query, QueryContext};
[INFO] [stderr]   |     ^^^^^^ use of undeclared crate or module `salvia`
[INFO] [stderr] 
[INFO] [stderr] error: cannot determine resolution for the attribute macro `query`
[INFO] [stderr]  --> tests/query_ui/pass/arg_none.rs:3:3
[INFO] [stderr]   |
[INFO] [stderr] 3 | #[query]
[INFO] [stderr]   |   ^^^^^
[INFO] [stderr]   |
[INFO] [stderr]   = note: import resolution is stuck, try simplifying macro imports
[INFO] [stderr] ┈┈┈┈┈┈┈┈┈┈┈┈┈┈┈┈┈┈┈┈┈┈┈┈┈┈┈┈┈┈┈┈┈┈┈┈┈┈┈┈┈┈┈┈┈┈┈┈┈┈┈┈┈┈┈┈┈┈┈┈
[INFO] [stderr] 
[INFO] [stderr] test tests/query_ui/pass/arg_ref_static_self.rs [should pass] ... error
[INFO] [stderr] ┈┈┈┈┈┈┈┈┈┈┈┈┈┈┈┈┈┈┈┈┈┈┈┈┈┈┈┈┈┈┈┈┈┈┈┈┈┈┈┈┈┈┈┈┈┈┈┈┈┈┈┈┈┈┈┈┈┈┈┈
[INFO] [stderr] error[E0432]: unresolved import `salvia`
[INFO] [stderr]  --> tests/query_ui/pass/arg_ref_static_self.rs:4:5
[INFO] [stderr]   |
[INFO] [stderr] 4 | use salvia::{query, QueryContext};
[INFO] [stderr]   |     ^^^^^^ use of undeclared crate or module `salvia`
[INFO] [stderr] 
[INFO] [stderr] error: cannot determine resolution for the attribute macro `query`
[INFO] [stderr]   --> tests/query_ui/pass/arg_ref_static_self.rs:10:7
[INFO] [stderr]    |
[INFO] [stderr] 10 |     #[query]
[INFO] [stderr]    |       ^^^^^
[INFO] [stderr]    |
[INFO] [stderr]    = note: import resolution is stuck, try simplifying macro imports
[INFO] [stderr] ┈┈┈┈┈┈┈┈┈┈┈┈┈┈┈┈┈┈┈┈┈┈┈┈┈┈┈┈┈┈┈┈┈┈┈┈┈┈┈┈┈┈┈┈┈┈┈┈┈┈┈┈┈┈┈┈┈┈┈┈
[INFO] [stderr] 
[INFO] [stderr] test tests/query_ui/pass/arg_ref_static_self_type.rs [should pass] ... error
[INFO] [stderr] ┈┈┈┈┈┈┈┈┈┈┈┈┈┈┈┈┈┈┈┈┈┈┈┈┈┈┈┈┈┈┈┈┈┈┈┈┈┈┈┈┈┈┈┈┈┈┈┈┈┈┈┈┈┈┈┈┈┈┈┈
[INFO] [stderr] error[E0432]: unresolved import `salvia`
[INFO] [stderr]  --> tests/query_ui/pass/arg_ref_static_self_type.rs:4:5
[INFO] [stderr]   |
[INFO] [stderr] 4 | use salvia::{query, QueryContext};
[INFO] [stderr]   |     ^^^^^^ use of undeclared crate or module `salvia`
[INFO] [stderr] 
[INFO] [stderr] error: cannot determine resolution for the attribute macro `query`
[INFO] [stderr]   --> tests/query_ui/pass/arg_ref_static_self_type.rs:10:7
[INFO] [stderr]    |
[INFO] [stderr] 10 |     #[query]
[INFO] [stderr]    |       ^^^^^
[INFO] [stderr]    |
[INFO] [stderr]    = note: import resolution is stuck, try simplifying macro imports
[INFO] [stderr] ┈┈┈┈┈┈┈┈┈┈┈┈┈┈┈┈┈┈┈┈┈┈┈┈┈┈┈┈┈┈┈┈┈┈┈┈┈┈┈┈┈┈┈┈┈┈┈┈┈┈┈┈┈┈┈┈┈┈┈┈
[INFO] [stderr] 
[INFO] [stderr] test tests/query_ui/pass/arg_self.rs [should pass] ... error
[INFO] [stderr] ┈┈┈┈┈┈┈┈┈┈┈┈┈┈┈┈┈┈┈┈┈┈┈┈┈┈┈┈┈┈┈┈┈┈┈┈┈┈┈┈┈┈┈┈┈┈┈┈┈┈┈┈┈┈┈┈┈┈┈┈
[INFO] [stderr] error[E0432]: unresolved import `salvia`
[INFO] [stderr]  --> tests/query_ui/pass/arg_self.rs:2:5
[INFO] [stderr]   |
[INFO] [stderr] 2 | use salvia::{query, QueryContext};
[INFO] [stderr]   |     ^^^^^^ use of undeclared crate or module `salvia`
[INFO] [stderr] 
[INFO] [stderr] error: cannot determine resolution for the attribute macro `query`
[INFO] [stderr]  --> tests/query_ui/pass/arg_self.rs:8:7
[INFO] [stderr]   |
[INFO] [stderr] 8 |     #[query]
[INFO] [stderr]   |       ^^^^^
[INFO] [stderr]   |
[INFO] [stderr]   = note: import resolution is stuck, try simplifying macro imports
[INFO] [stderr] ┈┈┈┈┈┈┈┈┈┈┈┈┈┈┈┈┈┈┈┈┈┈┈┈┈┈┈┈┈┈┈┈┈┈┈┈┈┈┈┈┈┈┈┈┈┈┈┈┈┈┈┈┈┈┈┈┈┈┈┈
[INFO] [stderr] 
[INFO] [stderr] test tests/query_ui/pass/arg_self_common.rs [should pass] ... error
[INFO] [stderr] ┈┈┈┈┈┈┈┈┈┈┈┈┈┈┈┈┈┈┈┈┈┈┈┈┈┈┈┈┈┈┈┈┈┈┈┈┈┈┈┈┈┈┈┈┈┈┈┈┈┈┈┈┈┈┈┈┈┈┈┈
[INFO] [stderr] error[E0432]: unresolved import `salvia`
[INFO] [stderr]  --> tests/query_ui/pass/arg_self_common.rs:2:5
[INFO] [stderr]   |
[INFO] [stderr] 2 | use salvia::{query, QueryContext};
[INFO] [stderr]   |     ^^^^^^ use of undeclared crate or module `salvia`
[INFO] [stderr] 
[INFO] [stderr] error: cannot determine resolution for the attribute macro `query`
[INFO] [stderr]  --> tests/query_ui/pass/arg_self_common.rs:8:7
[INFO] [stderr]   |
[INFO] [stderr] 8 |     #[query]
[INFO] [stderr]   |       ^^^^^
[INFO] [stderr]   |
[INFO] [stderr]   = note: import resolution is stuck, try simplifying macro imports
[INFO] [stderr] ┈┈┈┈┈┈┈┈┈┈┈┈┈┈┈┈┈┈┈┈┈┈┈┈┈┈┈┈┈┈┈┈┈┈┈┈┈┈┈┈┈┈┈┈┈┈┈┈┈┈┈┈┈┈┈┈┈┈┈┈
[INFO] [stderr] 
[INFO] [stderr] test tests/query_ui/pass/arg_self_type.rs [should pass] ... error
[INFO] [stderr] ┈┈┈┈┈┈┈┈┈┈┈┈┈┈┈┈┈┈┈┈┈┈┈┈┈┈┈┈┈┈┈┈┈┈┈┈┈┈┈┈┈┈┈┈┈┈┈┈┈┈┈┈┈┈┈┈┈┈┈┈
[INFO] [stderr] error[E0432]: unresolved import `salvia`
[INFO] [stderr]  --> tests/query_ui/pass/arg_self_type.rs:2:5
[INFO] [stderr]   |
[INFO] [stderr] 2 | use salvia::{query, QueryContext};
[INFO] [stderr]   |     ^^^^^^ use of undeclared crate or module `salvia`
[INFO] [stderr] 
[INFO] [stderr] error: cannot determine resolution for the attribute macro `query`
[INFO] [stderr]  --> tests/query_ui/pass/arg_self_type.rs:8:7
[INFO] [stderr]   |
[INFO] [stderr] 8 |     #[query]
[INFO] [stderr]   |       ^^^^^
[INFO] [stderr]   |
[INFO] [stderr]   = note: import resolution is stuck, try simplifying macro imports
[INFO] [stderr] ┈┈┈┈┈┈┈┈┈┈┈┈┈┈┈┈┈┈┈┈┈┈┈┈┈┈┈┈┈┈┈┈┈┈┈┈┈┈┈┈┈┈┈┈┈┈┈┈┈┈┈┈┈┈┈┈┈┈┈┈
[INFO] [stderr] 
[INFO] [stderr] test tests/query_ui/pass/generic_params.rs [should pass] ... error
[INFO] [stderr] ┈┈┈┈┈┈┈┈┈┈┈┈┈┈┈┈┈┈┈┈┈┈┈┈┈┈┈┈┈┈┈┈┈┈┈┈┈┈┈┈┈┈┈┈┈┈┈┈┈┈┈┈┈┈┈┈┈┈┈┈
[INFO] [stderr] error[E0432]: unresolved import `salvia`
[INFO] [stderr]  --> tests/query_ui/pass/generic_params.rs:3:5
[INFO] [stderr]   |
[INFO] [stderr] 3 | use salvia::{query, QueryContext, Stashable};
[INFO] [stderr]   |     ^^^^^^ use of undeclared crate or module `salvia`
[INFO] [stderr] 
[INFO] [stderr] error: cannot determine resolution for the attribute macro `query`
[INFO] [stderr]  --> tests/query_ui/pass/generic_params.rs:5:3
[INFO] [stderr]   |
[INFO] [stderr] 5 | #[query]
[INFO] [stderr]   |   ^^^^^
[INFO] [stderr]   |
[INFO] [stderr]   = note: import resolution is stuck, try simplifying macro imports
[INFO] [stderr] ┈┈┈┈┈┈┈┈┈┈┈┈┈┈┈┈┈┈┈┈┈┈┈┈┈┈┈┈┈┈┈┈┈┈┈┈┈┈┈┈┈┈┈┈┈┈┈┈┈┈┈┈┈┈┈┈┈┈┈┈
[INFO] [stderr] 
[INFO] [stderr] test tests/query_ui/pass/recursion.rs [should pass] ... error
[INFO] [stderr] ┈┈┈┈┈┈┈┈┈┈┈┈┈┈┈┈┈┈┈┈┈┈┈┈┈┈┈┈┈┈┈┈┈┈┈┈┈┈┈┈┈┈┈┈┈┈┈┈┈┈┈┈┈┈┈┈┈┈┈┈
[INFO] [stderr] error[E0432]: unresolved import `salvia`
[INFO] [stderr]  --> tests/query_ui/pass/recursion.rs:1:5
[INFO] [stderr]   |
[INFO] [stderr] 1 | use salvia::{query, QueryContext};
[INFO] [stderr]   |     ^^^^^^ use of undeclared crate or module `salvia`
[INFO] [stderr] 
[INFO] [stderr] error: cannot determine resolution for the attribute macro `query`
[INFO] [stderr]  --> tests/query_ui/pass/recursion.rs:4:3
[INFO] [stderr]   |
[INFO] [stderr] 4 | #[query]
[INFO] [stderr]   |   ^^^^^
[INFO] [stderr]   |
[INFO] [stderr]   = note: import resolution is stuck, try simplifying macro imports
[INFO] [stderr] ┈┈┈┈┈┈┈┈┈┈┈┈┈┈┈┈┈┈┈┈┈┈┈┈┈┈┈┈┈┈┈┈┈┈┈┈┈┈┈┈┈┈┈┈┈┈┈┈┈┈┈┈┈┈┈┈┈┈┈┈
[INFO] [stderr] 
[INFO] [stderr] test tests/query_ui/pass/return_common.rs [should pass] ... error
[INFO] [stderr] ┈┈┈┈┈┈┈┈┈┈┈┈┈┈┈┈┈┈┈┈┈┈┈┈┈┈┈┈┈┈┈┈┈┈┈┈┈┈┈┈┈┈┈┈┈┈┈┈┈┈┈┈┈┈┈┈┈┈┈┈
[INFO] [stderr] error[E0432]: unresolved import `salvia`
[INFO] [stderr]  --> tests/query_ui/pass/return_common.rs:1:5
[INFO] [stderr]   |
[INFO] [stderr] 1 | use salvia::{query, QueryContext};
[INFO] [stderr]   |     ^^^^^^ use of undeclared crate or module `salvia`
[INFO] [stderr] 
[INFO] [stderr] error: cannot determine resolution for the attribute macro `query`
[INFO] [stderr]  --> tests/query_ui/pass/return_common.rs:3:3
[INFO] [stderr]   |
[INFO] [stderr] 3 | #[query]
[INFO] [stderr]   |   ^^^^^
[INFO] [stderr]   |
[INFO] [stderr]   = note: import resolution is stuck, try simplifying macro imports
[INFO] [stderr] ┈┈┈┈┈┈┈┈┈┈┈┈┈┈┈┈┈┈┈┈┈┈┈┈┈┈┈┈┈┈┈┈┈┈┈┈┈┈┈┈┈┈┈┈┈┈┈┈┈┈┈┈┈┈┈┈┈┈┈┈
[INFO] [stderr] 
[INFO] [stderr] test tests/query_ui/pass/struct_impl.rs [should pass] ... error
[INFO] [stderr] ┈┈┈┈┈┈┈┈┈┈┈┈┈┈┈┈┈┈┈┈┈┈┈┈┈┈┈┈┈┈┈┈┈┈┈┈┈┈┈┈┈┈┈┈┈┈┈┈┈┈┈┈┈┈┈┈┈┈┈┈
[INFO] [stderr] error[E0432]: unresolved import `salvia`
[INFO] [stderr]  --> tests/query_ui/pass/struct_impl.rs:1:5
[INFO] [stderr]   |
[INFO] [stderr] 1 | use salvia::{query, QueryContext};
[INFO] [stderr]   |     ^^^^^^ use of undeclared crate or module `salvia`
[INFO] [stderr] 
[INFO] [stderr] error: cannot determine resolution for the attribute macro `query`
[INFO] [stderr]  --> tests/query_ui/pass/struct_impl.rs:6:7
[INFO] [stderr]   |
[INFO] [stderr] 6 |     #[query]
[INFO] [stderr]   |       ^^^^^
[INFO] [stderr]   |
[INFO] [stderr]   = note: import resolution is stuck, try simplifying macro imports
[INFO] [stderr] ┈┈┈┈┈┈┈┈┈┈┈┈┈┈┈┈┈┈┈┈┈┈┈┈┈┈┈┈┈┈┈┈┈┈┈┈┈┈┈┈┈┈┈┈┈┈┈┈┈┈┈┈┈┈┈┈┈┈┈┈
[INFO] [stderr] 
[INFO] [stderr] test tests/query_ui/pass/struct_impl_with_generic_params.rs [should pass] ... error
[INFO] [stderr] ┈┈┈┈┈┈┈┈┈┈┈┈┈┈┈┈┈┈┈┈┈┈┈┈┈┈┈┈┈┈┈┈┈┈┈┈┈┈┈┈┈┈┈┈┈┈┈┈┈┈┈┈┈┈┈┈┈┈┈┈
[INFO] [stderr] error[E0432]: unresolved import `salvia`
[INFO] [stderr]  --> tests/query_ui/pass/struct_impl_with_generic_params.rs:3:5
[INFO] [stderr]   |
[INFO] [stderr] 3 | use salvia::{query, QueryContext, Stashable};
[INFO] [stderr]   |     ^^^^^^ use of undeclared crate or module `salvia`
[INFO] [stderr] 
[INFO] [stderr] error: cannot determine resolution for the attribute macro `query`
[INFO] [stderr]   --> tests/query_ui/pass/struct_impl_with_generic_params.rs:10:7
[INFO] [stderr]    |
[INFO] [stderr] 10 |     #[query]
[INFO] [stderr]    |       ^^^^^
[INFO] [stderr]    |
[INFO] [stderr]    = note: import resolution is stuck, try simplifying macro imports
[INFO] [stderr] ┈┈┈┈┈┈┈┈┈┈┈┈┈┈┈┈┈┈┈┈┈┈┈┈┈┈┈┈┈┈┈┈┈┈┈┈┈┈┈┈┈┈┈┈┈┈┈┈┈┈┈┈┈┈┈┈┈┈┈┈
[INFO] [stderr] 
[INFO] [stderr] test tests/query_ui/pass/where_clause.rs [should pass] ... error
[INFO] [stderr] ┈┈┈┈┈┈┈┈┈┈┈┈┈┈┈┈┈┈┈┈┈┈┈┈┈┈┈┈┈┈┈┈┈┈┈┈┈┈┈┈┈┈┈┈┈┈┈┈┈┈┈┈┈┈┈┈┈┈┈┈
[INFO] [stderr] error[E0432]: unresolved import `salvia`
[INFO] [stderr]  --> tests/query_ui/pass/where_clause.rs:1:5
[INFO] [stderr]   |
[INFO] [stderr] 1 | use salvia::{query, QueryContext};
[INFO] [stderr]   |     ^^^^^^ use of undeclared crate or module `salvia`
[INFO] [stderr] 
[INFO] [stderr] error: cannot determine resolution for the attribute macro `query`
[INFO] [stderr]  --> tests/query_ui/pass/where_clause.rs:3:3
[INFO] [stderr]   |
[INFO] [stderr] 3 | #[query]
[INFO] [stderr]   |   ^^^^^
[INFO] [stderr]   |
[INFO] [stderr]   = note: import resolution is stuck, try simplifying macro imports
[INFO] [stderr] ┈┈┈┈┈┈┈┈┈┈┈┈┈┈┈┈┈┈┈┈┈┈┈┈┈┈┈┈┈┈┈┈┈┈┈┈┈┈┈┈┈┈┈┈┈┈┈┈┈┈┈┈┈┈┈┈┈┈┈┈
[INFO] [stderr] 
[INFO] [stderr] test tests/query_ui/fail/arg_duplicate_binding.rs [should fail to compile] ... mismatch
[INFO] [stderr] 
[INFO] [stderr] EXPECTED:
[INFO] [stderr] ┈┈┈┈┈┈┈┈┈┈┈┈┈┈┈┈┈┈┈┈┈┈┈┈┈┈┈┈┈┈┈┈┈┈┈┈┈┈┈┈┈┈┈┈┈┈┈┈┈┈┈┈┈┈┈┈┈┈┈┈
[INFO] [stderr] error[E0415]: identifier `_i` is bound more than once in this parameter list
[INFO] [stderr]  --> $DIR/arg_duplicate_binding.rs:6:21
[INFO] [stderr]   |
[INFO] [stderr] 6 | async fn f(_i: i32, _i: u64, _cx: &QueryContext) {}
[INFO] [stderr]   |                     ^^ used as parameter more than once
[INFO] [stderr] 
[INFO] [stderr] error[E0416]: identifier `_i` is bound more than once in the same pattern
[INFO] [stderr]  --> $DIR/arg_duplicate_binding.rs:6:21
[INFO] [stderr]   |
[INFO] [stderr] 6 | async fn f(_i: i32, _i: u64, _cx: &QueryContext) {}
[INFO] [stderr]   |                     ^^ used in a pattern more than once
[INFO] [stderr] 
[INFO] [stderr] error[E0308]: mismatched types
[INFO] [stderr]  --> $DIR/arg_duplicate_binding.rs:5:1
[INFO] [stderr]   |
[INFO] [stderr] 5 | #[query]
[INFO] [stderr]   | ^^^^^^^^ expected `i32`, found `u64`
[INFO] [stderr]   |
[INFO] [stderr]   = note: expected tuple `(i32, _)`
[INFO] [stderr]              found tuple `(u64, _)`
[INFO] [stderr]   = note: this error originates in the attribute macro `query` (in Nightly builds, run with -Z macro-backtrace for more info)
[INFO] [stderr] ┈┈┈┈┈┈┈┈┈┈┈┈┈┈┈┈┈┈┈┈┈┈┈┈┈┈┈┈┈┈┈┈┈┈┈┈┈┈┈┈┈┈┈┈┈┈┈┈┈┈┈┈┈┈┈┈┈┈┈┈
[INFO] [stderr] 
[INFO] [stderr] ACTUAL OUTPUT:
[INFO] [stderr] ┈┈┈┈┈┈┈┈┈┈┈┈┈┈┈┈┈┈┈┈┈┈┈┈┈┈┈┈┈┈┈┈┈┈┈┈┈┈┈┈┈┈┈┈┈┈┈┈┈┈┈┈┈┈┈┈┈┈┈┈
[INFO] [stderr] error[E0432]: unresolved import `salvia`
[INFO] [stderr]  --> tests/query_ui/fail/arg_duplicate_binding.rs:3:5
[INFO] [stderr]   |
[INFO] [stderr] 3 | use salvia::{query, QueryContext};
[INFO] [stderr]   |     ^^^^^^ use of undeclared crate or module `salvia`
[INFO] [stderr] 
[INFO] [stderr] error: cannot determine resolution for the attribute macro `query`
[INFO] [stderr]  --> tests/query_ui/fail/arg_duplicate_binding.rs:5:3
[INFO] [stderr]   |
[INFO] [stderr] 5 | #[query]
[INFO] [stderr]   |   ^^^^^
[INFO] [stderr]   |
[INFO] [stderr]   = note: import resolution is stuck, try simplifying macro imports
[INFO] [stderr] 
[INFO] [stderr] error[E0415]: identifier `_i` is bound more than once in this parameter list
[INFO] [stderr]  --> tests/query_ui/fail/arg_duplicate_binding.rs:6:21
[INFO] [stderr]   |
[INFO] [stderr] 6 | async fn f(_i: i32, _i: u64, _cx: &QueryContext) {}
[INFO] [stderr]   |                     ^^ used as parameter more than once
[INFO] [stderr] ┈┈┈┈┈┈┈┈┈┈┈┈┈┈┈┈┈┈┈┈┈┈┈┈┈┈┈┈┈┈┈┈┈┈┈┈┈┈┈┈┈┈┈┈┈┈┈┈┈┈┈┈┈┈┈┈┈┈┈┈
[INFO] [stderr] note: If the actual output is the correct output you can bless it by rerunning
[INFO] [stderr]       your test with the environment variable TRYBUILD=overwrite
[INFO] [stderr] 
[INFO] [stderr] test tests/query_ui/fail/arg_impl.rs [should fail to compile] ... mismatch
[INFO] [stderr] 
[INFO] [stderr] EXPECTED:
[INFO] [stderr] ┈┈┈┈┈┈┈┈┈┈┈┈┈┈┈┈┈┈┈┈┈┈┈┈┈┈┈┈┈┈┈┈┈┈┈┈┈┈┈┈┈┈┈┈┈┈┈┈┈┈┈┈┈┈┈┈┈┈┈┈
[INFO] [stderr] error: #[query]: `impl Trait` syntax is not supported, consider turning it into an explicit generic parameter
[INFO] [stderr]  --> $DIR/arg_impl.rs:7:16
[INFO] [stderr]   |
[INFO] [stderr] 7 | async fn f(_a: impl Stashable + Hash, _cx: &QueryContext) {}
[INFO] [stderr]   |                ^^^^
[INFO] [stderr] ┈┈┈┈┈┈┈┈┈┈┈┈┈┈┈┈┈┈┈┈┈┈┈┈┈┈┈┈┈┈┈┈┈┈┈┈┈┈┈┈┈┈┈┈┈┈┈┈┈┈┈┈┈┈┈┈┈┈┈┈
[INFO] [stderr] 
[INFO] [stderr] ACTUAL OUTPUT:
[INFO] [stderr] ┈┈┈┈┈┈┈┈┈┈┈┈┈┈┈┈┈┈┈┈┈┈┈┈┈┈┈┈┈┈┈┈┈┈┈┈┈┈┈┈┈┈┈┈┈┈┈┈┈┈┈┈┈┈┈┈┈┈┈┈
[INFO] [stderr] error[E0432]: unresolved import `salvia`
[INFO] [stderr]  --> tests/query_ui/fail/arg_impl.rs:4:5
[INFO] [stderr]   |
[INFO] [stderr] 4 | use salvia::{query, QueryContext, Stashable};
[INFO] [stderr]   |     ^^^^^^ use of undeclared crate or module `salvia`
[INFO] [stderr] 
[INFO] [stderr] error: cannot determine resolution for the attribute macro `query`
[INFO] [stderr]  --> tests/query_ui/fail/arg_impl.rs:6:3
[INFO] [stderr]   |
[INFO] [stderr] 6 | #[query]
[INFO] [stderr]   |   ^^^^^
[INFO] [stderr]   |
[INFO] [stderr]   = note: import resolution is stuck, try simplifying macro imports
[INFO] [stderr] ┈┈┈┈┈┈┈┈┈┈┈┈┈┈┈┈┈┈┈┈┈┈┈┈┈┈┈┈┈┈┈┈┈┈┈┈┈┈┈┈┈┈┈┈┈┈┈┈┈┈┈┈┈┈┈┈┈┈┈┈
[INFO] [stderr] note: If the actual output is the correct output you can bless it by rerunning
[INFO] [stderr]       your test with the environment variable TRYBUILD=overwrite
[INFO] [stderr] 
[INFO] [stderr] test tests/query_ui/fail/arg_ref_a_self.rs [should fail to compile] ... mismatch
[INFO] [stderr] 
[INFO] [stderr] EXPECTED:
[INFO] [stderr] ┈┈┈┈┈┈┈┈┈┈┈┈┈┈┈┈┈┈┈┈┈┈┈┈┈┈┈┈┈┈┈┈┈┈┈┈┈┈┈┈┈┈┈┈┈┈┈┈┈┈┈┈┈┈┈┈┈┈┈┈
[INFO] [stderr] error[E0477]: the type `&'a A` does not fulfill the required lifetime
[INFO] [stderr]   --> $DIR/arg_ref_a_self.rs:11:23
[INFO] [stderr]    |
[INFO] [stderr] 11 |     async fn some<'a>(&'a self, _cx: &QueryContext) {}
[INFO] [stderr]    |                       ^
[INFO] [stderr]    |
[INFO] [stderr]    = note: type must satisfy the static lifetime
[INFO] [stderr] ┈┈┈┈┈┈┈┈┈┈┈┈┈┈┈┈┈┈┈┈┈┈┈┈┈┈┈┈┈┈┈┈┈┈┈┈┈┈┈┈┈┈┈┈┈┈┈┈┈┈┈┈┈┈┈┈┈┈┈┈
[INFO] [stderr] 
[INFO] [stderr] ACTUAL OUTPUT:
[INFO] [stderr] ┈┈┈┈┈┈┈┈┈┈┈┈┈┈┈┈┈┈┈┈┈┈┈┈┈┈┈┈┈┈┈┈┈┈┈┈┈┈┈┈┈┈┈┈┈┈┈┈┈┈┈┈┈┈┈┈┈┈┈┈
[INFO] [stderr] error[E0432]: unresolved import `salvia`
[INFO] [stderr]  --> tests/query_ui/fail/arg_ref_a_self.rs:4:5
[INFO] [stderr]   |
[INFO] [stderr] 4 | use salvia::{query, QueryContext};
[INFO] [stderr]   |     ^^^^^^ use of undeclared crate or module `salvia`
[INFO] [stderr] 
[INFO] [stderr] error: cannot determine resolution for the attribute macro `query`
[INFO] [stderr]   --> tests/query_ui/fail/arg_ref_a_self.rs:10:7
[INFO] [stderr]    |
[INFO] [stderr] 10 |     #[query]
[INFO] [stderr]    |       ^^^^^
[INFO] [stderr]    |
[INFO] [stderr]    = note: import resolution is stuck, try simplifying macro imports
[INFO] [stderr] ┈┈┈┈┈┈┈┈┈┈┈┈┈┈┈┈┈┈┈┈┈┈┈┈┈┈┈┈┈┈┈┈┈┈┈┈┈┈┈┈┈┈┈┈┈┈┈┈┈┈┈┈┈┈┈┈┈┈┈┈
[INFO] [stderr] note: If the actual output is the correct output you can bless it by rerunning
[INFO] [stderr]       your test with the environment variable TRYBUILD=overwrite
[INFO] [stderr] 
[INFO] [stderr] test tests/query_ui/fail/arg_ref_self.rs [should fail to compile] ... mismatch
[INFO] [stderr] 
[INFO] [stderr] EXPECTED:
[INFO] [stderr] ┈┈┈┈┈┈┈┈┈┈┈┈┈┈┈┈┈┈┈┈┈┈┈┈┈┈┈┈┈┈┈┈┈┈┈┈┈┈┈┈┈┈┈┈┈┈┈┈┈┈┈┈┈┈┈┈┈┈┈┈
[INFO] [stderr] error[E0759]: `self` has an anonymous lifetime `'_` but it needs to satisfy a `'static` lifetime requirement
[INFO] [stderr]   --> $DIR/arg_ref_self.rs:11:19
[INFO] [stderr]    |
[INFO] [stderr] 11 |     async fn some(&self, _cx: &QueryContext) {}
[INFO] [stderr]    |                   ^^^^^
[INFO] [stderr]    |                   |
[INFO] [stderr]    |                   this data with an anonymous lifetime `'_`...
[INFO] [stderr]    |                   ...is captured here...
[INFO] [stderr]    |
[INFO] [stderr] note: ...and is required to live as long as `'static` here
[INFO] [stderr]   --> $DIR/arg_ref_self.rs:10:5
[INFO] [stderr]    |
[INFO] [stderr] 10 |     #[query]
[INFO] [stderr]    |     ^^^^^^^^
[INFO] [stderr]    = note: this error originates in the attribute macro `query` (in Nightly builds, run with -Z macro-backtrace for more info)
[INFO] [stderr] ┈┈┈┈┈┈┈┈┈┈┈┈┈┈┈┈┈┈┈┈┈┈┈┈┈┈┈┈┈┈┈┈┈┈┈┈┈┈┈┈┈┈┈┈┈┈┈┈┈┈┈┈┈┈┈┈┈┈┈┈
[INFO] [stderr] 
[INFO] [stderr] ACTUAL OUTPUT:
[INFO] [stderr] ┈┈┈┈┈┈┈┈┈┈┈┈┈┈┈┈┈┈┈┈┈┈┈┈┈┈┈┈┈┈┈┈┈┈┈┈┈┈┈┈┈┈┈┈┈┈┈┈┈┈┈┈┈┈┈┈┈┈┈┈
[INFO] [stderr] error[E0432]: unresolved import `salvia`
[INFO] [stderr]  --> tests/query_ui/fail/arg_ref_self.rs:4:5
[INFO] [stderr]   |
[INFO] [stderr] 4 | use salvia::{query, QueryContext};
[INFO] [stderr]   |     ^^^^^^ use of undeclared crate or module `salvia`
[INFO] [stderr] 
[INFO] [stderr] error: cannot determine resolution for the attribute macro `query`
[INFO] [stderr]   --> tests/query_ui/fail/arg_ref_self.rs:10:7
[INFO] [stderr]    |
[INFO] [stderr] 10 |     #[query]
[INFO] [stderr]    |       ^^^^^
[INFO] [stderr]    |
[INFO] [stderr]    = note: import resolution is stuck, try simplifying macro imports
[INFO] [stderr] ┈┈┈┈┈┈┈┈┈┈┈┈┈┈┈┈┈┈┈┈┈┈┈┈┈┈┈┈┈┈┈┈┈┈┈┈┈┈┈┈┈┈┈┈┈┈┈┈┈┈┈┈┈┈┈┈┈┈┈┈
[INFO] [stderr] note: If the actual output is the correct output you can bless it by rerunning
[INFO] [stderr]       your test with the environment variable TRYBUILD=overwrite
[INFO] [stderr] 
[INFO] [stderr] test tests/query_ui/fail/arg_traits_no_hash.rs [should fail to compile] ... mismatch
[INFO] [stderr] 
[INFO] [stderr] EXPECTED:
[INFO] [stderr] ┈┈┈┈┈┈┈┈┈┈┈┈┈┈┈┈┈┈┈┈┈┈┈┈┈┈┈┈┈┈┈┈┈┈┈┈┈┈┈┈┈┈┈┈┈┈┈┈┈┈┈┈┈┈┈┈┈┈┈┈
[INFO] [stderr] error[E0277]: the trait bound `A: Hash` is not satisfied
[INFO] [stderr]   --> $DIR/arg_traits_no_hash.rs:7:16
[INFO] [stderr]    |
[INFO] [stderr] 7  | async fn f(_a: A, _cx: &QueryContext) {}
[INFO] [stderr]    |                ^ the trait `Hash` is not implemented for `A`
[INFO] [stderr]    |
[INFO] [stderr] note: required by `HashCheck`
[INFO] [stderr]   --> $DIR/macro_support.rs:13:5
[INFO] [stderr]    |
[INFO] [stderr] 13 | /     pub struct HashCheck<T>(pub PhantomData<T>)
[INFO] [stderr] 14 | |     where
[INFO] [stderr] 15 | |         T: Hash;
[INFO] [stderr]    | |________________^
[INFO] [stderr] 
[INFO] [stderr] error[E0277]: the trait bound `A: Hash` is not satisfied
[INFO] [stderr]    --> $DIR/arg_traits_no_hash.rs:6:1
[INFO] [stderr]     |
[INFO] [stderr] 6   | #[query]
[INFO] [stderr]     | ^^^^^^^^ the trait `Hash` is not implemented for `A`
[INFO] [stderr]     |
[INFO] [stderr]     = note: required because of the requirements on the impl of `Hash` for `(A,)`
[INFO] [stderr] note: required by a bound in `executor`
[INFO] [stderr]    --> $DIR/query.rs:608:25
[INFO] [stderr]     |
[INFO] [stderr] 608 |     Params: Stashable + Hash,
[INFO] [stderr]     |                         ^^^^ required by this bound in `executor`
[INFO] [stderr]     = note: this error originates in the attribute macro `query` (in Nightly builds, run with -Z macro-backtrace for more info)
[INFO] [stderr] ┈┈┈┈┈┈┈┈┈┈┈┈┈┈┈┈┈┈┈┈┈┈┈┈┈┈┈┈┈┈┈┈┈┈┈┈┈┈┈┈┈┈┈┈┈┈┈┈┈┈┈┈┈┈┈┈┈┈┈┈
[INFO] [stderr] 
[INFO] [stderr] ACTUAL OUTPUT:
[INFO] [stderr] ┈┈┈┈┈┈┈┈┈┈┈┈┈┈┈┈┈┈┈┈┈┈┈┈┈┈┈┈┈┈┈┈┈┈┈┈┈┈┈┈┈┈┈┈┈┈┈┈┈┈┈┈┈┈┈┈┈┈┈┈
[INFO] [stderr] error[E0432]: unresolved import `salvia`
[INFO] [stderr]  --> tests/query_ui/fail/arg_traits_no_hash.rs:1:5
[INFO] [stderr]   |
[INFO] [stderr] 1 | use salvia::{query, QueryContext};
[INFO] [stderr]   |     ^^^^^^ use of undeclared crate or module `salvia`
[INFO] [stderr] 
[INFO] [stderr] error: cannot determine resolution for the attribute macro `query`
[INFO] [stderr]  --> tests/query_ui/fail/arg_traits_no_hash.rs:6:3
[INFO] [stderr]   |
[INFO] [stderr] 6 | #[query]
[INFO] [stderr]   |   ^^^^^
[INFO] [stderr]   |
[INFO] [stderr]   = note: import resolution is stuck, try simplifying macro imports
[INFO] [stderr] ┈┈┈┈┈┈┈┈┈┈┈┈┈┈┈┈┈┈┈┈┈┈┈┈┈┈┈┈┈┈┈┈┈┈┈┈┈┈┈┈┈┈┈┈┈┈┈┈┈┈┈┈┈┈┈┈┈┈┈┈
[INFO] [stderr] note: If the actual output is the correct output you can bless it by rerunning
[INFO] [stderr]       your test with the environment variable TRYBUILD=overwrite
[INFO] [stderr] 
[INFO] [stderr] test tests/query_ui/fail/arg_traits_no_stashable.rs [should fail to compile] ... mismatch
[INFO] [stderr] 
[INFO] [stderr] EXPECTED:
[INFO] [stderr] ┈┈┈┈┈┈┈┈┈┈┈┈┈┈┈┈┈┈┈┈┈┈┈┈┈┈┈┈┈┈┈┈┈┈┈┈┈┈┈┈┈┈┈┈┈┈┈┈┈┈┈┈┈┈┈┈┈┈┈┈
[INFO] [stderr] error[E0277]: the trait bound `A: Clone` is not satisfied
[INFO] [stderr]   --> $DIR/arg_traits_no_stashable.rs:8:16
[INFO] [stderr]    |
[INFO] [stderr] 8  | async fn f(_a: A, _cx: &QueryContext) {}
[INFO] [stderr]    |                ^ the trait `Clone` is not implemented for `A`
[INFO] [stderr]    |
[INFO] [stderr]    = note: required because of the requirements on the impl of `Stashable` for `A`
[INFO] [stderr] note: required by `StashableCheck`
[INFO] [stderr]   --> $DIR/macro_support.rs:9:5
[INFO] [stderr]    |
[INFO] [stderr] 9  | /     pub struct StashableCheck<T>(pub PhantomData<T>)
[INFO] [stderr] 10 | |     where
[INFO] [stderr] 11 | |         T: Stashable;
[INFO] [stderr]    | |_____________________^
[INFO] [stderr] 
[INFO] [stderr] error[E0277]: the trait bound `A: Eq` is not satisfied
[INFO] [stderr]   --> $DIR/arg_traits_no_stashable.rs:8:16
[INFO] [stderr]    |
[INFO] [stderr] 8  | async fn f(_a: A, _cx: &QueryContext) {}
[INFO] [stderr]    |                ^ the trait `Eq` is not implemented for `A`
[INFO] [stderr]    |
[INFO] [stderr]    = note: required because of the requirements on the impl of `Stashable` for `A`
[INFO] [stderr] note: required by `StashableCheck`
[INFO] [stderr]   --> $DIR/macro_support.rs:9:5
[INFO] [stderr]    |
[INFO] [stderr] 9  | /     pub struct StashableCheck<T>(pub PhantomData<T>)
[INFO] [stderr] 10 | |     where
[INFO] [stderr] 11 | |         T: Stashable;
[INFO] [stderr]    | |_____________________^
[INFO] [stderr] 
[INFO] [stderr] error[E0277]: `*mut ()` cannot be sent between threads safely
[INFO] [stderr]   --> $DIR/arg_traits_no_stashable.rs:8:16
[INFO] [stderr]    |
[INFO] [stderr] 8  | async fn f(_a: A, _cx: &QueryContext) {}
[INFO] [stderr]    |                ^ `*mut ()` cannot be sent between threads safely
[INFO] [stderr]    |
[INFO] [stderr]    = help: within `A`, the trait `Send` is not implemented for `*mut ()`
[INFO] [stderr]    = note: required because it appears within the type `PhantomData<*mut ()>`
[INFO] [stderr] note: required because it appears within the type `A`
[INFO] [stderr]   --> $DIR/arg_traits_no_stashable.rs:5:8
[INFO] [stderr]    |
[INFO] [stderr] 5  | struct A(PhantomData<* mut ()>);
[INFO] [stderr]    |        ^
[INFO] [stderr]    = note: required because of the requirements on the impl of `Stashable` for `A`
[INFO] [stderr] note: required by `StashableCheck`
[INFO] [stderr]   --> $DIR/macro_support.rs:9:5
[INFO] [stderr]    |
[INFO] [stderr] 9  | /     pub struct StashableCheck<T>(pub PhantomData<T>)
[INFO] [stderr] 10 | |     where
[INFO] [stderr] 11 | |         T: Stashable;
[INFO] [stderr]    | |_____________________^
[INFO] [stderr] 
[INFO] [stderr] error[E0277]: `*mut ()` cannot be shared between threads safely
[INFO] [stderr]   --> $DIR/arg_traits_no_stashable.rs:8:16
[INFO] [stderr]    |
[INFO] [stderr] 8  | async fn f(_a: A, _cx: &QueryContext) {}
[INFO] [stderr]    |                ^ `*mut ()` cannot be shared between threads safely
[INFO] [stderr]    |
[INFO] [stderr]    = help: within `A`, the trait `Sync` is not implemented for `*mut ()`
[INFO] [stderr]    = note: required because it appears within the type `PhantomData<*mut ()>`
[INFO] [stderr] note: required because it appears within the type `A`
[INFO] [stderr]   --> $DIR/arg_traits_no_stashable.rs:5:8
[INFO] [stderr]    |
[INFO] [stderr] 5  | struct A(PhantomData<* mut ()>);
[INFO] [stderr]    |        ^
[INFO] [stderr]    = note: required because of the requirements on the impl of `Stashable` for `A`
[INFO] [stderr] note: required by `StashableCheck`
[INFO] [stderr]   --> $DIR/macro_support.rs:9:5
[INFO] [stderr]    |
[INFO] [stderr] 9  | /     pub struct StashableCheck<T>(pub PhantomData<T>)
[INFO] [stderr] 10 | |     where
[INFO] [stderr] 11 | |         T: Stashable;
[INFO] [stderr]    | |_____________________^
[INFO] [stderr] 
[INFO] [stderr] error[E0277]: the trait bound `A: Clone` is not satisfied in `(A,)`
[INFO] [stderr]    --> $DIR/arg_traits_no_stashable.rs:7:1
[INFO] [stderr]     |
[INFO] [stderr] 7   | #[query]
[INFO] [stderr]     | ^^^^^^^^ within `(A,)`, the trait `Clone` is not implemented for `A`
[INFO] [stderr]     |
[INFO] [stderr]     = note: required because it appears within the type `(A,)`
[INFO] [stderr]     = note: required because of the requirements on the impl of `Stashable` for `(A,)`
[INFO] [stderr] note: required by a bound in `executor`
[INFO] [stderr]    --> $DIR/query.rs:608:13
[INFO] [stderr]     |
[INFO] [stderr] 608 |     Params: Stashable + Hash,
[INFO] [stderr]     |             ^^^^^^^^^ required by this bound in `executor`
[INFO] [stderr]     = note: this error originates in the attribute macro `query` (in Nightly builds, run with -Z macro-backtrace for more info)
[INFO] [stderr] 
[INFO] [stderr] error[E0277]: the trait bound `A: Eq` is not satisfied
[INFO] [stderr]    --> $DIR/arg_traits_no_stashable.rs:7:1
[INFO] [stderr]     |
[INFO] [stderr] 7   | #[query]
[INFO] [stderr]     | ^^^^^^^^ the trait `Eq` is not implemented for `A`
[INFO] [stderr]     |
[INFO] [stderr]     = note: required because of the requirements on the impl of `Eq` for `(A,)`
[INFO] [stderr]     = note: required because of the requirements on the impl of `Stashable` for `(A,)`
[INFO] [stderr] note: required by a bound in `executor`
[INFO] [stderr]    --> $DIR/query.rs:608:13
[INFO] [stderr]     |
[INFO] [stderr] 608 |     Params: Stashable + Hash,
[INFO] [stderr]     |             ^^^^^^^^^ required by this bound in `executor`
[INFO] [stderr]     = note: this error originates in the attribute macro `query` (in Nightly builds, run with -Z macro-backtrace for more info)
[INFO] [stderr] 
[INFO] [stderr] error[E0277]: `*mut ()` cannot be sent between threads safely
[INFO] [stderr]    --> $DIR/arg_traits_no_stashable.rs:7:1
[INFO] [stderr]     |
[INFO] [stderr] 7   | #[query]
[INFO] [stderr]     | ^^^^^^^^ `*mut ()` cannot be sent between threads safely
[INFO] [stderr]     |
[INFO] [stderr]     = help: within `(A,)`, the trait `Send` is not implemented for `*mut ()`
[INFO] [stderr]     = note: required because it appears within the type `PhantomData<*mut ()>`
[INFO] [stderr] note: required because it appears within the type `A`
[INFO] [stderr]    --> $DIR/arg_traits_no_stashable.rs:5:8
[INFO] [stderr]     |
[INFO] [stderr] 5   | struct A(PhantomData<* mut ()>);
[INFO] [stderr]     |        ^
[INFO] [stderr]     = note: required because it appears within the type `(A,)`
[INFO] [stderr]     = note: required because of the requirements on the impl of `Stashable` for `(A,)`
[INFO] [stderr] note: required by a bound in `executor`
[INFO] [stderr]    --> $DIR/query.rs:608:13
[INFO] [stderr]     |
[INFO] [stderr] 608 |     Params: Stashable + Hash,
[INFO] [stderr]     |             ^^^^^^^^^ required by this bound in `executor`
[INFO] [stderr]     = note: this error originates in the attribute macro `query` (in Nightly builds, run with -Z macro-backtrace for more info)
[INFO] [stderr] 
[INFO] [stderr] error[E0277]: `*mut ()` cannot be shared between threads safely
[INFO] [stderr]    --> $DIR/arg_traits_no_stashable.rs:7:1
[INFO] [stderr]     |
[INFO] [stderr] 7   | #[query]
[INFO] [stderr]     | ^^^^^^^^ `*mut ()` cannot be shared between threads safely
[INFO] [stderr]     |
[INFO] [stderr]     = help: within `(A,)`, the trait `Sync` is not implemented for `*mut ()`
[INFO] [stderr]     = note: required because it appears within the type `PhantomData<*mut ()>`
[INFO] [stderr] note: required because it appears within the type `A`
[INFO] [stderr]    --> $DIR/arg_traits_no_stashable.rs:5:8
[INFO] [stderr]     |
[INFO] [stderr] 5   | struct A(PhantomData<* mut ()>);
[INFO] [stderr]     |        ^
[INFO] [stderr]     = note: required because it appears within the type `(A,)`
[INFO] [stderr]     = note: required because of the requirements on the impl of `Stashable` for `(A,)`
[INFO] [stderr] note: required by a bound in `executor`
[INFO] [stderr]    --> $DIR/query.rs:608:13
[INFO] [stderr]     |
[INFO] [stderr] 608 |     Params: Stashable + Hash,
[INFO] [stderr]     |             ^^^^^^^^^ required by this bound in `executor`
[INFO] [stderr]     = note: this error originates in the attribute macro `query` (in Nightly builds, run with -Z macro-backtrace for more info)
[INFO] [stderr] ┈┈┈┈┈┈┈┈┈┈┈┈┈┈┈┈┈┈┈┈┈┈┈┈┈┈┈┈┈┈┈┈┈┈┈┈┈┈┈┈┈┈┈┈┈┈┈┈┈┈┈┈┈┈┈┈┈┈┈┈
[INFO] [stderr] 
[INFO] [stderr] ACTUAL OUTPUT:
[INFO] [stderr] ┈┈┈┈┈┈┈┈┈┈┈┈┈┈┈┈┈┈┈┈┈┈┈┈┈┈┈┈┈┈┈┈┈┈┈┈┈┈┈┈┈┈┈┈┈┈┈┈┈┈┈┈┈┈┈┈┈┈┈┈
[INFO] [stderr] error[E0432]: unresolved import `salvia`
[INFO] [stderr]  --> tests/query_ui/fail/arg_traits_no_stashable.rs:2:5
[INFO] [stderr]   |
[INFO] [stderr] 2 | use salvia::{query, QueryContext};
[INFO] [stderr]   |     ^^^^^^ use of undeclared crate or module `salvia`
[INFO] [stderr] 
[INFO] [stderr] error: cannot determine resolution for the attribute macro `query`
[INFO] [stderr]  --> tests/query_ui/fail/arg_traits_no_stashable.rs:7:3
[INFO] [stderr]   |
[INFO] [stderr] 7 | #[query]
[INFO] [stderr]   |   ^^^^^
[INFO] [stderr]   |
[INFO] [stderr]   = note: import resolution is stuck, try simplifying macro imports
[INFO] [stderr] ┈┈┈┈┈┈┈┈┈┈┈┈┈┈┈┈┈┈┈┈┈┈┈┈┈┈┈┈┈┈┈┈┈┈┈┈┈┈┈┈┈┈┈┈┈┈┈┈┈┈┈┈┈┈┈┈┈┈┈┈
[INFO] [stderr] note: If the actual output is the correct output you can bless it by rerunning
[INFO] [stderr]       your test with the environment variable TRYBUILD=overwrite
[INFO] [stderr] 
[INFO] [stderr] test tests/query_ui/fail/arg_wildcard.rs [should fail to compile] ... mismatch
[INFO] [stderr] 
[INFO] [stderr] EXPECTED:
[INFO] [stderr] ┈┈┈┈┈┈┈┈┈┈┈┈┈┈┈┈┈┈┈┈┈┈┈┈┈┈┈┈┈┈┈┈┈┈┈┈┈┈┈┈┈┈┈┈┈┈┈┈┈┈┈┈┈┈┈┈┈┈┈┈
[INFO] [stderr] error: #[query]: wildcard pattern is not supported, consider giving it a name starting with `_`, for ex. `_my_var`; even though your function doesn't need that parameter, query must capture and cache it to correctly function
[INFO] [stderr]  --> $DIR/arg_wildcard.rs:6:12
[INFO] [stderr]   |
[INFO] [stderr] 6 | async fn f(_: i32, _cx: &QueryContext) {}
[INFO] [stderr]   |            ^
[INFO] [stderr] ┈┈┈┈┈┈┈┈┈┈┈┈┈┈┈┈┈┈┈┈┈┈┈┈┈┈┈┈┈┈┈┈┈┈┈┈┈┈┈┈┈┈┈┈┈┈┈┈┈┈┈┈┈┈┈┈┈┈┈┈
[INFO] [stderr] 
[INFO] [stderr] ACTUAL OUTPUT:
[INFO] [stderr] ┈┈┈┈┈┈┈┈┈┈┈┈┈┈┈┈┈┈┈┈┈┈┈┈┈┈┈┈┈┈┈┈┈┈┈┈┈┈┈┈┈┈┈┈┈┈┈┈┈┈┈┈┈┈┈┈┈┈┈┈
[INFO] [stderr] error[E0432]: unresolved import `salvia`
[INFO] [stderr]  --> tests/query_ui/fail/arg_wildcard.rs:3:5
[INFO] [stderr]   |
[INFO] [stderr] 3 | use salvia::{query, QueryContext};
[INFO] [stderr]   |     ^^^^^^ use of undeclared crate or module `salvia`
[INFO] [stderr] 
[INFO] [stderr] error: cannot determine resolution for the attribute macro `query`
[INFO] [stderr]  --> tests/query_ui/fail/arg_wildcard.rs:5:3
[INFO] [stderr]   |
[INFO] [stderr] 5 | #[query]
[INFO] [stderr]   |   ^^^^^
[INFO] [stderr]   |
[INFO] [stderr]   = note: import resolution is stuck, try simplifying macro imports
[INFO] [stderr] ┈┈┈┈┈┈┈┈┈┈┈┈┈┈┈┈┈┈┈┈┈┈┈┈┈┈┈┈┈┈┈┈┈┈┈┈┈┈┈┈┈┈┈┈┈┈┈┈┈┈┈┈┈┈┈┈┈┈┈┈
[INFO] [stderr] note: If the actual output is the correct output you can bless it by rerunning
[INFO] [stderr]       your test with the environment variable TRYBUILD=overwrite
[INFO] [stderr] 
[INFO] [stderr] test tests/query_ui/fail/arg_wildcard_context.rs [should fail to compile] ... mismatch
[INFO] [stderr] 
[INFO] [stderr] EXPECTED:
[INFO] [stderr] ┈┈┈┈┈┈┈┈┈┈┈┈┈┈┈┈┈┈┈┈┈┈┈┈┈┈┈┈┈┈┈┈┈┈┈┈┈┈┈┈┈┈┈┈┈┈┈┈┈┈┈┈┈┈┈┈┈┈┈┈
[INFO] [stderr] error: #[query]: wildcard pattern is not supported, consider giving it a name starting with `_`, for ex. `_my_var`; even though your function doesn't need that parameter, query must capture and cache it to correctly function
[INFO] [stderr]  --> $DIR/arg_wildcard_context.rs:6:21
[INFO] [stderr]   |
[INFO] [stderr] 6 | async fn f(_i: i32, _: &QueryContext) {}
[INFO] [stderr]   |                     ^
[INFO] [stderr] ┈┈┈┈┈┈┈┈┈┈┈┈┈┈┈┈┈┈┈┈┈┈┈┈┈┈┈┈┈┈┈┈┈┈┈┈┈┈┈┈┈┈┈┈┈┈┈┈┈┈┈┈┈┈┈┈┈┈┈┈
[INFO] [stderr] 
[INFO] [stderr] ACTUAL OUTPUT:
[INFO] [stderr] ┈┈┈┈┈┈┈┈┈┈┈┈┈┈┈┈┈┈┈┈┈┈┈┈┈┈┈┈┈┈┈┈┈┈┈┈┈┈┈┈┈┈┈┈┈┈┈┈┈┈┈┈┈┈┈┈┈┈┈┈
[INFO] [stderr] error[E0432]: unresolved import `salvia`
[INFO] [stderr]  --> tests/query_ui/fail/arg_wildcard_context.rs:3:5
[INFO] [stderr]   |
[INFO] [stderr] 3 | use salvia::{query, QueryContext};
[INFO] [stderr]   |     ^^^^^^ use of undeclared crate or module `salvia`
[INFO] [stderr] 
[INFO] [stderr] error: cannot determine resolution for the attribute macro `query`
[INFO] [stderr]  --> tests/query_ui/fail/arg_wildcard_context.rs:5:3
[INFO] [stderr]   |
[INFO] [stderr] 5 | #[query]
[INFO] [stderr]   |   ^^^^^
[INFO] [stderr]   |
[INFO] [stderr]   = note: import resolution is stuck, try simplifying macro imports
[INFO] [stderr] ┈┈┈┈┈┈┈┈┈┈┈┈┈┈┈┈┈┈┈┈┈┈┈┈┈┈┈┈┈┈┈┈┈┈┈┈┈┈┈┈┈┈┈┈┈┈┈┈┈┈┈┈┈┈┈┈┈┈┈┈
[INFO] [stderr] note: If the actual output is the correct output you can bless it by rerunning
[INFO] [stderr]       your test with the environment variable TRYBUILD=overwrite
[INFO] [stderr] 
[INFO] [stderr] test tests/query_ui/fail/no_inputs.rs [should fail to compile] ... mismatch
[INFO] [stderr] 
[INFO] [stderr] EXPECTED:
[INFO] [stderr] ┈┈┈┈┈┈┈┈┈┈┈┈┈┈┈┈┈┈┈┈┈┈┈┈┈┈┈┈┈┈┈┈┈┈┈┈┈┈┈┈┈┈┈┈┈┈┈┈┈┈┈┈┈┈┈┈┈┈┈┈
[INFO] [stderr] error: #[query]: function should accept &::salvia::QueryContext as its last parameter
[INFO] [stderr]  --> $DIR/no_inputs.rs:4:11
[INFO] [stderr]   |
[INFO] [stderr] 4 | async fn f() {}
[INFO] [stderr]   |           ^^
[INFO] [stderr] ┈┈┈┈┈┈┈┈┈┈┈┈┈┈┈┈┈┈┈┈┈┈┈┈┈┈┈┈┈┈┈┈┈┈┈┈┈┈┈┈┈┈┈┈┈┈┈┈┈┈┈┈┈┈┈┈┈┈┈┈
[INFO] [stderr] 
[INFO] [stderr] ACTUAL OUTPUT:
[INFO] [stderr] ┈┈┈┈┈┈┈┈┈┈┈┈┈┈┈┈┈┈┈┈┈┈┈┈┈┈┈┈┈┈┈┈┈┈┈┈┈┈┈┈┈┈┈┈┈┈┈┈┈┈┈┈┈┈┈┈┈┈┈┈
[INFO] [stderr] error[E0432]: unresolved import `salvia`
[INFO] [stderr]  --> tests/query_ui/fail/no_inputs.rs:1:5
[INFO] [stderr]   |
[INFO] [stderr] 1 | use salvia::query;
[INFO] [stderr]   |     ^^^^^^ use of undeclared crate or module `salvia`
[INFO] [stderr] 
[INFO] [stderr] error: cannot determine resolution for the attribute macro `query`
[INFO] [stderr]  --> tests/query_ui/fail/no_inputs.rs:3:3
[INFO] [stderr]   |
[INFO] [stderr] 3 | #[query]
[INFO] [stderr]   |   ^^^^^
[INFO] [stderr]   |
[INFO] [stderr]   = note: import resolution is stuck, try simplifying macro imports
[INFO] [stderr] ┈┈┈┈┈┈┈┈┈┈┈┈┈┈┈┈┈┈┈┈┈┈┈┈┈┈┈┈┈┈┈┈┈┈┈┈┈┈┈┈┈┈┈┈┈┈┈┈┈┈┈┈┈┈┈┈┈┈┈┈
[INFO] [stderr] note: If the actual output is the correct output you can bless it by rerunning
[INFO] [stderr]       your test with the environment variable TRYBUILD=overwrite
[INFO] [stderr] 
[INFO] [stderr] test tests/query_ui/fail/not_async.rs [should fail to compile] ... mismatch
[INFO] [stderr] 
[INFO] [stderr] EXPECTED:
[INFO] [stderr] ┈┈┈┈┈┈┈┈┈┈┈┈┈┈┈┈┈┈┈┈┈┈┈┈┈┈┈┈┈┈┈┈┈┈┈┈┈┈┈┈┈┈┈┈┈┈┈┈┈┈┈┈┈┈┈┈┈┈┈┈
[INFO] [stderr] error: #[query]: can only be applied to async functions
[INFO] [stderr]  --> $DIR/not_async.rs:6:4
[INFO] [stderr]   |
[INFO] [stderr] 6 | fn f(_cx: &QueryContext) -> i32 {
[INFO] [stderr]   |    ^
[INFO] [stderr] ┈┈┈┈┈┈┈┈┈┈┈┈┈┈┈┈┈┈┈┈┈┈┈┈┈┈┈┈┈┈┈┈┈┈┈┈┈┈┈┈┈┈┈┈┈┈┈┈┈┈┈┈┈┈┈┈┈┈┈┈
[INFO] [stderr] 
[INFO] [stderr] ACTUAL OUTPUT:
[INFO] [stderr] ┈┈┈┈┈┈┈┈┈┈┈┈┈┈┈┈┈┈┈┈┈┈┈┈┈┈┈┈┈┈┈┈┈┈┈┈┈┈┈┈┈┈┈┈┈┈┈┈┈┈┈┈┈┈┈┈┈┈┈┈
[INFO] [stderr] error[E0432]: unresolved import `salvia`
[INFO] [stderr]  --> tests/query_ui/fail/not_async.rs:3:5
[INFO] [stderr]   |
[INFO] [stderr] 3 | use salvia::{query, QueryContext};
[INFO] [stderr]   |     ^^^^^^ use of undeclared crate or module `salvia`
[INFO] [stderr] 
[INFO] [stderr] error: cannot determine resolution for the attribute macro `query`
[INFO] [stderr]  --> tests/query_ui/fail/not_async.rs:5:3
[INFO] [stderr]   |
[INFO] [stderr] 5 | #[query]
[INFO] [stderr]   |   ^^^^^
[INFO] [stderr]   |
[INFO] [stderr]   = note: import resolution is stuck, try simplifying macro imports
[INFO] [stderr] ┈┈┈┈┈┈┈┈┈┈┈┈┈┈┈┈┈┈┈┈┈┈┈┈┈┈┈┈┈┈┈┈┈┈┈┈┈┈┈┈┈┈┈┈┈┈┈┈┈┈┈┈┈┈┈┈┈┈┈┈
[INFO] [stderr] note: If the actual output is the correct output you can bless it by rerunning
[INFO] [stderr]       your test with the environment variable TRYBUILD=overwrite
[INFO] [stderr] 
[INFO] [stderr] test tests/query_ui/fail/not_function.rs [should fail to compile] ... mismatch
[INFO] [stderr] 
[INFO] [stderr] EXPECTED:
[INFO] [stderr] ┈┈┈┈┈┈┈┈┈┈┈┈┈┈┈┈┈┈┈┈┈┈┈┈┈┈┈┈┈┈┈┈┈┈┈┈┈┈┈┈┈┈┈┈┈┈┈┈┈┈┈┈┈┈┈┈┈┈┈┈
[INFO] [stderr] error: #[query]: function is expected
[INFO] [stderr]  --> $DIR/not_function.rs:4:1
[INFO] [stderr]   |
[INFO] [stderr] 4 | struct A;
[INFO] [stderr]   | ^^^^^^
[INFO] [stderr] ┈┈┈┈┈┈┈┈┈┈┈┈┈┈┈┈┈┈┈┈┈┈┈┈┈┈┈┈┈┈┈┈┈┈┈┈┈┈┈┈┈┈┈┈┈┈┈┈┈┈┈┈┈┈┈┈┈┈┈┈
[INFO] [stderr] 
[INFO] [stderr] ACTUAL OUTPUT:
[INFO] [stderr] ┈┈┈┈┈┈┈┈┈┈┈┈┈┈┈┈┈┈┈┈┈┈┈┈┈┈┈┈┈┈┈┈┈┈┈┈┈┈┈┈┈┈┈┈┈┈┈┈┈┈┈┈┈┈┈┈┈┈┈┈
[INFO] [stderr] error[E0432]: unresolved import `salvia`
[INFO] [stderr]  --> tests/query_ui/fail/not_function.rs:1:5
[INFO] [stderr]   |
[INFO] [stderr] 1 | use salvia::query;
[INFO] [stderr]   |     ^^^^^^ use of undeclared crate or module `salvia`
[INFO] [stderr] 
[INFO] [stderr] error: cannot determine resolution for the attribute macro `query`
[INFO] [stderr]  --> tests/query_ui/fail/not_function.rs:3:3
[INFO] [stderr]   |
[INFO] [stderr] 3 | #[query]
[INFO] [stderr]   |   ^^^^^
[INFO] [stderr]   |
[INFO] [stderr]   = note: import resolution is stuck, try simplifying macro imports
[INFO] [stderr] ┈┈┈┈┈┈┈┈┈┈┈┈┈┈┈┈┈┈┈┈┈┈┈┈┈┈┈┈┈┈┈┈┈┈┈┈┈┈┈┈┈┈┈┈┈┈┈┈┈┈┈┈┈┈┈┈┈┈┈┈
[INFO] [stderr] note: If the actual output is the correct output you can bless it by rerunning
[INFO] [stderr]       your test with the environment variable TRYBUILD=overwrite
[INFO] [stderr] 
[INFO] [stderr] test tests/query_ui/fail/return_future.rs [should fail to compile] ... mismatch
[INFO] [stderr] 
[INFO] [stderr] EXPECTED:
[INFO] [stderr] ┈┈┈┈┈┈┈┈┈┈┈┈┈┈┈┈┈┈┈┈┈┈┈┈┈┈┈┈┈┈┈┈┈┈┈┈┈┈┈┈┈┈┈┈┈┈┈┈┈┈┈┈┈┈┈┈┈┈┈┈
[INFO] [stderr] error: #[query]: can only be applied to async functions
[INFO] [stderr]   --> $DIR/return_future.rs:23:4
[INFO] [stderr]    |
[INFO] [stderr] 23 | fn f(_cx: &QueryContext) -> A {
[INFO] [stderr]    |    ^
[INFO] [stderr] ┈┈┈┈┈┈┈┈┈┈┈┈┈┈┈┈┈┈┈┈┈┈┈┈┈┈┈┈┈┈┈┈┈┈┈┈┈┈┈┈┈┈┈┈┈┈┈┈┈┈┈┈┈┈┈┈┈┈┈┈
[INFO] [stderr] 
[INFO] [stderr] ACTUAL OUTPUT:
[INFO] [stderr] ┈┈┈┈┈┈┈┈┈┈┈┈┈┈┈┈┈┈┈┈┈┈┈┈┈┈┈┈┈┈┈┈┈┈┈┈┈┈┈┈┈┈┈┈┈┈┈┈┈┈┈┈┈┈┈┈┈┈┈┈
[INFO] [stderr] error[E0432]: unresolved import `salvia`
[INFO] [stderr]  --> tests/query_ui/fail/return_future.rs:6:5
[INFO] [stderr]   |
[INFO] [stderr] 6 | use salvia::{query, QueryContext};
[INFO] [stderr]   |     ^^^^^^ use of undeclared crate or module `salvia`
[INFO] [stderr] 
[INFO] [stderr] error: cannot determine resolution for the attribute macro `query`
[INFO] [stderr]   --> tests/query_ui/fail/return_future.rs:22:3
[INFO] [stderr]    |
[INFO] [stderr] 22 | #[query]
[INFO] [stderr]    |   ^^^^^
[INFO] [stderr]    |
[INFO] [stderr]    = note: import resolution is stuck, try simplifying macro imports
[INFO] [stderr] ┈┈┈┈┈┈┈┈┈┈┈┈┈┈┈┈┈┈┈┈┈┈┈┈┈┈┈┈┈┈┈┈┈┈┈┈┈┈┈┈┈┈┈┈┈┈┈┈┈┈┈┈┈┈┈┈┈┈┈┈
[INFO] [stderr] note: If the actual output is the correct output you can bless it by rerunning
[INFO] [stderr]       your test with the environment variable TRYBUILD=overwrite
[INFO] [stderr] 
[INFO] [stderr] test tests/query_ui/fail/return_impl.rs [should fail to compile] ... mismatch
[INFO] [stderr] 
[INFO] [stderr] EXPECTED:
[INFO] [stderr] ┈┈┈┈┈┈┈┈┈┈┈┈┈┈┈┈┈┈┈┈┈┈┈┈┈┈┈┈┈┈┈┈┈┈┈┈┈┈┈┈┈┈┈┈┈┈┈┈┈┈┈┈┈┈┈┈┈┈┈┈
[INFO] [stderr] error: #[query]: `impl Trait` syntax is not supported, consider returning concrete type
[INFO] [stderr]  --> $DIR/return_impl.rs:7:35
[INFO] [stderr]   |
[INFO] [stderr] 7 | async fn f(_cx: &QueryContext) -> impl Stashable + Debug {
[INFO] [stderr]   |                                   ^^^^
[INFO] [stderr] ┈┈┈┈┈┈┈┈┈┈┈┈┈┈┈┈┈┈┈┈┈┈┈┈┈┈┈┈┈┈┈┈┈┈┈┈┈┈┈┈┈┈┈┈┈┈┈┈┈┈┈┈┈┈┈┈┈┈┈┈
[INFO] [stderr] 
[INFO] [stderr] ACTUAL OUTPUT:
[INFO] [stderr] ┈┈┈┈┈┈┈┈┈┈┈┈┈┈┈┈┈┈┈┈┈┈┈┈┈┈┈┈┈┈┈┈┈┈┈┈┈┈┈┈┈┈┈┈┈┈┈┈┈┈┈┈┈┈┈┈┈┈┈┈
[INFO] [stderr] error[E0432]: unresolved import `salvia`
[INFO] [stderr]  --> tests/query_ui/fail/return_impl.rs:4:5
[INFO] [stderr]   |
[INFO] [stderr] 4 | use salvia::{query, QueryContext, Stashable};
[INFO] [stderr]   |     ^^^^^^ use of undeclared crate or module `salvia`
[INFO] [stderr] 
[INFO] [stderr] error: cannot determine resolution for the attribute macro `query`
[INFO] [stderr]  --> tests/query_ui/fail/return_impl.rs:6:3
[INFO] [stderr]   |
[INFO] [stderr] 6 | #[query]
[INFO] [stderr]   |   ^^^^^
[INFO] [stderr]   |
[INFO] [stderr]   = note: import resolution is stuck, try simplifying macro imports
[INFO] [stderr] ┈┈┈┈┈┈┈┈┈┈┈┈┈┈┈┈┈┈┈┈┈┈┈┈┈┈┈┈┈┈┈┈┈┈┈┈┈┈┈┈┈┈┈┈┈┈┈┈┈┈┈┈┈┈┈┈┈┈┈┈
[INFO] [stderr] note: If the actual output is the correct output you can bless it by rerunning
[INFO] [stderr]       your test with the environment variable TRYBUILD=overwrite
[INFO] [stderr] 
[INFO] [stderr] test tests/query_ui/fail/return_transitive_impl.rs [should fail to compile] ... mismatch
[INFO] [stderr] 
[INFO] [stderr] EXPECTED:
[INFO] [stderr] ┈┈┈┈┈┈┈┈┈┈┈┈┈┈┈┈┈┈┈┈┈┈┈┈┈┈┈┈┈┈┈┈┈┈┈┈┈┈┈┈┈┈┈┈┈┈┈┈┈┈┈┈┈┈┈┈┈┈┈┈
[INFO] [stderr] error: #[query]: `impl Trait` syntax is not supported, consider returning concrete type
[INFO] [stderr]  --> $DIR/return_transitive_impl.rs:7:36
[INFO] [stderr]   |
[INFO] [stderr] 7 | async fn f(_cx: &QueryContext) -> (impl Debug + Clone + Eq + 'static,) {
[INFO] [stderr]   |                                    ^^^^
[INFO] [stderr] ┈┈┈┈┈┈┈┈┈┈┈┈┈┈┈┈┈┈┈┈┈┈┈┈┈┈┈┈┈┈┈┈┈┈┈┈┈┈┈┈┈┈┈┈┈┈┈┈┈┈┈┈┈┈┈┈┈┈┈┈
[INFO] [stderr] 
[INFO] [stderr] ACTUAL OUTPUT:
[INFO] [stderr] ┈┈┈┈┈┈┈┈┈┈┈┈┈┈┈┈┈┈┈┈┈┈┈┈┈┈┈┈┈┈┈┈┈┈┈┈┈┈┈┈┈┈┈┈┈┈┈┈┈┈┈┈┈┈┈┈┈┈┈┈
[INFO] [stderr] error[E0432]: unresolved import `salvia`
[INFO] [stderr]  --> tests/query_ui/fail/return_transitive_impl.rs:4:5
[INFO] [stderr]   |
[INFO] [stderr] 4 | use salvia::{query, QueryContext};
[INFO] [stderr]   |     ^^^^^^ use of undeclared crate or module `salvia`
[INFO] [stderr] 
[INFO] [stderr] error: cannot determine resolution for the attribute macro `query`
[INFO] [stderr]  --> tests/query_ui/fail/return_transitive_impl.rs:6:3
[INFO] [stderr]   |
[INFO] [stderr] 6 | #[query]
[INFO] [stderr]   |   ^^^^^
[INFO] [stderr]   |
[INFO] [stderr]   = note: import resolution is stuck, try simplifying macro imports
[INFO] [stderr] ┈┈┈┈┈┈┈┈┈┈┈┈┈┈┈┈┈┈┈┈┈┈┈┈┈┈┈┈┈┈┈┈┈┈┈┈┈┈┈┈┈┈┈┈┈┈┈┈┈┈┈┈┈┈┈┈┈┈┈┈
[INFO] [stderr] note: If the actual output is the correct output you can bless it by rerunning
[INFO] [stderr]       your test with the environment variable TRYBUILD=overwrite
[INFO] [stderr] 
[INFO] [stderr] test tests/query_ui/fail/return_type_traits.rs [should fail to compile] ... mismatch
[INFO] [stderr] 
[INFO] [stderr] EXPECTED:
[INFO] [stderr] ┈┈┈┈┈┈┈┈┈┈┈┈┈┈┈┈┈┈┈┈┈┈┈┈┈┈┈┈┈┈┈┈┈┈┈┈┈┈┈┈┈┈┈┈┈┈┈┈┈┈┈┈┈┈┈┈┈┈┈┈
[INFO] [stderr] error[E0277]: the trait bound `A: Clone` is not satisfied
[INFO] [stderr]   --> $DIR/return_type_traits.rs:7:35
[INFO] [stderr]    |
[INFO] [stderr] 7  | async fn f(_cx: &QueryContext) -> A {
[INFO] [stderr]    |                                   ^ the trait `Clone` is not implemented for `A`
[INFO] [stderr]    |
[INFO] [stderr]    = note: required because of the requirements on the impl of `Stashable` for `A`
[INFO] [stderr] note: required by `StashableCheck`
[INFO] [stderr]   --> $DIR/macro_support.rs:9:5
[INFO] [stderr]    |
[INFO] [stderr] 9  | /     pub struct StashableCheck<T>(pub PhantomData<T>)
[INFO] [stderr] 10 | |     where
[INFO] [stderr] 11 | |         T: Stashable;
[INFO] [stderr]    | |_____________________^
[INFO] [stderr] 
[INFO] [stderr] error[E0277]: the trait bound `A: Eq` is not satisfied
[INFO] [stderr]   --> $DIR/return_type_traits.rs:7:35
[INFO] [stderr]    |
[INFO] [stderr] 7  | async fn f(_cx: &QueryContext) -> A {
[INFO] [stderr]    |                                   ^ the trait `Eq` is not implemented for `A`
[INFO] [stderr]    |
[INFO] [stderr]    = note: required because of the requirements on the impl of `Stashable` for `A`
[INFO] [stderr] note: required by `StashableCheck`
[INFO] [stderr]   --> $DIR/macro_support.rs:9:5
[INFO] [stderr]    |
[INFO] [stderr] 9  | /     pub struct StashableCheck<T>(pub PhantomData<T>)
[INFO] [stderr] 10 | |     where
[INFO] [stderr] 11 | |         T: Stashable;
[INFO] [stderr]    | |_____________________^
[INFO] [stderr] 
[INFO] [stderr] error[E0277]: `*mut ()` cannot be sent between threads safely
[INFO] [stderr]   --> $DIR/return_type_traits.rs:7:35
[INFO] [stderr]    |
[INFO] [stderr] 7  | async fn f(_cx: &QueryContext) -> A {
[INFO] [stderr]    |                                   ^ `*mut ()` cannot be sent between threads safely
[INFO] [stderr]    |
[INFO] [stderr]    = help: within `A`, the trait `Send` is not implemented for `*mut ()`
[INFO] [stderr]    = note: required because it appears within the type `PhantomData<*mut ()>`
[INFO] [stderr] note: required because it appears within the type `A`
[INFO] [stderr]   --> $DIR/return_type_traits.rs:4:8
[INFO] [stderr]    |
[INFO] [stderr] 4  | struct A(PhantomData<* mut ()>);
[INFO] [stderr]    |        ^
[INFO] [stderr]    = note: required because of the requirements on the impl of `Stashable` for `A`
[INFO] [stderr] note: required by `StashableCheck`
[INFO] [stderr]   --> $DIR/macro_support.rs:9:5
[INFO] [stderr]    |
[INFO] [stderr] 9  | /     pub struct StashableCheck<T>(pub PhantomData<T>)
[INFO] [stderr] 10 | |     where
[INFO] [stderr] 11 | |         T: Stashable;
[INFO] [stderr]    | |_____________________^
[INFO] [stderr] 
[INFO] [stderr] error[E0277]: `*mut ()` cannot be shared between threads safely
[INFO] [stderr]   --> $DIR/return_type_traits.rs:7:35
[INFO] [stderr]    |
[INFO] [stderr] 7  | async fn f(_cx: &QueryContext) -> A {
[INFO] [stderr]    |                                   ^ `*mut ()` cannot be shared between threads safely
[INFO] [stderr]    |
[INFO] [stderr]    = help: within `A`, the trait `Sync` is not implemented for `*mut ()`
[INFO] [stderr]    = note: required because it appears within the type `PhantomData<*mut ()>`
[INFO] [stderr] note: required because it appears within the type `A`
[INFO] [stderr]   --> $DIR/return_type_traits.rs:4:8
[INFO] [stderr]    |
[INFO] [stderr] 4  | struct A(PhantomData<* mut ()>);
[INFO] [stderr]    |        ^
[INFO] [stderr]    = note: required because of the requirements on the impl of `Stashable` for `A`
[INFO] [stderr] note: required by `StashableCheck`
[INFO] [stderr]   --> $DIR/macro_support.rs:9:5
[INFO] [stderr]    |
[INFO] [stderr] 9  | /     pub struct StashableCheck<T>(pub PhantomData<T>)
[INFO] [stderr] 10 | |     where
[INFO] [stderr] 11 | |         T: Stashable;
[INFO] [stderr]    | |_____________________^
[INFO] [stderr] 
[INFO] [stderr] error[E0277]: the trait bound `A: Clone` is not satisfied
[INFO] [stderr]    --> $DIR/return_type_traits.rs:6:1
[INFO] [stderr]     |
[INFO] [stderr] 6   | #[query]
[INFO] [stderr]     | ^^^^^^^^ the trait `Clone` is not implemented for `A`
[INFO] [stderr]     |
[INFO] [stderr]     = note: required because of the requirements on the impl of `Stashable` for `A`
[INFO] [stderr] note: required by a bound in `executor`
[INFO] [stderr]    --> $DIR/query.rs:609:12
[INFO] [stderr]     |
[INFO] [stderr] 609 |     Value: Stashable,
[INFO] [stderr]     |            ^^^^^^^^^ required by this bound in `executor`
[INFO] [stderr]     = note: this error originates in the attribute macro `query` (in Nightly builds, run with -Z macro-backtrace for more info)
[INFO] [stderr] 
[INFO] [stderr] error[E0277]: the trait bound `A: Eq` is not satisfied
[INFO] [stderr]    --> $DIR/return_type_traits.rs:6:1
[INFO] [stderr]     |
[INFO] [stderr] 6   | #[query]
[INFO] [stderr]     | ^^^^^^^^ the trait `Eq` is not implemented for `A`
[INFO] [stderr]     |
[INFO] [stderr]     = note: required because of the requirements on the impl of `Stashable` for `A`
[INFO] [stderr] note: required by a bound in `executor`
[INFO] [stderr]    --> $DIR/query.rs:609:12
[INFO] [stderr]     |
[INFO] [stderr] 609 |     Value: Stashable,
[INFO] [stderr]     |            ^^^^^^^^^ required by this bound in `executor`
[INFO] [stderr]     = note: this error originates in the attribute macro `query` (in Nightly builds, run with -Z macro-backtrace for more info)
[INFO] [stderr] 
[INFO] [stderr] error[E0277]: `*mut ()` cannot be sent between threads safely
[INFO] [stderr]    --> $DIR/return_type_traits.rs:6:1
[INFO] [stderr]     |
[INFO] [stderr] 6   | #[query]
[INFO] [stderr]     | ^^^^^^^^ `*mut ()` cannot be sent between threads safely
[INFO] [stderr]     |
[INFO] [stderr]     = help: within `A`, the trait `Send` is not implemented for `*mut ()`
[INFO] [stderr]     = note: required because it appears within the type `PhantomData<*mut ()>`
[INFO] [stderr] note: required because it appears within the type `A`
[INFO] [stderr]    --> $DIR/return_type_traits.rs:4:8
[INFO] [stderr]     |
[INFO] [stderr] 4   | struct A(PhantomData<* mut ()>);
[INFO] [stderr]     |        ^
[INFO] [stderr]     = note: required because of the requirements on the impl of `Stashable` for `A`
[INFO] [stderr] note: required by a bound in `executor`
[INFO] [stderr]    --> $DIR/query.rs:609:12
[INFO] [stderr]     |
[INFO] [stderr] 609 |     Value: Stashable,
[INFO] [stderr]     |            ^^^^^^^^^ required by this bound in `executor`
[INFO] [stderr]     = note: this error originates in the attribute macro `query` (in Nightly builds, run with -Z macro-backtrace for more info)
[INFO] [stderr] 
[INFO] [stderr] error[E0277]: `*mut ()` cannot be shared between threads safely
[INFO] [stderr]    --> $DIR/return_type_traits.rs:6:1
[INFO] [stderr]     |
[INFO] [stderr] 6   | #[query]
[INFO] [stderr]     | ^^^^^^^^ `*mut ()` cannot be shared between threads safely
[INFO] [stderr]     |
[INFO] [stderr]     = help: within `A`, the trait `Sync` is not implemented for `*mut ()`
[INFO] [stderr]     = note: required because it appears within the type `PhantomData<*mut ()>`
[INFO] [stderr] note: required because it appears within the type `A`
[INFO] [stderr]    --> $DIR/return_type_traits.rs:4:8
[INFO] [stderr]     |
[INFO] [stderr] 4   | struct A(PhantomData<* mut ()>);
[INFO] [stderr]     |        ^
[INFO] [stderr]     = note: required because of the requirements on the impl of `Stashable` for `A`
[INFO] [stderr] note: required by a bound in `executor`
[INFO] [stderr]    --> $DIR/query.rs:609:12
[INFO] [stderr]     |
[INFO] [stderr] 609 |     Value: Stashable,
[INFO] [stderr]     |            ^^^^^^^^^ required by this bound in `executor`
[INFO] [stderr]     = note: this error originates in the attribute macro `query` (in Nightly builds, run with -Z macro-backtrace for more info)
[INFO] [stderr] ┈┈┈┈┈┈┈┈┈┈┈┈┈┈┈┈┈┈┈┈┈┈┈┈┈┈┈┈┈┈┈┈┈┈┈┈┈┈┈┈┈┈┈┈┈┈┈┈┈┈┈┈┈┈┈┈┈┈┈┈
[INFO] [stderr] 
[INFO] [stderr] ACTUAL OUTPUT:
[INFO] [stderr] ┈┈┈┈┈┈┈┈┈┈┈┈┈┈┈┈┈┈┈┈┈┈┈┈┈┈┈┈┈┈┈┈┈┈┈┈┈┈┈┈┈┈┈┈┈┈┈┈┈┈┈┈┈┈┈┈┈┈┈┈
[INFO] [stderr] error[E0432]: unresolved import `salvia`
[INFO] [stderr]  --> tests/query_ui/fail/return_type_traits.rs:2:5
[INFO] [stderr]   |
[INFO] [stderr] 2 | use salvia::{query, QueryContext};
[INFO] [stderr]   |     ^^^^^^ use of undeclared crate or module `salvia`
[INFO] [stderr] 
[INFO] [stderr] error: cannot determine resolution for the attribute macro `query`
[INFO] [stderr]  --> tests/query_ui/fail/return_type_traits.rs:6:3
[INFO] [stderr]   |
[INFO] [stderr] 6 | #[query]
[INFO] [stderr]   |   ^^^^^
[INFO] [stderr]   |
[INFO] [stderr]   = note: import resolution is stuck, try simplifying macro imports
[INFO] [stderr] ┈┈┈┈┈┈┈┈┈┈┈┈┈┈┈┈┈┈┈┈┈┈┈┈┈┈┈┈┈┈┈┈┈┈┈┈┈┈┈┈┈┈┈┈┈┈┈┈┈┈┈┈┈┈┈┈┈┈┈┈
[INFO] [stderr] note: If the actual output is the correct output you can bless it by rerunning
[INFO] [stderr]       your test with the environment variable TRYBUILD=overwrite
[INFO] [stderr] 
[INFO] [stderr] test tests/query_ui/fail/wrong_context_type.rs [should fail to compile] ... mismatch
[INFO] [stderr] 
[INFO] [stderr] EXPECTED:
[INFO] [stderr] ┈┈┈┈┈┈┈┈┈┈┈┈┈┈┈┈┈┈┈┈┈┈┈┈┈┈┈┈┈┈┈┈┈┈┈┈┈┈┈┈┈┈┈┈┈┈┈┈┈┈┈┈┈┈┈┈┈┈┈┈
[INFO] [stderr] error[E0308]: mismatched types
[INFO] [stderr]  --> $DIR/wrong_context_type.rs:4:17
[INFO] [stderr]   |
[INFO] [stderr] 4 | async fn f(_cx: QueryContext) {}
[INFO] [stderr]   |                 ^^^^^^^^^^^^
[INFO] [stderr]   |                 |
[INFO] [stderr]   |                 expected `&QueryContext`, found struct `QueryContext`
[INFO] [stderr]   |                 expected due to this
[INFO] [stderr]   |
[INFO] [stderr]   = note: expected struct `PhantomData<&QueryContext>`
[INFO] [stderr]              found struct `PhantomData<QueryContext>`
[INFO] [stderr] 
[INFO] [stderr] error[E0308]: mismatched types
[INFO] [stderr]  --> $DIR/wrong_context_type.rs:3:1
[INFO] [stderr]   |
[INFO] [stderr] 3 | #[query]
[INFO] [stderr]   | ^^^^^^^^ expected struct `QueryContext`, found `&QueryContext`
[INFO] [stderr]   |
[INFO] [stderr]   = note: this error originates in the attribute macro `query` (in Nightly builds, run with -Z macro-backtrace for more info)
[INFO] [stderr] ┈┈┈┈┈┈┈┈┈┈┈┈┈┈┈┈┈┈┈┈┈┈┈┈┈┈┈┈┈┈┈┈┈┈┈┈┈┈┈┈┈┈┈┈┈┈┈┈┈┈┈┈┈┈┈┈┈┈┈┈
[INFO] [stderr] 
[INFO] [stderr] ACTUAL OUTPUT:
[INFO] [stderr] ┈┈┈┈┈┈┈┈┈┈┈┈┈┈┈┈┈┈┈┈┈┈┈┈┈┈┈┈┈┈┈┈┈┈┈┈┈┈┈┈┈┈┈┈┈┈┈┈┈┈┈┈┈┈┈┈┈┈┈┈
[INFO] [stderr] error[E0432]: unresolved import `salvia`
[INFO] [stderr]  --> tests/query_ui/fail/wrong_context_type.rs:1:5
[INFO] [stderr]   |
[INFO] [stderr] 1 | use salvia::{query, QueryContext};
[INFO] [stderr]   |     ^^^^^^ use of undeclared crate or module `salvia`
[INFO] [stderr] 
[INFO] [stderr] error: cannot determine resolution for the attribute macro `query`
[INFO] [stderr]  --> tests/query_ui/fail/wrong_context_type.rs:3:3
[INFO] [stderr]   |
[INFO] [stderr] 3 | #[query]
[INFO] [stderr]   |   ^^^^^
[INFO] [stderr]   |
[INFO] [stderr]   = note: import resolution is stuck, try simplifying macro imports
[INFO] [stderr] ┈┈┈┈┈┈┈┈┈┈┈┈┈┈┈┈┈┈┈┈┈┈┈┈┈┈┈┈┈┈┈┈┈┈┈┈┈┈┈┈┈┈┈┈┈┈┈┈┈┈┈┈┈┈┈┈┈┈┈┈
[INFO] [stderr] note: If the actual output is the correct output you can bless it by rerunning
[INFO] [stderr]       your test with the environment variable TRYBUILD=overwrite
[INFO] [stderr] 
[INFO] [stderr] 
[INFO] [stderr] 
[INFO] [stdout] test test::query_ui ... FAILED
[INFO] [stderr]    Compiling salvia_macro-tests v0.0.0 (/opt/rustwide/target/tests/trybuild/salvia_macro)
[INFO] [stderr]     Finished dev [unoptimized + debuginfo] target(s) in 0.48s
[INFO] [stderr] 
[INFO] [stderr] 
[INFO] [stderr] test tests/input_access_ui/pass/generic_params.rs [should pass] ... error
[INFO] [stderr] ┈┈┈┈┈┈┈┈┈┈┈┈┈┈┈┈┈┈┈┈┈┈┈┈┈┈┈┈┈┈┈┈┈┈┈┈┈┈┈┈┈┈┈┈┈┈┈┈┈┈┈┈┈┈┈┈┈┈┈┈
[INFO] [stderr] error[E0432]: unresolved import `salvia`
[INFO] [stderr]  --> tests/input_access_ui/pass/generic_params.rs:2:5
[INFO] [stderr]   |
[INFO] [stderr] 2 | use salvia::InputAccess;
[INFO] [stderr]   |     ^^^^^^ use of undeclared crate or module `salvia`
[INFO] [stderr] 
[INFO] [stderr] error: cannot determine resolution for the derive macro `InputAccess`
[INFO] [stderr]  --> tests/input_access_ui/pass/generic_params.rs:4:10
[INFO] [stderr]   |
[INFO] [stderr] 4 | #[derive(InputAccess)]
[INFO] [stderr]   |          ^^^^^^^^^^^
[INFO] [stderr]   |
[INFO] [stderr]   = note: import resolution is stuck, try simplifying macro imports
[INFO] [stderr] ┈┈┈┈┈┈┈┈┈┈┈┈┈┈┈┈┈┈┈┈┈┈┈┈┈┈┈┈┈┈┈┈┈┈┈┈┈┈┈┈┈┈┈┈┈┈┈┈┈┈┈┈┈┈┈┈┈┈┈┈
[INFO] [stderr] 
[INFO] [stderr] test tests/input_access_ui/pass/struct.rs [should pass] ... error
[INFO] [stderr] ┈┈┈┈┈┈┈┈┈┈┈┈┈┈┈┈┈┈┈┈┈┈┈┈┈┈┈┈┈┈┈┈┈┈┈┈┈┈┈┈┈┈┈┈┈┈┈┈┈┈┈┈┈┈┈┈┈┈┈┈
[INFO] [stderr] error[E0432]: unresolved import `salvia`
[INFO] [stderr]  --> tests/input_access_ui/pass/struct.rs:1:5
[INFO] [stderr]   |
[INFO] [stderr] 1 | use salvia::InputAccess;
[INFO] [stderr]   |     ^^^^^^ use of undeclared crate or module `salvia`
[INFO] [stderr] 
[INFO] [stderr] error: cannot determine resolution for the derive macro `InputAccess`
[INFO] [stderr]  --> tests/input_access_ui/pass/struct.rs:3:51
[INFO] [stderr]   |
[INFO] [stderr] 3 | #[derive(Debug, Copy, Clone, Eq, PartialEq, Hash, InputAccess)]
[INFO] [stderr]   |                                                   ^^^^^^^^^^^
[INFO] [stderr]   |
[INFO] [stderr]   = note: import resolution is stuck, try simplifying macro imports
[INFO] [stderr] ┈┈┈┈┈┈┈┈┈┈┈┈┈┈┈┈┈┈┈┈┈┈┈┈┈┈┈┈┈┈┈┈┈┈┈┈┈┈┈┈┈┈┈┈┈┈┈┈┈┈┈┈┈┈┈┈┈┈┈┈
[INFO] [stderr] 
[INFO] [stderr] test tests/input_access_ui/pass/where_clause.rs [should pass] ... error
[INFO] [stderr] ┈┈┈┈┈┈┈┈┈┈┈┈┈┈┈┈┈┈┈┈┈┈┈┈┈┈┈┈┈┈┈┈┈┈┈┈┈┈┈┈┈┈┈┈┈┈┈┈┈┈┈┈┈┈┈┈┈┈┈┈
[INFO] [stderr] error[E0432]: unresolved import `salvia`
[INFO] [stderr]  --> tests/input_access_ui/pass/where_clause.rs:3:5
[INFO] [stderr]   |
[INFO] [stderr] 3 | use salvia::InputAccess;
[INFO] [stderr]   |     ^^^^^^ use of undeclared crate or module `salvia`
[INFO] [stderr] 
[INFO] [stderr] error: cannot determine resolution for the derive macro `InputAccess`
[INFO] [stderr]  --> tests/input_access_ui/pass/where_clause.rs:5:10
[INFO] [stderr]   |
[INFO] [stderr] 5 | #[derive(InputAccess)]
[INFO] [stderr]   |          ^^^^^^^^^^^
[INFO] [stderr]   |
[INFO] [stderr]   = note: import resolution is stuck, try simplifying macro imports
[INFO] [stderr] ┈┈┈┈┈┈┈┈┈┈┈┈┈┈┈┈┈┈┈┈┈┈┈┈┈┈┈┈┈┈┈┈┈┈┈┈┈┈┈┈┈┈┈┈┈┈┈┈┈┈┈┈┈┈┈┈┈┈┈┈
[INFO] [stderr] 
[INFO] [stderr] test tests/input_access_ui/fail/host_traits_no_hash.rs [should fail to compile] ... mismatch
[INFO] [stderr] 
[INFO] [stderr] EXPECTED:
[INFO] [stderr] ┈┈┈┈┈┈┈┈┈┈┈┈┈┈┈┈┈┈┈┈┈┈┈┈┈┈┈┈┈┈┈┈┈┈┈┈┈┈┈┈┈┈┈┈┈┈┈┈┈┈┈┈┈┈┈┈┈┈┈┈
[INFO] [stderr] error[E0277]: the trait bound `A: Hash` is not satisfied
[INFO] [stderr]  --> $DIR/host_traits_no_hash.rs:3:45
[INFO] [stderr]   |
[INFO] [stderr] 3 | #[derive(Debug, Copy, Clone, Eq, PartialEq, InputAccess)]
[INFO] [stderr]   |                                             ^^^^^^^^^^^ the trait `Hash` is not implemented for `A`
[INFO] [stderr]   |
[INFO] [stderr]   = help: see issue #48214
[INFO] [stderr]   = note: this error originates in the derive macro `InputAccess` (in Nightly builds, run with -Z macro-backtrace for more info)
[INFO] [stderr] ┈┈┈┈┈┈┈┈┈┈┈┈┈┈┈┈┈┈┈┈┈┈┈┈┈┈┈┈┈┈┈┈┈┈┈┈┈┈┈┈┈┈┈┈┈┈┈┈┈┈┈┈┈┈┈┈┈┈┈┈
[INFO] [stderr] 
[INFO] [stderr] ACTUAL OUTPUT:
[INFO] [stderr] ┈┈┈┈┈┈┈┈┈┈┈┈┈┈┈┈┈┈┈┈┈┈┈┈┈┈┈┈┈┈┈┈┈┈┈┈┈┈┈┈┈┈┈┈┈┈┈┈┈┈┈┈┈┈┈┈┈┈┈┈
[INFO] [stderr] error[E0432]: unresolved import `salvia`
[INFO] [stderr]  --> tests/input_access_ui/fail/host_traits_no_hash.rs:1:5
[INFO] [stderr]   |
[INFO] [stderr] 1 | use salvia::InputAccess;
[INFO] [stderr]   |     ^^^^^^ use of undeclared crate or module `salvia`
[INFO] [stderr] 
[INFO] [stderr] error: cannot determine resolution for the derive macro `InputAccess`
[INFO] [stderr]  --> tests/input_access_ui/fail/host_traits_no_hash.rs:3:45
[INFO] [stderr]   |
[INFO] [stderr] 3 | #[derive(Debug, Copy, Clone, Eq, PartialEq, InputAccess)]
[INFO] [stderr]   |                                             ^^^^^^^^^^^
[INFO] [stderr]   |
[INFO] [stderr]   = note: import resolution is stuck, try simplifying macro imports
[INFO] [stderr] ┈┈┈┈┈┈┈┈┈┈┈┈┈┈┈┈┈┈┈┈┈┈┈┈┈┈┈┈┈┈┈┈┈┈┈┈┈┈┈┈┈┈┈┈┈┈┈┈┈┈┈┈┈┈┈┈┈┈┈┈
[INFO] [stderr] note: If the actual output is the correct output you can bless it by rerunning
[INFO] [stderr]       your test with the environment variable TRYBUILD=overwrite
[INFO] [stderr] 
[INFO] [stderr] test tests/input_access_ui/fail/host_traits_no_stashable.rs [should fail to compile] ... mismatch
[INFO] [stderr] 
[INFO] [stderr] EXPECTED:
[INFO] [stderr] ┈┈┈┈┈┈┈┈┈┈┈┈┈┈┈┈┈┈┈┈┈┈┈┈┈┈┈┈┈┈┈┈┈┈┈┈┈┈┈┈┈┈┈┈┈┈┈┈┈┈┈┈┈┈┈┈┈┈┈┈
[INFO] [stderr] error[E0277]: the trait bound `A: Hash` is not satisfied
[INFO] [stderr]  --> $DIR/host_traits_no_stashable.rs:3:10
[INFO] [stderr]   |
[INFO] [stderr] 3 | #[derive(InputAccess)]
[INFO] [stderr]   |          ^^^^^^^^^^^ the trait `Hash` is not implemented for `A`
[INFO] [stderr]   |
[INFO] [stderr]   = help: see issue #48214
[INFO] [stderr]   = note: this error originates in the derive macro `InputAccess` (in Nightly builds, run with -Z macro-backtrace for more info)
[INFO] [stderr] 
[INFO] [stderr] error[E0277]: the trait bound `A: Eq` is not satisfied
[INFO] [stderr]  --> $DIR/host_traits_no_stashable.rs:3:10
[INFO] [stderr]   |
[INFO] [stderr] 3 | #[derive(InputAccess)]
[INFO] [stderr]   |          ^^^^^^^^^^^ the trait `Eq` is not implemented for `A`
[INFO] [stderr]   |
[INFO] [stderr]   = help: see issue #48214
[INFO] [stderr]   = note: this error originates in the derive macro `InputAccess` (in Nightly builds, run with -Z macro-backtrace for more info)
[INFO] [stderr] 
[INFO] [stderr] error[E0277]: the trait bound `A: Clone` is not satisfied
[INFO] [stderr]  --> $DIR/host_traits_no_stashable.rs:3:10
[INFO] [stderr]   |
[INFO] [stderr] 3 | #[derive(InputAccess)]
[INFO] [stderr]   |          ^^^^^^^^^^^ the trait `Clone` is not implemented for `A`
[INFO] [stderr]   |
[INFO] [stderr]   = help: see issue #48214
[INFO] [stderr]   = note: this error originates in the derive macro `InputAccess` (in Nightly builds, run with -Z macro-backtrace for more info)
[INFO] [stderr] 
[INFO] [stderr] error[E0277]: `*const ()` cannot be shared between threads safely
[INFO] [stderr]  --> $DIR/host_traits_no_stashable.rs:3:10
[INFO] [stderr]   |
[INFO] [stderr] 3 | #[derive(InputAccess)]
[INFO] [stderr]   |          ^^^^^^^^^^^ `*const ()` cannot be shared between threads safely
[INFO] [stderr]   |
[INFO] [stderr]   = help: within `A`, the trait `Sync` is not implemented for `*const ()`
[INFO] [stderr] note: required because it appears within the type `A`
[INFO] [stderr]  --> $DIR/host_traits_no_stashable.rs:4:8
[INFO] [stderr]   |
[INFO] [stderr] 4 | struct A(* const ());
[INFO] [stderr]   |        ^
[INFO] [stderr]   = help: see issue #48214
[INFO] [stderr]   = note: this error originates in the derive macro `InputAccess` (in Nightly builds, run with -Z macro-backtrace for more info)
[INFO] [stderr] 
[INFO] [stderr] error[E0277]: `*const ()` cannot be sent between threads safely
[INFO] [stderr]  --> $DIR/host_traits_no_stashable.rs:3:10
[INFO] [stderr]   |
[INFO] [stderr] 3 | #[derive(InputAccess)]
[INFO] [stderr]   |          ^^^^^^^^^^^ `*const ()` cannot be sent between threads safely
[INFO] [stderr]   |
[INFO] [stderr]   = help: within `A`, the trait `Send` is not implemented for `*const ()`
[INFO] [stderr] note: required because it appears within the type `A`
[INFO] [stderr]  --> $DIR/host_traits_no_stashable.rs:4:8
[INFO] [stderr]   |
[INFO] [stderr] 4 | struct A(* const ());
[INFO] [stderr]   |        ^
[INFO] [stderr]   = help: see issue #48214
[INFO] [stderr]   = note: this error originates in the derive macro `InputAccess` (in Nightly builds, run with -Z macro-backtrace for more info)
[INFO] [stderr] ┈┈┈┈┈┈┈┈┈┈┈┈┈┈┈┈┈┈┈┈┈┈┈┈┈┈┈┈┈┈┈┈┈┈┈┈┈┈┈┈┈┈┈┈┈┈┈┈┈┈┈┈┈┈┈┈┈┈┈┈
[INFO] [stderr] 
[INFO] [stderr] ACTUAL OUTPUT:
[INFO] [stderr] ┈┈┈┈┈┈┈┈┈┈┈┈┈┈┈┈┈┈┈┈┈┈┈┈┈┈┈┈┈┈┈┈┈┈┈┈┈┈┈┈┈┈┈┈┈┈┈┈┈┈┈┈┈┈┈┈┈┈┈┈
[INFO] [stderr] error[E0432]: unresolved import `salvia`
[INFO] [stderr]  --> tests/input_access_ui/fail/host_traits_no_stashable.rs:1:5
[INFO] [stderr]   |
[INFO] [stderr] 1 | use salvia::InputAccess;
[INFO] [stderr]   |     ^^^^^^ use of undeclared crate or module `salvia`
[INFO] [stderr] 
[INFO] [stderr] error: cannot determine resolution for the derive macro `InputAccess`
[INFO] [stderr]  --> tests/input_access_ui/fail/host_traits_no_stashable.rs:3:10
[INFO] [stderr]   |
[INFO] [stderr] 3 | #[derive(InputAccess)]
[INFO] [stderr]   |          ^^^^^^^^^^^
[INFO] [stderr]   |
[INFO] [stderr]   = note: import resolution is stuck, try simplifying macro imports
[INFO] [stderr] ┈┈┈┈┈┈┈┈┈┈┈┈┈┈┈┈┈┈┈┈┈┈┈┈┈┈┈┈┈┈┈┈┈┈┈┈┈┈┈┈┈┈┈┈┈┈┈┈┈┈┈┈┈┈┈┈┈┈┈┈
[INFO] [stderr] note: If the actual output is the correct output you can bless it by rerunning
[INFO] [stderr]       your test with the environment variable TRYBUILD=overwrite
[INFO] [stderr] 
[INFO] [stderr] 
[INFO] [stderr] 
[INFO] [stdout] test test::input_impl_ui ... FAILED
[INFO] [stdout] 
[INFO] [stdout] failures:
[INFO] [stdout] 
[INFO] [stdout] ---- test::query_ui stdout ----
[INFO] [stdout] thread 'test::query_ui' panicked at '33 of 33 tests failed', /opt/rustwide/cargo-home/registry/src/index.crates.io-6f17d22bba15001f/trybuild-1.0.80/src/run.rs:101:13
[INFO] [stdout] stack backtrace:
[INFO] [stdout]    0:     0x7f4370540cca - std::backtrace_rs::backtrace::libunwind::trace::h2f05d0192276a8f6
[INFO] [stdout]                                at /rustc/1b7dd2252b99671ce5d1cb9664c5f8636329436d/library/std/src/../../backtrace/src/backtrace/libunwind.rs:93:5
[INFO] [stdout]    1:     0x7f4370540cca - std::backtrace_rs::backtrace::trace_unsynchronized::hedc23dff7a1af150
[INFO] [stdout]                                at /rustc/1b7dd2252b99671ce5d1cb9664c5f8636329436d/library/std/src/../../backtrace/src/backtrace/mod.rs:66:5
[INFO] [stdout]    2:     0x7f4370540cca - std::sys_common::backtrace::_print_fmt::h17541ef7592f3ce2
[INFO] [stdout]                                at /rustc/1b7dd2252b99671ce5d1cb9664c5f8636329436d/library/std/src/sys_common/backtrace.rs:65:5
[INFO] [stdout]    3:     0x7f4370540cca - <std::sys_common::backtrace::_print::DisplayBacktrace as core::fmt::Display>::fmt::h20f75df5ab0c0792
[INFO] [stdout]                                at /rustc/1b7dd2252b99671ce5d1cb9664c5f8636329436d/library/std/src/sys_common/backtrace.rs:44:22
[INFO] [stdout]    4:     0x7f43705a50cf - core::fmt::write::h78109e6f466b3af6
[INFO] [stdout]                                at /rustc/1b7dd2252b99671ce5d1cb9664c5f8636329436d/library/core/src/fmt/mod.rs:1254:17
[INFO] [stdout]    5:     0x7f4370533905 - std::io::Write::write_fmt::hd24bfb68a1b35a25
[INFO] [stdout]                                at /rustc/1b7dd2252b99671ce5d1cb9664c5f8636329436d/library/std/src/io/mod.rs:1698:15
[INFO] [stdout]    6:     0x7f4370540a95 - std::sys_common::backtrace::_print::h8dac57a9f8fbf9a5
[INFO] [stdout]                                at /rustc/1b7dd2252b99671ce5d1cb9664c5f8636329436d/library/std/src/sys_common/backtrace.rs:47:5
[INFO] [stdout]    7:     0x7f4370540a95 - std::sys_common::backtrace::print::hf9ecbf41d1aa712f
[INFO] [stdout]                                at /rustc/1b7dd2252b99671ce5d1cb9664c5f8636329436d/library/std/src/sys_common/backtrace.rs:34:9
[INFO] [stdout]    8:     0x7f437054373e - std::panicking::default_hook::{{closure}}::h04c07acfc84ca028
[INFO] [stdout]                                at /rustc/1b7dd2252b99671ce5d1cb9664c5f8636329436d/library/std/src/panicking.rs:269:22
[INFO] [stdout]    9:     0x7f4370543471 - std::panicking::default_hook::h01f6bb23e1eceb2c
[INFO] [stdout]                                at /rustc/1b7dd2252b99671ce5d1cb9664c5f8636329436d/library/std/src/panicking.rs:285:9
[INFO] [stdout]   10:     0x7f437063c14b - <alloc::boxed::Box<F,A> as core::ops::function::Fn<Args>>::call::h87fe9f7b2fd49e4c
[INFO] [stdout]                                at /rustc/1b7dd2252b99671ce5d1cb9664c5f8636329436d/library/alloc/src/boxed.rs:1987:9
[INFO] [stdout]   11:     0x7f437063c14b - test::test_main::{{closure}}::he94d679243a7531b
[INFO] [stdout]                                at /rustc/1b7dd2252b99671ce5d1cb9664c5f8636329436d/library/test/src/lib.rs:134:21
[INFO] [stdout]   12:     0x7f4370543f34 - <alloc::boxed::Box<F,A> as core::ops::function::Fn<Args>>::call::h3f2d6d8b14c4769f
[INFO] [stdout]                                at /rustc/1b7dd2252b99671ce5d1cb9664c5f8636329436d/library/alloc/src/boxed.rs:1987:9
[INFO] [stdout]   13:     0x7f4370543f34 - std::panicking::rust_panic_with_hook::h2bb3722bbaf2f6df
[INFO] [stdout]                                at /rustc/1b7dd2252b99671ce5d1cb9664c5f8636329436d/library/std/src/panicking.rs:695:13
[INFO] [stdout]   14:     0x7f4370543ca9 - std::panicking::begin_panic_handler::{{closure}}::h91bc7f36a4be011b
[INFO] [stdout]                                at /rustc/1b7dd2252b99671ce5d1cb9664c5f8636329436d/library/std/src/panicking.rs:582:13
[INFO] [stdout]   15:     0x7f4370541136 - std::sys_common::backtrace::__rust_end_short_backtrace::h8b3d3717114f9e59
[INFO] [stdout]                                at /rustc/1b7dd2252b99671ce5d1cb9664c5f8636329436d/library/std/src/sys_common/backtrace.rs:150:18
[INFO] [stdout]   16:     0x7f4370543a02 - rust_begin_unwind
[INFO] [stdout]                                at /rustc/1b7dd2252b99671ce5d1cb9664c5f8636329436d/library/std/src/panicking.rs:578:5
[INFO] [stdout]   17:     0x7f43705a1443 - core::panicking::panic_fmt::hfd368e3fbdabea26
[INFO] [stdout]                                at /rustc/1b7dd2252b99671ce5d1cb9664c5f8636329436d/library/core/src/panicking.rs:67:14
[INFO] [stdout]   18:     0x55839d36c3e7 - trybuild::run::<impl trybuild::Runner>::run::h5666721bbda0bbbc
[INFO] [stdout]   19:     0x55839d3719c7 - <trybuild::TestCases as core::ops::drop::Drop>::drop::ha7902dc52f9507a9
[INFO] [stdout]   20:     0x55839d33c5a7 - core::ptr::drop_in_place<trybuild::TestCases>::hd320d25ece035a8f
[INFO] [stdout]                                at /rustc/1b7dd2252b99671ce5d1cb9664c5f8636329436d/library/core/src/ptr/mod.rs:490:1
[INFO] [stdout]   21:     0x55839d33b1fb - salvia_macro::test::query_ui::h0ec987ad9d7d5a2f
[INFO] [stdout]                                at /opt/rustwide/workdir/src/test.rs:9:1
[INFO] [stdout]   22:     0x55839d33b177 - salvia_macro::test::query_ui::{{closure}}::h07a2ccd2afb52ce2
[INFO] [stdout]                                at /opt/rustwide/workdir/src/test.rs:2:15
[INFO] [stdout]   23:     0x55839d33c515 - core::ops::function::FnOnce::call_once::h8c4be8bdfa1b795d
[INFO] [stdout]                                at /rustc/1b7dd2252b99671ce5d1cb9664c5f8636329436d/library/core/src/ops/function.rs:250:5
[INFO] [stdout]   24:     0x7f43706418ff - core::ops::function::FnOnce::call_once::ha6a70e79f7481a7e
[INFO] [stdout]                                at /rustc/1b7dd2252b99671ce5d1cb9664c5f8636329436d/library/core/src/ops/function.rs:250:5
[INFO] [stdout]   25:     0x7f43706418ff - test::__rust_begin_short_backtrace::hce33033019b61e69
[INFO] [stdout]                                at /rustc/1b7dd2252b99671ce5d1cb9664c5f8636329436d/library/test/src/lib.rs:655:18
[INFO] [stdout]   26:     0x7f437060b8fc - test::run_test::{{closure}}::h858d3528838ae3e5
[INFO] [stdout]                                at /rustc/1b7dd2252b99671ce5d1cb9664c5f8636329436d/library/test/src/lib.rs:646:30
[INFO] [stdout]   27:     0x7f437060b8fc - core::ops::function::FnOnce::call_once{{vtable.shim}}::he8ac2b00f01ae79e
[INFO] [stdout]                                at /rustc/1b7dd2252b99671ce5d1cb9664c5f8636329436d/library/core/src/ops/function.rs:250:5
[INFO] [stdout]   28:     0x7f43706409d6 - <alloc::boxed::Box<F,A> as core::ops::function::FnOnce<Args>>::call_once::h8093d25b522725ef
[INFO] [stdout]                                at /rustc/1b7dd2252b99671ce5d1cb9664c5f8636329436d/library/alloc/src/boxed.rs:1973:9
[INFO] [stdout]   29:     0x7f43706409d6 - <core::panic::unwind_safe::AssertUnwindSafe<F> as core::ops::function::FnOnce<()>>::call_once::h5c334c204e4a3913
[INFO] [stdout]                                at /rustc/1b7dd2252b99671ce5d1cb9664c5f8636329436d/library/core/src/panic/unwind_safe.rs:271:9
[INFO] [stdout]   30:     0x7f43706409d6 - std::panicking::try::do_call::ha8b740c7b9478074
[INFO] [stdout]                                at /rustc/1b7dd2252b99671ce5d1cb9664c5f8636329436d/library/std/src/panicking.rs:485:40
[INFO] [stdout]   31:     0x7f43706409d6 - std::panicking::try::h5d34f63d0e41b64e
[INFO] [stdout]                                at /rustc/1b7dd2252b99671ce5d1cb9664c5f8636329436d/library/std/src/panicking.rs:449:19
[INFO] [stdout]   32:     0x7f43706409d6 - std::panic::catch_unwind::hcfbb511e1aa7fc67
[INFO] [stdout]                                at /rustc/1b7dd2252b99671ce5d1cb9664c5f8636329436d/library/std/src/panic.rs:140:14
[INFO] [stdout]   33:     0x7f43706409d6 - test::run_test_in_process::h9abda90f802eaf21
[INFO] [stdout]                                at /rustc/1b7dd2252b99671ce5d1cb9664c5f8636329436d/library/test/src/lib.rs:678:27
[INFO] [stdout]   34:     0x7f43706409d6 - test::run_test::run_test_inner::{{closure}}::h0f058de91f6c6edf
[INFO] [stdout]                                at /rustc/1b7dd2252b99671ce5d1cb9664c5f8636329436d/library/test/src/lib.rs:572:39
[INFO] [stdout]   35:     0x7f43706056d5 - test::run_test::run_test_inner::{{closure}}::h5ca48a4c59c6c1fb
[INFO] [stdout]                                at /rustc/1b7dd2252b99671ce5d1cb9664c5f8636329436d/library/test/src/lib.rs:599:37
[INFO] [stdout]   36:     0x7f43706056d5 - std::sys_common::backtrace::__rust_begin_short_backtrace::h32bd51e1495d4a33
[INFO] [stdout]                                at /rustc/1b7dd2252b99671ce5d1cb9664c5f8636329436d/library/std/src/sys_common/backtrace.rs:134:18
[INFO] [stdout]   37:     0x7f437060b541 - std::thread::Builder::spawn_unchecked_::{{closure}}::{{closure}}::hc086fae9b128b2db
[INFO] [stdout]                                at /rustc/1b7dd2252b99671ce5d1cb9664c5f8636329436d/library/std/src/thread/mod.rs:526:17
[INFO] [stdout]   38:     0x7f437060b541 - <core::panic::unwind_safe::AssertUnwindSafe<F> as core::ops::function::FnOnce<()>>::call_once::hb66571888d270d43
[INFO] [stdout]                                at /rustc/1b7dd2252b99671ce5d1cb9664c5f8636329436d/library/core/src/panic/unwind_safe.rs:271:9
[INFO] [stdout]   39:     0x7f437060b541 - std::panicking::try::do_call::h4fa2ef4f6e51fecf
[INFO] [stdout]                                at /rustc/1b7dd2252b99671ce5d1cb9664c5f8636329436d/library/std/src/panicking.rs:485:40
[INFO] [stdout]   40:     0x7f437060b541 - std::panicking::try::h1e9e22b8584489b5
[INFO] [stdout]                                at /rustc/1b7dd2252b99671ce5d1cb9664c5f8636329436d/library/std/src/panicking.rs:449:19
[INFO] [stdout]   41:     0x7f437060b541 - std::panic::catch_unwind::h44698a3de0e0769e
[INFO] [stdout]                                at /rustc/1b7dd2252b99671ce5d1cb9664c5f8636329436d/library/std/src/panic.rs:140:14
[INFO] [stdout]   42:     0x7f437060b541 - std::thread::Builder::spawn_unchecked_::{{closure}}::h50153abde3fe239e
[INFO] [stdout]                                at /rustc/1b7dd2252b99671ce5d1cb9664c5f8636329436d/library/std/src/thread/mod.rs:525:30
[INFO] [stdout]   43:     0x7f437060b541 - core::ops::function::FnOnce::call_once{{vtable.shim}}::hbe5bbf6f38394364
[INFO] [stdout]                                at /rustc/1b7dd2252b99671ce5d1cb9664c5f8636329436d/library/core/src/ops/function.rs:250:5
[INFO] [stdout]   44:     0x7f437054e3b5 - <alloc::boxed::Box<F,A> as core::ops::function::FnOnce<Args>>::call_once::h0d83cb2920a49046
[INFO] [stdout]                                at /rustc/1b7dd2252b99671ce5d1cb9664c5f8636329436d/library/alloc/src/boxed.rs:1973:9
[INFO] [stdout]   45:     0x7f437054e3b5 - <alloc::boxed::Box<F,A> as core::ops::function::FnOnce<Args>>::call_once::hbe0a008aa7d9ef59
[INFO] [stdout]                                at /rustc/1b7dd2252b99671ce5d1cb9664c5f8636329436d/library/alloc/src/boxed.rs:1973:9
[INFO] [stdout]   46:     0x7f437054e3b5 - std::sys::unix::thread::Thread::new::thread_start::h3a466996bdf6b1f9
[INFO] [stdout]                                at /rustc/1b7dd2252b99671ce5d1cb9664c5f8636329436d/library/std/src/sys/unix/thread.rs:108:17
[INFO] [stdout]   47:     0x7f437018cb43 - <unknown>
[INFO] [stdout]   48:     0x7f437021dbb4 - __clone
[INFO] [stdout]   49:                0x0 - <unknown>
[INFO] [stdout] 
[INFO] [stdout] ---- test::input_impl_ui stdout ----
[INFO] [stdout] thread 'test::input_impl_ui' panicked at '5 of 5 tests failed', /opt/rustwide/cargo-home/registry/src/index.crates.io-6f17d22bba15001f/trybuild-1.0.80/src/run.rs:101:13
[INFO] [stdout] stack backtrace:
[INFO] [stdout]    0:     0x7f4370540cca - std::backtrace_rs::backtrace::libunwind::trace::h2f05d0192276a8f6
[INFO] [stdout]                                at /rustc/1b7dd2252b99671ce5d1cb9664c5f8636329436d/library/std/src/../../backtrace/src/backtrace/libunwind.rs:93:5
[INFO] [stdout]    1:     0x7f4370540cca - std::backtrace_rs::backtrace::trace_unsynchronized::hedc23dff7a1af150
[INFO] [stdout]                                at /rustc/1b7dd2252b99671ce5d1cb9664c5f8636329436d/library/std/src/../../backtrace/src/backtrace/mod.rs:66:5
[INFO] [stdout]    2:     0x7f4370540cca - std::sys_common::backtrace::_print_fmt::h17541ef7592f3ce2
[INFO] [stdout]                                at /rustc/1b7dd2252b99671ce5d1cb9664c5f8636329436d/library/std/src/sys_common/backtrace.rs:65:5
[INFO] [stdout]    3:     0x7f4370540cca - <std::sys_common::backtrace::_print::DisplayBacktrace as core::fmt::Display>::fmt::h20f75df5ab0c0792
[INFO] [stdout]                                at /rustc/1b7dd2252b99671ce5d1cb9664c5f8636329436d/library/std/src/sys_common/backtrace.rs:44:22
[INFO] [stdout]    4:     0x7f43705a50cf - core::fmt::write::h78109e6f466b3af6
[INFO] [stdout]                                at /rustc/1b7dd2252b99671ce5d1cb9664c5f8636329436d/library/core/src/fmt/mod.rs:1254:17
[INFO] [stdout]    5:     0x7f4370533905 - std::io::Write::write_fmt::hd24bfb68a1b35a25
[INFO] [stdout]                                at /rustc/1b7dd2252b99671ce5d1cb9664c5f8636329436d/library/std/src/io/mod.rs:1698:15
[INFO] [stdout]    6:     0x7f4370540a95 - std::sys_common::backtrace::_print::h8dac57a9f8fbf9a5
[INFO] [stdout]                                at /rustc/1b7dd2252b99671ce5d1cb9664c5f8636329436d/library/std/src/sys_common/backtrace.rs:47:5
[INFO] [stdout]    7:     0x7f4370540a95 - std::sys_common::backtrace::print::hf9ecbf41d1aa712f
[INFO] [stdout]                                at /rustc/1b7dd2252b99671ce5d1cb9664c5f8636329436d/library/std/src/sys_common/backtrace.rs:34:9
[INFO] [stdout]    8:     0x7f437054373e - std::panicking::default_hook::{{closure}}::h04c07acfc84ca028
[INFO] [stdout]                                at /rustc/1b7dd2252b99671ce5d1cb9664c5f8636329436d/library/std/src/panicking.rs:269:22
[INFO] [stdout]    9:     0x7f4370543471 - std::panicking::default_hook::h01f6bb23e1eceb2c
[INFO] [stdout]                                at /rustc/1b7dd2252b99671ce5d1cb9664c5f8636329436d/library/std/src/panicking.rs:285:9
[INFO] [stdout]   10:     0x7f437063c14b - <alloc::boxed::Box<F,A> as core::ops::function::Fn<Args>>::call::h87fe9f7b2fd49e4c
[INFO] [stdout]                                at /rustc/1b7dd2252b99671ce5d1cb9664c5f8636329436d/library/alloc/src/boxed.rs:1987:9
[INFO] [stdout]   11:     0x7f437063c14b - test::test_main::{{closure}}::he94d679243a7531b
[INFO] [stdout]                                at /rustc/1b7dd2252b99671ce5d1cb9664c5f8636329436d/library/test/src/lib.rs:134:21
[INFO] [stdout]   12:     0x7f4370543f34 - <alloc::boxed::Box<F,A> as core::ops::function::Fn<Args>>::call::h3f2d6d8b14c4769f
[INFO] [stdout]                                at /rustc/1b7dd2252b99671ce5d1cb9664c5f8636329436d/library/alloc/src/boxed.rs:1987:9
[INFO] [stdout]   13:     0x7f4370543f34 - std::panicking::rust_panic_with_hook::h2bb3722bbaf2f6df
[INFO] [stdout]                                at /rustc/1b7dd2252b99671ce5d1cb9664c5f8636329436d/library/std/src/panicking.rs:695:13
[INFO] [stdout]   14:     0x7f4370543ca9 - std::panicking::begin_panic_handler::{{closure}}::h91bc7f36a4be011b
[INFO] [stdout]                                at /rustc/1b7dd2252b99671ce5d1cb9664c5f8636329436d/library/std/src/panicking.rs:582:13
[INFO] [stdout]   15:     0x7f4370541136 - std::sys_common::backtrace::__rust_end_short_backtrace::h8b3d3717114f9e59
[INFO] [stdout]                                at /rustc/1b7dd2252b99671ce5d1cb9664c5f8636329436d/library/std/src/sys_common/backtrace.rs:150:18
[INFO] [stdout]   16:     0x7f4370543a02 - rust_begin_unwind
[INFO] [stdout]                                at /rustc/1b7dd2252b99671ce5d1cb9664c5f8636329436d/library/std/src/panicking.rs:578:5
[INFO] [stdout]   17:     0x7f43705a1443 - core::panicking::panic_fmt::hfd368e3fbdabea26
[INFO] [stdout]                                at /rustc/1b7dd2252b99671ce5d1cb9664c5f8636329436d/library/core/src/panicking.rs:67:14
[INFO] [stdout]   18:     0x55839d36c3e7 - trybuild::run::<impl trybuild::Runner>::run::h5666721bbda0bbbc
[INFO] [stdout]   19:     0x55839d3719c7 - <trybuild::TestCases as core::ops::drop::Drop>::drop::ha7902dc52f9507a9
[INFO] [stdout]   20:     0x55839d33c5a7 - core::ptr::drop_in_place<trybuild::TestCases>::hd320d25ece035a8f
[INFO] [stdout]                                at /rustc/1b7dd2252b99671ce5d1cb9664c5f8636329436d/library/core/src/ptr/mod.rs:490:1
[INFO] [stdout]   21:     0x55839d33b2bb - salvia_macro::test::input_impl_ui::hf5f1377280863b1d
[INFO] [stdout]                                at /opt/rustwide/workdir/src/test.rs:19:1
[INFO] [stdout]   22:     0x55839d33b237 - salvia_macro::test::input_impl_ui::{{closure}}::h85f074f70fcd8541
[INFO] [stdout]                                at /opt/rustwide/workdir/src/test.rs:12:20
[INFO] [stdout]   23:     0x55839d33c4c5 - core::ops::function::FnOnce::call_once::h18c78ef806a6cc4b
[INFO] [stdout]                                at /rustc/1b7dd2252b99671ce5d1cb9664c5f8636329436d/library/core/src/ops/function.rs:250:5
[INFO] [stdout]   24:     0x7f43706418ff - core::ops::function::FnOnce::call_once::ha6a70e79f7481a7e
[INFO] [stdout]                                at /rustc/1b7dd2252b99671ce5d1cb9664c5f8636329436d/library/core/src/ops/function.rs:250:5
[INFO] [stdout]   25:     0x7f43706418ff - test::__rust_begin_short_backtrace::hce33033019b61e69
[INFO] [stdout]                                at /rustc/1b7dd2252b99671ce5d1cb9664c5f8636329436d/library/test/src/lib.rs:655:18
[INFO] [stdout]   26:     0x7f437060b8fc - test::run_test::{{closure}}::h858d3528838ae3e5
[INFO] [stdout]                                at /rustc/1b7dd2252b99671ce5d1cb9664c5f8636329436d/library/test/src/lib.rs:646:30
[INFO] [stdout]   27:     0x7f437060b8fc - core::ops::function::FnOnce::call_once{{vtable.shim}}::he8ac2b00f01ae79e
[INFO] [stdout]                                at /rustc/1b7dd2252b99671ce5d1cb9664c5f8636329436d/library/core/src/ops/function.rs:250:5
[INFO] [stdout]   28:     0x7f43706409d6 - <alloc::boxed::Box<F,A> as core::ops::function::FnOnce<Args>>::call_once::h8093d25b522725ef
[INFO] [stdout]                                at /rustc/1b7dd2252b99671ce5d1cb9664c5f8636329436d/library/alloc/src/boxed.rs:1973:9
[INFO] [stdout]   29:     0x7f43706409d6 - <core::panic::unwind_safe::AssertUnwindSafe<F> as core::ops::function::FnOnce<()>>::call_once::h5c334c204e4a3913
[INFO] [stdout]                                at /rustc/1b7dd2252b99671ce5d1cb9664c5f8636329436d/library/core/src/panic/unwind_safe.rs:271:9
[INFO] [stdout]   30:     0x7f43706409d6 - std::panicking::try::do_call::ha8b740c7b9478074
[INFO] [stdout]                                at /rustc/1b7dd2252b99671ce5d1cb9664c5f8636329436d/library/std/src/panicking.rs:485:40
[INFO] [stdout]   31:     0x7f43706409d6 - std::panicking::try::h5d34f63d0e41b64e
[INFO] [stdout]                                at /rustc/1b7dd2252b99671ce5d1cb9664c5f8636329436d/library/std/src/panicking.rs:449:19
[INFO] [stdout]   32:     0x7f43706409d6 - std::panic::catch_unwind::hcfbb511e1aa7fc67
[INFO] [stdout]                                at /rustc/1b7dd2252b99671ce5d1cb9664c5f8636329436d/library/std/src/panic.rs:140:14
[INFO] [stdout]   33:     0x7f43706409d6 - test::run_test_in_process::h9abda90f802eaf21
[INFO] [stdout]                                at /rustc/1b7dd2252b99671ce5d1cb9664c5f8636329436d/library/test/src/lib.rs:678:27
[INFO] [stdout]   34:     0x7f43706409d6 - test::run_test::run_test_inner::{{closure}}::h0f058de91f6c6edf
[INFO] [stdout]                                at /rustc/1b7dd2252b99671ce5d1cb9664c5f8636329436d/library/test/src/lib.rs:572:39
[INFO] [stdout]   35:     0x7f43706056d5 - test::run_test::run_test_inner::{{closure}}::h5ca48a4c59c6c1fb
[INFO] [stdout]                                at /rustc/1b7dd2252b99671ce5d1cb9664c5f8636329436d/library/test/src/lib.rs:599:37
[INFO] [stdout]   36:     0x7f43706056d5 - std::sys_common::backtrace::__rust_begin_short_backtrace::h32bd51e1495d4a33
[INFO] [stdout]                                at /rustc/1b7dd2252b99671ce5d1cb9664c5f8636329436d/library/std/src/sys_common/backtrace.rs:134:18
[INFO] [stdout]   37:     0x7f437060b541 - std::thread::Builder::spawn_unchecked_::{{closure}}::{{closure}}::hc086fae9b128b2db
[INFO] [stdout]                                at /rustc/1b7dd2252b99671ce5d1cb9664c5f8636329436d/library/std/src/thread/mod.rs:526:17
[INFO] [stdout]   38:     0x7f437060b541 - <core::panic::unwind_safe::AssertUnwindSafe<F> as core::ops::function::FnOnce<()>>::call_once::hb66571888d270d43
[INFO] [stdout]                                at /rustc/1b7dd2252b99671ce5d1cb9664c5f8636329436d/library/core/src/panic/unwind_safe.rs:271:9
[INFO] [stdout]   39:     0x7f437060b541 - std::panicking::try::do_call::h4fa2ef4f6e51fecf
[INFO] [stdout]                                at /rustc/1b7dd2252b99671ce5d1cb9664c5f8636329436d/library/std/src/panicking.rs:485:40
[INFO] [stdout]   40:     0x7f437060b541 - std::panicking::try::h1e9e22b8584489b5
[INFO] [stdout]                                at /rustc/1b7dd2252b99671ce5d1cb9664c5f8636329436d/library/std/src/panicking.rs:449:19
[INFO] [stdout]   41:     0x7f437060b541 - std::panic::catch_unwind::h44698a3de0e0769e
[INFO] [stdout]                                at /rustc/1b7dd2252b99671ce5d1cb9664c5f8636329436d/library/std/src/panic.rs:140:14
[INFO] [stdout]   42:     0x7f437060b541 - std::thread::Builder::spawn_unchecked_::{{closure}}::h50153abde3fe239e
[INFO] [stdout]                                at /rustc/1b7dd2252b99671ce5d1cb9664c5f8636329436d/library/std/src/thread/mod.rs:525:30
[INFO] [stdout]   43:     0x7f437060b541 - core::ops::function::FnOnce::call_once{{vtable.shim}}::hbe5bbf6f38394364
[INFO] [stdout]                                at /rustc/1b7dd2252b99671ce5d1cb9664c5f8636329436d/library/core/src/ops/function.rs:250:5
[INFO] [stdout]   44:     0x7f437054e3b5 - <alloc::boxed::Box<F,A> as core::ops::function::FnOnce<Args>>::call_once::h0d83cb2920a49046
[INFO] [stdout]                                at /rustc/1b7dd2252b99671ce5d1cb9664c5f8636329436d/library/alloc/src/boxed.rs:1973:9
[INFO] [stdout]   45:     0x7f437054e3b5 - <alloc::boxed::Box<F,A> as core::ops::function::FnOnce<Args>>::call_once::hbe0a008aa7d9ef59
[INFO] [stdout]                                at /rustc/1b7dd2252b99671ce5d1cb9664c5f8636329436d/library/alloc/src/boxed.rs:1973:9
[INFO] [stdout]   46:     0x7f437054e3b5 - std::sys::unix::thread::Thread::new::thread_start::h3a466996bdf6b1f9
[INFO] [stdout]                                at /rustc/1b7dd2252b99671ce5d1cb9664c5f8636329436d/library/std/src/sys/unix/thread.rs:108:17
[INFO] [stdout]   47:     0x7f437018cb43 - <unknown>
[INFO] [stdout]   48:     0x7f437021dbb4 - __clone
[INFO] [stdout]   49:                0x0 - <unknown>
[INFO] [stdout] 
[INFO] [stdout] 
[INFO] [stdout] failures:
[INFO] [stdout]     test::input_impl_ui
[INFO] [stdout]     test::query_ui
[INFO] [stdout] 
[INFO] [stdout] test result: FAILED. 0 passed; 2 failed; 0 ignored; 0 measured; 0 filtered out; finished in 43.24s
[INFO] [stdout] 
[INFO] [stderr] error: test failed, to rerun pass `--lib`
[INFO] running `Command { std: "docker" "inspect" "27fb8c3e55fa11f9999b7a080562cb011b744e4cc32c2630d16ae13c518840e9", kill_on_drop: false }`
[INFO] running `Command { std: "docker" "rm" "-f" "27fb8c3e55fa11f9999b7a080562cb011b744e4cc32c2630d16ae13c518840e9", kill_on_drop: false }`
[INFO] [stdout] 27fb8c3e55fa11f9999b7a080562cb011b744e4cc32c2630d16ae13c518840e9
