[INFO] fetching crate salak 0.14.1...
[INFO] testing salak-0.14.1 against beta-2023-04-20 for beta-1.70-1
[INFO] extracting crate salak 0.14.1 into /workspace/builds/worker-3-tc2/source
[INFO] validating manifest of crates.io crate salak 0.14.1 on toolchain beta-2023-04-20
[INFO] running `Command { std: CARGO_HOME="/workspace/cargo-home" RUSTUP_HOME="/workspace/rustup-home" "/workspace/cargo-home/bin/cargo" "+beta-2023-04-20" "metadata" "--manifest-path" "Cargo.toml" "--no-deps", kill_on_drop: false }`
[INFO] started tweaking crates.io crate salak 0.14.1
[INFO] removed 0 missing examples
[INFO] finished tweaking crates.io crate salak 0.14.1
[INFO] tweaked toml for crates.io crate salak 0.14.1 written to /workspace/builds/worker-3-tc2/source/Cargo.toml
[INFO] crate crates.io crate salak 0.14.1 already has a lockfile, it will not be regenerated
[INFO] running `Command { std: CARGO_HOME="/workspace/cargo-home" RUSTUP_HOME="/workspace/rustup-home" "/workspace/cargo-home/bin/cargo" "+beta-2023-04-20" "fetch" "--manifest-path" "Cargo.toml", kill_on_drop: false }`
[INFO] [stderr]     Updating crates.io index
[INFO] [stderr]  Downloading crates ...
[INFO] [stderr]   Downloaded quickcheck_macros v1.0.0
[INFO] [stderr]   Downloaded salak_derive v0.8.0
[INFO] [stderr]   Downloaded trybuild v1.0.45
[INFO] [stderr]   Downloaded pad v0.1.6
[INFO] running `Command { std: "docker" "create" "-v" "/var/lib/crater-agent-workspace/builds/worker-3-tc2/target:/opt/rustwide/target:rw,Z" "-v" "/var/lib/crater-agent-workspace/builds/worker-3-tc2/source:/opt/rustwide/workdir:ro,Z" "-v" "/var/lib/crater-agent-workspace/cargo-home:/opt/rustwide/cargo-home:ro,Z" "-v" "/var/lib/crater-agent-workspace/rustup-home:/opt/rustwide/rustup-home:ro,Z" "-e" "SOURCE_DIR=/opt/rustwide/workdir" "-e" "CARGO_TARGET_DIR=/opt/rustwide/target" "-e" "CARGO_HOME=/opt/rustwide/cargo-home" "-e" "RUSTUP_HOME=/opt/rustwide/rustup-home" "-w" "/opt/rustwide/workdir" "-m" "1610612736" "--user" "0:0" "--network" "none" "ghcr.io/rust-lang/crates-build-env/linux@sha256:5ff2268d62e97bff2cde7d5815dd6ed5b47097566f13b8d0ca110b04b60e07ed" "/opt/rustwide/cargo-home/bin/cargo" "+beta-2023-04-20" "metadata" "--no-deps" "--format-version=1", kill_on_drop: false }`
[INFO] [stdout] 3a629e7631981549a3ded8db99f2827e224d34d9df0b3753e4a0c5c0470c710d
[INFO] running `Command { std: "docker" "start" "-a" "3a629e7631981549a3ded8db99f2827e224d34d9df0b3753e4a0c5c0470c710d", kill_on_drop: false }`
[INFO] running `Command { std: "docker" "inspect" "3a629e7631981549a3ded8db99f2827e224d34d9df0b3753e4a0c5c0470c710d", kill_on_drop: false }`
[INFO] running `Command { std: "docker" "rm" "-f" "3a629e7631981549a3ded8db99f2827e224d34d9df0b3753e4a0c5c0470c710d", kill_on_drop: false }`
[INFO] [stdout] 3a629e7631981549a3ded8db99f2827e224d34d9df0b3753e4a0c5c0470c710d
[INFO] running `Command { std: "docker" "create" "-v" "/var/lib/crater-agent-workspace/builds/worker-3-tc2/target:/opt/rustwide/target:rw,Z" "-v" "/var/lib/crater-agent-workspace/builds/worker-3-tc2/source:/opt/rustwide/workdir:ro,Z" "-v" "/var/lib/crater-agent-workspace/cargo-home:/opt/rustwide/cargo-home:ro,Z" "-v" "/var/lib/crater-agent-workspace/rustup-home:/opt/rustwide/rustup-home:ro,Z" "-e" "SOURCE_DIR=/opt/rustwide/workdir" "-e" "CARGO_TARGET_DIR=/opt/rustwide/target" "-e" "CARGO_INCREMENTAL=0" "-e" "RUST_BACKTRACE=full" "-e" "RUSTFLAGS=--cap-lints=warn" "-e" "RUSTDOCFLAGS=--cap-lints=warn" "-e" "CARGO_HOME=/opt/rustwide/cargo-home" "-e" "RUSTUP_HOME=/opt/rustwide/rustup-home" "-w" "/opt/rustwide/workdir" "-m" "1610612736" "--user" "0:0" "--network" "none" "ghcr.io/rust-lang/crates-build-env/linux@sha256:5ff2268d62e97bff2cde7d5815dd6ed5b47097566f13b8d0ca110b04b60e07ed" "/opt/rustwide/cargo-home/bin/cargo" "+beta-2023-04-20" "build" "--frozen" "--message-format=json", kill_on_drop: false }`
[INFO] [stdout] 82001b192a7b5540fed39f4ee9e7d6d76e1e2abdc3210aec1566557bcf85458e
[INFO] running `Command { std: "docker" "start" "-a" "82001b192a7b5540fed39f4ee9e7d6d76e1e2abdc3210aec1566557bcf85458e", kill_on_drop: false }`
[INFO] [stderr]    Compiling libc v0.2.100
[INFO] [stderr]    Compiling proc-macro2 v1.0.28
[INFO] [stderr]    Compiling unicode-xid v0.2.2
[INFO] [stderr]    Compiling syn v1.0.75
[INFO] [stderr]    Compiling serde_derive v1.0.127
[INFO] [stderr]    Compiling serde v1.0.127
[INFO] [stderr]    Compiling smallvec v1.6.1
[INFO] [stderr]    Compiling ppv-lite86 v0.2.10
[INFO] [stderr]    Compiling instant v0.1.10
[INFO] [stderr]    Compiling lock_api v0.4.4
[INFO] [stderr]    Compiling pad v0.1.6
[INFO] [stderr]    Compiling quote v1.0.9
[INFO] [stderr]    Compiling getrandom v0.2.3
[INFO] [stderr]    Compiling parking_lot_core v0.8.3
[INFO] [stderr]    Compiling rand_core v0.6.3
[INFO] [stderr]    Compiling parking_lot v0.11.1
[INFO] [stderr]    Compiling rand_chacha v0.3.1
[INFO] [stderr]    Compiling rand v0.8.4
[INFO] [stderr]    Compiling salak_derive v0.8.0
[INFO] [stderr]    Compiling toml v0.5.8
[INFO] [stderr]    Compiling salak v0.14.1 (/opt/rustwide/workdir)
[INFO] [stdout] warning: field `tp` is never read
[INFO] [stdout]   --> src/derive.rs:48:5
[INFO] [stdout]    |
[INFO] [stdout] 46 | pub(crate) struct KeyDesc {
[INFO] [stdout]    |                   ------- field in this struct
[INFO] [stdout] 47 |     key: String,
[INFO] [stdout] 48 |     tp: &'static str,
[INFO] [stdout]    |     ^^
[INFO] [stdout]    |
[INFO] [stdout]    = note: `KeyDesc` has a derived impl for the trait `Debug`, but this is intentionally ignored during dead code analysis
[INFO] [stdout]    = note: `#[warn(dead_code)]` on by default
[INFO] [stdout] 
[INFO] [stdout] 
[INFO] [stdout] warning: 1 warning emitted
[INFO] [stdout] 
[INFO] [stdout] 
[INFO] [stderr]     Finished dev [unoptimized + debuginfo] target(s) in 11.01s
[INFO] running `Command { std: "docker" "inspect" "82001b192a7b5540fed39f4ee9e7d6d76e1e2abdc3210aec1566557bcf85458e", kill_on_drop: false }`
[INFO] running `Command { std: "docker" "rm" "-f" "82001b192a7b5540fed39f4ee9e7d6d76e1e2abdc3210aec1566557bcf85458e", kill_on_drop: false }`
[INFO] [stdout] 82001b192a7b5540fed39f4ee9e7d6d76e1e2abdc3210aec1566557bcf85458e
[INFO] running `Command { std: "docker" "create" "-v" "/var/lib/crater-agent-workspace/builds/worker-3-tc2/target:/opt/rustwide/target:rw,Z" "-v" "/var/lib/crater-agent-workspace/builds/worker-3-tc2/source:/opt/rustwide/workdir:ro,Z" "-v" "/var/lib/crater-agent-workspace/cargo-home:/opt/rustwide/cargo-home:ro,Z" "-v" "/var/lib/crater-agent-workspace/rustup-home:/opt/rustwide/rustup-home:ro,Z" "-e" "SOURCE_DIR=/opt/rustwide/workdir" "-e" "CARGO_TARGET_DIR=/opt/rustwide/target" "-e" "CARGO_INCREMENTAL=0" "-e" "RUST_BACKTRACE=full" "-e" "RUSTFLAGS=--cap-lints=warn" "-e" "RUSTDOCFLAGS=--cap-lints=warn" "-e" "CARGO_HOME=/opt/rustwide/cargo-home" "-e" "RUSTUP_HOME=/opt/rustwide/rustup-home" "-w" "/opt/rustwide/workdir" "-m" "1610612736" "--user" "0:0" "--network" "none" "ghcr.io/rust-lang/crates-build-env/linux@sha256:5ff2268d62e97bff2cde7d5815dd6ed5b47097566f13b8d0ca110b04b60e07ed" "/opt/rustwide/cargo-home/bin/cargo" "+beta-2023-04-20" "test" "--frozen" "--no-run" "--message-format=json", kill_on_drop: false }`
[INFO] [stdout] f1859b78aac30ad987260406a642df0402cef05aab3fef2705d9eec97d0fc45a
[INFO] running `Command { std: "docker" "start" "-a" "f1859b78aac30ad987260406a642df0402cef05aab3fef2705d9eec97d0fc45a", kill_on_drop: false }`
[INFO] [stderr]    Compiling memchr v2.4.1
[INFO] [stderr]    Compiling crossbeam-utils v0.8.5
[INFO] [stderr]    Compiling semver v1.0.4
[INFO] [stderr]    Compiling crossbeam-epoch v0.9.5
[INFO] [stderr]    Compiling serde_json v1.0.66
[INFO] [stderr]    Compiling log v0.4.14
[INFO] [stderr]    Compiling memoffset v0.6.4
[INFO] [stderr]    Compiling rayon-core v1.9.1
[INFO] [stderr]    Compiling itoa v0.4.7
[INFO] [stderr]    Compiling regex-syntax v0.6.25
[INFO] [stderr]    Compiling num-traits v0.2.14
[INFO] [stderr]    Compiling num_cpus v1.13.0
[INFO] [stderr]    Compiling rayon v1.5.1
[INFO] [stderr]    Compiling regex-automata v0.1.10
[INFO] [stderr]    Compiling plotters-backend v0.3.2
[INFO] [stderr]    Compiling itertools v0.10.1
[INFO] [stderr]    Compiling atty v0.2.14
[INFO] [stderr]    Compiling plotters-svg v0.3.1
[INFO] [stderr]    Compiling half v1.7.1
[INFO] [stderr]    Compiling trybuild v1.0.45
[INFO] [stderr]    Compiling clap v2.33.3
[INFO] [stderr]    Compiling walkdir v2.3.2
[INFO] [stderr]    Compiling serde_cbor v0.11.2
[INFO] [stderr]    Compiling crossbeam-channel v0.5.1
[INFO] [stderr]    Compiling glob v0.3.0
[INFO] [stderr]    Compiling oorandom v11.1.3
[INFO] [stderr]    Compiling humantime v2.1.0
[INFO] [stderr]    Compiling rustc_version v0.4.0
[INFO] [stderr]    Compiling aho-corasick v0.7.18
[INFO] [stderr]    Compiling crossbeam-deque v0.8.1
[INFO] [stderr]    Compiling bstr v0.2.16
[INFO] [stderr]    Compiling csv-core v0.1.10
[INFO] [stderr]    Compiling quickcheck_macros v1.0.0
[INFO] [stdout] warning: field `tp` is never read
[INFO] [stdout]   --> src/derive.rs:48:5
[INFO] [stdout]    |
[INFO] [stdout] 46 | pub(crate) struct KeyDesc {
[INFO] [stdout]    |                   ------- field in this struct
[INFO] [stdout] 47 |     key: String,
[INFO] [stdout] 48 |     tp: &'static str,
[INFO] [stdout]    |     ^^
[INFO] [stdout]    |
[INFO] [stdout]    = note: `KeyDesc` has a derived impl for the trait `Debug`, but this is intentionally ignored during dead code analysis
[INFO] [stdout]    = note: `#[warn(dead_code)]` on by default
[INFO] [stdout] 
[INFO] [stdout] 
[INFO] [stdout] warning: 1 warning emitted
[INFO] [stdout] 
[INFO] [stdout] 
[INFO] [stderr]    Compiling cast v0.2.7
[INFO] [stderr]    Compiling plotters v0.3.1
[INFO] [stderr]    Compiling tinytemplate v1.2.1
[INFO] [stderr]    Compiling regex v1.5.4
[INFO] [stderr]    Compiling csv v1.1.6
[INFO] [stderr]    Compiling criterion-plot v0.4.4
[INFO] [stderr]    Compiling env_logger v0.8.4
[INFO] [stderr]    Compiling env_logger v0.9.0
[INFO] [stderr]    Compiling quickcheck v1.0.3
[INFO] [stderr]    Compiling criterion v0.3.5
[INFO] [stderr]    Compiling salak v0.14.1 (/opt/rustwide/workdir)
[INFO] [stdout] warning: field `tp` is never read
[INFO] [stdout]   --> src/derive.rs:48:5
[INFO] [stdout]    |
[INFO] [stdout] 46 | pub(crate) struct KeyDesc {
[INFO] [stdout]    |                   ------- field in this struct
[INFO] [stdout] 47 |     key: String,
[INFO] [stdout] 48 |     tp: &'static str,
[INFO] [stdout]    |     ^^
[INFO] [stdout]    |
[INFO] [stdout]    = note: `KeyDesc` has a derived impl for the trait `Debug`, but this is intentionally ignored during dead code analysis
[INFO] [stdout]    = note: `#[warn(dead_code)]` on by default
[INFO] [stdout] 
[INFO] [stdout] 
[INFO] [stdout] warning: field `map` is never read
[INFO] [stdout]    --> src/derive.rs:165:9
[INFO] [stdout]     |
[INFO] [stdout] 153 |     struct Config {
[INFO] [stdout]     |            ------ field in this struct
[INFO] [stdout] ...
[INFO] [stdout] 165 |         map: HashMap<String, u8>,
[INFO] [stdout]     |         ^^^
[INFO] [stdout]     |
[INFO] [stdout]     = note: `Config` has a derived impl for the trait `Debug`, but this is intentionally ignored during dead code analysis
[INFO] [stdout] 
[INFO] [stdout] 
[INFO] [stdout] warning: field `i8` is never read
[INFO] [stdout]    --> src/raw.rs:720:9
[INFO] [stdout]     |
[INFO] [stdout] 719 |     struct Config {
[INFO] [stdout]     |            ------ field in this struct
[INFO] [stdout] 720 |         i8: i8,
[INFO] [stdout]     |         ^^
[INFO] [stdout]     |
[INFO] [stdout]     = note: `Config` has a derived impl for the trait `Debug`, but this is intentionally ignored during dead code analysis
[INFO] [stdout] 
[INFO] [stdout] 
[INFO] [stdout] warning: 3 warnings emitted
[INFO] [stdout] 
[INFO] [stdout] 
[INFO] [stderr]     Finished test [unoptimized + debuginfo] target(s) in 11.39s
[INFO] [stderr] warning: the following packages contain code that will be rejected by a future version of Rust: criterion v0.3.5
[INFO] [stderr] note: to see what the problems were, use the option `--future-incompat-report`, or run `cargo report future-incompatibilities --id 3`
[INFO] running `Command { std: "docker" "inspect" "f1859b78aac30ad987260406a642df0402cef05aab3fef2705d9eec97d0fc45a", kill_on_drop: false }`
[INFO] running `Command { std: "docker" "rm" "-f" "f1859b78aac30ad987260406a642df0402cef05aab3fef2705d9eec97d0fc45a", kill_on_drop: false }`
[INFO] [stdout] f1859b78aac30ad987260406a642df0402cef05aab3fef2705d9eec97d0fc45a
[INFO] running `Command { std: "docker" "create" "-v" "/var/lib/crater-agent-workspace/builds/worker-3-tc2/target:/opt/rustwide/target:rw,Z" "-v" "/var/lib/crater-agent-workspace/builds/worker-3-tc2/source:/opt/rustwide/workdir:ro,Z" "-v" "/var/lib/crater-agent-workspace/cargo-home:/opt/rustwide/cargo-home:ro,Z" "-v" "/var/lib/crater-agent-workspace/rustup-home:/opt/rustwide/rustup-home:ro,Z" "-e" "SOURCE_DIR=/opt/rustwide/workdir" "-e" "CARGO_TARGET_DIR=/opt/rustwide/target" "-e" "CARGO_INCREMENTAL=0" "-e" "RUST_BACKTRACE=full" "-e" "RUSTFLAGS=--cap-lints=warn" "-e" "RUSTDOCFLAGS=--cap-lints=warn" "-e" "CARGO_HOME=/opt/rustwide/cargo-home" "-e" "RUSTUP_HOME=/opt/rustwide/rustup-home" "-w" "/opt/rustwide/workdir" "-m" "1610612736" "--user" "0:0" "--network" "none" "ghcr.io/rust-lang/crates-build-env/linux@sha256:5ff2268d62e97bff2cde7d5815dd6ed5b47097566f13b8d0ca110b04b60e07ed" "/opt/rustwide/cargo-home/bin/cargo" "+beta-2023-04-20" "test" "--frozen", kill_on_drop: false }`
[INFO] [stdout] 0eece6d0de4dff60971589186e82cbe6def49f29822c98c72ea400790fdcab4f
[INFO] running `Command { std: "docker" "start" "-a" "0eece6d0de4dff60971589186e82cbe6def49f29822c98c72ea400790fdcab4f", kill_on_drop: false }`
[INFO] [stderr] warning: field `tp` is never read
[INFO] [stderr]   --> src/derive.rs:48:5
[INFO] [stderr]    |
[INFO] [stderr] 46 | pub(crate) struct KeyDesc {
[INFO] [stderr]    |                   ------- field in this struct
[INFO] [stderr] 47 |     key: String,
[INFO] [stderr] 48 |     tp: &'static str,
[INFO] [stderr]    |     ^^
[INFO] [stderr]    |
[INFO] [stderr]    = note: `KeyDesc` has a derived impl for the trait `Debug`, but this is intentionally ignored during dead code analysis
[INFO] [stderr]    = note: `#[warn(dead_code)]` on by default
[INFO] [stderr] 
[INFO] [stderr] warning: `salak` (lib) generated 1 warning
[INFO] [stderr] warning: field `map` is never read
[INFO] [stderr]    --> src/derive.rs:165:9
[INFO] [stderr]     |
[INFO] [stderr] 153 |     struct Config {
[INFO] [stderr]     |            ------ field in this struct
[INFO] [stderr] ...
[INFO] [stderr] 165 |         map: HashMap<String, u8>,
[INFO] [stderr]     |         ^^^
[INFO] [stderr]     |
[INFO] [stderr]     = note: `Config` has a derived impl for the trait `Debug`, but this is intentionally ignored during dead code analysis
[INFO] [stderr] 
[INFO] [stderr] warning: field `i8` is never read
[INFO] [stderr]    --> src/raw.rs:720:9
[INFO] [stderr]     |
[INFO] [stderr] 719 |     struct Config {
[INFO] [stderr]     |            ------ field in this struct
[INFO] [stderr] 720 |         i8: i8,
[INFO] [stderr]     |         ^^
[INFO] [stderr]     |
[INFO] [stderr]     = note: `Config` has a derived impl for the trait `Debug`, but this is intentionally ignored during dead code analysis
[INFO] [stderr] 
[INFO] [stderr] warning: `salak` (lib test) generated 3 warnings (1 duplicate)
[INFO] [stderr]     Finished test [unoptimized + debuginfo] target(s) in 0.07s
[INFO] [stderr] warning: the following packages contain code that will be rejected by a future version of Rust: criterion v0.3.5
[INFO] [stderr] note: to see what the problems were, use the option `--future-incompat-report`, or run `cargo report future-incompatibilities --id 3`
[INFO] [stderr]      Running unittests src/lib.rs (/opt/rustwide/target/debug/deps/salak-69c0142edf6cfb4f)
[INFO] [stdout] 
[INFO] [stdout] running 13 tests
[INFO] [stdout] test raw::tests::bool_tests ... ok
[INFO] [stdout] test derive::tests::enum_test ... ok
[INFO] [stdout] test raw::tests::config_test ... ok
[INFO] [stdout] test raw::tests::duration_test ... ok
[INFO] [stdout] test raw::tests::key_modification_test ... ok
[INFO] [stdout] test raw::tests::key_test ... ok
[INFO] [stdout] test derive::tests::config_test ... ok
[INFO] [stdout] test raw::tests::num_tests ... ok
[INFO] [stdout] test raw::tests::i64_convert_tests ... ok
[INFO] [stdout] test raw::tests::f64_convert_tests ... ok
[INFO] [stdout] test source_raw::tests::reload_test ... ok
[INFO] [stdout] test raw::tests::property_test ... ok
[INFO] [stderr]     Checking cfg-if v1.0.0
[INFO] [stderr]    Compiling libc v0.2.100
[INFO] [stderr]    Compiling autocfg v1.0.1
[INFO] [stderr]    Compiling memchr v2.4.1
[INFO] [stderr]     Checking lazy_static v1.4.0
[INFO] [stderr]    Compiling serde v1.0.127
[INFO] [stderr]    Compiling proc-macro2 v1.0.28
[INFO] [stderr]    Compiling semver v1.0.4
[INFO] [stderr]    Compiling unicode-xid v0.2.2
[INFO] [stderr]     Checking scopeguard v1.1.0
[INFO] [stderr]    Compiling crossbeam-utils v0.8.5
[INFO] [stderr]    Compiling syn v1.0.75
[INFO] [stderr]    Compiling ryu v1.0.5
[INFO] [stderr]    Compiling crossbeam-epoch v0.9.5
[INFO] [stderr]    Compiling log v0.4.14
[INFO] [stderr]    Compiling rayon-core v1.9.1
[INFO] [stderr]     Checking regex-syntax v0.6.25
[INFO] [stderr]     Checking unicode-width v0.1.8
[INFO] [stderr]     Checking ppv-lite86 v0.2.10
[INFO] [stderr]     Checking either v1.6.1
[INFO] [stderr]     Checking itoa v0.4.7
[INFO] [stderr]    Compiling serde_json v1.0.66
[INFO] [stderr]     Checking instant v0.1.10
[INFO] [stderr]    Compiling serde_derive v1.0.127
[INFO] [stderr]     Checking regex-automata v0.1.10
[INFO] [stderr]     Checking smallvec v1.6.1
[INFO] [stderr]     Checking plotters-backend v0.3.2
[INFO] [stderr]     Checking itertools v0.10.1
[INFO] [stderr]     Checking textwrap v0.11.0
[INFO] [stderr]     Checking lock_api v0.4.4
[INFO] [stderr]     Checking crossbeam-channel v0.5.1
[INFO] [stderr]    Compiling memoffset v0.6.4
[INFO] [stderr]    Compiling num-traits v0.2.14
[INFO] [stderr]    Compiling rayon v1.5.1
[INFO] [stderr]     Checking plotters-svg v0.3.1
[INFO] [stderr]     Checking half v1.7.1
[INFO] [stderr]     Checking bitflags v1.3.2
[INFO] [stderr]    Compiling rustc_version v0.4.0
[INFO] [stderr]     Checking aho-corasick v0.7.18
[INFO] [stderr]     Checking csv-core v0.1.10
[INFO] [stderr]     Checking same-file v1.0.6
[INFO] [stderr]     Checking clap v2.33.3
[INFO] [stderr]    Compiling quote v1.0.9
[INFO] [stderr]     Checking pad v0.1.6
[INFO] [stderr]     Checking humantime v2.1.0
[INFO] [stderr]     Checking oorandom v11.1.3
[INFO] [stderr]     Checking walkdir v2.3.2
[INFO] [stderr]     Checking termcolor v1.1.2
[INFO] [stderr]     Checking getrandom v0.2.3
[INFO] [stderr]     Checking num_cpus v1.13.0
[INFO] [stderr]     Checking atty v0.2.14
[INFO] [stderr]     Checking parking_lot_core v0.8.3
[INFO] [stderr]    Compiling cast v0.2.7
[INFO] [stderr]     Checking rand_core v0.6.3
[INFO] [stderr]     Checking crossbeam-deque v0.8.1
[INFO] [stderr]     Checking regex v1.5.4
[INFO] [stderr]     Checking parking_lot v0.11.1
[INFO] [stderr]     Checking rand_chacha v0.3.1
[INFO] [stderr]     Checking rand v0.8.4
[INFO] [stderr]     Checking criterion-plot v0.4.4
[INFO] [stderr]     Checking plotters v0.3.1
[INFO] [stderr]     Checking env_logger v0.8.4
[INFO] [stderr]     Checking env_logger v0.9.0
[INFO] [stderr]     Checking quickcheck v1.0.3
[INFO] [stderr]     Checking bstr v0.2.16
[INFO] [stderr]     Checking toml v0.5.8
[INFO] [stderr]     Checking serde_cbor v0.11.2
[INFO] [stderr]     Checking csv v1.1.6
[INFO] [stderr]     Checking tinytemplate v1.2.1
[INFO] [stderr]    Compiling salak_derive v0.8.0
[INFO] [stderr]    Compiling quickcheck_macros v1.0.0
[INFO] [stderr]     Checking salak v0.14.1 (/opt/rustwide/workdir)
[INFO] [stderr]     Checking criterion v0.3.5
[INFO] [stderr]     Checking salak-tests v0.0.0 (/opt/rustwide/target/tests/salak)
[INFO] [stderr]     Finished dev [unoptimized + debuginfo] target(s) in 11.45s
[INFO] [stderr] warning: the following packages contain code that will be rejected by a future version of Rust: criterion v0.3.5
[INFO] [stderr] note: to see what the problems were, use the option `--future-incompat-report`, or run `cargo report future-incompatibilities --id 1`
[INFO] [stderr] 
[INFO] [stderr] 
[INFO] [stderr] test tests/fail/enum_attr_1.rs ... ok
[INFO] [stderr] test tests/fail/enum_attr_2.rs ... ok
[INFO] [stderr] test tests/fail/enum_fail.rs ... ok
[INFO] [stderr] test tests/fail/struct_attr_1.rs ... ok
[INFO] [stderr] test tests/fail/struct_attr_2.rs ... ok
[INFO] [stderr] test tests/fail/struct_attr_3.rs ... ok
[INFO] [stderr] test tests/fail/struct_field_1.rs ... ok
[INFO] [stderr] test tests/fail/struct_field_2.rs ... mismatch
[INFO] [stderr] 
[INFO] [stderr] EXPECTED:
[INFO] [stderr] ┈┈┈┈┈┈┈┈┈┈┈┈┈┈┈┈┈┈┈┈┈┈┈┈┈┈┈┈┈┈┈┈┈┈┈┈┈┈┈┈┈┈┈┈┈┈┈┈┈┈┈┈┈┈┈┈┈┈┈┈
[INFO] [stderr] error[E0277]: the trait bound `RefCell<u8>: EnumProperty` is not satisfied
[INFO] [stderr]  --> $DIR/struct_field_2.rs:3:17
[INFO] [stderr]   |
[INFO] [stderr] 3 | #[derive(Debug, FromEnvironment)]
[INFO] [stderr]   |                 ^^^^^^^^^^^^^^^ the trait `EnumProperty` is not implemented for `RefCell<u8>`
[INFO] [stderr]   |
[INFO] [stderr]   = note: required because of the requirements on the impl of `IsProperty` for `RefCell<u8>`
[INFO] [stderr]   = note: required because of the requirements on the impl of `salak::FromEnvironment` for `RefCell<u8>`
[INFO] [stderr]   = note: this error originates in the derive macro `FromEnvironment` (in Nightly builds, run with -Z macro-backtrace for more info)
[INFO] [stderr] 
[INFO] [stderr] error[E0277]: the trait bound `RefCell<u8>: EnumProperty` is not satisfied
[INFO] [stderr]  --> $DIR/struct_field_2.rs:3:17
[INFO] [stderr]   |
[INFO] [stderr] 3 | #[derive(Debug, FromEnvironment)]
[INFO] [stderr]   |                 ^^^^^^^^^^^^^^^ the trait `EnumProperty` is not implemented for `RefCell<u8>`
[INFO] [stderr]   |
[INFO] [stderr]   = note: required because of the requirements on the impl of `IsProperty` for `RefCell<u8>`
[INFO] [stderr]   = note: required because of the requirements on the impl of `salak::DescFromEnvironment` for `RefCell<u8>`
[INFO] [stderr]   = note: this error originates in the derive macro `FromEnvironment` (in Nightly builds, run with -Z macro-backtrace for more info)
[INFO] [stderr] ┈┈┈┈┈┈┈┈┈┈┈┈┈┈┈┈┈┈┈┈┈┈┈┈┈┈┈┈┈┈┈┈┈┈┈┈┈┈┈┈┈┈┈┈┈┈┈┈┈┈┈┈┈┈┈┈┈┈┈┈
[INFO] [stderr] 
[INFO] [stderr] ACTUAL OUTPUT:
[INFO] [stderr] ┈┈┈┈┈┈┈┈┈┈┈┈┈┈┈┈┈┈┈┈┈┈┈┈┈┈┈┈┈┈┈┈┈┈┈┈┈┈┈┈┈┈┈┈┈┈┈┈┈┈┈┈┈┈┈┈┈┈┈┈
[INFO] [stderr] error[E0277]: the trait bound `RefCell<u8>: EnumProperty` is not satisfied
[INFO] [stderr]    --> $DIR/struct_field_2.rs:5:12
[INFO] [stderr]     |
[INFO] [stderr] 5   |     value: std::cell::RefCell<u8>,
[INFO] [stderr]     |            ^^^^^^^^^^^^^^^^^^^^^^ the trait `EnumProperty` is not implemented for `RefCell<u8>`
[INFO] [stderr]     |
[INFO] [stderr]     = help: the trait `EnumProperty` is implemented for `Shutdown`
[INFO] [stderr]     = note: required for `RefCell<u8>` to implement `IsProperty`
[INFO] [stderr]     = note: required for `RefCell<u8>` to implement `salak::FromEnvironment`
[INFO] [stderr] note: required by a bound in `salak::source_raw::<impl salak::SalakContext<'a>>::require_def`
[INFO] [stderr]    --> $DIR/source_raw.rs:267:27
[INFO] [stderr]     |
[INFO] [stderr] 267 |     pub fn require_def<T: FromEnvironment>(
[INFO] [stderr]     |                           ^^^^^^^^^^^^^^^ required by this bound in `salak::source_raw::<impl SalakContext<'a>>::require_def`
[INFO] [stderr] 
[INFO] [stderr] error[E0277]: the trait bound `RefCell<u8>: EnumProperty` is not satisfied
[INFO] [stderr]    --> $DIR/struct_field_2.rs:5:12
[INFO] [stderr]     |
[INFO] [stderr] 5   |     value: std::cell::RefCell<u8>,
[INFO] [stderr]     |            ^^^^^^^^^^^^^^^^^^^^^^ the trait `EnumProperty` is not implemented for `RefCell<u8>`
[INFO] [stderr]     |
[INFO] [stderr]     = help: the trait `EnumProperty` is implemented for `Shutdown`
[INFO] [stderr]     = note: required for `RefCell<u8>` to implement `IsProperty`
[INFO] [stderr]     = note: required for `RefCell<u8>` to implement `salak::DescFromEnvironment`
[INFO] [stderr] note: required by a bound in `salak::source_raw::<impl salak::SalakDescContext<'a>>::add_key_desc`
[INFO] [stderr]    --> $DIR/source_raw.rs:229:28
[INFO] [stderr]     |
[INFO] [stderr] 229 |     pub fn add_key_desc<T: DescFromEnvironment>(
[INFO] [stderr]     |                            ^^^^^^^^^^^^^^^^^^^ required by this bound in `salak::source_raw::<impl SalakDescContext<'a>>::add_key_desc`
[INFO] [stderr] ┈┈┈┈┈┈┈┈┈┈┈┈┈┈┈┈┈┈┈┈┈┈┈┈┈┈┈┈┈┈┈┈┈┈┈┈┈┈┈┈┈┈┈┈┈┈┈┈┈┈┈┈┈┈┈┈┈┈┈┈
[INFO] [stderr] note: If the actual output is the correct output you can bless it by rerunning
[INFO] [stderr]       your test with the environment variable TRYBUILD=overwrite
[INFO] [stderr] 
[INFO] [stderr] 
[INFO] [stderr] 
[INFO] [stdout] test derive::tests::derive_fail_test ... FAILED
[INFO] [stdout] 
[INFO] [stdout] failures:
[INFO] [stdout] 
[INFO] [stdout] ---- derive::tests::derive_fail_test stdout ----
[INFO] [stdout] thread 'derive::tests::derive_fail_test' panicked at '1 of 8 tests failed', /opt/rustwide/cargo-home/registry/src/index.crates.io-6f17d22bba15001f/trybuild-1.0.45/src/run.rs:73:13
[INFO] [stdout] stack backtrace:
[INFO] [stdout]    0:     0x562cabead4fa - std::backtrace_rs::backtrace::libunwind::trace::h2f05d0192276a8f6
[INFO] [stdout]                                at /rustc/1b7dd2252b99671ce5d1cb9664c5f8636329436d/library/std/src/../../backtrace/src/backtrace/libunwind.rs:93:5
[INFO] [stdout]    1:     0x562cabead4fa - std::backtrace_rs::backtrace::trace_unsynchronized::hedc23dff7a1af150
[INFO] [stdout]                                at /rustc/1b7dd2252b99671ce5d1cb9664c5f8636329436d/library/std/src/../../backtrace/src/backtrace/mod.rs:66:5
[INFO] [stdout]    2:     0x562cabead4fa - std::sys_common::backtrace::_print_fmt::h17541ef7592f3ce2
[INFO] [stdout]                                at /rustc/1b7dd2252b99671ce5d1cb9664c5f8636329436d/library/std/src/sys_common/backtrace.rs:65:5
[INFO] [stdout]    3:     0x562cabead4fa - <std::sys_common::backtrace::_print::DisplayBacktrace as core::fmt::Display>::fmt::h20f75df5ab0c0792
[INFO] [stdout]                                at /rustc/1b7dd2252b99671ce5d1cb9664c5f8636329436d/library/std/src/sys_common/backtrace.rs:44:22
[INFO] [stdout]    4:     0x562cabed5d3f - core::fmt::write::h78109e6f466b3af6
[INFO] [stdout]                                at /rustc/1b7dd2252b99671ce5d1cb9664c5f8636329436d/library/core/src/fmt/mod.rs:1254:17
[INFO] [stdout]    5:     0x562cabea9a85 - std::io::Write::write_fmt::hd24bfb68a1b35a25
[INFO] [stdout]                                at /rustc/1b7dd2252b99671ce5d1cb9664c5f8636329436d/library/std/src/io/mod.rs:1698:15
[INFO] [stdout]    6:     0x562cabead2c5 - std::sys_common::backtrace::_print::h8dac57a9f8fbf9a5
[INFO] [stdout]                                at /rustc/1b7dd2252b99671ce5d1cb9664c5f8636329436d/library/std/src/sys_common/backtrace.rs:47:5
[INFO] [stdout]    7:     0x562cabead2c5 - std::sys_common::backtrace::print::hf9ecbf41d1aa712f
[INFO] [stdout]                                at /rustc/1b7dd2252b99671ce5d1cb9664c5f8636329436d/library/std/src/sys_common/backtrace.rs:34:9
[INFO] [stdout]    8:     0x562cabeaef7e - std::panicking::default_hook::{{closure}}::h04c07acfc84ca028
[INFO] [stdout]                                at /rustc/1b7dd2252b99671ce5d1cb9664c5f8636329436d/library/std/src/panicking.rs:269:22
[INFO] [stdout]    9:     0x562cabeaecb1 - std::panicking::default_hook::h01f6bb23e1eceb2c
[INFO] [stdout]                                at /rustc/1b7dd2252b99671ce5d1cb9664c5f8636329436d/library/std/src/panicking.rs:285:9
[INFO] [stdout]   10:     0x562cabe0e34b - <alloc::boxed::Box<F,A> as core::ops::function::Fn<Args>>::call::h87fe9f7b2fd49e4c
[INFO] [stdout]                                at /rustc/1b7dd2252b99671ce5d1cb9664c5f8636329436d/library/alloc/src/boxed.rs:1987:9
[INFO] [stdout]   11:     0x562cabe0e34b - test::test_main::{{closure}}::he94d679243a7531b
[INFO] [stdout]                                at /rustc/1b7dd2252b99671ce5d1cb9664c5f8636329436d/library/test/src/lib.rs:134:21
[INFO] [stdout]   12:     0x562cabeaf664 - <alloc::boxed::Box<F,A> as core::ops::function::Fn<Args>>::call::h3f2d6d8b14c4769f
[INFO] [stdout]                                at /rustc/1b7dd2252b99671ce5d1cb9664c5f8636329436d/library/alloc/src/boxed.rs:1987:9
[INFO] [stdout]   13:     0x562cabeaf664 - std::panicking::rust_panic_with_hook::h2bb3722bbaf2f6df
[INFO] [stdout]                                at /rustc/1b7dd2252b99671ce5d1cb9664c5f8636329436d/library/std/src/panicking.rs:695:13
[INFO] [stdout]   14:     0x562cabeaf3d9 - std::panicking::begin_panic_handler::{{closure}}::h91bc7f36a4be011b
[INFO] [stdout]                                at /rustc/1b7dd2252b99671ce5d1cb9664c5f8636329436d/library/std/src/panicking.rs:582:13
[INFO] [stdout]   15:     0x562cabead966 - std::sys_common::backtrace::__rust_end_short_backtrace::h8b3d3717114f9e59
[INFO] [stdout]                                at /rustc/1b7dd2252b99671ce5d1cb9664c5f8636329436d/library/std/src/sys_common/backtrace.rs:150:18
[INFO] [stdout]   16:     0x562cabeaf132 - rust_begin_unwind
[INFO] [stdout]                                at /rustc/1b7dd2252b99671ce5d1cb9664c5f8636329436d/library/std/src/panicking.rs:578:5
[INFO] [stdout]   17:     0x562caba7b2c3 - core::panicking::panic_fmt::hfd368e3fbdabea26
[INFO] [stdout]                                at /rustc/1b7dd2252b99671ce5d1cb9664c5f8636329436d/library/core/src/panicking.rs:67:14
[INFO] [stdout]   18:     0x562cabcddfb3 - trybuild::run::<impl trybuild::Runner>::run::h83800343f656f8b3
[INFO] [stdout]                                at /opt/rustwide/cargo-home/registry/src/index.crates.io-6f17d22bba15001f/trybuild-1.0.45/src/run.rs:73:13
[INFO] [stdout]   19:     0x562cabce23ea - <trybuild::TestCases as core::ops::drop::Drop>::drop::h343de4a03d8e4c0e
[INFO] [stdout]                                at /opt/rustwide/cargo-home/registry/src/index.crates.io-6f17d22bba15001f/trybuild-1.0.45/src/lib.rs:304:13
[INFO] [stdout]   20:     0x562caba8e4a7 - core::ptr::drop_in_place<trybuild::TestCases>::hf717134bd1d7d770
[INFO] [stdout]                                at /rustc/1b7dd2252b99671ce5d1cb9664c5f8636329436d/library/core/src/ptr/mod.rs:490:1
[INFO] [stdout]   21:     0x562cabaa7c23 - salak::derive::tests::derive_fail_test::hb2f19f10da4b0c3a
[INFO] [stdout]                                at /opt/rustwide/workdir/src/derive.rs:205:5
[INFO] [stdout]   22:     0x562cabaa7bb7 - salak::derive::tests::derive_fail_test::{{closure}}::ha58a2a560746bb66
[INFO] [stdout]                                at /opt/rustwide/workdir/src/derive.rs:202:27
[INFO] [stdout]   23:     0x562caba8d1f5 - core::ops::function::FnOnce::call_once::hb61c06772be9b7a8
[INFO] [stdout]                                at /rustc/1b7dd2252b99671ce5d1cb9664c5f8636329436d/library/core/src/ops/function.rs:250:5
[INFO] [stdout]   24:     0x562cabe1321f - core::ops::function::FnOnce::call_once::ha6a70e79f7481a7e
[INFO] [stdout]                                at /rustc/1b7dd2252b99671ce5d1cb9664c5f8636329436d/library/core/src/ops/function.rs:250:5
[INFO] [stdout]   25:     0x562cabe1321f - test::__rust_begin_short_backtrace::hce33033019b61e69
[INFO] [stdout]                                at /rustc/1b7dd2252b99671ce5d1cb9664c5f8636329436d/library/test/src/lib.rs:655:18
[INFO] [stdout]   26:     0x562cabde0a0c - test::run_test::{{closure}}::h858d3528838ae3e5
[INFO] [stdout]                                at /rustc/1b7dd2252b99671ce5d1cb9664c5f8636329436d/library/test/src/lib.rs:646:30
[INFO] [stdout]   27:     0x562cabde0a0c - core::ops::function::FnOnce::call_once{{vtable.shim}}::he8ac2b00f01ae79e
[INFO] [stdout]                                at /rustc/1b7dd2252b99671ce5d1cb9664c5f8636329436d/library/core/src/ops/function.rs:250:5
[INFO] [stdout]   28:     0x562cabe122f6 - <alloc::boxed::Box<F,A> as core::ops::function::FnOnce<Args>>::call_once::h8093d25b522725ef
[INFO] [stdout]                                at /rustc/1b7dd2252b99671ce5d1cb9664c5f8636329436d/library/alloc/src/boxed.rs:1973:9
[INFO] [stdout]   29:     0x562cabe122f6 - <core::panic::unwind_safe::AssertUnwindSafe<F> as core::ops::function::FnOnce<()>>::call_once::h5c334c204e4a3913
[INFO] [stdout]                                at /rustc/1b7dd2252b99671ce5d1cb9664c5f8636329436d/library/core/src/panic/unwind_safe.rs:271:9
[INFO] [stdout]   30:     0x562cabe122f6 - std::panicking::try::do_call::ha8b740c7b9478074
[INFO] [stdout]                                at /rustc/1b7dd2252b99671ce5d1cb9664c5f8636329436d/library/std/src/panicking.rs:485:40
[INFO] [stdout]   31:     0x562cabe122f6 - std::panicking::try::h5d34f63d0e41b64e
[INFO] [stdout]                                at /rustc/1b7dd2252b99671ce5d1cb9664c5f8636329436d/library/std/src/panicking.rs:449:19
[INFO] [stdout]   32:     0x562cabe122f6 - std::panic::catch_unwind::hcfbb511e1aa7fc67
[INFO] [stdout]                                at /rustc/1b7dd2252b99671ce5d1cb9664c5f8636329436d/library/std/src/panic.rs:140:14
[INFO] [stdout]   33:     0x562cabe122f6 - test::run_test_in_process::h9abda90f802eaf21
[INFO] [stdout]                                at /rustc/1b7dd2252b99671ce5d1cb9664c5f8636329436d/library/test/src/lib.rs:678:27
[INFO] [stdout]   34:     0x562cabe122f6 - test::run_test::run_test_inner::{{closure}}::h0f058de91f6c6edf
[INFO] [stdout]                                at /rustc/1b7dd2252b99671ce5d1cb9664c5f8636329436d/library/test/src/lib.rs:572:39
[INFO] [stdout]   35:     0x562cabddb215 - test::run_test::run_test_inner::{{closure}}::h5ca48a4c59c6c1fb
[INFO] [stdout]                                at /rustc/1b7dd2252b99671ce5d1cb9664c5f8636329436d/library/test/src/lib.rs:599:37
[INFO] [stdout]   36:     0x562cabddb215 - std::sys_common::backtrace::__rust_begin_short_backtrace::h32bd51e1495d4a33
[INFO] [stdout]                                at /rustc/1b7dd2252b99671ce5d1cb9664c5f8636329436d/library/std/src/sys_common/backtrace.rs:134:18
[INFO] [stdout]   37:     0x562cabde0751 - std::thread::Builder::spawn_unchecked_::{{closure}}::{{closure}}::hc086fae9b128b2db
[INFO] [stdout]                                at /rustc/1b7dd2252b99671ce5d1cb9664c5f8636329436d/library/std/src/thread/mod.rs:526:17
[INFO] [stdout]   38:     0x562cabde0751 - <core::panic::unwind_safe::AssertUnwindSafe<F> as core::ops::function::FnOnce<()>>::call_once::hb66571888d270d43
[INFO] [stdout]                                at /rustc/1b7dd2252b99671ce5d1cb9664c5f8636329436d/library/core/src/panic/unwind_safe.rs:271:9
[INFO] [stdout]   39:     0x562cabde0751 - std::panicking::try::do_call::h4fa2ef4f6e51fecf
[INFO] [stdout]                                at /rustc/1b7dd2252b99671ce5d1cb9664c5f8636329436d/library/std/src/panicking.rs:485:40
[INFO] [stdout]   40:     0x562cabde0751 - std::panicking::try::h1e9e22b8584489b5
[INFO] [stdout]                                at /rustc/1b7dd2252b99671ce5d1cb9664c5f8636329436d/library/std/src/panicking.rs:449:19
[INFO] [stdout]   41:     0x562cabde0751 - std::panic::catch_unwind::h44698a3de0e0769e
[INFO] [stdout]                                at /rustc/1b7dd2252b99671ce5d1cb9664c5f8636329436d/library/std/src/panic.rs:140:14
[INFO] [stdout]   42:     0x562cabde0751 - std::thread::Builder::spawn_unchecked_::{{closure}}::h50153abde3fe239e
[INFO] [stdout]                                at /rustc/1b7dd2252b99671ce5d1cb9664c5f8636329436d/library/std/src/thread/mod.rs:525:30
[INFO] [stdout]   43:     0x562cabde0751 - core::ops::function::FnOnce::call_once{{vtable.shim}}::hbe5bbf6f38394364
[INFO] [stdout]                                at /rustc/1b7dd2252b99671ce5d1cb9664c5f8636329436d/library/core/src/ops/function.rs:250:5
[INFO] [stdout]   44:     0x562cabeb4ab5 - <alloc::boxed::Box<F,A> as core::ops::function::FnOnce<Args>>::call_once::h0d83cb2920a49046
[INFO] [stdout]                                at /rustc/1b7dd2252b99671ce5d1cb9664c5f8636329436d/library/alloc/src/boxed.rs:1973:9
[INFO] [stdout]   45:     0x562cabeb4ab5 - <alloc::boxed::Box<F,A> as core::ops::function::FnOnce<Args>>::call_once::hbe0a008aa7d9ef59
[INFO] [stdout]                                at /rustc/1b7dd2252b99671ce5d1cb9664c5f8636329436d/library/alloc/src/boxed.rs:1973:9
[INFO] [stdout]   46:     0x562cabeb4ab5 - std::sys::unix::thread::Thread::new::thread_start::h3a466996bdf6b1f9
[INFO] [stdout]                                at /rustc/1b7dd2252b99671ce5d1cb9664c5f8636329436d/library/std/src/sys/unix/thread.rs:108:17
[INFO] [stdout]   47:     0x7f0db21e0b43 - <unknown>
[INFO] [stdout]   48:     0x7f0db2271bb4 - __clone
[INFO] [stdout]   49:                0x0 - <unknown>
[INFO] [stdout] 
[INFO] [stdout] 
[INFO] [stdout] failures:
[INFO] [stdout]     derive::tests::derive_fail_test
[INFO] [stdout] 
[INFO] [stdout] test result: FAILED. 12 passed; 1 failed; 0 ignored; 0 measured; 0 filtered out; finished in 13.21s
[INFO] [stdout] 
[INFO] [stderr] error: test failed, to rerun pass `--lib`
[INFO] running `Command { std: "docker" "inspect" "0eece6d0de4dff60971589186e82cbe6def49f29822c98c72ea400790fdcab4f", kill_on_drop: false }`
[INFO] running `Command { std: "docker" "rm" "-f" "0eece6d0de4dff60971589186e82cbe6def49f29822c98c72ea400790fdcab4f", kill_on_drop: false }`
[INFO] [stdout] 0eece6d0de4dff60971589186e82cbe6def49f29822c98c72ea400790fdcab4f
