[INFO] fetching crate safex11 0.0.5...
[INFO] testing safex11-0.0.5 against 1.69.0 for beta-1.70-1
[INFO] extracting crate safex11 0.0.5 into /workspace/builds/worker-2-tc1/source
[INFO] validating manifest of crates.io crate safex11 0.0.5 on toolchain 1.69.0
[INFO] running `Command { std: CARGO_HOME="/workspace/cargo-home" RUSTUP_HOME="/workspace/rustup-home" "/workspace/cargo-home/bin/cargo" "+1.69.0" "metadata" "--manifest-path" "Cargo.toml" "--no-deps", kill_on_drop: false }`
[INFO] started tweaking crates.io crate safex11 0.0.5
[INFO] finished tweaking crates.io crate safex11 0.0.5
[INFO] tweaked toml for crates.io crate safex11 0.0.5 written to /workspace/builds/worker-2-tc1/source/Cargo.toml
[INFO] running `Command { std: CARGO_HOME="/workspace/cargo-home" RUSTUP_HOME="/workspace/rustup-home" __CARGO_TEST_CHANNEL_OVERRIDE_DO_NOT_USE_THIS="nightly" "/workspace/cargo-home/bin/cargo" "+1.69.0" "generate-lockfile" "--manifest-path" "Cargo.toml" "-Zno-index-update", kill_on_drop: false }`
[INFO] running `Command { std: CARGO_HOME="/workspace/cargo-home" RUSTUP_HOME="/workspace/rustup-home" "/workspace/cargo-home/bin/cargo" "+1.69.0" "fetch" "--manifest-path" "Cargo.toml", kill_on_drop: false }`
[INFO] running `Command { std: "docker" "create" "-v" "/var/lib/crater-agent-workspace/builds/worker-2-tc1/target:/opt/rustwide/target:rw,Z" "-v" "/var/lib/crater-agent-workspace/builds/worker-2-tc1/source:/opt/rustwide/workdir:ro,Z" "-v" "/var/lib/crater-agent-workspace/cargo-home:/opt/rustwide/cargo-home:ro,Z" "-v" "/var/lib/crater-agent-workspace/rustup-home:/opt/rustwide/rustup-home:ro,Z" "-e" "SOURCE_DIR=/opt/rustwide/workdir" "-e" "CARGO_TARGET_DIR=/opt/rustwide/target" "-e" "CARGO_HOME=/opt/rustwide/cargo-home" "-e" "RUSTUP_HOME=/opt/rustwide/rustup-home" "-w" "/opt/rustwide/workdir" "-m" "1610612736" "--user" "0:0" "--network" "none" "ghcr.io/rust-lang/crates-build-env/linux@sha256:5ff2268d62e97bff2cde7d5815dd6ed5b47097566f13b8d0ca110b04b60e07ed" "/opt/rustwide/cargo-home/bin/cargo" "+1.69.0" "metadata" "--no-deps" "--format-version=1", kill_on_drop: false }`
[INFO] [stdout] a831b5f5fcff6744f016cf0378fa831a97ae1a4dc1dfcfcf005bb580f163b9be
[INFO] running `Command { std: "docker" "start" "-a" "a831b5f5fcff6744f016cf0378fa831a97ae1a4dc1dfcfcf005bb580f163b9be", kill_on_drop: false }`
[INFO] running `Command { std: "docker" "inspect" "a831b5f5fcff6744f016cf0378fa831a97ae1a4dc1dfcfcf005bb580f163b9be", kill_on_drop: false }`
[INFO] running `Command { std: "docker" "rm" "-f" "a831b5f5fcff6744f016cf0378fa831a97ae1a4dc1dfcfcf005bb580f163b9be", kill_on_drop: false }`
[INFO] [stdout] a831b5f5fcff6744f016cf0378fa831a97ae1a4dc1dfcfcf005bb580f163b9be
[INFO] running `Command { std: "docker" "create" "-v" "/var/lib/crater-agent-workspace/builds/worker-2-tc1/target:/opt/rustwide/target:rw,Z" "-v" "/var/lib/crater-agent-workspace/builds/worker-2-tc1/source:/opt/rustwide/workdir:ro,Z" "-v" "/var/lib/crater-agent-workspace/cargo-home:/opt/rustwide/cargo-home:ro,Z" "-v" "/var/lib/crater-agent-workspace/rustup-home:/opt/rustwide/rustup-home:ro,Z" "-e" "SOURCE_DIR=/opt/rustwide/workdir" "-e" "CARGO_TARGET_DIR=/opt/rustwide/target" "-e" "CARGO_INCREMENTAL=0" "-e" "RUST_BACKTRACE=full" "-e" "RUSTFLAGS=--cap-lints=warn" "-e" "RUSTDOCFLAGS=--cap-lints=warn" "-e" "CARGO_HOME=/opt/rustwide/cargo-home" "-e" "RUSTUP_HOME=/opt/rustwide/rustup-home" "-w" "/opt/rustwide/workdir" "-m" "1610612736" "--user" "0:0" "--network" "none" "ghcr.io/rust-lang/crates-build-env/linux@sha256:5ff2268d62e97bff2cde7d5815dd6ed5b47097566f13b8d0ca110b04b60e07ed" "/opt/rustwide/cargo-home/bin/cargo" "+1.69.0" "build" "--frozen" "--message-format=json", kill_on_drop: false }`
[INFO] [stdout] 7740cbe6dd5c79830c84ee29139f211e997690c9675586aa040b9304748fdb25
[INFO] running `Command { std: "docker" "start" "-a" "7740cbe6dd5c79830c84ee29139f211e997690c9675586aa040b9304748fdb25", kill_on_drop: false }`
[INFO] [stderr]    Compiling thiserror v1.0.40
[INFO] [stderr]    Compiling safex11 v0.0.5 (/opt/rustwide/workdir)
[INFO] [stderr]    Compiling x11 v2.21.0
[INFO] [stderr]    Compiling log v0.4.17
[INFO] [stderr]    Compiling syn v2.0.15
[INFO] [stdout] warning: unused import: `std::env`
[INFO] [stdout]  --> build.rs:1:5
[INFO] [stdout]   |
[INFO] [stdout] 1 | use std::env;
[INFO] [stdout]   |     ^^^^^^^^
[INFO] [stdout]   |
[INFO] [stdout]   = note: `#[warn(unused_imports)]` on by default
[INFO] [stdout] 
[INFO] [stdout] 
[INFO] [stdout] warning: unused import: `std::fs::File`
[INFO] [stdout]  --> build.rs:2:5
[INFO] [stdout]   |
[INFO] [stdout] 2 | use std::fs::File;
[INFO] [stdout]   |     ^^^^^^^^^^^^^
[INFO] [stdout] 
[INFO] [stdout] 
[INFO] [stdout] warning: unused import: `std::path::Path`
[INFO] [stdout]  --> build.rs:3:5
[INFO] [stdout]   |
[INFO] [stdout] 3 | use std::path::Path;
[INFO] [stdout]   |     ^^^^^^^^^^^^^^^
[INFO] [stdout] 
[INFO] [stdout] 
[INFO] [stdout] warning: 3 warnings emitted
[INFO] [stdout] 
[INFO] [stdout] 
[INFO] [stderr]    Compiling thiserror-impl v1.0.40
[INFO] [stdout] warning: field `display` is never read
[INFO] [stdout]  --> src/xlib/colormap.rs:7:16
[INFO] [stdout]   |
[INFO] [stdout] 6 | pub struct ColorMap<'a> {
[INFO] [stdout]   |            -------- field in this struct
[INFO] [stdout] 7 |     pub(crate) display: &'a Display,
[INFO] [stdout]   |                ^^^^^^^
[INFO] [stdout]   |
[INFO] [stdout]   = note: `ColorMap` has a derived impl for the trait `Debug`, but this is intentionally ignored during dead code analysis
[INFO] [stdout]   = note: `#[warn(dead_code)]` on by default
[INFO] [stdout] 
[INFO] [stdout] 
[INFO] [stdout] warning: field `inner` is never read
[INFO] [stdout]  --> src/xlib/event.rs:8:5
[INFO] [stdout]   |
[INFO] [stdout] 7 | pub struct Event {
[INFO] [stdout]   |            ----- field in this struct
[INFO] [stdout] 8 |     inner: xlib::XEvent,
[INFO] [stdout]   |     ^^^^^
[INFO] [stdout]   |
[INFO] [stdout]   = note: `Event` has a derived impl for the trait `Debug`, but this is intentionally ignored during dead code analysis
[INFO] [stdout] 
[INFO] [stdout] 
[INFO] [stdout] warning: 2 warnings emitted
[INFO] [stdout] 
[INFO] [stdout] 
[INFO] [stderr]     Finished dev [unoptimized + debuginfo] target(s) in 6.11s
[INFO] running `Command { std: "docker" "inspect" "7740cbe6dd5c79830c84ee29139f211e997690c9675586aa040b9304748fdb25", kill_on_drop: false }`
[INFO] running `Command { std: "docker" "rm" "-f" "7740cbe6dd5c79830c84ee29139f211e997690c9675586aa040b9304748fdb25", kill_on_drop: false }`
[INFO] [stdout] 7740cbe6dd5c79830c84ee29139f211e997690c9675586aa040b9304748fdb25
[INFO] running `Command { std: "docker" "create" "-v" "/var/lib/crater-agent-workspace/builds/worker-2-tc1/target:/opt/rustwide/target:rw,Z" "-v" "/var/lib/crater-agent-workspace/builds/worker-2-tc1/source:/opt/rustwide/workdir:ro,Z" "-v" "/var/lib/crater-agent-workspace/cargo-home:/opt/rustwide/cargo-home:ro,Z" "-v" "/var/lib/crater-agent-workspace/rustup-home:/opt/rustwide/rustup-home:ro,Z" "-e" "SOURCE_DIR=/opt/rustwide/workdir" "-e" "CARGO_TARGET_DIR=/opt/rustwide/target" "-e" "CARGO_INCREMENTAL=0" "-e" "RUST_BACKTRACE=full" "-e" "RUSTFLAGS=--cap-lints=warn" "-e" "RUSTDOCFLAGS=--cap-lints=warn" "-e" "CARGO_HOME=/opt/rustwide/cargo-home" "-e" "RUSTUP_HOME=/opt/rustwide/rustup-home" "-w" "/opt/rustwide/workdir" "-m" "1610612736" "--user" "0:0" "--network" "none" "ghcr.io/rust-lang/crates-build-env/linux@sha256:5ff2268d62e97bff2cde7d5815dd6ed5b47097566f13b8d0ca110b04b60e07ed" "/opt/rustwide/cargo-home/bin/cargo" "+1.69.0" "test" "--frozen" "--no-run" "--message-format=json", kill_on_drop: false }`
[INFO] [stdout] eb067a7797276b4f884c169a2f59944b432afccad9ee39a92d81ee82a8f07cc2
[INFO] running `Command { std: "docker" "start" "-a" "eb067a7797276b4f884c169a2f59944b432afccad9ee39a92d81ee82a8f07cc2", kill_on_drop: false }`
[INFO] [stdout] warning: unused import: `std::env`
[INFO] [stdout]  --> build.rs:1:5
[INFO] [stdout]   |
[INFO] [stdout] 1 | use std::env;
[INFO] [stdout]   |     ^^^^^^^^
[INFO] [stdout]   |
[INFO] [stdout]   = note: `#[warn(unused_imports)]` on by default
[INFO] [stdout] 
[INFO] [stdout] 
[INFO] [stdout] warning: unused import: `std::fs::File`
[INFO] [stdout]  --> build.rs:2:5
[INFO] [stdout]   |
[INFO] [stdout] 2 | use std::fs::File;
[INFO] [stdout]   |     ^^^^^^^^^^^^^
[INFO] [stdout] 
[INFO] [stdout] 
[INFO] [stdout] warning: unused import: `std::path::Path`
[INFO] [stdout]  --> build.rs:3:5
[INFO] [stdout]   |
[INFO] [stdout] 3 | use std::path::Path;
[INFO] [stdout]   |     ^^^^^^^^^^^^^^^
[INFO] [stdout] 
[INFO] [stdout] 
[INFO] [stdout] warning: 3 warnings emitted
[INFO] [stdout] 
[INFO] [stdout] 
[INFO] [stdout] warning: field `display` is never read
[INFO] [stdout]  --> src/xlib/colormap.rs:7:16
[INFO] [stdout]   |
[INFO] [stdout] 6 | pub struct ColorMap<'a> {
[INFO] [stdout]   |            -------- field in this struct
[INFO] [stdout] 7 |     pub(crate) display: &'a Display,
[INFO] [stdout]   |                ^^^^^^^
[INFO] [stdout]   |
[INFO] [stdout]   = note: `ColorMap` has a derived impl for the trait `Debug`, but this is intentionally ignored during dead code analysis
[INFO] [stdout]   = note: `#[warn(dead_code)]` on by default
[INFO] [stdout] 
[INFO] [stdout] 
[INFO] [stdout] warning: field `inner` is never read
[INFO] [stdout]  --> src/xlib/event.rs:8:5
[INFO] [stdout]   |
[INFO] [stdout] 7 | pub struct Event {
[INFO] [stdout]   |            ----- field in this struct
[INFO] [stdout] 8 |     inner: xlib::XEvent,
[INFO] [stdout]   |     ^^^^^
[INFO] [stdout]   |
[INFO] [stdout]   = note: `Event` has a derived impl for the trait `Debug`, but this is intentionally ignored during dead code analysis
[INFO] [stdout] 
[INFO] [stdout] 
[INFO] [stdout] warning: 2 warnings emitted
[INFO] [stdout] 
[INFO] [stdout] 
[INFO] [stderr]    Compiling safex11 v0.0.5 (/opt/rustwide/workdir)
[INFO] [stdout] warning: field `display` is never read
[INFO] [stdout]  --> src/xlib/colormap.rs:7:16
[INFO] [stdout]   |
[INFO] [stdout] 6 | pub struct ColorMap<'a> {
[INFO] [stdout]   |            -------- field in this struct
[INFO] [stdout] 7 |     pub(crate) display: &'a Display,
[INFO] [stdout]   |                ^^^^^^^
[INFO] [stdout]   |
[INFO] [stdout]   = note: `ColorMap` has a derived impl for the trait `Debug`, but this is intentionally ignored during dead code analysis
[INFO] [stdout]   = note: `#[warn(dead_code)]` on by default
[INFO] [stdout] 
[INFO] [stdout] 
[INFO] [stdout] warning: field `inner` is never read
[INFO] [stdout]  --> src/xlib/event.rs:8:5
[INFO] [stdout]   |
[INFO] [stdout] 7 | pub struct Event {
[INFO] [stdout]   |            ----- field in this struct
[INFO] [stdout] 8 |     inner: xlib::XEvent,
[INFO] [stdout]   |     ^^^^^
[INFO] [stdout]   |
[INFO] [stdout]   = note: `Event` has a derived impl for the trait `Debug`, but this is intentionally ignored during dead code analysis
[INFO] [stdout] 
[INFO] [stdout] 
[INFO] [stdout] warning: 2 warnings emitted
[INFO] [stdout] 
[INFO] [stdout] 
[INFO] [stderr]     Finished test [unoptimized + debuginfo] target(s) in 0.84s
[INFO] running `Command { std: "docker" "inspect" "eb067a7797276b4f884c169a2f59944b432afccad9ee39a92d81ee82a8f07cc2", kill_on_drop: false }`
[INFO] running `Command { std: "docker" "rm" "-f" "eb067a7797276b4f884c169a2f59944b432afccad9ee39a92d81ee82a8f07cc2", kill_on_drop: false }`
[INFO] [stdout] eb067a7797276b4f884c169a2f59944b432afccad9ee39a92d81ee82a8f07cc2
[INFO] running `Command { std: "docker" "create" "-v" "/var/lib/crater-agent-workspace/builds/worker-2-tc1/target:/opt/rustwide/target:rw,Z" "-v" "/var/lib/crater-agent-workspace/builds/worker-2-tc1/source:/opt/rustwide/workdir:ro,Z" "-v" "/var/lib/crater-agent-workspace/cargo-home:/opt/rustwide/cargo-home:ro,Z" "-v" "/var/lib/crater-agent-workspace/rustup-home:/opt/rustwide/rustup-home:ro,Z" "-e" "SOURCE_DIR=/opt/rustwide/workdir" "-e" "CARGO_TARGET_DIR=/opt/rustwide/target" "-e" "CARGO_INCREMENTAL=0" "-e" "RUST_BACKTRACE=full" "-e" "RUSTFLAGS=--cap-lints=warn" "-e" "RUSTDOCFLAGS=--cap-lints=warn" "-e" "CARGO_HOME=/opt/rustwide/cargo-home" "-e" "RUSTUP_HOME=/opt/rustwide/rustup-home" "-w" "/opt/rustwide/workdir" "-m" "1610612736" "--user" "0:0" "--network" "none" "ghcr.io/rust-lang/crates-build-env/linux@sha256:5ff2268d62e97bff2cde7d5815dd6ed5b47097566f13b8d0ca110b04b60e07ed" "/opt/rustwide/cargo-home/bin/cargo" "+1.69.0" "test" "--frozen", kill_on_drop: false }`
[INFO] [stdout] e68e1850d9cb5562ded6f7f26a13871df5200c95344d13639f3edf584d337dc9
[INFO] running `Command { std: "docker" "start" "-a" "e68e1850d9cb5562ded6f7f26a13871df5200c95344d13639f3edf584d337dc9", kill_on_drop: false }`
[INFO] [stderr] warning: unused import: `std::env`
[INFO] [stderr]  --> build.rs:1:5
[INFO] [stderr]   |
[INFO] [stderr] 1 | use std::env;
[INFO] [stderr]   |     ^^^^^^^^
[INFO] [stderr]   |
[INFO] [stderr]   = note: `#[warn(unused_imports)]` on by default
[INFO] [stderr] 
[INFO] [stderr] warning: unused import: `std::fs::File`
[INFO] [stderr]  --> build.rs:2:5
[INFO] [stderr]   |
[INFO] [stderr] 2 | use std::fs::File;
[INFO] [stderr]   |     ^^^^^^^^^^^^^
[INFO] [stderr] 
[INFO] [stderr] warning: unused import: `std::path::Path`
[INFO] [stderr]  --> build.rs:3:5
[INFO] [stderr]   |
[INFO] [stderr] 3 | use std::path::Path;
[INFO] [stderr]   |     ^^^^^^^^^^^^^^^
[INFO] [stderr] 
[INFO] [stderr] warning: `safex11` (build script) generated 3 warnings
[INFO] [stderr] warning: field `display` is never read
[INFO] [stderr]  --> src/xlib/colormap.rs:7:16
[INFO] [stderr]   |
[INFO] [stderr] 6 | pub struct ColorMap<'a> {
[INFO] [stderr]   |            -------- field in this struct
[INFO] [stderr] 7 |     pub(crate) display: &'a Display,
[INFO] [stderr]   |                ^^^^^^^
[INFO] [stderr]   |
[INFO] [stderr]   = note: `ColorMap` has a derived impl for the trait `Debug`, but this is intentionally ignored during dead code analysis
[INFO] [stderr]   = note: `#[warn(dead_code)]` on by default
[INFO] [stderr] 
[INFO] [stderr] warning: field `inner` is never read
[INFO] [stderr]  --> src/xlib/event.rs:8:5
[INFO] [stderr]   |
[INFO] [stderr] 7 | pub struct Event {
[INFO] [stderr]   |            ----- field in this struct
[INFO] [stderr] 8 |     inner: xlib::XEvent,
[INFO] [stderr]   |     ^^^^^
[INFO] [stderr]   |
[INFO] [stderr]   = note: `Event` has a derived impl for the trait `Debug`, but this is intentionally ignored during dead code analysis
[INFO] [stderr] 
[INFO] [stderr] warning: `safex11` (lib) generated 2 warnings
[INFO] [stderr] warning: `safex11` (lib test) generated 2 warnings (2 duplicates)
[INFO] [stderr]     Finished test [unoptimized + debuginfo] target(s) in 0.03s
[INFO] [stderr]      Running unittests src/lib.rs (/opt/rustwide/target/debug/deps/safex11-5f75343caebb4730)
[INFO] [stdout] 
[INFO] [stderr]    Doc-tests safex11
[INFO] [stdout] running 0 tests
[INFO] [stdout] 
[INFO] [stdout] test result: ok. 0 passed; 0 failed; 0 ignored; 0 measured; 0 filtered out; finished in 0.00s
[INFO] [stdout] 
[INFO] [stdout] 
[INFO] [stdout] running 1 test
[INFO] [stdout] test src/xlib/display.rs - xlib::display::Display::connect (line 36) ... FAILED
[INFO] [stdout] 
[INFO] [stdout] failures:
[INFO] [stdout] 
[INFO] [stdout] ---- src/xlib/display.rs - xlib::display::Display::connect (line 36) stdout ----
[INFO] [stdout] error: type ascription cannot be followed by a field access
[INFO] [stdout]  --> src/xlib/display.rs:37:1
[INFO] [stdout]   |
[INFO] [stdout] 3 | hostname:number.screen_number
[INFO] [stdout]   | ^^^^^^^^-------
[INFO] [stdout]   |         |
[INFO] [stdout]   |         help: remove the type ascription
[INFO] [stdout] 
[INFO] [stdout] error[E0425]: cannot find value `hostname` in this scope
[INFO] [stdout]  --> src/xlib/display.rs:37:1
[INFO] [stdout]   |
[INFO] [stdout] 3 | hostname:number.screen_number
[INFO] [stdout]   | ^^^^^^^^- help: maybe you meant to write a path separator here: `::`
[INFO] [stdout]   | |
[INFO] [stdout]   | not found in this scope
[INFO] [stdout] 
[INFO] [stdout] error: aborting due to 2 previous errors
[INFO] [stdout] 
[INFO] [stdout] For more information about this error, try `rustc --explain E0425`.
[INFO] [stdout] Couldn't compile the test.
[INFO] [stdout] 
[INFO] [stdout] failures:
[INFO] [stdout]     src/xlib/display.rs - xlib::display::Display::connect (line 36)
[INFO] [stdout] 
[INFO] [stdout] test result: FAILED. 0 passed; 1 failed; 0 ignored; 0 measured; 0 filtered out; finished in 0.09s
[INFO] [stdout] 
[INFO] [stderr] error: doctest failed, to rerun pass `--doc`
[INFO] running `Command { std: "docker" "inspect" "e68e1850d9cb5562ded6f7f26a13871df5200c95344d13639f3edf584d337dc9", kill_on_drop: false }`
[INFO] running `Command { std: "docker" "rm" "-f" "e68e1850d9cb5562ded6f7f26a13871df5200c95344d13639f3edf584d337dc9", kill_on_drop: false }`
[INFO] [stdout] e68e1850d9cb5562ded6f7f26a13871df5200c95344d13639f3edf584d337dc9
