[INFO] fetching crate s3reader 1.0.0...
[INFO] testing s3reader-1.0.0 against beta-2023-04-20 for beta-1.70-1
[INFO] extracting crate s3reader 1.0.0 into /workspace/builds/worker-4-tc2/source
[INFO] validating manifest of crates.io crate s3reader 1.0.0 on toolchain beta-2023-04-20
[INFO] running `Command { std: CARGO_HOME="/workspace/cargo-home" RUSTUP_HOME="/workspace/rustup-home" "/workspace/cargo-home/bin/cargo" "+beta-2023-04-20" "metadata" "--manifest-path" "Cargo.toml" "--no-deps", kill_on_drop: false }`
[INFO] started tweaking crates.io crate s3reader 1.0.0
[INFO] finished tweaking crates.io crate s3reader 1.0.0
[INFO] tweaked toml for crates.io crate s3reader 1.0.0 written to /workspace/builds/worker-4-tc2/source/Cargo.toml
[INFO] running `Command { std: CARGO_HOME="/workspace/cargo-home" RUSTUP_HOME="/workspace/rustup-home" __CARGO_TEST_CHANNEL_OVERRIDE_DO_NOT_USE_THIS="nightly" "/workspace/cargo-home/bin/cargo" "+beta-2023-04-20" "generate-lockfile" "--manifest-path" "Cargo.toml" "-Zno-index-update", kill_on_drop: false }`
[INFO] running `Command { std: CARGO_HOME="/workspace/cargo-home" RUSTUP_HOME="/workspace/rustup-home" "/workspace/cargo-home/bin/cargo" "+beta-2023-04-20" "fetch" "--manifest-path" "Cargo.toml", kill_on_drop: false }`
[INFO] [stderr]  Downloading crates ...
[INFO] [stderr]   Downloaded aws-smithy-json v0.49.0
[INFO] [stderr]   Downloaded aws-http v0.49.0
[INFO] [stderr]   Downloaded aws-sig-auth v0.49.0
[INFO] [stderr]   Downloaded aws-smithy-types v0.49.0
[INFO] [stderr]   Downloaded aws-endpoint v0.49.0
[INFO] [stderr]   Downloaded aws-smithy-http v0.49.0
[INFO] [stderr]   Downloaded aws-types v0.49.0
[INFO] [stderr]   Downloaded aws-config v0.49.0
[INFO] [stderr]   Downloaded aws-smithy-checksums v0.49.0
[INFO] [stderr]   Downloaded aws-sigv4 v0.49.1
[INFO] [stderr]   Downloaded aws-sdk-sso v0.19.0
[INFO] [stderr]   Downloaded aws-smithy-query v0.49.0
[INFO] [stderr]   Downloaded aws-smithy-async v0.49.0
[INFO] [stderr]   Downloaded aws-sdk-sts v0.19.0
[INFO] [stderr]   Downloaded aws-sdk-s3 v0.19.0
[INFO] [stderr]   Downloaded ct-logs v0.8.0
[INFO] [stderr]   Downloaded aws-smithy-xml v0.49.0
[INFO] [stderr]   Downloaded aws-smithy-http-tower v0.49.0
[INFO] [stderr]   Downloaded aws-smithy-client v0.49.0
[INFO] [stderr]   Downloaded aws-smithy-eventstream v0.49.0
[INFO] running `Command { std: "docker" "create" "-v" "/var/lib/crater-agent-workspace/builds/worker-4-tc2/target:/opt/rustwide/target:rw,Z" "-v" "/var/lib/crater-agent-workspace/builds/worker-4-tc2/source:/opt/rustwide/workdir:ro,Z" "-v" "/var/lib/crater-agent-workspace/cargo-home:/opt/rustwide/cargo-home:ro,Z" "-v" "/var/lib/crater-agent-workspace/rustup-home:/opt/rustwide/rustup-home:ro,Z" "-e" "SOURCE_DIR=/opt/rustwide/workdir" "-e" "CARGO_TARGET_DIR=/opt/rustwide/target" "-e" "CARGO_HOME=/opt/rustwide/cargo-home" "-e" "RUSTUP_HOME=/opt/rustwide/rustup-home" "-w" "/opt/rustwide/workdir" "-m" "1610612736" "--user" "0:0" "--network" "none" "ghcr.io/rust-lang/crates-build-env/linux@sha256:5ff2268d62e97bff2cde7d5815dd6ed5b47097566f13b8d0ca110b04b60e07ed" "/opt/rustwide/cargo-home/bin/cargo" "+beta-2023-04-20" "metadata" "--no-deps" "--format-version=1", kill_on_drop: false }`
[INFO] [stdout] 0f135a69968ba1f78789ceac409a655a0d4c0a2cf1575f9a48af21ba56370c59
[INFO] running `Command { std: "docker" "start" "-a" "0f135a69968ba1f78789ceac409a655a0d4c0a2cf1575f9a48af21ba56370c59", kill_on_drop: false }`
[INFO] running `Command { std: "docker" "inspect" "0f135a69968ba1f78789ceac409a655a0d4c0a2cf1575f9a48af21ba56370c59", kill_on_drop: false }`
[INFO] running `Command { std: "docker" "rm" "-f" "0f135a69968ba1f78789ceac409a655a0d4c0a2cf1575f9a48af21ba56370c59", kill_on_drop: false }`
[INFO] [stdout] 0f135a69968ba1f78789ceac409a655a0d4c0a2cf1575f9a48af21ba56370c59
[INFO] running `Command { std: "docker" "create" "-v" "/var/lib/crater-agent-workspace/builds/worker-4-tc2/target:/opt/rustwide/target:rw,Z" "-v" "/var/lib/crater-agent-workspace/builds/worker-4-tc2/source:/opt/rustwide/workdir:ro,Z" "-v" "/var/lib/crater-agent-workspace/cargo-home:/opt/rustwide/cargo-home:ro,Z" "-v" "/var/lib/crater-agent-workspace/rustup-home:/opt/rustwide/rustup-home:ro,Z" "-e" "SOURCE_DIR=/opt/rustwide/workdir" "-e" "CARGO_TARGET_DIR=/opt/rustwide/target" "-e" "CARGO_INCREMENTAL=0" "-e" "RUST_BACKTRACE=full" "-e" "RUSTFLAGS=--cap-lints=warn" "-e" "RUSTDOCFLAGS=--cap-lints=warn" "-e" "CARGO_HOME=/opt/rustwide/cargo-home" "-e" "RUSTUP_HOME=/opt/rustwide/rustup-home" "-w" "/opt/rustwide/workdir" "-m" "1610612736" "--user" "0:0" "--network" "none" "ghcr.io/rust-lang/crates-build-env/linux@sha256:5ff2268d62e97bff2cde7d5815dd6ed5b47097566f13b8d0ca110b04b60e07ed" "/opt/rustwide/cargo-home/bin/cargo" "+beta-2023-04-20" "build" "--frozen" "--message-format=json", kill_on_drop: false }`
[INFO] [stdout] 846deed4a2708493f13a88dd6099a018a3ba1d42994aa53ea3b96a5d96a086a7
[INFO] running `Command { std: "docker" "start" "-a" "846deed4a2708493f13a88dd6099a018a3ba1d42994aa53ea3b96a5d96a086a7", kill_on_drop: false }`
[INFO] [stderr]     Blocking waiting for file lock on package cache
[INFO] [stderr]    Compiling libc v0.2.142
[INFO] [stderr]    Compiling proc-macro2 v1.0.56
[INFO] [stderr]    Compiling unicode-ident v1.0.8
[INFO] [stderr]    Compiling quote v1.0.26
[INFO] [stderr]    Compiling log v0.4.17
[INFO] [stderr]    Compiling bytes v1.4.0
[INFO] [stderr]    Compiling pin-project-lite v0.2.9
[INFO] [stderr]    Compiling futures-core v0.3.28
[INFO] [stderr]    Compiling tokio v1.28.0
[INFO] [stderr]    Compiling itoa v1.0.6
[INFO] [stderr]    Compiling slab v0.4.8
[INFO] [stderr]    Compiling futures-task v0.3.28
[INFO] [stderr]    Compiling num-traits v0.2.15
[INFO] [stderr]    Compiling futures-util v0.3.28
[INFO] [stderr]    Compiling cc v1.0.79
[INFO] [stderr]    Compiling tracing-core v0.1.30
[INFO] [stderr]    Compiling num-integer v0.1.45
[INFO] [stderr]    Compiling pin-utils v0.1.0
[INFO] [stderr]    Compiling indexmap v1.9.3
[INFO] [stderr]    Compiling fnv v1.0.7
[INFO] [stderr]    Compiling spin v0.5.2
[INFO] [stderr]    Compiling time-core v0.1.0
[INFO] [stderr]    Compiling untrusted v0.7.1
[INFO] [stderr]    Compiling time v0.3.20
[INFO] [stderr]    Compiling futures-sink v0.3.28
[INFO] [stderr]    Compiling ryu v1.0.13
[INFO] [stderr]    Compiling semver v1.0.17
[INFO] [stderr]    Compiling futures-channel v0.3.28
[INFO] [stderr]    Compiling hashbrown v0.12.3
[INFO] [stderr]    Compiling httparse v1.8.0
[INFO] [stderr]    Compiling try-lock v0.2.4
[INFO] [stderr]    Compiling tower-service v0.3.2
[INFO] [stderr]    Compiling httpdate v1.0.2
[INFO] [stderr]    Compiling http v0.2.9
[INFO] [stderr]    Compiling want v0.3.0
[INFO] [stderr]    Compiling syn v1.0.109
[INFO] [stderr]    Compiling either v1.8.1
[INFO] [stderr]    Compiling bytes-utils v0.1.3
[INFO] [stderr]    Compiling base64 v0.13.1
[INFO] [stderr]    Compiling openssl-probe v0.1.5
[INFO] [stderr]    Compiling tower-layer v0.3.2
[INFO] [stderr]    Compiling parking_lot_core v0.9.7
[INFO] [stderr]    Compiling mio v0.8.6
[INFO] [stderr]    Compiling socket2 v0.4.9
[INFO] [stderr]    Compiling num_cpus v1.15.0
[INFO] [stderr]    Compiling signal-hook-registry v1.4.1
[INFO] [stderr]    Compiling rustc_version v0.4.0
[INFO] [stderr]    Compiling syn v2.0.15
[INFO] [stderr]    Compiling memchr v2.5.0
[INFO] [stderr]    Compiling parking_lot v0.12.1
[INFO] [stderr]    Compiling ring v0.16.20
[INFO] [stderr]    Compiling generic-array v0.14.7
[INFO] [stderr]    Compiling http-body v0.4.5
[INFO] [stderr]    Compiling fastrand v1.9.0
[INFO] [stderr]    Compiling aws-types v0.49.0
[INFO] [stderr]    Compiling regex-syntax v0.7.1
[INFO] [stderr]    Compiling zeroize v1.6.0
[INFO] [stderr]    Compiling hex v0.4.3
[INFO] [stderr]    Compiling crc32c v0.6.3
[INFO] [stderr]    Compiling xmlparser v0.13.3
[INFO] [stderr]    Compiling aws-smithy-types v0.49.0
[INFO] [stderr]    Compiling aho-corasick v1.0.1
[INFO] [stderr]    Compiling cpufeatures v0.2.7
[INFO] [stderr]    Compiling urlencoding v2.1.2
[INFO] [stderr]    Compiling thiserror v1.0.40
[INFO] [stderr]    Compiling aws-smithy-xml v0.49.0
[INFO] [stderr]    Compiling aws-smithy-eventstream v0.49.0
[INFO] [stderr]    Compiling aws-smithy-query v0.49.0
[INFO] [stderr]    Compiling aws-smithy-json v0.49.0
[INFO] [stderr]    Compiling block-buffer v0.10.4
[INFO] [stderr]    Compiling crypto-common v0.1.6
[INFO] [stderr]    Compiling digest v0.10.6
[INFO] [stderr]    Compiling sha2 v0.10.6
[INFO] [stderr]    Compiling sha1 v0.10.5
[INFO] [stderr]    Compiling md-5 v0.10.5
[INFO] [stderr]    Compiling regex v1.8.1
[INFO] [stderr]    Compiling pin-project-internal v1.0.12
[INFO] [stderr]    Compiling sct v0.6.1
[INFO] [stderr]    Compiling webpki v0.21.4
[INFO] [stderr]    Compiling ct-logs v0.8.0
[INFO] [stderr]    Compiling rustls v0.19.1
[INFO] [stderr]    Compiling tokio-macros v2.1.0
[INFO] [stderr]    Compiling tracing-attributes v0.1.24
[INFO] [stderr]    Compiling futures-macro v0.3.28
[INFO] [stderr]    Compiling thiserror-impl v1.0.40
[INFO] [stderr]    Compiling pin-project v1.0.12
[INFO] [stderr]    Compiling rustls-native-certs v0.5.0
[INFO] [stderr]    Compiling tracing v0.1.37
[INFO] [stderr]    Compiling tokio-util v0.7.8
[INFO] [stderr]    Compiling tokio-rustls v0.22.0
[INFO] [stderr]    Compiling tokio-stream v0.1.14
[INFO] [stderr]    Compiling tower v0.4.13
[INFO] [stderr]    Compiling aws-smithy-async v0.49.0
[INFO] [stderr]    Compiling h2 v0.3.18
[INFO] [stderr]    Compiling hyper v0.14.26
[INFO] [stderr]    Compiling aws-smithy-http v0.49.0
[INFO] [stderr]    Compiling hyper-rustls v0.22.1
[INFO] [stderr]    Compiling aws-smithy-http-tower v0.49.0
[INFO] [stderr]    Compiling aws-sigv4 v0.49.1
[INFO] [stderr]    Compiling aws-smithy-checksums v0.49.0
[INFO] [stderr]    Compiling aws-smithy-client v0.49.0
[INFO] [stderr]    Compiling aws-sig-auth v0.49.0
[INFO] [stderr]    Compiling aws-endpoint v0.49.0
[INFO] [stderr]    Compiling aws-http v0.49.0
[INFO] [stderr]    Compiling aws-sdk-sso v0.19.0
[INFO] [stderr]    Compiling aws-sdk-sts v0.19.0
[INFO] [stderr]    Compiling aws-sdk-s3 v0.19.0
[INFO] [stderr]    Compiling aws-config v0.49.0
[INFO] [stderr]    Compiling s3reader v1.0.0 (/opt/rustwide/workdir)
[INFO] [stderr]     Finished dev [unoptimized + debuginfo] target(s) in 1m 01s
[INFO] running `Command { std: "docker" "inspect" "846deed4a2708493f13a88dd6099a018a3ba1d42994aa53ea3b96a5d96a086a7", kill_on_drop: false }`
[INFO] running `Command { std: "docker" "rm" "-f" "846deed4a2708493f13a88dd6099a018a3ba1d42994aa53ea3b96a5d96a086a7", kill_on_drop: false }`
[INFO] [stdout] 846deed4a2708493f13a88dd6099a018a3ba1d42994aa53ea3b96a5d96a086a7
[INFO] running `Command { std: "docker" "create" "-v" "/var/lib/crater-agent-workspace/builds/worker-4-tc2/target:/opt/rustwide/target:rw,Z" "-v" "/var/lib/crater-agent-workspace/builds/worker-4-tc2/source:/opt/rustwide/workdir:ro,Z" "-v" "/var/lib/crater-agent-workspace/cargo-home:/opt/rustwide/cargo-home:ro,Z" "-v" "/var/lib/crater-agent-workspace/rustup-home:/opt/rustwide/rustup-home:ro,Z" "-e" "SOURCE_DIR=/opt/rustwide/workdir" "-e" "CARGO_TARGET_DIR=/opt/rustwide/target" "-e" "CARGO_INCREMENTAL=0" "-e" "RUST_BACKTRACE=full" "-e" "RUSTFLAGS=--cap-lints=warn" "-e" "RUSTDOCFLAGS=--cap-lints=warn" "-e" "CARGO_HOME=/opt/rustwide/cargo-home" "-e" "RUSTUP_HOME=/opt/rustwide/rustup-home" "-w" "/opt/rustwide/workdir" "-m" "1610612736" "--user" "0:0" "--network" "none" "ghcr.io/rust-lang/crates-build-env/linux@sha256:5ff2268d62e97bff2cde7d5815dd6ed5b47097566f13b8d0ca110b04b60e07ed" "/opt/rustwide/cargo-home/bin/cargo" "+beta-2023-04-20" "test" "--frozen" "--no-run" "--message-format=json", kill_on_drop: false }`
[INFO] [stdout] b28949f340f9c49f73e6354551279a6b74bfcb43ce4252dae6633dff13f19fe9
[INFO] running `Command { std: "docker" "start" "-a" "b28949f340f9c49f73e6354551279a6b74bfcb43ce4252dae6633dff13f19fe9", kill_on_drop: false }`
[INFO] [stderr]    Compiling s3reader v1.0.0 (/opt/rustwide/workdir)
[INFO] [stderr]     Finished test [unoptimized + debuginfo] target(s) in 2.78s
[INFO] running `Command { std: "docker" "inspect" "b28949f340f9c49f73e6354551279a6b74bfcb43ce4252dae6633dff13f19fe9", kill_on_drop: false }`
[INFO] running `Command { std: "docker" "rm" "-f" "b28949f340f9c49f73e6354551279a6b74bfcb43ce4252dae6633dff13f19fe9", kill_on_drop: false }`
[INFO] [stdout] b28949f340f9c49f73e6354551279a6b74bfcb43ce4252dae6633dff13f19fe9
[INFO] running `Command { std: "docker" "create" "-v" "/var/lib/crater-agent-workspace/builds/worker-4-tc2/target:/opt/rustwide/target:rw,Z" "-v" "/var/lib/crater-agent-workspace/builds/worker-4-tc2/source:/opt/rustwide/workdir:ro,Z" "-v" "/var/lib/crater-agent-workspace/cargo-home:/opt/rustwide/cargo-home:ro,Z" "-v" "/var/lib/crater-agent-workspace/rustup-home:/opt/rustwide/rustup-home:ro,Z" "-e" "SOURCE_DIR=/opt/rustwide/workdir" "-e" "CARGO_TARGET_DIR=/opt/rustwide/target" "-e" "CARGO_INCREMENTAL=0" "-e" "RUST_BACKTRACE=full" "-e" "RUSTFLAGS=--cap-lints=warn" "-e" "RUSTDOCFLAGS=--cap-lints=warn" "-e" "CARGO_HOME=/opt/rustwide/cargo-home" "-e" "RUSTUP_HOME=/opt/rustwide/rustup-home" "-w" "/opt/rustwide/workdir" "-m" "1610612736" "--user" "0:0" "--network" "none" "ghcr.io/rust-lang/crates-build-env/linux@sha256:5ff2268d62e97bff2cde7d5815dd6ed5b47097566f13b8d0ca110b04b60e07ed" "/opt/rustwide/cargo-home/bin/cargo" "+beta-2023-04-20" "test" "--frozen", kill_on_drop: false }`
[INFO] [stdout] c6844fdb5ab07e6948b62088d93f38542f399f02978a82c792e74eab870d76be
[INFO] running `Command { std: "docker" "start" "-a" "c6844fdb5ab07e6948b62088d93f38542f399f02978a82c792e74eab870d76be", kill_on_drop: false }`
[INFO] [stderr]     Blocking waiting for file lock on package cache
[INFO] [stderr]     Blocking waiting for file lock on package cache
[INFO] [stderr]     Finished test [unoptimized + debuginfo] target(s) in 0.35s
[INFO] [stderr]      Running unittests src/lib.rs (/opt/rustwide/target/debug/deps/s3reader-3a970b7f6592dc3c)
[INFO] [stdout] 
[INFO] [stdout] running 3 tests
[INFO] [stdout] test tests::test_absolute_position ... ok
[INFO] [stdout] test tests::test_relative_position ... ok
[INFO] [stderr]    Doc-tests s3reader
[INFO] [stdout] test tests::test_seek_from_end ... ok
[INFO] [stdout] 
[INFO] [stdout] test result: ok. 3 passed; 0 failed; 0 ignored; 0 measured; 0 filtered out; finished in 0.01s
[INFO] [stdout] 
[INFO] [stdout] 
[INFO] [stdout] running 9 tests
[INFO] [stdout] test src/lib.rs - S3Reader::read_range (line 167) - compile ... ok
[INFO] [stdout] test src/lib.rs - S3Reader::fetch_header (line 236) - compile ... ok
[INFO] [stdout] test src/lib.rs - S3Reader::read_range_sync (line 215) - compile ... ok
[INFO] [stdout] test src/lib.rs - S3Reader (line 100) - compile ... ok
[INFO] [stdout] test src/lib.rs - (line 18) ... ok
[INFO] [stdout] test src/lib.rs - (line 59) ... ok
[INFO] [stdout] test src/lib.rs - S3ObjectUri::new (line 47) ... FAILED
[INFO] [stdout] test src/lib.rs - S3ObjectUri::key (line 84) ... ok
[INFO] [stdout] test src/lib.rs - S3ObjectUri::bucket (line 71) ... ok
[INFO] [stdout] 
[INFO] [stdout] failures:
[INFO] [stdout] 
[INFO] [stdout] ---- src/lib.rs - S3ObjectUri::new (line 47) stdout ----
[INFO] [stdout] error: linking with `cc` failed: exit status: 1
[INFO] [stdout]   |
[INFO] [stdout]   = note: LC_ALL="C" PATH="/opt/rustwide/rustup-home/toolchains/beta-2023-04-20-x86_64-unknown-linux-gnu/lib/rustlib/x86_64-unknown-linux-gnu/bin:/opt/rustwide/cargo-home/bin:/usr/local/sbin:/usr/local/bin:/usr/sbin:/usr/bin:/sbin:/bin" VSLANG="1033" "cc" "-m64" "/tmp/rustcBsldZQ/symbols.o" "/tmp/rustdoctestDYYHV1/rust_out.rust_out.c38b68ff-cgu.0.rcgu.o" "/tmp/rustdoctestDYYHV1/rust_out.38a7fyhsvjn6z0qy.rcgu.o" "-Wl,--as-needed" "-L" "/opt/rustwide/target/debug/deps" "-L" "/opt/rustwide/target/debug/deps" "-L" "/opt/rustwide/target/debug/build/ring-c693d58b3ba93099/out" "-L" "/opt/rustwide/rustup-home/toolchains/beta-2023-04-20-x86_64-unknown-linux-gnu/lib/rustlib/x86_64-unknown-linux-gnu/lib" "-Wl,-Bstatic" "/opt/rustwide/target/debug/deps/libs3reader-d5d91be9db16656a.rlib" "/opt/rustwide/target/debug/deps/libaws_config-798fc1f3c1b6edbd.rlib" "/opt/rustwide/target/debug/deps/libaws_sdk_sso-b1b53027f7dbbdb4.rlib" "/opt/rustwide/target/debug/deps/libaws_smithy_json-e9281171d592315d.rlib" "/opt/rustwide/target/debug/deps/libaws_sdk_sts-f7cb5b70c5250eae.rlib" "/opt/rustwide/target/debug/deps/libaws_smithy_query-66947da651ddf7a0.rlib" "/opt/rustwide/target/debug/deps/liburlencoding-cda6fb7542cc3534.rlib" "/opt/rustwide/target/debug/deps/libthiserror-da04bcf92463398e.rlib" "/opt/rustwide/target/debug/deps/libaws_sdk_s3-f6c38c6309c2ce2e.rlib" "/opt/rustwide/target/debug/deps/libaws_smithy_xml-35780cf02f1eadd4.rlib" "/opt/rustwide/target/debug/deps/libxmlparser-d5f98d1fe573b64e.rlib" "/opt/rustwide/target/debug/deps/libaws_sig_auth-4913b4d570ea763e.rlib" "/opt/rustwide/target/debug/deps/libaws_sigv4-f1e9a45f85b59dbf.rlib" "/opt/rustwide/target/debug/deps/libform_urlencoded-c6dce5f233f9dc81.rlib" "/opt/rustwide/target/debug/deps/libaws_endpoint-69a21fc629e815dc.rlib" "/opt/rustwide/target/debug/deps/libregex-28f2e8cb8dd40750.rlib" "/opt/rustwide/target/debug/deps/libaho_corasick-d5fac31069bece93.rlib" "/opt/rustwide/target/debug/deps/libmemchr-f4ebff342237ab92.rlib" "/opt/rustwide/target/debug/deps/libregex_syntax-cc46e3cc2c79c0a1.rlib" "/opt/rustwide/target/debug/deps/libaws_smithy_checksums-e6403bc874c181cd.rlib" "/opt/rustwide/target/debug/deps/libcrc32c-65f1a40ca69448f0.rlib" "/opt/rustwide/target/debug/deps/libhex-edafc8b2917f78c9.rlib" "/opt/rustwide/target/debug/deps/libmd5-34be92b68ea935b6.rlib" "/opt/rustwide/target/debug/deps/libsha2-a6fdf2767ca3d0f6.rlib" "/opt/rustwide/target/debug/deps/libsha1-7cc291329649cdda.rlib" "/opt/rustwide/target/debug/deps/libcpufeatures-0f0110a80264e9a3.rlib" "/opt/rustwide/target/debug/deps/libdigest-5cfdaaa98c188733.rlib" "/opt/rustwide/target/debug/deps/libblock_buffer-ead7ac24cb8f6816.rlib" "/opt/rustwide/target/debug/deps/libcrypto_common-ec1c12c6914c72dd.rlib" "/opt/rustwide/target/debug/deps/libgeneric_array-adc66a5ae99496bf.rlib" "/opt/rustwide/target/debug/deps/libtypenum-ca960b6272e61653.rlib" "/opt/rustwide/target/debug/deps/libaws_http-5d1f4c8bdeed0836.rlib" "/opt/rustwide/target/debug/deps/libaws_types-a1d16026e2469f48.rlib" "/opt/rustwide/target/debug/deps/libzeroize-413fc9451ff6f36a.rlib" "/opt/rustwide/target/debug/deps/libaws_smithy_client-9006fa60e579825c.rlib" "/opt/rustwide/target/debug/deps/libhyper_rustls-2bdd584a3e60b524.rlib" "/opt/rustwide/target/debug/deps/libct_logs-ad0ee31d5af4a0b7.rlib" "/opt/rustwide/target/debug/deps/librustls_native_certs-1d56438864e2534b.rlib" "/opt/rustwide/target/debug/deps/libopenssl_probe-361016bdcb077fee.rlib" "/opt/rustwide/target/debug/deps/libtokio_rustls-bf34bd7dac0f1421.rlib" "/opt/rustwide/target/debug/deps/librustls-f25929ed39d3cc85.rlib" "/opt/rustwide/target/debug/deps/libbase64-0c872e3f7d1ba17a.rlib" "/opt/rustwide/target/debug/deps/libsct-9be39450b4d497f8.rlib" "/opt/rustwide/target/debug/deps/libwebpki-26426f19a8316cd9.rlib" "/opt/rustwide/target/debug/deps/libring-47e1c453edc11e18.rlib" "/opt/rustwide/target/debug/deps/libspin-0ce7eed86e654be1.rlib" "/opt/rustwide/target/debug/deps/libuntrusted-299fbcd347deffe0.rlib" "/opt/rustwide/target/debug/deps/libfastrand-19bc70a04681f194.rlib" "/opt/rustwide/target/debug/deps/liblazy_static-86422d76b8bd90ed.rlib" "/opt/rustwide/target/debug/deps/libaws_smithy_http_tower-9a40435a922cefe5.rlib" "/opt/rustwide/target/debug/deps/libaws_smithy_async-fbfef9d15a15b63a.rlib" "/opt/rustwide/target/debug/deps/libtokio_stream-7e119f5ca6a7a0b5.rlib" "/opt/rustwide/target/debug/deps/libtower-b410282a7d93091b.rlib" "/opt/rustwide/target/debug/deps/libpin_project-6bd2bf574afbaa23.rlib" "/opt/rustwide/target/debug/deps/libtower_layer-f530473a04252b9f.rlib" "/opt/rustwide/target/debug/deps/libaws_smithy_http-17e1f83839567a53.rlib" "/opt/rustwide/target/debug/deps/libhyper-b3c9a680e60a3595.rlib" "/opt/rustwide/target/debug/deps/libwant-751c04441b3dc539.rlib" "/opt/rustwide/target/debug/deps/libtry_lock-bcd858d644546236.rlib" "/opt/rustwide/target/debug/deps/libhttparse-463bd4a7f2c72ba2.rlib" "/opt/rustwide/target/debug/deps/libh2-1879e4b711bdb26c.rlib" "/opt/rustwide/target/debug/deps/libindexmap-483d6a6f45855717.rlib" "/opt/rustwide/target/debug/deps/libhashbrown-14a936eea4e6bab4.rlib" "/opt/rustwide/target/debug/deps/libtokio_util-83467a6dc9f0143d.rlib" "/opt/rustwide/target/debug/deps/libfutures_sink-443c30cbd423d6ef.rlib" "/opt/rustwide/target/debug/deps/libtower_service-6e0b9a8ac2b0d4d0.rlib" "/opt/rustwide/target/debug/deps/libfutures_channel-d4bad6ccc77bb14d.rlib" "/opt/rustwide/target/debug/deps/libfutures_util-5aeeb3bcf8cea403.rlib" "/opt/rustwide/target/debug/deps/libslab-7f8e952f3c0ab3c4.rlib" "/opt/rustwide/target/debug/deps/libfutures_task-34a0ee1d6c1607f4.rlib" "/opt/rustwide/target/debug/deps/libpin_utils-501725f4e360d46d.rlib" "/opt/rustwide/target/debug/deps/libfutures_core-63bdc54a682e7df4.rlib" "/opt/rustwide/target/debug/deps/libtokio-0774a2575253a599.rlib" "/opt/rustwide/target/debug/deps/libsignal_hook_registry-9a786e9b5360f754.rlib" "/opt/rustwide/target/debug/deps/libnum_cpus-f4115bed07ed9459.rlib" "/opt/rustwide/target/debug/deps/libsocket2-1b0387b73112eaa4.rlib" "/opt/rustwide/target/debug/deps/libmio-a099621ab0d03a62.rlib" "/opt/rustwide/target/debug/deps/libparking_lot-f7f6cee6cd7c5ec3.rlib" "/opt/rustwide/target/debug/deps/libparking_lot_core-5109f289fa2c326e.rlib" "/opt/rustwide/target/debug/deps/liblibc-437468c9c78eaf61.rlib" "/opt/rustwide/target/debug/deps/libsmallvec-a078f506e4f080f1.rlib" "/opt/rustwide/target/debug/deps/liblock_api-83dbbbc23913e320.rlib" "/opt/rustwide/target/debug/deps/libscopeguard-54ff2283d814f48f.rlib" "/opt/rustwide/target/debug/deps/libbytes_utils-4a66ac399a99d52c.rlib" "/opt/rustwide/target/debug/deps/libeither-da39dd89d85755f6.rlib" "/opt/rustwide/target/debug/deps/libaws_smithy_eventstream-9f3f38aeea86e64d.rlib" "/opt/rustwide/target/debug/deps/libcrc32fast-fc15e7c737c5fb18.rlib" "/opt/rustwide/target/debug/deps/libtracing-1ddb9fe994898cec.rlib" "/opt/rustwide/target/debug/deps/liblog-6f3e788ba8b980aa.rlib" "/opt/rustwide/target/debug/deps/libcfg_if-97437e183f3ae6e4.rlib" "/opt/rustwide/target/debug/deps/libtracing_core-420c8912b6569db3.rlib" "/opt/rustwide/target/debug/deps/libpercent_encoding-4a77b5e8a25d80c2.rlib" "/opt/rustwide/target/debug/deps/libonce_cell-4515fa40a5ce4b0c.rlib" "/opt/rustwide/target/debug/deps/libaws_smithy_types-2dc31ab2f0c4c199.rlib" "/opt/rustwide/target/debug/deps/libryu-b5fa14faef1dcf3b.rlib" "/opt/rustwide/target/debug/deps/libtime-c746b1e3f28764c2.rlib" "/opt/rustwide/target/debug/deps/libtime_core-a3d7b585438a9184.rlib" "/opt/rustwide/target/debug/deps/libnum_integer-3529551fb2319df9.rlib" "/opt/rustwide/target/debug/deps/libnum_traits-2f4f83a22e20467e.rlib" "/opt/rustwide/target/debug/deps/libhttp_body-4061b89499f36d44.rlib" "/opt/rustwide/target/debug/deps/libpin_project_lite-3a747526c5b5aadd.rlib" "/opt/rustwide/target/debug/deps/libhttp-df05c4d3a64fcb1b.rlib" "/opt/rustwide/target/debug/deps/libitoa-ef51536650fd4ae2.rlib" "/opt/rustwide/target/debug/deps/libfnv-bb690c336855f248.rlib" "/opt/rustwide/target/debug/deps/libbytes-ae855e71327d1b48.rlib" "/opt/rustwide/rustup-home/toolchains/beta-2023-04-20-x86_64-unknown-linux-gnu/lib/rustlib/x86_64-unknown-linux-gnu/lib/libstd-0e29cc23c5e02021.rlib" "/opt/rustwide/rustup-home/toolchains/beta-2023-04-20-x86_64-unknown-linux-gnu/lib/rustlib/x86_64-unknown-linux-gnu/lib/libpanic_unwind-d903621768a861d9.rlib" "/opt/rustwide/rustup-home/toolchains/beta-2023-04-20-x86_64-unknown-linux-gnu/lib/rustlib/x86_64-unknown-linux-gnu/lib/libobject-6d0225e655f31c13.rlib" "/opt/rustwide/rustup-home/toolchains/beta-2023-04-20-x86_64-unknown-linux-gnu/lib/rustlib/x86_64-unknown-linux-gnu/lib/libmemchr-9dbaf4eac7eaa079.rlib" "/opt/rustwide/rustup-home/toolchains/beta-2023-04-20-x86_64-unknown-linux-gnu/lib/rustlib/x86_64-unknown-linux-gnu/lib/libaddr2line-27f05b3d42a66dd0.rlib" "/opt/rustwide/rustup-home/toolchains/beta-2023-04-20-x86_64-unknown-linux-gnu/lib/rustlib/x86_64-unknown-linux-gnu/lib/libgimli-4d73f1030321c9a2.rlib" "/opt/rustwide/rustup-home/toolchains/beta-2023-04-20-x86_64-unknown-linux-gnu/lib/rustlib/x86_64-unknown-linux-gnu/lib/librustc_demangle-2846c9e58abd0acb.rlib" "/opt/rustwide/rustup-home/toolchains/beta-2023-04-20-x86_64-unknown-linux-gnu/lib/rustlib/x86_64-unknown-linux-gnu/lib/libstd_detect-a53d0f50415947be.rlib" "/opt/rustwide/rustup-home/toolchains/beta-2023-04-20-x86_64-unknown-linux-gnu/lib/rustlib/x86_64-unknown-linux-gnu/lib/libhashbrown-d48e4b6abc25b9dc.rlib" "/opt/rustwide/rustup-home/toolchains/beta-2023-04-20-x86_64-unknown-linux-gnu/lib/rustlib/x86_64-unknown-linux-gnu/lib/libminiz_oxide-2991859439ef1207.rlib" "/opt/rustwide/rustup-home/toolchains/beta-2023-04-20-x86_64-unknown-linux-gnu/lib/rustlib/x86_64-unknown-linux-gnu/lib/libadler-8a687517e4221bae.rlib" "/opt/rustwide/rustup-home/toolchains/beta-2023-04-20-x86_64-unknown-linux-gnu/lib/rustlib/x86_64-unknown-linux-gnu/lib/librustc_std_workspace_alloc-e07b554f6a67f5b3.rlib" "/opt/rustwide/rustup-home/toolchains/beta-2023-04-20-x86_64-unknown-linux-gnu/lib/rustlib/x86_64-unknown-linux-gnu/lib/libunwind-b68238b7c3c619dd.rlib" "/opt/rustwide/rustup-home/toolchains/beta-2023-04-20-x86_64-unknown-linux-gnu/lib/rustlib/x86_64-unknown-linux-gnu/lib/libcfg_if-d5e213e896c017e4.rlib" "/opt/rustwide/rustup-home/toolchains/beta-2023-04-20-x86_64-unknown-linux-gnu/lib/rustlib/x86_64-unknown-linux-gnu/lib/liblibc-0211a3b2e61d8689.rlib" "/opt/rustwide/rustup-home/toolchains/beta-2023-04-20-x86_64-unknown-linux-gnu/lib/rustlib/x86_64-unknown-linux-gnu/lib/liballoc-b371f055239ba51f.rlib" "/opt/rustwide/rustup-home/toolchains/beta-2023-04-20-x86_64-unknown-linux-gnu/lib/rustlib/x86_64-unknown-linux-gnu/lib/librustc_std_workspace_core-e60518d2760eb01e.rlib" "/opt/rustwide/rustup-home/toolchains/beta-2023-04-20-x86_64-unknown-linux-gnu/lib/rustlib/x86_64-unknown-linux-gnu/lib/libcore-1ad943f92a4b1081.rlib" "/opt/rustwide/rustup-home/toolchains/beta-2023-04-20-x86_64-unknown-linux-gnu/lib/rustlib/x86_64-unknown-linux-gnu/lib/libcompiler_builtins-f0d6e4d0fc1e80b4.rlib" "-Wl,-Bdynamic" "-lgcc_s" "-lutil" "-lrt" "-lpthread" "-lm" "-ldl" "-lc" "-Wl,--eh-frame-hdr" "-Wl,-z,noexecstack" "-L" "/opt/rustwide/rustup-home/toolchains/beta-2023-04-20-x86_64-unknown-linux-gnu/lib/rustlib/x86_64-unknown-linux-gnu/lib" "-o" "/tmp/rustdoctestDYYHV1/rust_out" "-Wl,--gc-sections" "-pie" "-Wl,-z,relro,-z,now" "-nodefaultlibs"
[INFO] [stdout]   = note: collect2: fatal error: ld terminated with signal 9 [Killed]
[INFO] [stdout]           compilation terminated.
[INFO] [stdout]           
[INFO] [stdout] 
[INFO] [stdout] error: aborting due to previous error
[INFO] [stdout] 
[INFO] [stdout] Couldn't compile the test.
[INFO] [stdout] 
[INFO] [stdout] failures:
[INFO] [stdout]     src/lib.rs - S3ObjectUri::new (line 47)
[INFO] [stdout] 
[INFO] [stdout] test result: FAILED. 8 passed; 1 failed; 0 ignored; 0 measured; 0 filtered out; finished in 8.95s
[INFO] [stdout] 
[INFO] [stderr] error: doctest failed, to rerun pass `--doc`
[INFO] running `Command { std: "docker" "inspect" "c6844fdb5ab07e6948b62088d93f38542f399f02978a82c792e74eab870d76be", kill_on_drop: false }`
[INFO] running `Command { std: "docker" "rm" "-f" "c6844fdb5ab07e6948b62088d93f38542f399f02978a82c792e74eab870d76be", kill_on_drop: false }`
[INFO] [stdout] c6844fdb5ab07e6948b62088d93f38542f399f02978a82c792e74eab870d76be
