[INFO] fetching crate s1mple 0.0.1...
[INFO] testing s1mple-0.0.1 against beta-2023-04-20 for beta-1.70-1
[INFO] extracting crate s1mple 0.0.1 into /workspace/builds/worker-5-tc2/source
[INFO] validating manifest of crates.io crate s1mple 0.0.1 on toolchain beta-2023-04-20
[INFO] running `Command { std: CARGO_HOME="/workspace/cargo-home" RUSTUP_HOME="/workspace/rustup-home" "/workspace/cargo-home/bin/cargo" "+beta-2023-04-20" "metadata" "--manifest-path" "Cargo.toml" "--no-deps", kill_on_drop: false }`
[INFO] started tweaking crates.io crate s1mple 0.0.1
[INFO] finished tweaking crates.io crate s1mple 0.0.1
[INFO] tweaked toml for crates.io crate s1mple 0.0.1 written to /workspace/builds/worker-5-tc2/source/Cargo.toml
[INFO] crate crates.io crate s1mple 0.0.1 already has a lockfile, it will not be regenerated
[INFO] running `Command { std: CARGO_HOME="/workspace/cargo-home" RUSTUP_HOME="/workspace/rustup-home" "/workspace/cargo-home/bin/cargo" "+beta-2023-04-20" "fetch" "--manifest-path" "Cargo.toml", kill_on_drop: false }`
[INFO] [stderr]     Updating crates.io index
[INFO] [stderr]  Downloading crates ...
[INFO] [stderr]   Downloaded target-lexicon v0.12.3
[INFO] [stderr]   Downloaded object v0.27.1
[INFO] [stderr]   Downloaded cranelift-entity v0.82.1
[INFO] [stderr]   Downloaded cranelift-bforest v0.82.1
[INFO] [stderr]   Downloaded cranelift-codegen-shared v0.82.1
[INFO] [stderr]   Downloaded cranelift-codegen-meta v0.82.1
[INFO] [stderr]   Downloaded cranelift-frontend v0.82.1
[INFO] [stderr]   Downloaded cranelift-native v0.82.1
[INFO] [stderr]   Downloaded cranelift-module v0.82.1
[INFO] [stderr]   Downloaded cranelift v0.82.1
[INFO] [stderr]   Downloaded cranelift-object v0.82.1
[INFO] [stderr]   Downloaded regalloc v0.0.34
[INFO] [stderr]   Downloaded cranelift-codegen v0.82.1
[INFO] running `Command { std: "docker" "create" "-v" "/var/lib/crater-agent-workspace/builds/worker-5-tc2/target:/opt/rustwide/target:rw,Z" "-v" "/var/lib/crater-agent-workspace/builds/worker-5-tc2/source:/opt/rustwide/workdir:ro,Z" "-v" "/var/lib/crater-agent-workspace/cargo-home:/opt/rustwide/cargo-home:ro,Z" "-v" "/var/lib/crater-agent-workspace/rustup-home:/opt/rustwide/rustup-home:ro,Z" "-e" "SOURCE_DIR=/opt/rustwide/workdir" "-e" "CARGO_TARGET_DIR=/opt/rustwide/target" "-e" "CARGO_HOME=/opt/rustwide/cargo-home" "-e" "RUSTUP_HOME=/opt/rustwide/rustup-home" "-w" "/opt/rustwide/workdir" "-m" "1610612736" "--user" "0:0" "--network" "none" "ghcr.io/rust-lang/crates-build-env/linux@sha256:5ff2268d62e97bff2cde7d5815dd6ed5b47097566f13b8d0ca110b04b60e07ed" "/opt/rustwide/cargo-home/bin/cargo" "+beta-2023-04-20" "metadata" "--no-deps" "--format-version=1", kill_on_drop: false }`
[INFO] [stdout] 10a95674800b09b8951b178a9c45e07c28d2c0f75f0d32cf19871f3a2cd304f1
[INFO] running `Command { std: "docker" "start" "-a" "10a95674800b09b8951b178a9c45e07c28d2c0f75f0d32cf19871f3a2cd304f1", kill_on_drop: false }`
[INFO] running `Command { std: "docker" "inspect" "10a95674800b09b8951b178a9c45e07c28d2c0f75f0d32cf19871f3a2cd304f1", kill_on_drop: false }`
[INFO] running `Command { std: "docker" "rm" "-f" "10a95674800b09b8951b178a9c45e07c28d2c0f75f0d32cf19871f3a2cd304f1", kill_on_drop: false }`
[INFO] [stdout] 10a95674800b09b8951b178a9c45e07c28d2c0f75f0d32cf19871f3a2cd304f1
[INFO] running `Command { std: "docker" "create" "-v" "/var/lib/crater-agent-workspace/builds/worker-5-tc2/target:/opt/rustwide/target:rw,Z" "-v" "/var/lib/crater-agent-workspace/builds/worker-5-tc2/source:/opt/rustwide/workdir:ro,Z" "-v" "/var/lib/crater-agent-workspace/cargo-home:/opt/rustwide/cargo-home:ro,Z" "-v" "/var/lib/crater-agent-workspace/rustup-home:/opt/rustwide/rustup-home:ro,Z" "-e" "SOURCE_DIR=/opt/rustwide/workdir" "-e" "CARGO_TARGET_DIR=/opt/rustwide/target" "-e" "CARGO_INCREMENTAL=0" "-e" "RUST_BACKTRACE=full" "-e" "RUSTFLAGS=--cap-lints=warn" "-e" "RUSTDOCFLAGS=--cap-lints=warn" "-e" "CARGO_HOME=/opt/rustwide/cargo-home" "-e" "RUSTUP_HOME=/opt/rustwide/rustup-home" "-w" "/opt/rustwide/workdir" "-m" "1610612736" "--user" "0:0" "--network" "none" "ghcr.io/rust-lang/crates-build-env/linux@sha256:5ff2268d62e97bff2cde7d5815dd6ed5b47097566f13b8d0ca110b04b60e07ed" "/opt/rustwide/cargo-home/bin/cargo" "+beta-2023-04-20" "build" "--frozen" "--message-format=json", kill_on_drop: false }`
[INFO] [stdout] 964dc45eeee94e03bb4692264d2e59d46927fa7f9c412e1d5b214a7240076929
[INFO] running `Command { std: "docker" "start" "-a" "964dc45eeee94e03bb4692264d2e59d46927fa7f9c412e1d5b214a7240076929", kill_on_drop: false }`
[INFO] [stderr]    Compiling cfg-if v1.0.0
[INFO] [stderr]    Compiling cranelift-codegen-shared v0.82.1
[INFO] [stderr]    Compiling log v0.4.14
[INFO] [stderr]    Compiling target-lexicon v0.12.3
[INFO] [stderr]    Compiling rustc-hash v1.1.0
[INFO] [stderr]    Compiling cranelift-entity v0.82.1
[INFO] [stderr]    Compiling smallvec v1.8.0
[INFO] [stderr]    Compiling autocfg v1.1.0
[INFO] [stderr]    Compiling anyhow v1.0.56
[INFO] [stderr]    Compiling memchr v2.4.1
[INFO] [stderr]    Compiling crc32fast v1.3.2
[INFO] [stderr]    Compiling hashbrown v0.11.2
[INFO] [stderr]    Compiling cranelift-codegen-meta v0.82.1
[INFO] [stderr]    Compiling cranelift-bforest v0.82.1
[INFO] [stderr]    Compiling indexmap v1.8.0
[INFO] [stderr]    Compiling regalloc v0.0.34
[INFO] [stderr]    Compiling object v0.27.1
[INFO] [stderr]    Compiling cranelift-codegen v0.82.1
[INFO] [stderr]    Compiling cranelift-module v0.82.1
[INFO] [stderr]    Compiling cranelift-frontend v0.82.1
[INFO] [stderr]    Compiling cranelift-native v0.82.1
[INFO] [stderr]    Compiling cranelift-object v0.82.1
[INFO] [stderr]    Compiling cranelift v0.82.1
[INFO] [stderr]    Compiling s1mple v0.0.1 (/opt/rustwide/workdir)
[INFO] [stdout] warning: ambiguous glob re-exports
[INFO] [stdout]   --> src/lib.rs:7:10
[INFO] [stdout]    |
[INFO] [stdout] 7  |       pub use crate::{
[INFO] [stdout]    |  _____________^
[INFO] [stdout] 8  | |         lexer::{*, Token::*, Value::I64},
[INFO] [stdout]    | |                    -------- but the name `Operator` in the type namespace is also re-exported here
[INFO] [stdout] 9  | |         generate::*,
[INFO] [stdout] 10 | |         ast::{
[INFO] [stdout] ...  |
[INFO] [stdout] 19 | |         parser::*,
[INFO] [stdout] 20 | |     };
[INFO] [stdout]    | |_____^ the name `Operator` in the type namespace is first re-exported here
[INFO] [stdout]    |
[INFO] [stdout]    = note: `#[warn(ambiguous_glob_reexports)]` on by default
[INFO] [stdout] 
[INFO] [stdout] 
[INFO] [stdout] warning: ambiguous glob re-exports
[INFO] [stdout]   --> src/lib.rs:7:10
[INFO] [stdout]    |
[INFO] [stdout] 7  |       pub use crate::{
[INFO] [stdout]    |  _____________^
[INFO] [stdout] 8  | |         lexer::{*, Token::*, Value::I64},
[INFO] [stdout]    | |                    -------- but the name `Keyword` in the type namespace is also re-exported here
[INFO] [stdout] 9  | |         generate::*,
[INFO] [stdout] 10 | |         ast::{
[INFO] [stdout] ...  |
[INFO] [stdout] 19 | |         parser::*,
[INFO] [stdout] 20 | |     };
[INFO] [stdout]    | |_____^ the name `Keyword` in the type namespace is first re-exported here
[INFO] [stdout] 
[INFO] [stdout] 
[INFO] [stdout] warning: ambiguous glob re-exports
[INFO] [stdout]   --> src/lib.rs:7:10
[INFO] [stdout]    |
[INFO] [stdout] 7  |       pub use crate::{
[INFO] [stdout]    |  _____________^
[INFO] [stdout] 8  | |         lexer::{*, Token::*, Value::I64},
[INFO] [stdout]    | |                    -------- but the name `Punctuation` in the type namespace is also re-exported here
[INFO] [stdout] 9  | |         generate::*,
[INFO] [stdout] 10 | |         ast::{
[INFO] [stdout] ...  |
[INFO] [stdout] 19 | |         parser::*,
[INFO] [stdout] 20 | |     };
[INFO] [stdout]    | |_____^ the name `Punctuation` in the type namespace is first re-exported here
[INFO] [stdout] 
[INFO] [stdout] 
[INFO] [stdout] warning: 3 warnings emitted
[INFO] [stdout] 
[INFO] [stdout] 
[INFO] [stderr]     Finished dev [unoptimized + debuginfo] target(s) in 10.90s
[INFO] running `Command { std: "docker" "inspect" "964dc45eeee94e03bb4692264d2e59d46927fa7f9c412e1d5b214a7240076929", kill_on_drop: false }`
[INFO] running `Command { std: "docker" "rm" "-f" "964dc45eeee94e03bb4692264d2e59d46927fa7f9c412e1d5b214a7240076929", kill_on_drop: false }`
[INFO] [stdout] 964dc45eeee94e03bb4692264d2e59d46927fa7f9c412e1d5b214a7240076929
[INFO] running `Command { std: "docker" "create" "-v" "/var/lib/crater-agent-workspace/builds/worker-5-tc2/target:/opt/rustwide/target:rw,Z" "-v" "/var/lib/crater-agent-workspace/builds/worker-5-tc2/source:/opt/rustwide/workdir:ro,Z" "-v" "/var/lib/crater-agent-workspace/cargo-home:/opt/rustwide/cargo-home:ro,Z" "-v" "/var/lib/crater-agent-workspace/rustup-home:/opt/rustwide/rustup-home:ro,Z" "-e" "SOURCE_DIR=/opt/rustwide/workdir" "-e" "CARGO_TARGET_DIR=/opt/rustwide/target" "-e" "CARGO_INCREMENTAL=0" "-e" "RUST_BACKTRACE=full" "-e" "RUSTFLAGS=--cap-lints=warn" "-e" "RUSTDOCFLAGS=--cap-lints=warn" "-e" "CARGO_HOME=/opt/rustwide/cargo-home" "-e" "RUSTUP_HOME=/opt/rustwide/rustup-home" "-w" "/opt/rustwide/workdir" "-m" "1610612736" "--user" "0:0" "--network" "none" "ghcr.io/rust-lang/crates-build-env/linux@sha256:5ff2268d62e97bff2cde7d5815dd6ed5b47097566f13b8d0ca110b04b60e07ed" "/opt/rustwide/cargo-home/bin/cargo" "+beta-2023-04-20" "test" "--frozen" "--no-run" "--message-format=json", kill_on_drop: false }`
[INFO] [stdout] 8eed8ae8fbd28af297b2104a9a3987de499f33a34bd029de440ebe1c6b5c3a13
[INFO] running `Command { std: "docker" "start" "-a" "8eed8ae8fbd28af297b2104a9a3987de499f33a34bd029de440ebe1c6b5c3a13", kill_on_drop: false }`
[INFO] [stdout] warning: ambiguous glob re-exports
[INFO] [stdout]   --> src/lib.rs:7:10
[INFO] [stdout]    |
[INFO] [stdout] 7  |       pub use crate::{
[INFO] [stdout]    |  _____________^
[INFO] [stdout] 8  | |         lexer::{*, Token::*, Value::I64},
[INFO] [stdout]    | |                    -------- but the name `Operator` in the type namespace is also re-exported here
[INFO] [stdout] 9  | |         generate::*,
[INFO] [stdout] 10 | |         ast::{
[INFO] [stdout] ...  |
[INFO] [stdout] 19 | |         parser::*,
[INFO] [stdout] 20 | |     };
[INFO] [stdout]    | |_____^ the name `Operator` in the type namespace is first re-exported here
[INFO] [stdout]    |
[INFO] [stdout]    = note: `#[warn(ambiguous_glob_reexports)]` on by default
[INFO] [stdout] 
[INFO] [stdout] 
[INFO] [stdout] warning: ambiguous glob re-exports
[INFO] [stdout]   --> src/lib.rs:7:10
[INFO] [stdout]    |
[INFO] [stdout] 7  |       pub use crate::{
[INFO] [stdout]    |  _____________^
[INFO] [stdout] 8  | |         lexer::{*, Token::*, Value::I64},
[INFO] [stdout]    | |                    -------- but the name `Keyword` in the type namespace is also re-exported here
[INFO] [stdout] 9  | |         generate::*,
[INFO] [stdout] 10 | |         ast::{
[INFO] [stdout] ...  |
[INFO] [stdout] 19 | |         parser::*,
[INFO] [stdout] 20 | |     };
[INFO] [stdout]    | |_____^ the name `Keyword` in the type namespace is first re-exported here
[INFO] [stdout] 
[INFO] [stdout] 
[INFO] [stdout] warning: ambiguous glob re-exports
[INFO] [stdout]   --> src/lib.rs:7:10
[INFO] [stdout]    |
[INFO] [stdout] 7  |       pub use crate::{
[INFO] [stdout]    |  _____________^
[INFO] [stdout] 8  | |         lexer::{*, Token::*, Value::I64},
[INFO] [stdout]    | |                    -------- but the name `Punctuation` in the type namespace is also re-exported here
[INFO] [stdout] 9  | |         generate::*,
[INFO] [stdout] 10 | |         ast::{
[INFO] [stdout] ...  |
[INFO] [stdout] 19 | |         parser::*,
[INFO] [stdout] 20 | |     };
[INFO] [stdout]    | |_____^ the name `Punctuation` in the type namespace is first re-exported here
[INFO] [stdout] 
[INFO] [stdout] 
[INFO] [stderr]    Compiling s1mple v0.0.1 (/opt/rustwide/workdir)
[INFO] [stdout] warning: 3 warnings emitted
[INFO] [stdout] 
[INFO] [stdout] 
[INFO] [stdout] warning: ambiguous glob re-exports
[INFO] [stdout]   --> src/lib.rs:7:10
[INFO] [stdout]    |
[INFO] [stdout] 7  |       pub use crate::{
[INFO] [stdout]    |  _____________^
[INFO] [stdout] 8  | |         lexer::{*, Token::*, Value::I64},
[INFO] [stdout]    | |                    -------- but the name `Operator` in the type namespace is also re-exported here
[INFO] [stdout] 9  | |         generate::*,
[INFO] [stdout] 10 | |         ast::{
[INFO] [stdout] ...  |
[INFO] [stdout] 19 | |         parser::*,
[INFO] [stdout] 20 | |     };
[INFO] [stdout]    | |_____^ the name `Operator` in the type namespace is first re-exported here
[INFO] [stdout]    |
[INFO] [stdout]    = note: `#[warn(ambiguous_glob_reexports)]` on by default
[INFO] [stdout] 
[INFO] [stdout] 
[INFO] [stdout] warning: ambiguous glob re-exports
[INFO] [stdout]   --> src/lib.rs:7:10
[INFO] [stdout]    |
[INFO] [stdout] 7  |       pub use crate::{
[INFO] [stdout]    |  _____________^
[INFO] [stdout] 8  | |         lexer::{*, Token::*, Value::I64},
[INFO] [stdout]    | |                    -------- but the name `Keyword` in the type namespace is also re-exported here
[INFO] [stdout] 9  | |         generate::*,
[INFO] [stdout] 10 | |         ast::{
[INFO] [stdout] ...  |
[INFO] [stdout] 19 | |         parser::*,
[INFO] [stdout] 20 | |     };
[INFO] [stdout]    | |_____^ the name `Keyword` in the type namespace is first re-exported here
[INFO] [stdout] 
[INFO] [stdout] 
[INFO] [stdout] warning: ambiguous glob re-exports
[INFO] [stdout]   --> src/lib.rs:7:10
[INFO] [stdout]    |
[INFO] [stdout] 7  |       pub use crate::{
[INFO] [stdout]    |  _____________^
[INFO] [stdout] 8  | |         lexer::{*, Token::*, Value::I64},
[INFO] [stdout]    | |                    -------- but the name `Punctuation` in the type namespace is also re-exported here
[INFO] [stdout] 9  | |         generate::*,
[INFO] [stdout] 10 | |         ast::{
[INFO] [stdout] ...  |
[INFO] [stdout] 19 | |         parser::*,
[INFO] [stdout] 20 | |     };
[INFO] [stdout]    | |_____^ the name `Punctuation` in the type namespace is first re-exported here
[INFO] [stdout] 
[INFO] [stdout] 
[INFO] [stdout] warning: 3 warnings emitted
[INFO] [stdout] 
[INFO] [stdout] 
[INFO] [stderr]     Finished test [unoptimized + debuginfo] target(s) in 1.18s
[INFO] running `Command { std: "docker" "inspect" "8eed8ae8fbd28af297b2104a9a3987de499f33a34bd029de440ebe1c6b5c3a13", kill_on_drop: false }`
[INFO] running `Command { std: "docker" "rm" "-f" "8eed8ae8fbd28af297b2104a9a3987de499f33a34bd029de440ebe1c6b5c3a13", kill_on_drop: false }`
[INFO] [stdout] 8eed8ae8fbd28af297b2104a9a3987de499f33a34bd029de440ebe1c6b5c3a13
[INFO] running `Command { std: "docker" "create" "-v" "/var/lib/crater-agent-workspace/builds/worker-5-tc2/target:/opt/rustwide/target:rw,Z" "-v" "/var/lib/crater-agent-workspace/builds/worker-5-tc2/source:/opt/rustwide/workdir:ro,Z" "-v" "/var/lib/crater-agent-workspace/cargo-home:/opt/rustwide/cargo-home:ro,Z" "-v" "/var/lib/crater-agent-workspace/rustup-home:/opt/rustwide/rustup-home:ro,Z" "-e" "SOURCE_DIR=/opt/rustwide/workdir" "-e" "CARGO_TARGET_DIR=/opt/rustwide/target" "-e" "CARGO_INCREMENTAL=0" "-e" "RUST_BACKTRACE=full" "-e" "RUSTFLAGS=--cap-lints=warn" "-e" "RUSTDOCFLAGS=--cap-lints=warn" "-e" "CARGO_HOME=/opt/rustwide/cargo-home" "-e" "RUSTUP_HOME=/opt/rustwide/rustup-home" "-w" "/opt/rustwide/workdir" "-m" "1610612736" "--user" "0:0" "--network" "none" "ghcr.io/rust-lang/crates-build-env/linux@sha256:5ff2268d62e97bff2cde7d5815dd6ed5b47097566f13b8d0ca110b04b60e07ed" "/opt/rustwide/cargo-home/bin/cargo" "+beta-2023-04-20" "test" "--frozen", kill_on_drop: false }`
[INFO] [stdout] 7f76c43e877c4abc1c6cd659261aad63a7eeeec8ce3b852c47cb178e527c7f1b
[INFO] running `Command { std: "docker" "start" "-a" "7f76c43e877c4abc1c6cd659261aad63a7eeeec8ce3b852c47cb178e527c7f1b", kill_on_drop: false }`
[INFO] [stderr] warning: ambiguous glob re-exports
[INFO] [stderr]   --> src/lib.rs:7:10
[INFO] [stderr]    |
[INFO] [stderr] 7  |       pub use crate::{
[INFO] [stderr]    |  _____________^
[INFO] [stderr] 8  | |         lexer::{*, Token::*, Value::I64},
[INFO] [stderr]    | |                    -------- but the name `Operator` in the type namespace is also re-exported here
[INFO] [stderr] 9  | |         generate::*,
[INFO] [stderr] 10 | |         ast::{
[INFO] [stderr] ...  |
[INFO] [stderr] 19 | |         parser::*,
[INFO] [stderr] 20 | |     };
[INFO] [stderr]    | |_____^ the name `Operator` in the type namespace is first re-exported here
[INFO] [stderr]    |
[INFO] [stderr]    = note: `#[warn(ambiguous_glob_reexports)]` on by default
[INFO] [stderr] 
[INFO] [stderr] warning: ambiguous glob re-exports
[INFO] [stderr]   --> src/lib.rs:7:10
[INFO] [stderr]    |
[INFO] [stderr] 7  |       pub use crate::{
[INFO] [stderr]    |  _____________^
[INFO] [stderr] 8  | |         lexer::{*, Token::*, Value::I64},
[INFO] [stderr]    | |                    -------- but the name `Keyword` in the type namespace is also re-exported here
[INFO] [stderr] 9  | |         generate::*,
[INFO] [stderr] 10 | |         ast::{
[INFO] [stderr] ...  |
[INFO] [stderr] 19 | |         parser::*,
[INFO] [stderr] 20 | |     };
[INFO] [stderr]    | |_____^ the name `Keyword` in the type namespace is first re-exported here
[INFO] [stderr] 
[INFO] [stderr] warning: ambiguous glob re-exports
[INFO] [stderr]   --> src/lib.rs:7:10
[INFO] [stderr]    |
[INFO] [stderr] 7  |       pub use crate::{
[INFO] [stderr]    |  _____________^
[INFO] [stderr] 8  | |         lexer::{*, Token::*, Value::I64},
[INFO] [stderr]    | |                    -------- but the name `Punctuation` in the type namespace is also re-exported here
[INFO] [stderr] 9  | |         generate::*,
[INFO] [stderr] 10 | |         ast::{
[INFO] [stderr] ...  |
[INFO] [stderr] 19 | |         parser::*,
[INFO] [stderr] 20 | |     };
[INFO] [stderr]    | |_____^ the name `Punctuation` in the type namespace is first re-exported here
[INFO] [stderr] 
[INFO] [stderr] warning: `s1mple` (lib) generated 3 warnings
[INFO] [stderr] warning: `s1mple` (lib test) generated 3 warnings (3 duplicates)
[INFO] [stderr]     Finished test [unoptimized + debuginfo] target(s) in 0.01s
[INFO] [stderr]      Running unittests src/lib.rs (/opt/rustwide/target/debug/deps/s1mple-369fefb5acb39eab)
[INFO] [stdout] 
[INFO] [stdout] running 0 tests
[INFO] [stdout] 
[INFO] [stdout] test result: ok. 0 passed; 0 failed; 0 ignored; 0 measured; 0 filtered out; finished in 0.00s
[INFO] [stdout] 
[INFO] [stderr]      Running unittests src/main.rs (/opt/rustwide/target/debug/deps/s1mple-cfe774ee89c2778d)
[INFO] [stdout] 
[INFO] [stdout] running 1 test
[INFO] [stdout] test test_add_constants ... FAILED
[INFO] [stdout] 
[INFO] [stdout] failures:
[INFO] [stdout] 
[INFO] [stdout] ---- test_add_constants stdout ----
[INFO] [stdout] reading file...
[INFO] [stdout] lexing code:
[INFO] [stdout] 
[INFO] [stdout] fn main ( ) -> i64 {
[INFO] [stdout]     1 + 39 + 1 + 1
[INFO] [stdout] }
[INFO] [stdout] 
[INFO] [stdout] parsing ast...
[INFO] [stdout] generating executable...
[INFO] [stdout] thread 'test_add_constants' panicked at 'called `Result::unwrap()` on an `Err` value: Os { code: 30, kind: ReadOnlyFilesystem, message: "Read-only file system" }', src/generate.rs:13:60
[INFO] [stdout] stack backtrace:
[INFO] [stdout]    0:     0x55d76a3b66ba - std::backtrace_rs::backtrace::libunwind::trace::h2f05d0192276a8f6
[INFO] [stdout]                                at /rustc/1b7dd2252b99671ce5d1cb9664c5f8636329436d/library/std/src/../../backtrace/src/backtrace/libunwind.rs:93:5
[INFO] [stdout]    1:     0x55d76a3b66ba - std::backtrace_rs::backtrace::trace_unsynchronized::hedc23dff7a1af150
[INFO] [stdout]                                at /rustc/1b7dd2252b99671ce5d1cb9664c5f8636329436d/library/std/src/../../backtrace/src/backtrace/mod.rs:66:5
[INFO] [stdout]    2:     0x55d76a3b66ba - std::sys_common::backtrace::_print_fmt::h17541ef7592f3ce2
[INFO] [stdout]                                at /rustc/1b7dd2252b99671ce5d1cb9664c5f8636329436d/library/std/src/sys_common/backtrace.rs:65:5
[INFO] [stdout]    3:     0x55d76a3b66ba - <std::sys_common::backtrace::_print::DisplayBacktrace as core::fmt::Display>::fmt::h20f75df5ab0c0792
[INFO] [stdout]                                at /rustc/1b7dd2252b99671ce5d1cb9664c5f8636329436d/library/std/src/sys_common/backtrace.rs:44:22
[INFO] [stdout]    4:     0x55d76a3db28f - core::fmt::write::h78109e6f466b3af6
[INFO] [stdout]                                at /rustc/1b7dd2252b99671ce5d1cb9664c5f8636329436d/library/core/src/fmt/mod.rs:1254:17
[INFO] [stdout]    5:     0x55d76a3b3a05 - std::io::Write::write_fmt::hd24bfb68a1b35a25
[INFO] [stdout]                                at /rustc/1b7dd2252b99671ce5d1cb9664c5f8636329436d/library/std/src/io/mod.rs:1698:15
[INFO] [stdout]    6:     0x55d76a3b6485 - std::sys_common::backtrace::_print::h8dac57a9f8fbf9a5
[INFO] [stdout]                                at /rustc/1b7dd2252b99671ce5d1cb9664c5f8636329436d/library/std/src/sys_common/backtrace.rs:47:5
[INFO] [stdout]    7:     0x55d76a3b6485 - std::sys_common::backtrace::print::hf9ecbf41d1aa712f
[INFO] [stdout]                                at /rustc/1b7dd2252b99671ce5d1cb9664c5f8636329436d/library/std/src/sys_common/backtrace.rs:34:9
[INFO] [stdout]    8:     0x55d76a3b813e - std::panicking::default_hook::{{closure}}::h04c07acfc84ca028
[INFO] [stdout]                                at /rustc/1b7dd2252b99671ce5d1cb9664c5f8636329436d/library/std/src/panicking.rs:269:22
[INFO] [stdout]    9:     0x55d76a3b7e71 - std::panicking::default_hook::h01f6bb23e1eceb2c
[INFO] [stdout]                                at /rustc/1b7dd2252b99671ce5d1cb9664c5f8636329436d/library/std/src/panicking.rs:285:9
[INFO] [stdout]   10:     0x55d769e8936b - <alloc::boxed::Box<F,A> as core::ops::function::Fn<Args>>::call::h87fe9f7b2fd49e4c
[INFO] [stdout]                                at /rustc/1b7dd2252b99671ce5d1cb9664c5f8636329436d/library/alloc/src/boxed.rs:1987:9
[INFO] [stdout]   11:     0x55d769e8936b - test::test_main::{{closure}}::he94d679243a7531b
[INFO] [stdout]                                at /rustc/1b7dd2252b99671ce5d1cb9664c5f8636329436d/library/test/src/lib.rs:134:21
[INFO] [stdout]   12:     0x55d76a3b8824 - <alloc::boxed::Box<F,A> as core::ops::function::Fn<Args>>::call::h3f2d6d8b14c4769f
[INFO] [stdout]                                at /rustc/1b7dd2252b99671ce5d1cb9664c5f8636329436d/library/alloc/src/boxed.rs:1987:9
[INFO] [stdout]   13:     0x55d76a3b8824 - std::panicking::rust_panic_with_hook::h2bb3722bbaf2f6df
[INFO] [stdout]                                at /rustc/1b7dd2252b99671ce5d1cb9664c5f8636329436d/library/std/src/panicking.rs:695:13
[INFO] [stdout]   14:     0x55d76a3b8599 - std::panicking::begin_panic_handler::{{closure}}::h91bc7f36a4be011b
[INFO] [stdout]                                at /rustc/1b7dd2252b99671ce5d1cb9664c5f8636329436d/library/std/src/panicking.rs:582:13
[INFO] [stdout]   15:     0x55d76a3b6b26 - std::sys_common::backtrace::__rust_end_short_backtrace::h8b3d3717114f9e59
[INFO] [stdout]                                at /rustc/1b7dd2252b99671ce5d1cb9664c5f8636329436d/library/std/src/sys_common/backtrace.rs:150:18
[INFO] [stdout]   16:     0x55d76a3b82f2 - rust_begin_unwind
[INFO] [stdout]                                at /rustc/1b7dd2252b99671ce5d1cb9664c5f8636329436d/library/std/src/panicking.rs:578:5
[INFO] [stdout]   17:     0x55d769e52203 - core::panicking::panic_fmt::hfd368e3fbdabea26
[INFO] [stdout]                                at /rustc/1b7dd2252b99671ce5d1cb9664c5f8636329436d/library/core/src/panicking.rs:67:14
[INFO] [stdout]   18:     0x55d769e527a3 - core::result::unwrap_failed::he54eb4b2f125b26f
[INFO] [stdout]                                at /rustc/1b7dd2252b99671ce5d1cb9664c5f8636329436d/library/core/src/result.rs:1687:5
[INFO] [stdout]   19:     0x55d769e9f17d - core::result::Result<T,E>::unwrap::h16a68eb8a9425cd9
[INFO] [stdout]                                at /rustc/1b7dd2252b99671ce5d1cb9664c5f8636329436d/library/core/src/result.rs:1089:23
[INFO] [stdout]   20:     0x55d769e93c83 - s1mple::generate::generate::h47f94384f5084c47
[INFO] [stdout]                                at /opt/rustwide/workdir/src/generate.rs:13:5
[INFO] [stdout]   21:     0x55d769e54b36 - s1mple::compile_and_execute::h9993970bcd42ad56
[INFO] [stdout]                                at /opt/rustwide/workdir/src/main.rs:33:5
[INFO] [stdout]   22:     0x55d769e5515a - s1mple::test_add_constants::hb846c02f402bd9e4
[INFO] [stdout]                                at /opt/rustwide/workdir/src/main.rs:50:16
[INFO] [stdout]   23:     0x55d769e55117 - s1mple::test_add_constants::{{closure}}::h6a203b2508c5e98e
[INFO] [stdout]                                at /opt/rustwide/workdir/src/main.rs:48:25
[INFO] [stdout]   24:     0x55d769e53d65 - core::ops::function::FnOnce::call_once::hd3e7cf44c6c6c1da
[INFO] [stdout]                                at /rustc/1b7dd2252b99671ce5d1cb9664c5f8636329436d/library/core/src/ops/function.rs:250:5
[INFO] [stdout]   25:     0x55d769e8e23f - core::ops::function::FnOnce::call_once::ha6a70e79f7481a7e
[INFO] [stdout]                                at /rustc/1b7dd2252b99671ce5d1cb9664c5f8636329436d/library/core/src/ops/function.rs:250:5
[INFO] [stdout]   26:     0x55d769e8e23f - test::__rust_begin_short_backtrace::hce33033019b61e69
[INFO] [stdout]                                at /rustc/1b7dd2252b99671ce5d1cb9664c5f8636329436d/library/test/src/lib.rs:655:18
[INFO] [stdout]   27:     0x55d769e5ba2c - test::run_test::{{closure}}::h858d3528838ae3e5
[INFO] [stdout]                                at /rustc/1b7dd2252b99671ce5d1cb9664c5f8636329436d/library/test/src/lib.rs:646:30
[INFO] [stdout]   28:     0x55d769e5ba2c - core::ops::function::FnOnce::call_once{{vtable.shim}}::he8ac2b00f01ae79e
[INFO] [stdout]                                at /rustc/1b7dd2252b99671ce5d1cb9664c5f8636329436d/library/core/src/ops/function.rs:250:5
[INFO] [stdout]   29:     0x55d769e8d316 - <alloc::boxed::Box<F,A> as core::ops::function::FnOnce<Args>>::call_once::h8093d25b522725ef
[INFO] [stdout]                                at /rustc/1b7dd2252b99671ce5d1cb9664c5f8636329436d/library/alloc/src/boxed.rs:1973:9
[INFO] [stdout]   30:     0x55d769e8d316 - <core::panic::unwind_safe::AssertUnwindSafe<F> as core::ops::function::FnOnce<()>>::call_once::h5c334c204e4a3913
[INFO] [stdout]                                at /rustc/1b7dd2252b99671ce5d1cb9664c5f8636329436d/library/core/src/panic/unwind_safe.rs:271:9
[INFO] [stdout]   31:     0x55d769e8d316 - std::panicking::try::do_call::ha8b740c7b9478074
[INFO] [stdout]                                at /rustc/1b7dd2252b99671ce5d1cb9664c5f8636329436d/library/std/src/panicking.rs:485:40
[INFO] [stdout]   32:     0x55d769e8d316 - std::panicking::try::h5d34f63d0e41b64e
[INFO] [stdout]                                at /rustc/1b7dd2252b99671ce5d1cb9664c5f8636329436d/library/std/src/panicking.rs:449:19
[INFO] [stdout]   33:     0x55d769e8d316 - std::panic::catch_unwind::hcfbb511e1aa7fc67
[INFO] [stdout]                                at /rustc/1b7dd2252b99671ce5d1cb9664c5f8636329436d/library/std/src/panic.rs:140:14
[INFO] [stdout]   34:     0x55d769e8d316 - test::run_test_in_process::h9abda90f802eaf21
[INFO] [stdout]                                at /rustc/1b7dd2252b99671ce5d1cb9664c5f8636329436d/library/test/src/lib.rs:678:27
[INFO] [stdout]   35:     0x55d769e8d316 - test::run_test::run_test_inner::{{closure}}::h0f058de91f6c6edf
[INFO] [stdout]                                at /rustc/1b7dd2252b99671ce5d1cb9664c5f8636329436d/library/test/src/lib.rs:572:39
[INFO] [stdout]   36:     0x55d769e56235 - test::run_test::run_test_inner::{{closure}}::h5ca48a4c59c6c1fb
[INFO] [stdout]                                at /rustc/1b7dd2252b99671ce5d1cb9664c5f8636329436d/library/test/src/lib.rs:599:37
[INFO] [stdout]   37:     0x55d769e56235 - std::sys_common::backtrace::__rust_begin_short_backtrace::h32bd51e1495d4a33
[INFO] [stdout]                                at /rustc/1b7dd2252b99671ce5d1cb9664c5f8636329436d/library/std/src/sys_common/backtrace.rs:134:18
[INFO] [stdout]   38:     0x55d769e5b771 - std::thread::Builder::spawn_unchecked_::{{closure}}::{{closure}}::hc086fae9b128b2db
[INFO] [stdout]                                at /rustc/1b7dd2252b99671ce5d1cb9664c5f8636329436d/library/std/src/thread/mod.rs:526:17
[INFO] [stdout]   39:     0x55d769e5b771 - <core::panic::unwind_safe::AssertUnwindSafe<F> as core::ops::function::FnOnce<()>>::call_once::hb66571888d270d43
[INFO] [stdout]                                at /rustc/1b7dd2252b99671ce5d1cb9664c5f8636329436d/library/core/src/panic/unwind_safe.rs:271:9
[INFO] [stdout]   40:     0x55d769e5b771 - std::panicking::try::do_call::h4fa2ef4f6e51fecf
[INFO] [stdout]                                at /rustc/1b7dd2252b99671ce5d1cb9664c5f8636329436d/library/std/src/panicking.rs:485:40
[INFO] [stdout]   41:     0x55d769e5b771 - std::panicking::try::h1e9e22b8584489b5
[INFO] [stdout]                                at /rustc/1b7dd2252b99671ce5d1cb9664c5f8636329436d/library/std/src/panicking.rs:449:19
[INFO] [stdout]   42:     0x55d769e5b771 - std::panic::catch_unwind::h44698a3de0e0769e
[INFO] [stdout]                                at /rustc/1b7dd2252b99671ce5d1cb9664c5f8636329436d/library/std/src/panic.rs:140:14
[INFO] [stdout]   43:     0x55d769e5b771 - std::thread::Builder::spawn_unchecked_::{{closure}}::h50153abde3fe239e
[INFO] [stdout]                                at /rustc/1b7dd2252b99671ce5d1cb9664c5f8636329436d/library/std/src/thread/mod.rs:525:30
[INFO] [stdout]   44:     0x55d769e5b771 - core::ops::function::FnOnce::call_once{{vtable.shim}}::hbe5bbf6f38394364
[INFO] [stdout]                                at /rustc/1b7dd2252b99671ce5d1cb9664c5f8636329436d/library/core/src/ops/function.rs:250:5
[INFO] [stdout]   45:     0x55d76a3bce25 - <alloc::boxed::Box<F,A> as core::ops::function::FnOnce<Args>>::call_once::h0d83cb2920a49046
[INFO] [stdout]                                at /rustc/1b7dd2252b99671ce5d1cb9664c5f8636329436d/library/alloc/src/boxed.rs:1973:9
[INFO] [stdout]   46:     0x55d76a3bce25 - <alloc::boxed::Box<F,A> as core::ops::function::FnOnce<Args>>::call_once::hbe0a008aa7d9ef59
[INFO] [stdout]                                at /rustc/1b7dd2252b99671ce5d1cb9664c5f8636329436d/library/alloc/src/boxed.rs:1973:9
[INFO] [stdout]   47:     0x55d76a3bce25 - std::sys::unix::thread::Thread::new::thread_start::h3a466996bdf6b1f9
[INFO] [stdout]                                at /rustc/1b7dd2252b99671ce5d1cb9664c5f8636329436d/library/std/src/sys/unix/thread.rs:108:17
[INFO] [stdout]   48:     0x7f02bf786b43 - <unknown>
[INFO] [stdout]   49:     0x7f02bf817bb4 - __clone
[INFO] [stdout]   50:                0x0 - <unknown>
[INFO] [stdout] 
[INFO] [stdout] 
[INFO] [stdout] failures:
[INFO] [stdout]     test_add_constants
[INFO] [stdout] 
[INFO] [stdout] test result: FAILED. 0 passed; 1 failed; 0 ignored; 0 measured; 0 filtered out; finished in 0.01s
[INFO] [stdout] 
[INFO] [stderr] error: test failed, to rerun pass `--bin s1mple`
[INFO] running `Command { std: "docker" "inspect" "7f76c43e877c4abc1c6cd659261aad63a7eeeec8ce3b852c47cb178e527c7f1b", kill_on_drop: false }`
[INFO] running `Command { std: "docker" "rm" "-f" "7f76c43e877c4abc1c6cd659261aad63a7eeeec8ce3b852c47cb178e527c7f1b", kill_on_drop: false }`
[INFO] [stdout] 7f76c43e877c4abc1c6cd659261aad63a7eeeec8ce3b852c47cb178e527c7f1b
