[INFO] fetching crate rusty_tarantool 0.2.11...
[INFO] testing rusty_tarantool-0.2.11 against beta-2023-04-20 for beta-1.70-1
[INFO] extracting crate rusty_tarantool 0.2.11 into /workspace/builds/worker-1-tc2/source
[INFO] validating manifest of crates.io crate rusty_tarantool 0.2.11 on toolchain beta-2023-04-20
[INFO] running `Command { std: CARGO_HOME="/workspace/cargo-home" RUSTUP_HOME="/workspace/rustup-home" "/workspace/cargo-home/bin/cargo" "+beta-2023-04-20" "metadata" "--manifest-path" "Cargo.toml" "--no-deps", kill_on_drop: false }`
[INFO] started tweaking crates.io crate rusty_tarantool 0.2.11
[INFO] finished tweaking crates.io crate rusty_tarantool 0.2.11
[INFO] tweaked toml for crates.io crate rusty_tarantool 0.2.11 written to /workspace/builds/worker-1-tc2/source/Cargo.toml
[INFO] crate crates.io crate rusty_tarantool 0.2.11 already has a lockfile, it will not be regenerated
[INFO] running `Command { std: CARGO_HOME="/workspace/cargo-home" RUSTUP_HOME="/workspace/rustup-home" "/workspace/cargo-home/bin/cargo" "+beta-2023-04-20" "fetch" "--manifest-path" "Cargo.toml", kill_on_drop: false }`
[INFO] [stderr]     Updating crates.io index
[INFO] [stderr]  Downloading crates ...
[INFO] [stderr]   Downloaded enum-as-inner v0.3.4
[INFO] [stderr]   Downloaded actix-macros v0.1.3
[INFO] [stderr]   Downloaded pin-project-internal v0.4.30
[INFO] [stderr]   Downloaded bytestring v1.2.0
[INFO] [stderr]   Downloaded async-trait v0.1.59
[INFO] [stderr]   Downloaded actix-router v0.2.7
[INFO] [stderr]   Downloaded rmp-serialize v0.8.1
[INFO] [stderr]   Downloaded pin-project v0.4.30
[INFO] running `Command { std: "docker" "create" "-v" "/var/lib/crater-agent-workspace/builds/worker-1-tc2/target:/opt/rustwide/target:rw,Z" "-v" "/var/lib/crater-agent-workspace/builds/worker-1-tc2/source:/opt/rustwide/workdir:ro,Z" "-v" "/var/lib/crater-agent-workspace/cargo-home:/opt/rustwide/cargo-home:ro,Z" "-v" "/var/lib/crater-agent-workspace/rustup-home:/opt/rustwide/rustup-home:ro,Z" "-e" "SOURCE_DIR=/opt/rustwide/workdir" "-e" "CARGO_TARGET_DIR=/opt/rustwide/target" "-e" "CARGO_HOME=/opt/rustwide/cargo-home" "-e" "RUSTUP_HOME=/opt/rustwide/rustup-home" "-w" "/opt/rustwide/workdir" "-m" "1610612736" "--user" "0:0" "--network" "none" "ghcr.io/rust-lang/crates-build-env/linux@sha256:5ff2268d62e97bff2cde7d5815dd6ed5b47097566f13b8d0ca110b04b60e07ed" "/opt/rustwide/cargo-home/bin/cargo" "+beta-2023-04-20" "metadata" "--no-deps" "--format-version=1", kill_on_drop: false }`
[INFO] [stdout] 44e71acbde9eacbe169683398876faef8f781711815edef06f0bce6e1bc15fcc
[INFO] running `Command { std: "docker" "start" "-a" "44e71acbde9eacbe169683398876faef8f781711815edef06f0bce6e1bc15fcc", kill_on_drop: false }`
[INFO] running `Command { std: "docker" "inspect" "44e71acbde9eacbe169683398876faef8f781711815edef06f0bce6e1bc15fcc", kill_on_drop: false }`
[INFO] running `Command { std: "docker" "rm" "-f" "44e71acbde9eacbe169683398876faef8f781711815edef06f0bce6e1bc15fcc", kill_on_drop: false }`
[INFO] [stdout] 44e71acbde9eacbe169683398876faef8f781711815edef06f0bce6e1bc15fcc
[INFO] running `Command { std: "docker" "create" "-v" "/var/lib/crater-agent-workspace/builds/worker-1-tc2/target:/opt/rustwide/target:rw,Z" "-v" "/var/lib/crater-agent-workspace/builds/worker-1-tc2/source:/opt/rustwide/workdir:ro,Z" "-v" "/var/lib/crater-agent-workspace/cargo-home:/opt/rustwide/cargo-home:ro,Z" "-v" "/var/lib/crater-agent-workspace/rustup-home:/opt/rustwide/rustup-home:ro,Z" "-e" "SOURCE_DIR=/opt/rustwide/workdir" "-e" "CARGO_TARGET_DIR=/opt/rustwide/target" "-e" "CARGO_INCREMENTAL=0" "-e" "RUST_BACKTRACE=full" "-e" "RUSTFLAGS=--cap-lints=warn" "-e" "RUSTDOCFLAGS=--cap-lints=warn" "-e" "CARGO_HOME=/opt/rustwide/cargo-home" "-e" "RUSTUP_HOME=/opt/rustwide/rustup-home" "-w" "/opt/rustwide/workdir" "-m" "1610612736" "--user" "0:0" "--network" "none" "ghcr.io/rust-lang/crates-build-env/linux@sha256:5ff2268d62e97bff2cde7d5815dd6ed5b47097566f13b8d0ca110b04b60e07ed" "/opt/rustwide/cargo-home/bin/cargo" "+beta-2023-04-20" "build" "--frozen" "--message-format=json", kill_on_drop: false }`
[INFO] [stdout] 91296ccefc5e1a2341d71a00e5054d5d1d611d198f66b04017413ba325a519b3
[INFO] running `Command { std: "docker" "start" "-a" "91296ccefc5e1a2341d71a00e5054d5d1d611d198f66b04017413ba325a519b3", kill_on_drop: false }`
[INFO] [stderr]    Compiling proc-macro2 v1.0.47
[INFO] [stderr]    Compiling quote v1.0.21
[INFO] [stderr]    Compiling unicode-ident v1.0.5
[INFO] [stderr]    Compiling syn v1.0.105
[INFO] [stderr]    Compiling libc v0.2.138
[INFO] [stderr]    Compiling memchr v2.5.0
[INFO] [stderr]    Compiling slab v0.4.7
[INFO] [stderr]    Compiling futures-core v0.3.25
[INFO] [stderr]    Compiling log v0.4.17
[INFO] [stderr]    Compiling serde_derive v1.0.149
[INFO] [stderr]    Compiling serde v1.0.149
[INFO] [stderr]    Compiling futures-sink v0.3.25
[INFO] [stderr]    Compiling cfg-if v0.1.10
[INFO] [stderr]    Compiling futures-task v0.3.25
[INFO] [stderr]    Compiling futures-channel v0.3.25
[INFO] [stderr]    Compiling futures-util v0.3.25
[INFO] [stderr]    Compiling paste v1.0.9
[INFO] [stderr]    Compiling futures-io v0.3.25
[INFO] [stderr]    Compiling pin-project-lite v0.2.9
[INFO] [stderr]    Compiling pin-utils v0.1.0
[INFO] [stderr]    Compiling fnv v1.0.7
[INFO] [stderr]    Compiling bytes v0.5.6
[INFO] [stderr]    Compiling regex-syntax v0.6.28
[INFO] [stderr]    Compiling pin-project-lite v0.1.12
[INFO] [stderr]    Compiling termcolor v1.1.3
[INFO] [stderr]    Compiling sha1_smol v1.0.0
[INFO] [stderr]    Compiling rustc-serialize v0.3.24
[INFO] [stderr]    Compiling humantime v2.1.0
[INFO] [stderr]    Compiling base64 v0.12.3
[INFO] [stderr]    Compiling maplit v1.0.2
[INFO] [stderr]    Compiling sha1 v0.6.1
[INFO] [stderr]    Compiling rmp v0.8.11
[INFO] [stderr]    Compiling aho-corasick v0.7.20
[INFO] [stderr]    Compiling net2 v0.2.38
[INFO] [stderr]    Compiling iovec v0.1.4
[INFO] [stderr]    Compiling num_cpus v1.14.0
[INFO] [stderr]    Compiling signal-hook-registry v1.4.0
[INFO] [stderr]    Compiling atty v0.2.14
[INFO] [stderr]    Compiling mio v0.6.23
[INFO] [stderr]    Compiling mio-uds v0.6.8
[INFO] [stderr]    Compiling rmp-serialize v0.8.1
[INFO] [stderr]    Compiling regex v1.7.0
[INFO] [stderr]    Compiling env_logger v0.9.3
[INFO] [stderr]    Compiling futures-macro v0.3.25
[INFO] [stderr]    Compiling tokio-macros v0.2.6
[INFO] [stderr]    Compiling tokio v0.2.25
[INFO] [stderr]    Compiling futures-executor v0.3.25
[INFO] [stderr]    Compiling futures v0.3.25
[INFO] [stderr]    Compiling tokio-util v0.3.1
[INFO] [stderr]    Compiling serde_bytes v0.11.7
[INFO] [stderr]    Compiling rmp-serde v0.14.4
[INFO] [stderr]    Compiling rmpv v0.4.7
[INFO] [stderr]    Compiling rusty_tarantool v0.2.11 (/opt/rustwide/workdir)
[INFO] [stderr]     Finished dev [unoptimized + debuginfo] target(s) in 12.14s
[INFO] [stderr] warning: the following packages contain code that will be rejected by a future version of Rust: rustc-serialize v0.3.24
[INFO] [stderr] note: to see what the problems were, use the option `--future-incompat-report`, or run `cargo report future-incompatibilities --id 2`
[INFO] running `Command { std: "docker" "inspect" "91296ccefc5e1a2341d71a00e5054d5d1d611d198f66b04017413ba325a519b3", kill_on_drop: false }`
[INFO] running `Command { std: "docker" "rm" "-f" "91296ccefc5e1a2341d71a00e5054d5d1d611d198f66b04017413ba325a519b3", kill_on_drop: false }`
[INFO] [stdout] 91296ccefc5e1a2341d71a00e5054d5d1d611d198f66b04017413ba325a519b3
[INFO] running `Command { std: "docker" "create" "-v" "/var/lib/crater-agent-workspace/builds/worker-1-tc2/target:/opt/rustwide/target:rw,Z" "-v" "/var/lib/crater-agent-workspace/builds/worker-1-tc2/source:/opt/rustwide/workdir:ro,Z" "-v" "/var/lib/crater-agent-workspace/cargo-home:/opt/rustwide/cargo-home:ro,Z" "-v" "/var/lib/crater-agent-workspace/rustup-home:/opt/rustwide/rustup-home:ro,Z" "-e" "SOURCE_DIR=/opt/rustwide/workdir" "-e" "CARGO_TARGET_DIR=/opt/rustwide/target" "-e" "CARGO_INCREMENTAL=0" "-e" "RUST_BACKTRACE=full" "-e" "RUSTFLAGS=--cap-lints=warn" "-e" "RUSTDOCFLAGS=--cap-lints=warn" "-e" "CARGO_HOME=/opt/rustwide/cargo-home" "-e" "RUSTUP_HOME=/opt/rustwide/rustup-home" "-w" "/opt/rustwide/workdir" "-m" "1610612736" "--user" "0:0" "--network" "none" "ghcr.io/rust-lang/crates-build-env/linux@sha256:5ff2268d62e97bff2cde7d5815dd6ed5b47097566f13b8d0ca110b04b60e07ed" "/opt/rustwide/cargo-home/bin/cargo" "+beta-2023-04-20" "test" "--frozen" "--no-run" "--message-format=json", kill_on_drop: false }`
[INFO] [stdout] f85e2aca4ff6b768328ac5a3c0cbe3736064aa817982f546986ddd84a96a2f12
[INFO] running `Command { std: "docker" "start" "-a" "f85e2aca4ff6b768328ac5a3c0cbe3736064aa817982f546986ddd84a96a2f12", kill_on_drop: false }`
[INFO] [stderr]    Compiling smallvec v1.10.0
[INFO] [stderr]    Compiling lock_api v0.4.9
[INFO] [stderr]    Compiling cc v1.0.77
[INFO] [stderr]    Compiling pin-project-internal v0.4.30
[INFO] [stderr]    Compiling parking_lot_core v0.8.5
[INFO] [stderr]    Compiling instant v0.1.12
[INFO] [stderr]    Compiling tinyvec_macros v0.1.0
[INFO] [stderr]    Compiling convert_case v0.4.0
[INFO] [stderr]    Compiling threadpool v1.8.1
[INFO] [stderr]    Compiling adler v1.0.2
[INFO] [stderr]    Compiling getrandom v0.1.16
[INFO] [stderr]    Compiling actix-macros v0.1.3
[INFO] [stderr]    Compiling copyless v0.1.5
[INFO] [stderr]    Compiling bytes v1.3.0
[INFO] [stderr]    Compiling unicode-bidi v0.3.8
[INFO] [stderr]    Compiling itoa v1.0.4
[INFO] [stderr]    Compiling tinyvec v1.6.0
[INFO] [stderr]    Compiling socket2 v0.3.19
[INFO] [stderr]    Compiling either v1.8.0
[INFO] [stderr]    Compiling failure_derive v0.1.8
[INFO] [stderr]    Compiling unicode-xid v0.2.4
[INFO] [stderr]    Compiling gimli v0.26.2
[INFO] [stderr]    Compiling percent-encoding v2.2.0
[INFO] [stderr]    Compiling synstructure v0.12.6
[INFO] [stderr]    Compiling derive_more v0.99.17
[INFO] [stderr]    Compiling http v0.2.8
[INFO] [stderr]    Compiling rand_core v0.5.1
[INFO] [stderr]    Compiling form_urlencoded v1.1.0
[INFO] [stderr]    Compiling miniz_oxide v0.5.4
[INFO] [stderr]    Compiling object v0.29.0
[INFO] [stderr]    Compiling async-trait v0.1.59
[INFO] [stderr]    Compiling parking_lot v0.11.2
[INFO] [stderr]    Compiling once_cell v1.16.0
[INFO] [stderr]    Compiling ppv-lite86 v0.2.17
[INFO] [stderr]    Compiling rustc-demangle v0.1.21
[INFO] [stderr]    Compiling tokio-util v0.2.0
[INFO] [stderr]    Compiling pin-project-internal v1.0.12
[INFO] [stderr]    Compiling unicode-normalization v0.1.22
[INFO] [stderr]    Compiling tracing-core v0.1.30
[INFO] [stderr]    Compiling indexmap v1.9.2
[INFO] [stderr]    Compiling rand_chacha v0.2.2
[INFO] [stderr]    Compiling backtrace v0.3.66
[INFO] [stderr]    Compiling matches v0.1.9
[INFO] [stderr]    Compiling match_cfg v0.1.0
[INFO] [stderr]    Compiling heck v0.4.0
[INFO] [stderr]    Compiling hostname v0.3.1
[INFO] [stderr]    Compiling rand v0.7.3
[INFO] [stderr]    Compiling tracing v0.1.37
[INFO] [stderr]    Compiling idna v0.3.0
[INFO] [stderr]    Compiling enum-as-inner v0.3.4
[INFO] [stderr]    Compiling idna v0.2.3
[INFO] [stderr]    Compiling brotli-sys v0.3.2
[INFO] [stderr]    Compiling actix-codec v0.2.0
[INFO] [stderr]    Compiling num-integer v0.1.45
[INFO] [stderr]    Compiling crc32fast v1.3.2
[INFO] [stderr]    Compiling hashbrown v0.12.3
[INFO] [stderr]    Compiling linked-hash-map v0.5.6
[INFO] [stderr]    Compiling url v2.3.1
[INFO] [stderr]    Compiling quick-error v1.2.3
[INFO] [stderr]    Compiling httparse v1.8.0
[INFO] [stderr]    Compiling resolv-conf v0.6.3
[INFO] [stderr]    Compiling lru-cache v0.1.2
[INFO] [stderr]    Compiling pin-project v0.4.30
[INFO] [stderr]    Compiling itoa v0.4.8
[INFO] [stderr]    Compiling encoding_rs v0.8.31
[INFO] [stderr]    Compiling serde_json v1.0.89
[INFO] [stderr]    Compiling actix-service v1.0.6
[INFO] [stderr]    Compiling pin-project v1.0.12
[INFO] [stderr]    Compiling actix-codec v0.3.0
[INFO] [stderr]    Compiling addr2line v0.17.0
[INFO] [stderr]    Compiling tracing-futures v0.2.5
[INFO] [stderr]    Compiling miniz_oxide v0.6.2
[INFO] [stderr]    Compiling time v0.1.45
[INFO] [stderr]    Compiling dtoa v0.4.8
[INFO] [stderr]    Compiling iana-time-zone v0.1.53
[INFO] [stderr]    Compiling ryu v1.0.11
[INFO] [stderr]    Compiling h2 v0.2.7
[INFO] [stderr]    Compiling serde_urlencoded v0.6.1
[INFO] [stderr]    Compiling chrono v0.4.23
[INFO] [stderr]    Compiling fxhash v0.2.1
[INFO] [stderr]    Compiling language-tags v0.2.2
[INFO] [stderr]    Compiling flate2 v1.0.25
[INFO] [stderr]    Compiling mime v0.3.16
[INFO] [stderr]    Compiling base64 v0.11.0
[INFO] [stderr]    Compiling bytestring v1.2.0
[INFO] [stderr]    Compiling try-lock v0.2.3
[INFO] [stderr]    Compiling http-body v0.3.1
[INFO] [stderr]    Compiling actix-web-codegen v0.2.2
[INFO] [stderr]    Compiling want v0.3.0
[INFO] [stderr]    Compiling actix-router v0.2.7
[INFO] [stderr]    Compiling httpdate v0.3.2
[INFO] [stderr]    Compiling tower-service v0.3.2
[INFO] [stderr]    Compiling failure v0.1.8
[INFO] [stderr]    Compiling trust-dns-proto v0.18.0-alpha.2
[INFO] [stderr]    Compiling actix-threadpool v0.3.3
[INFO] [stderr]    Compiling actix-rt v1.1.1
[INFO] [stderr]    Compiling actix-utils v1.0.6
[INFO] [stderr]    Compiling actix-utils v2.0.0
[INFO] [stderr]    Compiling actix-server v1.0.4
[INFO] [stderr]    Compiling actix-tls v1.0.0
[INFO] [stderr]    Compiling trust-dns-resolver v0.18.0-alpha.2
[INFO] [stderr]    Compiling actix-testing v1.0.1
[INFO] [stderr]    Compiling hyper v0.13.10
[INFO] [stderr]    Compiling actix-connect v1.0.2
[INFO] [stderr]    Compiling brotli2 v0.3.2
[INFO] [stderr]    Compiling actix-http v1.0.1
[INFO] [stderr]    Compiling awc v1.0.1
[INFO] [stderr]    Compiling actix-web v2.0.0
[INFO] [stderr]    Compiling rusty_tarantool v0.2.11 (/opt/rustwide/workdir)
[INFO] [stderr]     Finished test [unoptimized + debuginfo] target(s) in 31.99s
[INFO] [stderr] warning: the following packages contain code that will be rejected by a future version of Rust: rustc-serialize v0.3.24
[INFO] [stderr] note: to see what the problems were, use the option `--future-incompat-report`, or run `cargo report future-incompatibilities --id 2`
[INFO] running `Command { std: "docker" "inspect" "f85e2aca4ff6b768328ac5a3c0cbe3736064aa817982f546986ddd84a96a2f12", kill_on_drop: false }`
[INFO] running `Command { std: "docker" "rm" "-f" "f85e2aca4ff6b768328ac5a3c0cbe3736064aa817982f546986ddd84a96a2f12", kill_on_drop: false }`
[INFO] [stdout] f85e2aca4ff6b768328ac5a3c0cbe3736064aa817982f546986ddd84a96a2f12
[INFO] running `Command { std: "docker" "create" "-v" "/var/lib/crater-agent-workspace/builds/worker-1-tc2/target:/opt/rustwide/target:rw,Z" "-v" "/var/lib/crater-agent-workspace/builds/worker-1-tc2/source:/opt/rustwide/workdir:ro,Z" "-v" "/var/lib/crater-agent-workspace/cargo-home:/opt/rustwide/cargo-home:ro,Z" "-v" "/var/lib/crater-agent-workspace/rustup-home:/opt/rustwide/rustup-home:ro,Z" "-e" "SOURCE_DIR=/opt/rustwide/workdir" "-e" "CARGO_TARGET_DIR=/opt/rustwide/target" "-e" "CARGO_INCREMENTAL=0" "-e" "RUST_BACKTRACE=full" "-e" "RUSTFLAGS=--cap-lints=warn" "-e" "RUSTDOCFLAGS=--cap-lints=warn" "-e" "CARGO_HOME=/opt/rustwide/cargo-home" "-e" "RUSTUP_HOME=/opt/rustwide/rustup-home" "-w" "/opt/rustwide/workdir" "-m" "1610612736" "--user" "0:0" "--network" "none" "ghcr.io/rust-lang/crates-build-env/linux@sha256:5ff2268d62e97bff2cde7d5815dd6ed5b47097566f13b8d0ca110b04b60e07ed" "/opt/rustwide/cargo-home/bin/cargo" "+beta-2023-04-20" "test" "--frozen", kill_on_drop: false }`
[INFO] [stdout] abf75a411824639392e04f6a4a85fa60551a9ece1cb50fcbd000a4e0e9ddd5de
[INFO] running `Command { std: "docker" "start" "-a" "abf75a411824639392e04f6a4a85fa60551a9ece1cb50fcbd000a4e0e9ddd5de", kill_on_drop: false }`
[INFO] [stderr]     Finished test [unoptimized + debuginfo] target(s) in 0.24s
[INFO] [stderr] warning: the following packages contain code that will be rejected by a future version of Rust: rustc-serialize v0.3.24
[INFO] [stderr] note: to see what the problems were, use the option `--future-incompat-report`, or run `cargo report future-incompatibilities --id 2`
[INFO] [stderr]      Running unittests src/lib.rs (/opt/rustwide/target/debug/deps/rusty_tarantool-1f6c35ec5736d304)
[INFO] [stdout] 
[INFO] [stdout] running 0 tests
[INFO] [stdout] 
[INFO] [stdout] test result: ok. 0 passed; 0 failed; 0 ignored; 0 measured; 0 filtered out; finished in 0.00s
[INFO] [stdout] 
[INFO] [stderr]      Running tests/test_service.rs (/opt/rustwide/target/debug/deps/test_service-767f07b449e11a17)
[INFO] [stdout] 
[INFO] [stdout] running 14 tests
[INFO] [stdout] test test_call_fn_args ... FAILED
[INFO] [stdout] test test_call_fn ... FAILED
[INFO] [stdout] test test_select ... FAILED
[INFO] [stdout] test test_error ... FAILED
[INFO] [stdout] test test_sql_bind ... FAILED
[INFO] [stdout] test test_low_level_call ... FAILED
[INFO] [stdout] test test_eval ... FAILED
[INFO] [stdout] test test_ping ... FAILED
[INFO] [stdout] test test_delete_insert_update ... FAILED
[INFO] [stdout] test test_sql_autoincrement ... FAILED
[INFO] [stdout] test test_untyped_decode_sql_result ... FAILED
[INFO] [stdout] test test_sql ... FAILED
[INFO] [stdout] test test_sql_update ... FAILED
[INFO] [stdout] test test_upsert ... FAILED
[INFO] [stdout] 
[INFO] [stdout] failures:
[INFO] [stdout] 
[INFO] [stdout] ---- test_call_fn_args stdout ----
[INFO] [stdout] init client
[INFO] [stdout] Error: Custom { kind: Other, error: "Connection refused (os error 111)" }
[INFO] [stdout] 
[INFO] [stdout] ---- test_call_fn stdout ----
[INFO] [stdout] init client
[INFO] [stdout] Error: Custom { kind: Other, error: "Connection refused (os error 111)" }
[INFO] [stdout] 
[INFO] [stdout] ---- test_select stdout ----
[INFO] [stdout] init client
[INFO] [stdout] Error: Custom { kind: Other, error: "Connection refused (os error 111)" }
[INFO] [stdout] 
[INFO] [stdout] ---- test_error stdout ----
[INFO] [stdout] init client
[INFO] [stdout] Error: Custom { kind: Other, error: "Connection refused (os error 111)" }
[INFO] [stdout] 
[INFO] [stdout] ---- test_sql_bind stdout ----
[INFO] [stdout] init client
[INFO] [stdout] Error: Custom { kind: Other, error: "Connection refused (os error 111)" }
[INFO] [stdout] 
[INFO] [stdout] ---- test_low_level_call stdout ----
[INFO] [stdout] init client
[INFO] [stdout] Error: Custom { kind: Other, error: "Connection refused (os error 111)" }
[INFO] [stdout] 
[INFO] [stdout] ---- test_eval stdout ----
[INFO] [stdout] init client
[INFO] [stdout] Error: Custom { kind: Other, error: "Connection refused (os error 111)" }
[INFO] [stdout] 
[INFO] [stdout] ---- test_ping stdout ----
[INFO] [stdout] init client
[INFO] [stdout] Error: Custom { kind: Other, error: "Connection refused (os error 111)" }
[INFO] [stdout] 
[INFO] [stdout] ---- test_delete_insert_update stdout ----
[INFO] [stdout] init client
[INFO] [stdout] Error: Custom { kind: Other, error: "Connection refused (os error 111)" }
[INFO] [stdout] 
[INFO] [stdout] ---- test_sql_autoincrement stdout ----
[INFO] [stdout] init client
[INFO] [stdout] Error: Custom { kind: Other, error: "Connection refused (os error 111)" }
[INFO] [stdout] 
[INFO] [stdout] ---- test_untyped_decode_sql_result stdout ----
[INFO] [stdout] init client
[INFO] [stdout] Error: Custom { kind: Other, error: "Connection refused (os error 111)" }
[INFO] [stdout] 
[INFO] [stdout] ---- test_sql stdout ----
[INFO] [stdout] init client
[INFO] [stdout] Error: Custom { kind: Other, error: "Connection refused (os error 111)" }
[INFO] [stdout] 
[INFO] [stdout] ---- test_sql_update stdout ----
[INFO] [stdout] init client
[INFO] [stdout] Error: Custom { kind: Other, error: "Connection refused (os error 111)" }
[INFO] [stdout] 
[INFO] [stdout] ---- test_upsert stdout ----
[INFO] [stdout] init client
[INFO] [stdout] Error: Custom { kind: Other, error: "Connection refused (os error 111)" }
[INFO] [stdout] 
[INFO] [stdout] 
[INFO] [stdout] failures:
[INFO] [stdout]     test_call_fn
[INFO] [stdout]     test_call_fn_args
[INFO] [stdout]     test_delete_insert_update
[INFO] [stdout]     test_error
[INFO] [stdout]     test_eval
[INFO] [stdout]     test_low_level_call
[INFO] [stdout]     test_ping
[INFO] [stdout]     test_select
[INFO] [stdout]     test_sql
[INFO] [stdout]     test_sql_autoincrement
[INFO] [stdout]     test_sql_bind
[INFO] [stdout]     test_sql_update
[INFO] [stdout]     test_untyped_decode_sql_result
[INFO] [stdout]     test_upsert
[INFO] [stdout] 
[INFO] [stdout] test result: FAILED. 0 passed; 14 failed; 0 ignored; 0 measured; 0 filtered out; finished in 0.00s
[INFO] [stdout] 
[INFO] [stderr] error: test failed, to rerun pass `--test test_service`
[INFO] running `Command { std: "docker" "inspect" "abf75a411824639392e04f6a4a85fa60551a9ece1cb50fcbd000a4e0e9ddd5de", kill_on_drop: false }`
[INFO] running `Command { std: "docker" "rm" "-f" "abf75a411824639392e04f6a4a85fa60551a9ece1cb50fcbd000a4e0e9ddd5de", kill_on_drop: false }`
[INFO] [stdout] abf75a411824639392e04f6a4a85fa60551a9ece1cb50fcbd000a4e0e9ddd5de
