[INFO] fetching crate rusty_express 0.4.3...
[INFO] testing rusty_express-0.4.3 against 1.69.0 for beta-1.70-1
[INFO] extracting crate rusty_express 0.4.3 into /workspace/builds/worker-2-tc1/source
[INFO] validating manifest of crates.io crate rusty_express 0.4.3 on toolchain 1.69.0
[INFO] running `Command { std: CARGO_HOME="/workspace/cargo-home" RUSTUP_HOME="/workspace/rustup-home" "/workspace/cargo-home/bin/cargo" "+1.69.0" "metadata" "--manifest-path" "Cargo.toml" "--no-deps", kill_on_drop: false }`
[INFO] started tweaking crates.io crate rusty_express 0.4.3
[INFO] finished tweaking crates.io crate rusty_express 0.4.3
[INFO] tweaked toml for crates.io crate rusty_express 0.4.3 written to /workspace/builds/worker-2-tc1/source/Cargo.toml
[INFO] running `Command { std: CARGO_HOME="/workspace/cargo-home" RUSTUP_HOME="/workspace/rustup-home" __CARGO_TEST_CHANNEL_OVERRIDE_DO_NOT_USE_THIS="nightly" "/workspace/cargo-home/bin/cargo" "+1.69.0" "generate-lockfile" "--manifest-path" "Cargo.toml" "-Zno-index-update", kill_on_drop: false }`
[INFO] running `Command { std: CARGO_HOME="/workspace/cargo-home" RUSTUP_HOME="/workspace/rustup-home" "/workspace/cargo-home/bin/cargo" "+1.69.0" "fetch" "--manifest-path" "Cargo.toml", kill_on_drop: false }`
[INFO] running `Command { std: "docker" "create" "-v" "/var/lib/crater-agent-workspace/builds/worker-2-tc1/target:/opt/rustwide/target:rw,Z" "-v" "/var/lib/crater-agent-workspace/builds/worker-2-tc1/source:/opt/rustwide/workdir:ro,Z" "-v" "/var/lib/crater-agent-workspace/cargo-home:/opt/rustwide/cargo-home:ro,Z" "-v" "/var/lib/crater-agent-workspace/rustup-home:/opt/rustwide/rustup-home:ro,Z" "-e" "SOURCE_DIR=/opt/rustwide/workdir" "-e" "CARGO_TARGET_DIR=/opt/rustwide/target" "-e" "CARGO_HOME=/opt/rustwide/cargo-home" "-e" "RUSTUP_HOME=/opt/rustwide/rustup-home" "-w" "/opt/rustwide/workdir" "-m" "1610612736" "--user" "0:0" "--network" "none" "ghcr.io/rust-lang/crates-build-env/linux@sha256:5ff2268d62e97bff2cde7d5815dd6ed5b47097566f13b8d0ca110b04b60e07ed" "/opt/rustwide/cargo-home/bin/cargo" "+1.69.0" "metadata" "--no-deps" "--format-version=1", kill_on_drop: false }`
[INFO] [stdout] dcbae07c41b6a4d833434a77092486b7c01dc9474aa975f483dffaa03d7e32ae
[INFO] running `Command { std: "docker" "start" "-a" "dcbae07c41b6a4d833434a77092486b7c01dc9474aa975f483dffaa03d7e32ae", kill_on_drop: false }`
[INFO] running `Command { std: "docker" "inspect" "dcbae07c41b6a4d833434a77092486b7c01dc9474aa975f483dffaa03d7e32ae", kill_on_drop: false }`
[INFO] running `Command { std: "docker" "rm" "-f" "dcbae07c41b6a4d833434a77092486b7c01dc9474aa975f483dffaa03d7e32ae", kill_on_drop: false }`
[INFO] [stdout] dcbae07c41b6a4d833434a77092486b7c01dc9474aa975f483dffaa03d7e32ae
[INFO] running `Command { std: "docker" "create" "-v" "/var/lib/crater-agent-workspace/builds/worker-2-tc1/target:/opt/rustwide/target:rw,Z" "-v" "/var/lib/crater-agent-workspace/builds/worker-2-tc1/source:/opt/rustwide/workdir:ro,Z" "-v" "/var/lib/crater-agent-workspace/cargo-home:/opt/rustwide/cargo-home:ro,Z" "-v" "/var/lib/crater-agent-workspace/rustup-home:/opt/rustwide/rustup-home:ro,Z" "-e" "SOURCE_DIR=/opt/rustwide/workdir" "-e" "CARGO_TARGET_DIR=/opt/rustwide/target" "-e" "CARGO_INCREMENTAL=0" "-e" "RUST_BACKTRACE=full" "-e" "RUSTFLAGS=--cap-lints=warn" "-e" "RUSTDOCFLAGS=--cap-lints=warn" "-e" "CARGO_HOME=/opt/rustwide/cargo-home" "-e" "RUSTUP_HOME=/opt/rustwide/rustup-home" "-w" "/opt/rustwide/workdir" "-m" "1610612736" "--user" "0:0" "--network" "none" "ghcr.io/rust-lang/crates-build-env/linux@sha256:5ff2268d62e97bff2cde7d5815dd6ed5b47097566f13b8d0ca110b04b60e07ed" "/opt/rustwide/cargo-home/bin/cargo" "+1.69.0" "build" "--frozen" "--message-format=json", kill_on_drop: false }`
[INFO] [stdout] 781b0d30dd2d3afe6d09e3c47160a77de1ac9ad8b63cd0d560f7c062023f0262
[INFO] running `Command { std: "docker" "start" "-a" "781b0d30dd2d3afe6d09e3c47160a77de1ac9ad8b63cd0d560f7c062023f0262", kill_on_drop: false }`
[INFO] [stderr]    Compiling autocfg v0.1.8
[INFO] [stderr]    Compiling rand_os v0.1.3
[INFO] [stderr]    Compiling syn v2.0.15
[INFO] [stderr]    Compiling stable_deref_trait v1.2.0
[INFO] [stderr]    Compiling smallvec v0.6.14
[INFO] [stderr]    Compiling ucd-util v0.1.10
[INFO] [stderr]    Compiling regex v0.2.11
[INFO] [stderr]    Compiling crossbeam-utils v0.6.6
[INFO] [stderr]    Compiling rand_pcg v0.1.2
[INFO] [stderr]    Compiling rand_chacha v0.1.1
[INFO] [stderr]    Compiling rand v0.6.5
[INFO] [stderr]    Compiling owning_ref v0.4.1
[INFO] [stderr]    Compiling regex-syntax v0.5.6
[INFO] [stderr]    Compiling lock_api v0.1.5
[INFO] [stderr]    Compiling aho-corasick v0.6.10
[INFO] [stderr]    Compiling thread_local v0.3.6
[INFO] [stderr]    Compiling utf8-ranges v1.0.5
[INFO] [stderr]    Compiling byteorder v1.4.3
[INFO] [stderr]    Compiling chrono v0.4.24
[INFO] [stderr]    Compiling crossbeam-channel v0.3.9
[INFO] [stderr]    Compiling rand v0.4.6
[INFO] [stderr]    Compiling hashbrown v0.1.8
[INFO] [stderr]    Compiling parking_lot_core v0.4.0
[INFO] [stderr]    Compiling parking_lot v0.7.1
[INFO] [stderr]    Compiling openssl-macros v0.1.1
[INFO] [stderr]    Compiling openssl v0.10.52
[INFO] [stderr]    Compiling native-tls v0.2.11
[INFO] [stderr]    Compiling rusty_express v0.4.3 (/opt/rustwide/workdir)
[INFO] [stdout] warning: unnecessary parentheses around block return value
[INFO] [stdout]    --> src/core/http.rs:478:9
[INFO] [stdout]     |
[INFO] [stdout] 478 |         (self.is_header_only() || !self.body.is_empty() || self.body_chan.0.is_some())
[INFO] [stdout]     |         ^                                                                            ^
[INFO] [stdout]     |
[INFO] [stdout]     = note: `#[warn(unused_parens)]` on by default
[INFO] [stdout] help: remove these parentheses
[INFO] [stdout]     |
[INFO] [stdout] 478 -         (self.is_header_only() || !self.body.is_empty() || self.body_chan.0.is_some())
[INFO] [stdout] 478 +         self.is_header_only() || !self.body.is_empty() || self.body_chan.0.is_some()
[INFO] [stdout]     |
[INFO] [stdout] 
[INFO] [stdout] 
[INFO] [stdout] warning: `...` range patterns are deprecated
[INFO] [stdout]    --> src/core/http.rs:537:16
[INFO] [stdout]     |
[INFO] [stdout] 537 |             100...101 => status,
[INFO] [stdout]     |                ^^^ help: use `..=` for an inclusive range
[INFO] [stdout]     |
[INFO] [stdout]     = warning: this is accepted in the current edition (Rust 2018) but is a hard error in Rust 2021!
[INFO] [stdout]     = note: for more information, see <https://doc.rust-lang.org/nightly/edition-guide/rust-2021/warnings-promoted-to-error.html>
[INFO] [stdout]     = note: `#[warn(ellipsis_inclusive_range_patterns)]` on by default
[INFO] [stdout] 
[INFO] [stdout] 
[INFO] [stdout] warning: `...` range patterns are deprecated
[INFO] [stdout]    --> src/core/http.rs:538:16
[INFO] [stdout]     |
[INFO] [stdout] 538 |             200...206 => status,
[INFO] [stdout]     |                ^^^ help: use `..=` for an inclusive range
[INFO] [stdout]     |
[INFO] [stdout]     = warning: this is accepted in the current edition (Rust 2018) but is a hard error in Rust 2021!
[INFO] [stdout]     = note: for more information, see <https://doc.rust-lang.org/nightly/edition-guide/rust-2021/warnings-promoted-to-error.html>
[INFO] [stdout] 
[INFO] [stdout] 
[INFO] [stdout] warning: `...` range patterns are deprecated
[INFO] [stdout]    --> src/core/http.rs:539:16
[INFO] [stdout]     |
[INFO] [stdout] 539 |             300...308 if status != 307 && status != 308 => status,
[INFO] [stdout]     |                ^^^ help: use `..=` for an inclusive range
[INFO] [stdout]     |
[INFO] [stdout]     = warning: this is accepted in the current edition (Rust 2018) but is a hard error in Rust 2021!
[INFO] [stdout]     = note: for more information, see <https://doc.rust-lang.org/nightly/edition-guide/rust-2021/warnings-promoted-to-error.html>
[INFO] [stdout] 
[INFO] [stdout] 
[INFO] [stdout] warning: `...` range patterns are deprecated
[INFO] [stdout]    --> src/core/http.rs:540:16
[INFO] [stdout]     |
[INFO] [stdout] 540 |             400...417 if status != 402 => status,
[INFO] [stdout]     |                ^^^ help: use `..=` for an inclusive range
[INFO] [stdout]     |
[INFO] [stdout]     = warning: this is accepted in the current edition (Rust 2018) but is a hard error in Rust 2021!
[INFO] [stdout]     = note: for more information, see <https://doc.rust-lang.org/nightly/edition-guide/rust-2021/warnings-promoted-to-error.html>
[INFO] [stdout] 
[INFO] [stdout] 
[INFO] [stdout] warning: `...` range patterns are deprecated
[INFO] [stdout]    --> src/core/http.rs:542:16
[INFO] [stdout]     |
[INFO] [stdout] 542 |             500...505 | 511 => status,
[INFO] [stdout]     |                ^^^ help: use `..=` for an inclusive range
[INFO] [stdout]     |
[INFO] [stdout]     = warning: this is accepted in the current edition (Rust 2018) but is a hard error in Rust 2021!
[INFO] [stdout]     = note: for more information, see <https://doc.rust-lang.org/nightly/edition-guide/rust-2021/warnings-promoted-to-error.html>
[INFO] [stdout] 
[INFO] [stdout] 
[INFO] [stdout] warning: use of deprecated function `std::sync::atomic::spin_loop_hint`: use hint::spin_loop instead
[INFO] [stdout]    --> src/support/common.rs:126:17
[INFO] [stdout]     |
[INFO] [stdout] 126 |         atomic::spin_loop_hint()
[INFO] [stdout]     |                 ^^^^^^^^^^^^^^
[INFO] [stdout]     |
[INFO] [stdout]     = note: `#[warn(deprecated)]` on by default
[INFO] [stdout] 
[INFO] [stdout] 
[INFO] [stdout] warning: trait objects without an explicit `dyn` are deprecated
[INFO] [stdout]   --> src/support/scheduler.rs:33:16
[INFO] [stdout]    |
[INFO] [stdout] 33 | type Job = Box<FnBox + Send + 'static>;
[INFO] [stdout]    |                ^^^^^^^^^^^^^^^^^^^^^^
[INFO] [stdout]    |
[INFO] [stdout]    = warning: this is accepted in the current edition (Rust 2018) but is a hard error in Rust 2021!
[INFO] [stdout]    = note: for more information, see <https://doc.rust-lang.org/nightly/edition-guide/rust-2021/warnings-promoted-to-error.html>
[INFO] [stdout]    = note: `#[warn(bare_trait_objects)]` on by default
[INFO] [stdout] help: use `dyn`
[INFO] [stdout]    |
[INFO] [stdout] 33 | type Job = Box<dyn FnBox + Send + 'static>;
[INFO] [stdout]    |                +++
[INFO] [stdout] 
[INFO] [stdout] 
[INFO] [stdout] warning: trait objects without an explicit `dyn` are deprecated
[INFO] [stdout]   --> src/core/context.rs:10:34
[INFO] [stdout]    |
[INFO] [stdout] 10 | pub type ServerContextProvider = ContextProvider + Sync + Send;
[INFO] [stdout]    |                                  ^^^^^^^^^^^^^^^^^^^^^^^^^^^^^
[INFO] [stdout]    |
[INFO] [stdout]    = warning: this is accepted in the current edition (Rust 2018) but is a hard error in Rust 2021!
[INFO] [stdout]    = note: for more information, see <https://doc.rust-lang.org/nightly/edition-guide/rust-2021/warnings-promoted-to-error.html>
[INFO] [stdout] help: use `dyn`
[INFO] [stdout]    |
[INFO] [stdout] 10 | pub type ServerContextProvider = dyn ContextProvider + Sync + Send;
[INFO] [stdout]    |                                  +++
[INFO] [stdout] 
[INFO] [stdout] 
[INFO] [stdout] warning: use of deprecated method `chrono::TimeZone::timestamp`: use `timestamp_opt()` instead
[INFO] [stdout]    --> src/core/cookie.rs:221:9
[INFO] [stdout]     |
[INFO] [stdout] 221 |     Utc.timestamp(sec, n_sec)
[INFO] [stdout]     |         ^^^^^^^^^
[INFO] [stdout] 
[INFO] [stdout] 
[INFO] [stdout] warning: variable does not need to be mutable
[INFO] [stdout]    --> src/core/http.rs:160:13
[INFO] [stdout]     |
[INFO] [stdout] 160 |         let mut data = collections::HashMap::new();
[INFO] [stdout]     |             ----^^^^
[INFO] [stdout]     |             |
[INFO] [stdout]     |             help: remove this `mut`
[INFO] [stdout]     |
[INFO] [stdout]     = note: `#[warn(unused_mut)]` on by default
[INFO] [stdout] 
[INFO] [stdout] 
[INFO] [stdout] warning: atomic loads cannot have `Release` or `AcqRel` ordering
[INFO] [stdout]    --> src/support/session.rs:287:26
[INFO] [stdout]     |
[INFO] [stdout] 287 |         AUTO_CLEARN.load(atomic::Ordering::Release)
[INFO] [stdout]     |                          ^^^^^^^^^^^^^^^^^^^^^^^^^
[INFO] [stdout]     |
[INFO] [stdout]     = help: consider using ordering modes `Acquire`, `SeqCst` or `Relaxed`
[INFO] [stdout]     = note: `#[warn(invalid_atomic_ordering)]` on by default
[INFO] [stdout] 
[INFO] [stdout] 
[INFO] [stdout] warning: 12 warnings emitted
[INFO] [stdout] 
[INFO] [stdout] 
[INFO] [stderr]     Finished dev [unoptimized + debuginfo] target(s) in 11.85s
[INFO] running `Command { std: "docker" "inspect" "781b0d30dd2d3afe6d09e3c47160a77de1ac9ad8b63cd0d560f7c062023f0262", kill_on_drop: false }`
[INFO] running `Command { std: "docker" "rm" "-f" "781b0d30dd2d3afe6d09e3c47160a77de1ac9ad8b63cd0d560f7c062023f0262", kill_on_drop: false }`
[INFO] [stdout] 781b0d30dd2d3afe6d09e3c47160a77de1ac9ad8b63cd0d560f7c062023f0262
[INFO] running `Command { std: "docker" "create" "-v" "/var/lib/crater-agent-workspace/builds/worker-2-tc1/target:/opt/rustwide/target:rw,Z" "-v" "/var/lib/crater-agent-workspace/builds/worker-2-tc1/source:/opt/rustwide/workdir:ro,Z" "-v" "/var/lib/crater-agent-workspace/cargo-home:/opt/rustwide/cargo-home:ro,Z" "-v" "/var/lib/crater-agent-workspace/rustup-home:/opt/rustwide/rustup-home:ro,Z" "-e" "SOURCE_DIR=/opt/rustwide/workdir" "-e" "CARGO_TARGET_DIR=/opt/rustwide/target" "-e" "CARGO_INCREMENTAL=0" "-e" "RUST_BACKTRACE=full" "-e" "RUSTFLAGS=--cap-lints=warn" "-e" "RUSTDOCFLAGS=--cap-lints=warn" "-e" "CARGO_HOME=/opt/rustwide/cargo-home" "-e" "RUSTUP_HOME=/opt/rustwide/rustup-home" "-w" "/opt/rustwide/workdir" "-m" "1610612736" "--user" "0:0" "--network" "none" "ghcr.io/rust-lang/crates-build-env/linux@sha256:5ff2268d62e97bff2cde7d5815dd6ed5b47097566f13b8d0ca110b04b60e07ed" "/opt/rustwide/cargo-home/bin/cargo" "+1.69.0" "test" "--frozen" "--no-run" "--message-format=json", kill_on_drop: false }`
[INFO] [stdout] 3977472b3de472191eb0a527d4c0718b00c4493a738f98ff18e6f23c56e6985b
[INFO] running `Command { std: "docker" "start" "-a" "3977472b3de472191eb0a527d4c0718b00c4493a738f98ff18e6f23c56e6985b", kill_on_drop: false }`
[INFO] [stdout] warning: unnecessary parentheses around block return value
[INFO] [stdout]    --> src/core/http.rs:478:9
[INFO] [stdout]     |
[INFO] [stdout] 478 |         (self.is_header_only() || !self.body.is_empty() || self.body_chan.0.is_some())
[INFO] [stdout]     |         ^                                                                            ^
[INFO] [stdout]     |
[INFO] [stdout]     = note: `#[warn(unused_parens)]` on by default
[INFO] [stdout] help: remove these parentheses
[INFO] [stdout]     |
[INFO] [stdout] 478 -         (self.is_header_only() || !self.body.is_empty() || self.body_chan.0.is_some())
[INFO] [stdout] 478 +         self.is_header_only() || !self.body.is_empty() || self.body_chan.0.is_some()
[INFO] [stdout]     |
[INFO] [stdout] 
[INFO] [stdout] 
[INFO] [stdout] warning: `...` range patterns are deprecated
[INFO] [stdout]    --> src/core/http.rs:537:16
[INFO] [stdout]     |
[INFO] [stdout] 537 |             100...101 => status,
[INFO] [stdout]     |                ^^^ help: use `..=` for an inclusive range
[INFO] [stdout]     |
[INFO] [stdout]     = warning: this is accepted in the current edition (Rust 2018) but is a hard error in Rust 2021!
[INFO] [stdout]     = note: for more information, see <https://doc.rust-lang.org/nightly/edition-guide/rust-2021/warnings-promoted-to-error.html>
[INFO] [stdout]     = note: `#[warn(ellipsis_inclusive_range_patterns)]` on by default
[INFO] [stdout] 
[INFO] [stdout] 
[INFO] [stdout] warning: `...` range patterns are deprecated
[INFO] [stdout]    --> src/core/http.rs:538:16
[INFO] [stdout]     |
[INFO] [stdout] 538 |             200...206 => status,
[INFO] [stdout]     |                ^^^ help: use `..=` for an inclusive range
[INFO] [stdout]     |
[INFO] [stdout]     = warning: this is accepted in the current edition (Rust 2018) but is a hard error in Rust 2021!
[INFO] [stdout]     = note: for more information, see <https://doc.rust-lang.org/nightly/edition-guide/rust-2021/warnings-promoted-to-error.html>
[INFO] [stdout] 
[INFO] [stdout] 
[INFO] [stdout] warning: `...` range patterns are deprecated
[INFO] [stdout]    --> src/core/http.rs:539:16
[INFO] [stdout]     |
[INFO] [stdout] 539 |             300...308 if status != 307 && status != 308 => status,
[INFO] [stdout]     |                ^^^ help: use `..=` for an inclusive range
[INFO] [stdout]     |
[INFO] [stdout]     = warning: this is accepted in the current edition (Rust 2018) but is a hard error in Rust 2021!
[INFO] [stdout]     = note: for more information, see <https://doc.rust-lang.org/nightly/edition-guide/rust-2021/warnings-promoted-to-error.html>
[INFO] [stdout] 
[INFO] [stdout] 
[INFO] [stderr]    Compiling rusty_express v0.4.3 (/opt/rustwide/workdir)
[INFO] [stdout] warning: `...` range patterns are deprecated
[INFO] [stdout]    --> src/core/http.rs:540:16
[INFO] [stdout]     |
[INFO] [stdout] 540 |             400...417 if status != 402 => status,
[INFO] [stdout]     |                ^^^ help: use `..=` for an inclusive range
[INFO] [stdout]     |
[INFO] [stdout]     = warning: this is accepted in the current edition (Rust 2018) but is a hard error in Rust 2021!
[INFO] [stdout]     = note: for more information, see <https://doc.rust-lang.org/nightly/edition-guide/rust-2021/warnings-promoted-to-error.html>
[INFO] [stdout] 
[INFO] [stdout] 
[INFO] [stdout] warning: `...` range patterns are deprecated
[INFO] [stdout]    --> src/core/http.rs:542:16
[INFO] [stdout]     |
[INFO] [stdout] 542 |             500...505 | 511 => status,
[INFO] [stdout]     |                ^^^ help: use `..=` for an inclusive range
[INFO] [stdout]     |
[INFO] [stdout]     = warning: this is accepted in the current edition (Rust 2018) but is a hard error in Rust 2021!
[INFO] [stdout]     = note: for more information, see <https://doc.rust-lang.org/nightly/edition-guide/rust-2021/warnings-promoted-to-error.html>
[INFO] [stdout] 
[INFO] [stdout] 
[INFO] [stdout] warning: use of deprecated function `std::sync::atomic::spin_loop_hint`: use hint::spin_loop instead
[INFO] [stdout]    --> src/support/common.rs:126:17
[INFO] [stdout]     |
[INFO] [stdout] 126 |         atomic::spin_loop_hint()
[INFO] [stdout]     |                 ^^^^^^^^^^^^^^
[INFO] [stdout]     |
[INFO] [stdout]     = note: `#[warn(deprecated)]` on by default
[INFO] [stdout] 
[INFO] [stdout] 
[INFO] [stdout] warning: trait objects without an explicit `dyn` are deprecated
[INFO] [stdout]   --> src/support/scheduler.rs:33:16
[INFO] [stdout]    |
[INFO] [stdout] 33 | type Job = Box<FnBox + Send + 'static>;
[INFO] [stdout]    |                ^^^^^^^^^^^^^^^^^^^^^^
[INFO] [stdout]    |
[INFO] [stdout]    = warning: this is accepted in the current edition (Rust 2018) but is a hard error in Rust 2021!
[INFO] [stdout]    = note: for more information, see <https://doc.rust-lang.org/nightly/edition-guide/rust-2021/warnings-promoted-to-error.html>
[INFO] [stdout]    = note: `#[warn(bare_trait_objects)]` on by default
[INFO] [stdout] help: use `dyn`
[INFO] [stdout]    |
[INFO] [stdout] 33 | type Job = Box<dyn FnBox + Send + 'static>;
[INFO] [stdout]    |                +++
[INFO] [stdout] 
[INFO] [stdout] 
[INFO] [stdout] warning: trait objects without an explicit `dyn` are deprecated
[INFO] [stdout]   --> src/core/context.rs:10:34
[INFO] [stdout]    |
[INFO] [stdout] 10 | pub type ServerContextProvider = ContextProvider + Sync + Send;
[INFO] [stdout]    |                                  ^^^^^^^^^^^^^^^^^^^^^^^^^^^^^
[INFO] [stdout]    |
[INFO] [stdout]    = warning: this is accepted in the current edition (Rust 2018) but is a hard error in Rust 2021!
[INFO] [stdout]    = note: for more information, see <https://doc.rust-lang.org/nightly/edition-guide/rust-2021/warnings-promoted-to-error.html>
[INFO] [stdout] help: use `dyn`
[INFO] [stdout]    |
[INFO] [stdout] 10 | pub type ServerContextProvider = dyn ContextProvider + Sync + Send;
[INFO] [stdout]    |                                  +++
[INFO] [stdout] 
[INFO] [stdout] 
[INFO] [stdout] warning: use of deprecated method `chrono::TimeZone::timestamp`: use `timestamp_opt()` instead
[INFO] [stdout]    --> src/core/cookie.rs:221:9
[INFO] [stdout]     |
[INFO] [stdout] 221 |     Utc.timestamp(sec, n_sec)
[INFO] [stdout]     |         ^^^^^^^^^
[INFO] [stdout] 
[INFO] [stdout] 
[INFO] [stdout] warning: variable does not need to be mutable
[INFO] [stdout]    --> src/core/http.rs:160:13
[INFO] [stdout]     |
[INFO] [stdout] 160 |         let mut data = collections::HashMap::new();
[INFO] [stdout]     |             ----^^^^
[INFO] [stdout]     |             |
[INFO] [stdout]     |             help: remove this `mut`
[INFO] [stdout]     |
[INFO] [stdout]     = note: `#[warn(unused_mut)]` on by default
[INFO] [stdout] 
[INFO] [stdout] 
[INFO] [stdout] warning: atomic loads cannot have `Release` or `AcqRel` ordering
[INFO] [stdout]    --> src/support/session.rs:287:26
[INFO] [stdout]     |
[INFO] [stdout] 287 |         AUTO_CLEARN.load(atomic::Ordering::Release)
[INFO] [stdout]     |                          ^^^^^^^^^^^^^^^^^^^^^^^^^
[INFO] [stdout]     |
[INFO] [stdout]     = help: consider using ordering modes `Acquire`, `SeqCst` or `Relaxed`
[INFO] [stdout]     = note: `#[warn(invalid_atomic_ordering)]` on by default
[INFO] [stdout] 
[INFO] [stdout] 
[INFO] [stdout] warning: 12 warnings emitted
[INFO] [stdout] 
[INFO] [stdout] 
[INFO] [stdout] warning: unnecessary parentheses around block return value
[INFO] [stdout]    --> src/core/http.rs:478:9
[INFO] [stdout]     |
[INFO] [stdout] 478 |         (self.is_header_only() || !self.body.is_empty() || self.body_chan.0.is_some())
[INFO] [stdout]     |         ^                                                                            ^
[INFO] [stdout]     |
[INFO] [stdout]     = note: `#[warn(unused_parens)]` on by default
[INFO] [stdout] help: remove these parentheses
[INFO] [stdout]     |
[INFO] [stdout] 478 -         (self.is_header_only() || !self.body.is_empty() || self.body_chan.0.is_some())
[INFO] [stdout] 478 +         self.is_header_only() || !self.body.is_empty() || self.body_chan.0.is_some()
[INFO] [stdout]     |
[INFO] [stdout] 
[INFO] [stdout] 
[INFO] [stdout] warning: `...` range patterns are deprecated
[INFO] [stdout]    --> src/core/http.rs:537:16
[INFO] [stdout]     |
[INFO] [stdout] 537 |             100...101 => status,
[INFO] [stdout]     |                ^^^ help: use `..=` for an inclusive range
[INFO] [stdout]     |
[INFO] [stdout]     = warning: this is accepted in the current edition (Rust 2018) but is a hard error in Rust 2021!
[INFO] [stdout]     = note: for more information, see <https://doc.rust-lang.org/nightly/edition-guide/rust-2021/warnings-promoted-to-error.html>
[INFO] [stdout]     = note: `#[warn(ellipsis_inclusive_range_patterns)]` on by default
[INFO] [stdout] 
[INFO] [stdout] 
[INFO] [stdout] warning: `...` range patterns are deprecated
[INFO] [stdout]    --> src/core/http.rs:538:16
[INFO] [stdout]     |
[INFO] [stdout] 538 |             200...206 => status,
[INFO] [stdout]     |                ^^^ help: use `..=` for an inclusive range
[INFO] [stdout]     |
[INFO] [stdout]     = warning: this is accepted in the current edition (Rust 2018) but is a hard error in Rust 2021!
[INFO] [stdout]     = note: for more information, see <https://doc.rust-lang.org/nightly/edition-guide/rust-2021/warnings-promoted-to-error.html>
[INFO] [stdout] 
[INFO] [stdout] 
[INFO] [stdout] warning: `...` range patterns are deprecated
[INFO] [stdout]    --> src/core/http.rs:539:16
[INFO] [stdout]     |
[INFO] [stdout] 539 |             300...308 if status != 307 && status != 308 => status,
[INFO] [stdout]     |                ^^^ help: use `..=` for an inclusive range
[INFO] [stdout]     |
[INFO] [stdout]     = warning: this is accepted in the current edition (Rust 2018) but is a hard error in Rust 2021!
[INFO] [stdout]     = note: for more information, see <https://doc.rust-lang.org/nightly/edition-guide/rust-2021/warnings-promoted-to-error.html>
[INFO] [stdout] 
[INFO] [stdout] 
[INFO] [stdout] warning: `...` range patterns are deprecated
[INFO] [stdout]    --> src/core/http.rs:540:16
[INFO] [stdout]     |
[INFO] [stdout] 540 |             400...417 if status != 402 => status,
[INFO] [stdout]     |                ^^^ help: use `..=` for an inclusive range
[INFO] [stdout]     |
[INFO] [stdout]     = warning: this is accepted in the current edition (Rust 2018) but is a hard error in Rust 2021!
[INFO] [stdout]     = note: for more information, see <https://doc.rust-lang.org/nightly/edition-guide/rust-2021/warnings-promoted-to-error.html>
[INFO] [stdout] 
[INFO] [stdout] 
[INFO] [stdout] warning: `...` range patterns are deprecated
[INFO] [stdout]    --> src/core/http.rs:542:16
[INFO] [stdout]     |
[INFO] [stdout] 542 |             500...505 | 511 => status,
[INFO] [stdout]     |                ^^^ help: use `..=` for an inclusive range
[INFO] [stdout]     |
[INFO] [stdout]     = warning: this is accepted in the current edition (Rust 2018) but is a hard error in Rust 2021!
[INFO] [stdout]     = note: for more information, see <https://doc.rust-lang.org/nightly/edition-guide/rust-2021/warnings-promoted-to-error.html>
[INFO] [stdout] 
[INFO] [stdout] 
[INFO] [stdout] warning: use of deprecated function `std::sync::atomic::spin_loop_hint`: use hint::spin_loop instead
[INFO] [stdout]    --> src/support/common.rs:126:17
[INFO] [stdout]     |
[INFO] [stdout] 126 |         atomic::spin_loop_hint()
[INFO] [stdout]     |                 ^^^^^^^^^^^^^^
[INFO] [stdout]     |
[INFO] [stdout]     = note: `#[warn(deprecated)]` on by default
[INFO] [stdout] 
[INFO] [stdout] 
[INFO] [stdout] warning: trait objects without an explicit `dyn` are deprecated
[INFO] [stdout]   --> src/support/scheduler.rs:33:16
[INFO] [stdout]    |
[INFO] [stdout] 33 | type Job = Box<FnBox + Send + 'static>;
[INFO] [stdout]    |                ^^^^^^^^^^^^^^^^^^^^^^
[INFO] [stdout]    |
[INFO] [stdout]    = warning: this is accepted in the current edition (Rust 2018) but is a hard error in Rust 2021!
[INFO] [stdout]    = note: for more information, see <https://doc.rust-lang.org/nightly/edition-guide/rust-2021/warnings-promoted-to-error.html>
[INFO] [stdout]    = note: `#[warn(bare_trait_objects)]` on by default
[INFO] [stdout] help: use `dyn`
[INFO] [stdout]    |
[INFO] [stdout] 33 | type Job = Box<dyn FnBox + Send + 'static>;
[INFO] [stdout]    |                +++
[INFO] [stdout] 
[INFO] [stdout] 
[INFO] [stdout] warning: trait objects without an explicit `dyn` are deprecated
[INFO] [stdout]   --> src/core/context.rs:10:34
[INFO] [stdout]    |
[INFO] [stdout] 10 | pub type ServerContextProvider = ContextProvider + Sync + Send;
[INFO] [stdout]    |                                  ^^^^^^^^^^^^^^^^^^^^^^^^^^^^^
[INFO] [stdout]    |
[INFO] [stdout]    = warning: this is accepted in the current edition (Rust 2018) but is a hard error in Rust 2021!
[INFO] [stdout]    = note: for more information, see <https://doc.rust-lang.org/nightly/edition-guide/rust-2021/warnings-promoted-to-error.html>
[INFO] [stdout] help: use `dyn`
[INFO] [stdout]    |
[INFO] [stdout] 10 | pub type ServerContextProvider = dyn ContextProvider + Sync + Send;
[INFO] [stdout]    |                                  +++
[INFO] [stdout] 
[INFO] [stdout] 
[INFO] [stdout] warning: use of deprecated method `chrono::TimeZone::timestamp`: use `timestamp_opt()` instead
[INFO] [stdout]    --> src/core/cookie.rs:221:9
[INFO] [stdout]     |
[INFO] [stdout] 221 |     Utc.timestamp(sec, n_sec)
[INFO] [stdout]     |         ^^^^^^^^^
[INFO] [stdout] 
[INFO] [stdout] 
[INFO] [stdout] warning: variable does not need to be mutable
[INFO] [stdout]    --> src/core/http.rs:160:13
[INFO] [stdout]     |
[INFO] [stdout] 160 |         let mut data = collections::HashMap::new();
[INFO] [stdout]     |             ----^^^^
[INFO] [stdout]     |             |
[INFO] [stdout]     |             help: remove this `mut`
[INFO] [stdout]     |
[INFO] [stdout]     = note: `#[warn(unused_mut)]` on by default
[INFO] [stdout] 
[INFO] [stdout] 
[INFO] [stdout] warning: atomic loads cannot have `Release` or `AcqRel` ordering
[INFO] [stdout]    --> src/support/session.rs:287:26
[INFO] [stdout]     |
[INFO] [stdout] 287 |         AUTO_CLEARN.load(atomic::Ordering::Release)
[INFO] [stdout]     |                          ^^^^^^^^^^^^^^^^^^^^^^^^^
[INFO] [stdout]     |
[INFO] [stdout]     = help: consider using ordering modes `Acquire`, `SeqCst` or `Relaxed`
[INFO] [stdout]     = note: `#[warn(invalid_atomic_ordering)]` on by default
[INFO] [stdout] 
[INFO] [stdout] 
[INFO] [stdout] warning: 12 warnings emitted
[INFO] [stdout] 
[INFO] [stdout] 
[INFO] [stderr]     Finished test [unoptimized + debuginfo] target(s) in 4.54s
[INFO] running `Command { std: "docker" "inspect" "3977472b3de472191eb0a527d4c0718b00c4493a738f98ff18e6f23c56e6985b", kill_on_drop: false }`
[INFO] running `Command { std: "docker" "rm" "-f" "3977472b3de472191eb0a527d4c0718b00c4493a738f98ff18e6f23c56e6985b", kill_on_drop: false }`
[INFO] [stdout] 3977472b3de472191eb0a527d4c0718b00c4493a738f98ff18e6f23c56e6985b
[INFO] running `Command { std: "docker" "create" "-v" "/var/lib/crater-agent-workspace/builds/worker-2-tc1/target:/opt/rustwide/target:rw,Z" "-v" "/var/lib/crater-agent-workspace/builds/worker-2-tc1/source:/opt/rustwide/workdir:ro,Z" "-v" "/var/lib/crater-agent-workspace/cargo-home:/opt/rustwide/cargo-home:ro,Z" "-v" "/var/lib/crater-agent-workspace/rustup-home:/opt/rustwide/rustup-home:ro,Z" "-e" "SOURCE_DIR=/opt/rustwide/workdir" "-e" "CARGO_TARGET_DIR=/opt/rustwide/target" "-e" "CARGO_INCREMENTAL=0" "-e" "RUST_BACKTRACE=full" "-e" "RUSTFLAGS=--cap-lints=warn" "-e" "RUSTDOCFLAGS=--cap-lints=warn" "-e" "CARGO_HOME=/opt/rustwide/cargo-home" "-e" "RUSTUP_HOME=/opt/rustwide/rustup-home" "-w" "/opt/rustwide/workdir" "-m" "1610612736" "--user" "0:0" "--network" "none" "ghcr.io/rust-lang/crates-build-env/linux@sha256:5ff2268d62e97bff2cde7d5815dd6ed5b47097566f13b8d0ca110b04b60e07ed" "/opt/rustwide/cargo-home/bin/cargo" "+1.69.0" "test" "--frozen", kill_on_drop: false }`
[INFO] [stdout] 605acdf593969e51d662d26f1f566c0712eb98932c21cc7a220e4dee96570d18
[INFO] running `Command { std: "docker" "start" "-a" "605acdf593969e51d662d26f1f566c0712eb98932c21cc7a220e4dee96570d18", kill_on_drop: false }`
[INFO] [stderr] warning: unnecessary parentheses around block return value
[INFO] [stderr]    --> src/core/http.rs:478:9
[INFO] [stderr]     |
[INFO] [stderr] 478 |         (self.is_header_only() || !self.body.is_empty() || self.body_chan.0.is_some())
[INFO] [stderr]     |         ^                                                                            ^
[INFO] [stderr]     |
[INFO] [stderr]     = note: `#[warn(unused_parens)]` on by default
[INFO] [stderr] help: remove these parentheses
[INFO] [stderr]     |
[INFO] [stderr] 478 -         (self.is_header_only() || !self.body.is_empty() || self.body_chan.0.is_some())
[INFO] [stderr] 478 +         self.is_header_only() || !self.body.is_empty() || self.body_chan.0.is_some()
[INFO] [stderr]     |
[INFO] [stderr] 
[INFO] [stderr] warning: `...` range patterns are deprecated
[INFO] [stderr]    --> src/core/http.rs:537:16
[INFO] [stderr]     |
[INFO] [stderr] 537 |             100...101 => status,
[INFO] [stderr]     |                ^^^ help: use `..=` for an inclusive range
[INFO] [stderr]     |
[INFO] [stderr]     = warning: this is accepted in the current edition (Rust 2018) but is a hard error in Rust 2021!
[INFO] [stderr]     = note: for more information, see <https://doc.rust-lang.org/nightly/edition-guide/rust-2021/warnings-promoted-to-error.html>
[INFO] [stderr]     = note: `#[warn(ellipsis_inclusive_range_patterns)]` on by default
[INFO] [stderr] 
[INFO] [stderr] warning: `...` range patterns are deprecated
[INFO] [stderr]    --> src/core/http.rs:538:16
[INFO] [stderr]     |
[INFO] [stderr] 538 |             200...206 => status,
[INFO] [stderr]     |                ^^^ help: use `..=` for an inclusive range
[INFO] [stderr]     |
[INFO] [stderr]     = warning: this is accepted in the current edition (Rust 2018) but is a hard error in Rust 2021!
[INFO] [stderr]     = note: for more information, see <https://doc.rust-lang.org/nightly/edition-guide/rust-2021/warnings-promoted-to-error.html>
[INFO] [stderr] 
[INFO] [stderr] warning: `...` range patterns are deprecated
[INFO] [stderr]    --> src/core/http.rs:539:16
[INFO] [stderr]     |
[INFO] [stderr] 539 |             300...308 if status != 307 && status != 308 => status,
[INFO] [stderr]     |                ^^^ help: use `..=` for an inclusive range
[INFO] [stderr]     |
[INFO] [stderr]     = warning: this is accepted in the current edition (Rust 2018) but is a hard error in Rust 2021!
[INFO] [stderr]     = note: for more information, see <https://doc.rust-lang.org/nightly/edition-guide/rust-2021/warnings-promoted-to-error.html>
[INFO] [stderr] 
[INFO] [stderr] warning: `...` range patterns are deprecated
[INFO] [stderr]    --> src/core/http.rs:540:16
[INFO] [stderr]     |
[INFO] [stderr] 540 |             400...417 if status != 402 => status,
[INFO] [stderr]     |                ^^^ help: use `..=` for an inclusive range
[INFO] [stderr]     |
[INFO] [stderr]     = warning: this is accepted in the current edition (Rust 2018) but is a hard error in Rust 2021!
[INFO] [stderr]     = note: for more information, see <https://doc.rust-lang.org/nightly/edition-guide/rust-2021/warnings-promoted-to-error.html>
[INFO] [stderr] 
[INFO] [stderr] warning: `...` range patterns are deprecated
[INFO] [stderr]    --> src/core/http.rs:542:16
[INFO] [stderr]     |
[INFO] [stderr] 542 |             500...505 | 511 => status,
[INFO] [stderr]     |                ^^^ help: use `..=` for an inclusive range
[INFO] [stderr]     |
[INFO] [stderr]     = warning: this is accepted in the current edition (Rust 2018) but is a hard error in Rust 2021!
[INFO] [stderr]     = note: for more information, see <https://doc.rust-lang.org/nightly/edition-guide/rust-2021/warnings-promoted-to-error.html>
[INFO] [stderr] 
[INFO] [stderr] warning: use of deprecated function `std::sync::atomic::spin_loop_hint`: use hint::spin_loop instead
[INFO] [stderr]    --> src/support/common.rs:126:17
[INFO] [stderr]     |
[INFO] [stderr] 126 |         atomic::spin_loop_hint()
[INFO] [stderr]     |                 ^^^^^^^^^^^^^^
[INFO] [stderr]     |
[INFO] [stderr]     = note: `#[warn(deprecated)]` on by default
[INFO] [stderr] 
[INFO] [stderr] warning: trait objects without an explicit `dyn` are deprecated
[INFO] [stderr]   --> src/support/scheduler.rs:33:16
[INFO] [stderr]    |
[INFO] [stderr] 33 | type Job = Box<FnBox + Send + 'static>;
[INFO] [stderr]    |                ^^^^^^^^^^^^^^^^^^^^^^
[INFO] [stderr]    |
[INFO] [stderr]    = warning: this is accepted in the current edition (Rust 2018) but is a hard error in Rust 2021!
[INFO] [stderr]    = note: for more information, see <https://doc.rust-lang.org/nightly/edition-guide/rust-2021/warnings-promoted-to-error.html>
[INFO] [stderr]    = note: `#[warn(bare_trait_objects)]` on by default
[INFO] [stderr] help: use `dyn`
[INFO] [stderr]    |
[INFO] [stderr] 33 | type Job = Box<dyn FnBox + Send + 'static>;
[INFO] [stderr]    |                +++
[INFO] [stderr] 
[INFO] [stderr] warning: trait objects without an explicit `dyn` are deprecated
[INFO] [stderr]   --> src/core/context.rs:10:34
[INFO] [stderr]    |
[INFO] [stderr] 10 | pub type ServerContextProvider = ContextProvider + Sync + Send;
[INFO] [stderr]    |                                  ^^^^^^^^^^^^^^^^^^^^^^^^^^^^^
[INFO] [stderr]    |
[INFO] [stderr]    = warning: this is accepted in the current edition (Rust 2018) but is a hard error in Rust 2021!
[INFO] [stderr]    = note: for more information, see <https://doc.rust-lang.org/nightly/edition-guide/rust-2021/warnings-promoted-to-error.html>
[INFO] [stderr] help: use `dyn`
[INFO] [stderr]    |
[INFO] [stderr] 10 | pub type ServerContextProvider = dyn ContextProvider + Sync + Send;
[INFO] [stderr]    |                                  +++
[INFO] [stderr] 
[INFO] [stderr] warning: use of deprecated method `chrono::TimeZone::timestamp`: use `timestamp_opt()` instead
[INFO] [stderr]    --> src/core/cookie.rs:221:9
[INFO] [stderr]     |
[INFO] [stderr] 221 |     Utc.timestamp(sec, n_sec)
[INFO] [stderr]     |         ^^^^^^^^^
[INFO] [stderr] 
[INFO] [stderr] warning: variable does not need to be mutable
[INFO] [stderr]    --> src/core/http.rs:160:13
[INFO] [stderr]     |
[INFO] [stderr] 160 |         let mut data = collections::HashMap::new();
[INFO] [stderr]     |             ----^^^^
[INFO] [stderr]     |             |
[INFO] [stderr]     |             help: remove this `mut`
[INFO] [stderr]     |
[INFO] [stderr]     = note: `#[warn(unused_mut)]` on by default
[INFO] [stderr] 
[INFO] [stderr] warning: atomic loads cannot have `Release` or `AcqRel` ordering
[INFO] [stderr]    --> src/support/session.rs:287:26
[INFO] [stderr]     |
[INFO] [stderr] 287 |         AUTO_CLEARN.load(atomic::Ordering::Release)
[INFO] [stderr]     |                          ^^^^^^^^^^^^^^^^^^^^^^^^^
[INFO] [stderr]     |
[INFO] [stderr]     = help: consider using ordering modes `Acquire`, `SeqCst` or `Relaxed`
[INFO] [stderr]     = note: `#[warn(invalid_atomic_ordering)]` on by default
[INFO] [stderr] 
[INFO] [stderr] warning: `rusty_express` (lib) generated 12 warnings (run `cargo fix --lib -p rusty_express` to apply 9 suggestions)
[INFO] [stderr] warning: `rusty_express` (lib test) generated 12 warnings (12 duplicates)
[INFO] [stderr]     Finished test [unoptimized + debuginfo] target(s) in 0.09s
[INFO] [stderr]      Running unittests src/lib.rs (/opt/rustwide/target/debug/deps/rusty_express-b212d32f2525a38b)
[INFO] [stdout] 
[INFO] [stdout] running 2 tests
[INFO] [stdout] test core::router::route_test::params_parser_test_one ... ok
[INFO] [stdout] test support::common::route_test::vec_swap_reset ... ok
[INFO] [stdout] 
[INFO] [stdout] test result: ok. 2 passed; 0 failed; 0 ignored; 0 measured; 0 filtered out; finished in 0.00s
[INFO] [stdout] 
[INFO] [stderr]    Doc-tests rusty_express
[INFO] [stderr] warning: unnecessary parentheses around block return value
[INFO] [stderr]    --> /opt/rustwide/workdir/src/core/http.rs:478:9
[INFO] [stderr]     |
[INFO] [stderr] 478 |         (self.is_header_only() || !self.body.is_empty() || self.body_chan.0.is_some())
[INFO] [stderr]     |         ^                                                                            ^
[INFO] [stderr]     |
[INFO] [stderr]     = note: `#[warn(unused_parens)]` on by default
[INFO] [stderr] help: remove these parentheses
[INFO] [stderr]     |
[INFO] [stderr] 478 -         (self.is_header_only() || !self.body.is_empty() || self.body_chan.0.is_some())
[INFO] [stderr] 478 +         self.is_header_only() || !self.body.is_empty() || self.body_chan.0.is_some()
[INFO] [stderr]     |
[INFO] [stderr] 
[INFO] [stderr] warning: `...` range patterns are deprecated
[INFO] [stderr]    --> /opt/rustwide/workdir/src/core/http.rs:537:16
[INFO] [stderr]     |
[INFO] [stderr] 537 |             100...101 => status,
[INFO] [stderr]     |                ^^^ help: use `..=` for an inclusive range
[INFO] [stderr]     |
[INFO] [stderr]     = warning: this is accepted in the current edition (Rust 2018) but is a hard error in Rust 2021!
[INFO] [stderr]     = note: for more information, see <https://doc.rust-lang.org/nightly/edition-guide/rust-2021/warnings-promoted-to-error.html>
[INFO] [stderr]     = note: `#[warn(ellipsis_inclusive_range_patterns)]` on by default
[INFO] [stderr] 
[INFO] [stderr] warning: `...` range patterns are deprecated
[INFO] [stderr]    --> /opt/rustwide/workdir/src/core/http.rs:538:16
[INFO] [stderr]     |
[INFO] [stderr] 538 |             200...206 => status,
[INFO] [stderr]     |                ^^^ help: use `..=` for an inclusive range
[INFO] [stderr]     |
[INFO] [stderr]     = warning: this is accepted in the current edition (Rust 2018) but is a hard error in Rust 2021!
[INFO] [stderr]     = note: for more information, see <https://doc.rust-lang.org/nightly/edition-guide/rust-2021/warnings-promoted-to-error.html>
[INFO] [stderr] 
[INFO] [stderr] warning: `...` range patterns are deprecated
[INFO] [stderr]    --> /opt/rustwide/workdir/src/core/http.rs:539:16
[INFO] [stderr]     |
[INFO] [stderr] 539 |             300...308 if status != 307 && status != 308 => status,
[INFO] [stderr]     |                ^^^ help: use `..=` for an inclusive range
[INFO] [stderr]     |
[INFO] [stderr]     = warning: this is accepted in the current edition (Rust 2018) but is a hard error in Rust 2021!
[INFO] [stderr]     = note: for more information, see <https://doc.rust-lang.org/nightly/edition-guide/rust-2021/warnings-promoted-to-error.html>
[INFO] [stderr] 
[INFO] [stderr] warning: `...` range patterns are deprecated
[INFO] [stderr]    --> /opt/rustwide/workdir/src/core/http.rs:540:16
[INFO] [stderr]     |
[INFO] [stderr] 540 |             400...417 if status != 402 => status,
[INFO] [stderr]     |                ^^^ help: use `..=` for an inclusive range
[INFO] [stderr]     |
[INFO] [stderr]     = warning: this is accepted in the current edition (Rust 2018) but is a hard error in Rust 2021!
[INFO] [stderr]     = note: for more information, see <https://doc.rust-lang.org/nightly/edition-guide/rust-2021/warnings-promoted-to-error.html>
[INFO] [stderr] 
[INFO] [stderr] warning: `...` range patterns are deprecated
[INFO] [stderr]    --> /opt/rustwide/workdir/src/core/http.rs:542:16
[INFO] [stderr]     |
[INFO] [stderr] 542 |             500...505 | 511 => status,
[INFO] [stderr]     |                ^^^ help: use `..=` for an inclusive range
[INFO] [stderr]     |
[INFO] [stderr]     = warning: this is accepted in the current edition (Rust 2018) but is a hard error in Rust 2021!
[INFO] [stderr]     = note: for more information, see <https://doc.rust-lang.org/nightly/edition-guide/rust-2021/warnings-promoted-to-error.html>
[INFO] [stderr] 
[INFO] [stderr] warning: 6 warnings emitted
[INFO] [stderr] 
[INFO] [stdout] 
[INFO] [stdout] running 9 tests
[INFO] [stdout] test src/core/http.rs - core::http::Response::send_file (line 625) ... FAILED
[INFO] [stdout] test src/core/config.rs - core::config::EngineContext (line 193) - compile ... FAILED
[INFO] [stdout] test src/core/server.rs - core::server::HttpServer::listen_and_serve (line 75) ... FAILED
[INFO] [stdout] test src/support/session.rs - support::session (line 11) ... FAILED
[INFO] [stdout] test src/support/session.rs - support::session (line 35) ... FAILED
[INFO] [stdout] test src/core/router.rs - core::router::Route::use_static (line 614) ... FAILED
[INFO] [stdout] test src/core/server.rs - core::server::HttpServer::use_static (line 508) ... FAILED
[INFO] [stdout] test src/core/server.rs - core::server::HttpServer::listen (line 50) ... FAILED
[INFO] [stdout] test src/lib.rs - (line 6) has been running for over 60 seconds
[ERROR] error running command: no output for 300 seconds
[INFO] running `Command { std: "docker" "inspect" "605acdf593969e51d662d26f1f566c0712eb98932c21cc7a220e4dee96570d18", kill_on_drop: false }`
[INFO] running `Command { std: "docker" "rm" "-f" "605acdf593969e51d662d26f1f566c0712eb98932c21cc7a220e4dee96570d18", kill_on_drop: false }`
[INFO] [stdout] 605acdf593969e51d662d26f1f566c0712eb98932c21cc7a220e4dee96570d18
