[INFO] fetching crate rusty-penguin 0.5.2...
[INFO] testing rusty-penguin-0.5.2 against 1.69.0 for beta-1.70-1
[INFO] extracting crate rusty-penguin 0.5.2 into /workspace/builds/worker-4-tc1/source
[INFO] validating manifest of crates.io crate rusty-penguin 0.5.2 on toolchain 1.69.0
[INFO] running `Command { std: CARGO_HOME="/workspace/cargo-home" RUSTUP_HOME="/workspace/rustup-home" "/workspace/cargo-home/bin/cargo" "+1.69.0" "metadata" "--manifest-path" "Cargo.toml" "--no-deps", kill_on_drop: false }`
[INFO] started tweaking crates.io crate rusty-penguin 0.5.2
[INFO] finished tweaking crates.io crate rusty-penguin 0.5.2
[INFO] tweaked toml for crates.io crate rusty-penguin 0.5.2 written to /workspace/builds/worker-4-tc1/source/Cargo.toml
[INFO] crate crates.io crate rusty-penguin 0.5.2 already has a lockfile, it will not be regenerated
[INFO] running `Command { std: CARGO_HOME="/workspace/cargo-home" RUSTUP_HOME="/workspace/rustup-home" "/workspace/cargo-home/bin/cargo" "+1.69.0" "fetch" "--manifest-path" "Cargo.toml", kill_on_drop: false }`
[INFO] [stderr]     Blocking waiting for file lock on package cache
[INFO] [stderr]     Blocking waiting for file lock on package cache
[INFO] [stderr]  Downloading crates ...
[INFO] [stderr]   Downloaded async-trait v0.1.64
[INFO] [stderr]   Downloaded axum-core v0.3.2
[INFO] [stderr]   Downloaded axum v0.6.5
[INFO] [stderr]   Downloaded tokio-util v0.7.6
[INFO] [stderr]   Downloaded hyper v0.14.24
[INFO] [stderr]   Downloaded yasna v0.5.1
[INFO] [stderr]   Downloaded futures v0.3.26
[INFO] [stderr]   Downloaded gimli v0.27.1
[INFO] running `Command { std: "docker" "create" "-v" "/var/lib/crater-agent-workspace/builds/worker-4-tc1/target:/opt/rustwide/target:rw,Z" "-v" "/var/lib/crater-agent-workspace/builds/worker-4-tc1/source:/opt/rustwide/workdir:ro,Z" "-v" "/var/lib/crater-agent-workspace/cargo-home:/opt/rustwide/cargo-home:ro,Z" "-v" "/var/lib/crater-agent-workspace/rustup-home:/opt/rustwide/rustup-home:ro,Z" "-e" "SOURCE_DIR=/opt/rustwide/workdir" "-e" "CARGO_TARGET_DIR=/opt/rustwide/target" "-e" "CARGO_HOME=/opt/rustwide/cargo-home" "-e" "RUSTUP_HOME=/opt/rustwide/rustup-home" "-w" "/opt/rustwide/workdir" "-m" "1610612736" "--user" "0:0" "--network" "none" "ghcr.io/rust-lang/crates-build-env/linux@sha256:5ff2268d62e97bff2cde7d5815dd6ed5b47097566f13b8d0ca110b04b60e07ed" "/opt/rustwide/cargo-home/bin/cargo" "+1.69.0" "metadata" "--no-deps" "--format-version=1", kill_on_drop: false }`
[INFO] [stdout] c504c37da77afe4439dfd89e9ccb497dd293b4a7959b6d71e978c9fdb5e4577f
[INFO] running `Command { std: "docker" "start" "-a" "c504c37da77afe4439dfd89e9ccb497dd293b4a7959b6d71e978c9fdb5e4577f", kill_on_drop: false }`
[INFO] running `Command { std: "docker" "inspect" "c504c37da77afe4439dfd89e9ccb497dd293b4a7959b6d71e978c9fdb5e4577f", kill_on_drop: false }`
[INFO] running `Command { std: "docker" "rm" "-f" "c504c37da77afe4439dfd89e9ccb497dd293b4a7959b6d71e978c9fdb5e4577f", kill_on_drop: false }`
[INFO] [stdout] c504c37da77afe4439dfd89e9ccb497dd293b4a7959b6d71e978c9fdb5e4577f
[INFO] running `Command { std: "docker" "create" "-v" "/var/lib/crater-agent-workspace/builds/worker-4-tc1/target:/opt/rustwide/target:rw,Z" "-v" "/var/lib/crater-agent-workspace/builds/worker-4-tc1/source:/opt/rustwide/workdir:ro,Z" "-v" "/var/lib/crater-agent-workspace/cargo-home:/opt/rustwide/cargo-home:ro,Z" "-v" "/var/lib/crater-agent-workspace/rustup-home:/opt/rustwide/rustup-home:ro,Z" "-e" "SOURCE_DIR=/opt/rustwide/workdir" "-e" "CARGO_TARGET_DIR=/opt/rustwide/target" "-e" "CARGO_INCREMENTAL=0" "-e" "RUST_BACKTRACE=full" "-e" "RUSTFLAGS=--cap-lints=warn" "-e" "RUSTDOCFLAGS=--cap-lints=warn" "-e" "CARGO_HOME=/opt/rustwide/cargo-home" "-e" "RUSTUP_HOME=/opt/rustwide/rustup-home" "-w" "/opt/rustwide/workdir" "-m" "1610612736" "--user" "0:0" "--network" "none" "ghcr.io/rust-lang/crates-build-env/linux@sha256:5ff2268d62e97bff2cde7d5815dd6ed5b47097566f13b8d0ca110b04b60e07ed" "/opt/rustwide/cargo-home/bin/cargo" "+1.69.0" "build" "--frozen" "--message-format=json", kill_on_drop: false }`
[INFO] [stdout] 07495b738146e554a3c2a74b0a75debe90959f0ffd01b57d275aaabe596c45ef
[INFO] running `Command { std: "docker" "start" "-a" "07495b738146e554a3c2a74b0a75debe90959f0ffd01b57d275aaabe596c45ef", kill_on_drop: false }`
[INFO] [stderr]    Compiling libc v0.2.139
[INFO] [stderr]    Compiling syn v1.0.107
[INFO] [stderr]    Compiling once_cell v1.17.0
[INFO] [stderr]    Compiling log v0.4.17
[INFO] [stderr]    Compiling futures-core v0.3.26
[INFO] [stderr]    Compiling generic-array v0.14.6
[INFO] [stderr]    Compiling tokio v1.25.0
[INFO] [stderr]    Compiling slab v0.4.7
[INFO] [stderr]    Compiling tracing-core v0.1.30
[INFO] [stderr]    Compiling futures-task v0.3.26
[INFO] [stderr]    Compiling http v0.2.8
[INFO] [stderr]    Compiling rustls v0.20.8
[INFO] [stderr]    Compiling futures-util v0.3.26
[INFO] [stderr]    Compiling futures-sink v0.3.26
[INFO] [stderr]    Compiling io-lifetimes v1.0.5
[INFO] [stderr]    Compiling indexmap v1.9.2
[INFO] [stderr]    Compiling rustix v0.36.8
[INFO] [stderr]    Compiling futures-channel v0.3.26
[INFO] [stderr]    Compiling base64 v0.21.0
[INFO] [stderr]    Compiling block-buffer v0.10.3
[INFO] [stderr]    Compiling crypto-common v0.1.6
[INFO] [stderr]    Compiling digest v0.10.6
[INFO] [stderr]    Compiling rustls-pemfile v1.0.2
[INFO] [stderr]    Compiling proc-macro-error-attr v1.0.4
[INFO] [stderr]    Compiling linux-raw-sys v0.1.4
[INFO] [stderr]    Compiling cpufeatures v0.2.5
[INFO] [stderr]    Compiling parking_lot_core v0.9.7
[INFO] [stderr]    Compiling socket2 v0.4.7
[INFO] [stderr]    Compiling parking_lot v0.12.1
[INFO] [stderr]    Compiling mio v0.8.5
[INFO] [stderr]    Compiling num_cpus v1.15.0
[INFO] [stderr]    Compiling signal-hook-registry v1.4.1
[INFO] [stderr]    Compiling ring v0.16.20
[INFO] [stderr]    Compiling getrandom v0.2.8
[INFO] [stderr]    Compiling rustls-native-certs v0.6.2
[INFO] [stderr]    Compiling rand_core v0.6.4
[INFO] [stderr]    Compiling sha1 v0.10.5
[INFO] [stderr]    Compiling want v0.3.0
[INFO] [stderr]    Compiling rand_chacha v0.3.1
[INFO] [stderr]    Compiling http-body v0.4.5
[INFO] [stderr]    Compiling heck v0.4.1
[INFO] [stderr]    Compiling rand v0.8.5
[INFO] [stderr]    Compiling overload v0.1.1
[INFO] [stderr]    Compiling os_str_bytes v6.4.1
[INFO] [stderr]    Compiling nu-ansi-term v0.46.0
[INFO] [stderr]    Compiling clap_lex v0.3.1
[INFO] [stderr]    Compiling sharded-slab v0.1.4
[INFO] [stderr]    Compiling tracing-log v0.1.3
[INFO] [stderr]    Compiling webpki v0.22.0
[INFO] [stderr]    Compiling sct v0.7.0
[INFO] [stderr]    Compiling is-terminal v0.4.3
[INFO] [stderr]    Compiling thread_local v1.1.4
[INFO] [stderr]    Compiling termcolor v1.2.0
[INFO] [stderr]    Compiling strsim v0.10.0
[INFO] [stderr]    Compiling tracing-subscriber v0.3.16
[INFO] [stderr]    Compiling arc-swap v1.6.0
[INFO] [stderr]    Compiling proc-macro-error v1.0.4
[INFO] [stderr]    Compiling tokio-macros v1.8.2
[INFO] [stderr]    Compiling tracing-attributes v0.1.23
[INFO] [stderr]    Compiling thiserror-impl v1.0.38
[INFO] [stderr]    Compiling clap_derive v4.1.0
[INFO] [stderr]    Compiling tracing v0.1.37
[INFO] [stderr]    Compiling thiserror v1.0.38
[INFO] [stderr]    Compiling tungstenite v0.18.0
[INFO] [stderr]    Compiling clap v4.1.4
[INFO] [stderr]    Compiling tokio-util v0.7.6
[INFO] [stderr]    Compiling tokio-rustls v0.23.4
[INFO] [stderr]    Compiling tokio-tungstenite v0.18.0
[INFO] [stderr]    Compiling h2 v0.3.15
[INFO] [stderr]    Compiling hyper v0.14.24
[INFO] [stderr]    Compiling hyper-rustls v0.23.2
[INFO] [stderr]    Compiling rusty-penguin v0.5.2 (/opt/rustwide/workdir)
[INFO] [stderr]     Finished dev [unoptimized + debuginfo] target(s) in 57.01s
[INFO] running `Command { std: "docker" "inspect" "07495b738146e554a3c2a74b0a75debe90959f0ffd01b57d275aaabe596c45ef", kill_on_drop: false }`
[INFO] running `Command { std: "docker" "rm" "-f" "07495b738146e554a3c2a74b0a75debe90959f0ffd01b57d275aaabe596c45ef", kill_on_drop: false }`
[INFO] [stdout] 07495b738146e554a3c2a74b0a75debe90959f0ffd01b57d275aaabe596c45ef
[INFO] running `Command { std: "docker" "create" "-v" "/var/lib/crater-agent-workspace/builds/worker-4-tc1/target:/opt/rustwide/target:rw,Z" "-v" "/var/lib/crater-agent-workspace/builds/worker-4-tc1/source:/opt/rustwide/workdir:ro,Z" "-v" "/var/lib/crater-agent-workspace/cargo-home:/opt/rustwide/cargo-home:ro,Z" "-v" "/var/lib/crater-agent-workspace/rustup-home:/opt/rustwide/rustup-home:ro,Z" "-e" "SOURCE_DIR=/opt/rustwide/workdir" "-e" "CARGO_TARGET_DIR=/opt/rustwide/target" "-e" "CARGO_INCREMENTAL=0" "-e" "RUST_BACKTRACE=full" "-e" "RUSTFLAGS=--cap-lints=warn" "-e" "RUSTDOCFLAGS=--cap-lints=warn" "-e" "CARGO_HOME=/opt/rustwide/cargo-home" "-e" "RUSTUP_HOME=/opt/rustwide/rustup-home" "-w" "/opt/rustwide/workdir" "-m" "1610612736" "--user" "0:0" "--network" "none" "ghcr.io/rust-lang/crates-build-env/linux@sha256:5ff2268d62e97bff2cde7d5815dd6ed5b47097566f13b8d0ca110b04b60e07ed" "/opt/rustwide/cargo-home/bin/cargo" "+1.69.0" "test" "--frozen" "--no-run" "--message-format=json", kill_on_drop: false }`
[INFO] [stdout] 694388c3a60e4a40a71a2507a238aa64cdf5e6e9b2d4ddc3c7ebee0e63c07bbc
[INFO] running `Command { std: "docker" "start" "-a" "694388c3a60e4a40a71a2507a238aa64cdf5e6e9b2d4ddc3c7ebee0e63c07bbc", kill_on_drop: false }`
[INFO] [stderr]    Compiling time-core v0.1.0
[INFO] [stderr]    Compiling pem v1.1.1
[INFO] [stderr]    Compiling fastrand v1.8.0
[INFO] [stderr]    Compiling remove_dir_all v0.5.3
[INFO] [stderr]    Compiling ctor v0.1.26
[INFO] [stderr]    Compiling time v0.3.17
[INFO] [stderr]    Compiling tempfile v3.3.0
[INFO] [stderr]    Compiling yasna v0.5.1
[INFO] [stderr]    Compiling rcgen v0.10.0
[INFO] [stderr]    Compiling rusty-penguin v0.5.2 (/opt/rustwide/workdir)
[INFO] [stderr]     Finished test [unoptimized + debuginfo] target(s) in 24.34s
[INFO] running `Command { std: "docker" "inspect" "694388c3a60e4a40a71a2507a238aa64cdf5e6e9b2d4ddc3c7ebee0e63c07bbc", kill_on_drop: false }`
[INFO] running `Command { std: "docker" "rm" "-f" "694388c3a60e4a40a71a2507a238aa64cdf5e6e9b2d4ddc3c7ebee0e63c07bbc", kill_on_drop: false }`
[INFO] [stdout] 694388c3a60e4a40a71a2507a238aa64cdf5e6e9b2d4ddc3c7ebee0e63c07bbc
[INFO] running `Command { std: "docker" "create" "-v" "/var/lib/crater-agent-workspace/builds/worker-4-tc1/target:/opt/rustwide/target:rw,Z" "-v" "/var/lib/crater-agent-workspace/builds/worker-4-tc1/source:/opt/rustwide/workdir:ro,Z" "-v" "/var/lib/crater-agent-workspace/cargo-home:/opt/rustwide/cargo-home:ro,Z" "-v" "/var/lib/crater-agent-workspace/rustup-home:/opt/rustwide/rustup-home:ro,Z" "-e" "SOURCE_DIR=/opt/rustwide/workdir" "-e" "CARGO_TARGET_DIR=/opt/rustwide/target" "-e" "CARGO_INCREMENTAL=0" "-e" "RUST_BACKTRACE=full" "-e" "RUSTFLAGS=--cap-lints=warn" "-e" "RUSTDOCFLAGS=--cap-lints=warn" "-e" "CARGO_HOME=/opt/rustwide/cargo-home" "-e" "RUSTUP_HOME=/opt/rustwide/rustup-home" "-w" "/opt/rustwide/workdir" "-m" "1610612736" "--user" "0:0" "--network" "none" "ghcr.io/rust-lang/crates-build-env/linux@sha256:5ff2268d62e97bff2cde7d5815dd6ed5b47097566f13b8d0ca110b04b60e07ed" "/opt/rustwide/cargo-home/bin/cargo" "+1.69.0" "test" "--frozen", kill_on_drop: false }`
[INFO] [stdout] 26ff8e35b683ba347bd252335351483c4e087c9331e9219103b340653fdac13a
[INFO] running `Command { std: "docker" "start" "-a" "26ff8e35b683ba347bd252335351483c4e087c9331e9219103b340653fdac13a", kill_on_drop: false }`
[INFO] [stderr]     Finished test [unoptimized + debuginfo] target(s) in 1.26s
[INFO] [stderr]      Running unittests src/mux/lib.rs (/opt/rustwide/target/debug/deps/penguin_mux-c84c021b4e3fc549)
[INFO] [stdout] 
[INFO] [stdout] running 8 tests
[INFO] [stdout] test frame::test::test_datagram_frame ... ok
[INFO] [stdout] test frame::test::test_stream_frame ... ok
[INFO] [stdout] test test::test_early_eof_detected ... ok
[INFO] [stdout] test frame::test::test_frame_repr ... ok
[INFO] [stdout] test test::connect_succeeds ... ok
[INFO] [stdout] test test::test_several_channels ... ok
[INFO] [stdout] test test::connected_stream_passes_data ... ok
[INFO] [stdout] test test::datagram_channel_passes_data ... ok
[INFO] [stdout] 
[INFO] [stdout] test result: ok. 8 passed; 0 failed; 0 ignored; 0 measured; 0 filtered out; finished in 8.78s
[INFO] [stdout] 
[INFO] [stderr]      Running unittests src/main.rs (/opt/rustwide/target/debug/deps/penguin-685b2f153ed63729)
[INFO] [stdout] 
[INFO] [stdout] running 44 tests
[INFO] [stdout] test arg::test::test_client_args_minimal ... ok
[INFO] [stdout] test arg::test::test_backendurl_fromstr ... ok
[INFO] [stdout] test client::handle_remote::socks::v4::test::test_write_response ... ok
[INFO] [stdout] test client::handle_remote::socks::v4::test::test_read_request_ip ... ok
[INFO] [stdout] test client::handle_remote::socks::v4::test::test_read_request_domain ... ok
[INFO] [stdout] test arg::test::test_serverurl_fromstr ... ok
[INFO] [stdout] test client::handle_remote::socks::v5::test::test_read_request_v6 ... ok
[INFO] [stdout] test arg::test::test_header_parser ... ok
[INFO] [stdout] test client::handle_remote::socks::v5::test::test_write_auth_method ... ok
[INFO] [stdout] test client::handle_remote::socks::v5::test::test_read_request_v4 ... ok
[INFO] [stdout] test client::handle_remote::socks::v5::test::test_read_request_invalid_address_type ... ok
[INFO] [stdout] test client::handle_remote::tcp::test::test_open_tcp_listener ... ok
[INFO] [stdout] test client::handle_remote::socks::v5::test::test_write_response ... ok
[INFO] [stdout] test client::handle_remote::socks::v5::test::test_read_auth_methods ... ok
[INFO] [stdout] test client::test::test_client_map_add_client ... ok
[INFO] [stdout] test parse_remote::test::test_default_host ... ok
[INFO] [stdout] test client::handle_remote::socks::v5::test::test_write_response_unspecified ... ok
[INFO] [stdout] test client::handle_remote::socks::v5::test::test_read_request_domain ... ok
[INFO] [stdout] test parse_remote::test::test_parse_remote ... ok
[INFO] [stdout] test server::forwarder::test::test_bind_and_send_v4 ... ok
[INFO] [stdout] test arg::test::test_client_args_full ... ok
[INFO] [stdout] test server::service::test::test_make_sec_websocket_accept ... ok
[INFO] [stdout] test client::handle_remote::udp::test::test_handle_udp ... ok
[INFO] [stderr] [2m2023-04-30T05:39:00.493330Z[0m [31mERROR[0m ThreadId(28) [1mpenguin::server::service[0m[2m:[0m Failed to proxy request to backend: error trying to connect: dns error: failed to lookup address information: Temporary failure in name resolution
[INFO] [stdout] test server::service::test::test_obfs_or_not ... ok
[INFO] [stdout] test server::service::test::test_stealth_websocket_upgrade_from_request_parts ... ok
[INFO] [stderr] [2m2023-04-30T05:39:00.506095Z[0m [33m WARN[0m ThreadId(34) [1mpenguin::client::ws_connect[0m[2m:[0m Using insecure WebSocket connection
[INFO] [stderr] [2m2023-04-30T05:39:00.537359Z[0m [33m WARN[0m ThreadId(34) [1mpenguin::client[0m[2m:[0m Reconnecting in 200 ms
[INFO] [stdout] test server::forwarder::test::test_bind_and_send_v6 ... FAILED
[INFO] [stdout] test server::forwarder::test::test_udp_forward_to_v6 ... FAILED
[INFO] [stderr] [2m2023-04-30T05:39:00.582556Z[0m [33m WARN[0m ThreadId(38) [1mpenguin::client::ws_connect[0m[2m:[0m Using insecure WebSocket connection
[INFO] [stderr] [2m2023-04-30T05:39:00.588209Z[0m [33m WARN[0m ThreadId(38) [1mpenguin::client[0m[2m:[0m Reconnecting in 200 ms
[INFO] [stdout] test server::service::test::test_backend ... FAILED
[INFO] [stderr] [2m2023-04-30T05:39:00.594232Z[0m [33m WARN[0m ThreadId(39) [1mpenguin::client::ws_connect[0m[2m:[0m Using insecure WebSocket connection
[INFO] [stderr] [2m2023-04-30T05:39:00.604114Z[0m [33m WARN[0m ThreadId(39) [1mpenguin::client[0m[2m:[0m Reconnecting in 200 ms
[INFO] [stderr] [2m2023-04-30T05:39:00.739880Z[0m [33m WARN[0m ThreadId(34) [1mpenguin::client::ws_connect[0m[2m:[0m Using insecure WebSocket connection
[INFO] [stderr] [2m2023-04-30T05:39:00.791357Z[0m [33m WARN[0m ThreadId(38) [1mpenguin::client::ws_connect[0m[2m:[0m Using insecure WebSocket connection
[INFO] [stderr] [2m2023-04-30T05:39:00.809335Z[0m [33m WARN[0m ThreadId(39) [1mpenguin::client::ws_connect[0m[2m:[0m Using insecure WebSocket connection
[INFO] [stderr] [2m2023-04-30T05:39:01.053241Z[0m [33m WARN[0m ThreadId(32) [1mpenguin::client::ws_connect[0m[2m:[0m Using insecure WebSocket connection
[INFO] [stderr] [2m2023-04-30T05:39:01.058882Z[0m [33m WARN[0m ThreadId(32) [1mpenguin::client[0m[2m:[0m Reconnecting in 200 ms
[INFO] [stderr] [2m2023-04-30T05:39:01.260476Z[0m [33m WARN[0m ThreadId(32) [1mpenguin::client::ws_connect[0m[2m:[0m Using insecure WebSocket connection
[INFO] [stderr] [2m2023-04-30T05:39:01.307507Z[0m [33m WARN[0m ThreadId(35) [1mpenguin::client[0m[2m:[0m Reconnecting in 200 ms
[INFO] [stderr] [2m2023-04-30T05:39:01.327066Z[0m [33m WARN[0m ThreadId(37) [1mpenguin::client::ws_connect[0m[2m:[0m Using insecure WebSocket connection
[INFO] [stderr] [2m2023-04-30T05:39:01.327212Z[0m [33m WARN[0m ThreadId(37) [1mpenguin::client[0m[2m:[0m Reconnecting in 200 ms
[INFO] [stderr] [2m2023-04-30T05:39:02.507931Z[0m [33m WARN[0m ThreadId(34) [1mpenguin::server::websocket[0m[2m:[0m Forwarder finished with error: Network is unreachable (os error 101)
[INFO] [stdout] test test::test_socks4_works ... ok
[INFO] [stderr] [2m2023-04-30T05:39:02.585488Z[0m [33m WARN[0m ThreadId(40) [1mpenguin::client::ws_connect[0m[2m:[0m Using insecure WebSocket connection
[INFO] [stderr] [2m2023-04-30T05:39:02.592148Z[0m [33m WARN[0m ThreadId(40) [1mpenguin::client[0m[2m:[0m Reconnecting in 200 ms
[INFO] [stdout] test test::test_socks5_connect_reliability_v4 ... ok
[INFO] [stderr] [2m2023-04-30T05:39:02.710097Z[0m [33m WARN[0m ThreadId(41) [1mpenguin::client::ws_connect[0m[2m:[0m Using insecure WebSocket connection
[INFO] [stderr] [2m2023-04-30T05:39:02.715535Z[0m [33m WARN[0m ThreadId(41) [1mpenguin::client[0m[2m:[0m Reconnecting in 200 ms
[INFO] [stderr] [2m2023-04-30T05:39:02.793786Z[0m [33m WARN[0m ThreadId(40) [1mpenguin::client::ws_connect[0m[2m:[0m Using insecure WebSocket connection
[INFO] [stderr] [2m2023-04-30T05:39:02.917169Z[0m [33m WARN[0m ThreadId(41) [1mpenguin::client::ws_connect[0m[2m:[0m Using insecure WebSocket connection
[INFO] [stdout] test test::test_it_works ... ok
[INFO] [stderr] [2m2023-04-30T05:39:03.107852Z[0m [33m WARN[0m ThreadId(42) [1mpenguin::client::ws_connect[0m[2m:[0m Using insecure WebSocket connection
[INFO] [stderr] [2m2023-04-30T05:39:03.113567Z[0m [33m WARN[0m ThreadId(42) [1mpenguin::client[0m[2m:[0m Reconnecting in 200 ms
[INFO] [stdout] test test::test_it_works_v6 ... FAILED
[INFO] [stderr] [2m2023-04-30T05:39:03.299690Z[0m [33m WARN[0m ThreadId(43) [1mpenguin::client::ws_connect[0m[2m:[0m Using insecure WebSocket connection
[INFO] [stderr] [2m2023-04-30T05:39:03.299820Z[0m [33m WARN[0m ThreadId(43) [1mpenguin::client[0m[2m:[0m Reconnecting in 200 ms
[INFO] [stderr] [2m2023-04-30T05:39:03.315090Z[0m [33m WARN[0m ThreadId(42) [1mpenguin::client::ws_connect[0m[2m:[0m Using insecure WebSocket connection
[INFO] [stdout] test test::test_it_works_tls_simple ... ok
[INFO] [stdout] test tls::rustls::test::test_client_config ... ok
[INFO] [stdout] test tls::rustls::test::test_generate_rustls_rootcertstore ... ok
[INFO] [stdout] test tls::rustls::test::test_server_config ... ok
[INFO] [stdout] test tls::rustls::test::test_try_load_certificate ... ok
[INFO] [stderr] [2m2023-04-30T05:39:04.587920Z[0m [33m WARN[0m ThreadId(40) [1mpenguin::server::websocket[0m[2m:[0m Forwarder finished with error: Cannot assign requested address (os error 99)
[INFO] [stdout] test test::test_socks5_connect_reliability_v6 ... FAILED
[INFO] [stdout] test test::test_socks5_udp_v4v4 ... ok
[INFO] [stderr] [2m2023-04-30T05:39:05.110374Z[0m [33m WARN[0m ThreadId(42) [1mpenguin::server::websocket[0m[2m:[0m Forwarder finished with error: Cannot assign requested address (os error 99)
[INFO] [stdout] test test::test_socks5_udp_v6v6 ... FAILED
[INFO] [stdout] test client::test::test_client_map_remove_client ... ok
[INFO] [stdout] test server::forwarder::test::test_udp_forward_to_v4 ... ok
[INFO] [stdout] test test::test_it_works_dns_v4 ... FAILED
[INFO] [stdout] test test::test_socks5_udp_v4v6 has been running for over 60 seconds
[ERROR] error running command: no output for 300 seconds
[INFO] running `Command { std: "docker" "inspect" "26ff8e35b683ba347bd252335351483c4e087c9331e9219103b340653fdac13a", kill_on_drop: false }`
[INFO] running `Command { std: "docker" "rm" "-f" "26ff8e35b683ba347bd252335351483c4e087c9331e9219103b340653fdac13a", kill_on_drop: false }`
[INFO] [stdout] 26ff8e35b683ba347bd252335351483c4e087c9331e9219103b340653fdac13a
