[INFO] fetching crate rustuino 0.1.0...
[INFO] testing rustuino-0.1.0 against 1.69.0 for beta-1.70-1
[INFO] extracting crate rustuino 0.1.0 into /workspace/builds/worker-0-tc1/source
[INFO] validating manifest of crates.io crate rustuino 0.1.0 on toolchain 1.69.0
[INFO] running `Command { std: CARGO_HOME="/workspace/cargo-home" RUSTUP_HOME="/workspace/rustup-home" "/workspace/cargo-home/bin/cargo" "+1.69.0" "metadata" "--manifest-path" "Cargo.toml" "--no-deps", kill_on_drop: false }`
[INFO] started tweaking crates.io crate rustuino 0.1.0
[INFO] finished tweaking crates.io crate rustuino 0.1.0
[INFO] tweaked toml for crates.io crate rustuino 0.1.0 written to /workspace/builds/worker-0-tc1/source/Cargo.toml
[INFO] running `Command { std: CARGO_HOME="/workspace/cargo-home" RUSTUP_HOME="/workspace/rustup-home" __CARGO_TEST_CHANNEL_OVERRIDE_DO_NOT_USE_THIS="nightly" "/workspace/cargo-home/bin/cargo" "+1.69.0" "generate-lockfile" "--manifest-path" "Cargo.toml" "-Zno-index-update", kill_on_drop: false }`
[INFO] running `Command { std: CARGO_HOME="/workspace/cargo-home" RUSTUP_HOME="/workspace/rustup-home" "/workspace/cargo-home/bin/cargo" "+1.69.0" "fetch" "--manifest-path" "Cargo.toml", kill_on_drop: false }`
[INFO] running `Command { std: "docker" "create" "-v" "/var/lib/crater-agent-workspace/builds/worker-0-tc1/target:/opt/rustwide/target:rw,Z" "-v" "/var/lib/crater-agent-workspace/builds/worker-0-tc1/source:/opt/rustwide/workdir:ro,Z" "-v" "/var/lib/crater-agent-workspace/cargo-home:/opt/rustwide/cargo-home:ro,Z" "-v" "/var/lib/crater-agent-workspace/rustup-home:/opt/rustwide/rustup-home:ro,Z" "-e" "SOURCE_DIR=/opt/rustwide/workdir" "-e" "CARGO_TARGET_DIR=/opt/rustwide/target" "-e" "CARGO_HOME=/opt/rustwide/cargo-home" "-e" "RUSTUP_HOME=/opt/rustwide/rustup-home" "-w" "/opt/rustwide/workdir" "-m" "1610612736" "--user" "0:0" "--network" "none" "ghcr.io/rust-lang/crates-build-env/linux@sha256:5ff2268d62e97bff2cde7d5815dd6ed5b47097566f13b8d0ca110b04b60e07ed" "/opt/rustwide/cargo-home/bin/cargo" "+1.69.0" "metadata" "--no-deps" "--format-version=1", kill_on_drop: false }`
[INFO] [stdout] a4088dd30d74a7e3221ed2c0e5bb0cf042bc32a1edaba28dd6a9c71cfdf0d384
[INFO] running `Command { std: "docker" "start" "-a" "a4088dd30d74a7e3221ed2c0e5bb0cf042bc32a1edaba28dd6a9c71cfdf0d384", kill_on_drop: false }`
[INFO] running `Command { std: "docker" "inspect" "a4088dd30d74a7e3221ed2c0e5bb0cf042bc32a1edaba28dd6a9c71cfdf0d384", kill_on_drop: false }`
[INFO] running `Command { std: "docker" "rm" "-f" "a4088dd30d74a7e3221ed2c0e5bb0cf042bc32a1edaba28dd6a9c71cfdf0d384", kill_on_drop: false }`
[INFO] [stdout] a4088dd30d74a7e3221ed2c0e5bb0cf042bc32a1edaba28dd6a9c71cfdf0d384
[INFO] running `Command { std: "docker" "create" "-v" "/var/lib/crater-agent-workspace/builds/worker-0-tc1/target:/opt/rustwide/target:rw,Z" "-v" "/var/lib/crater-agent-workspace/builds/worker-0-tc1/source:/opt/rustwide/workdir:ro,Z" "-v" "/var/lib/crater-agent-workspace/cargo-home:/opt/rustwide/cargo-home:ro,Z" "-v" "/var/lib/crater-agent-workspace/rustup-home:/opt/rustwide/rustup-home:ro,Z" "-e" "SOURCE_DIR=/opt/rustwide/workdir" "-e" "CARGO_TARGET_DIR=/opt/rustwide/target" "-e" "CARGO_INCREMENTAL=0" "-e" "RUST_BACKTRACE=full" "-e" "RUSTFLAGS=--cap-lints=warn" "-e" "RUSTDOCFLAGS=--cap-lints=warn" "-e" "CARGO_HOME=/opt/rustwide/cargo-home" "-e" "RUSTUP_HOME=/opt/rustwide/rustup-home" "-w" "/opt/rustwide/workdir" "-m" "1610612736" "--user" "0:0" "--network" "none" "ghcr.io/rust-lang/crates-build-env/linux@sha256:5ff2268d62e97bff2cde7d5815dd6ed5b47097566f13b8d0ca110b04b60e07ed" "/opt/rustwide/cargo-home/bin/cargo" "+1.69.0" "build" "--frozen" "--message-format=json", kill_on_drop: false }`
[INFO] [stdout] 490b0c41efcc97264e0b85a22cd3473f109e9a3a11901ea611f05557b23d8085
[INFO] running `Command { std: "docker" "start" "-a" "490b0c41efcc97264e0b85a22cd3473f109e9a3a11901ea611f05557b23d8085", kill_on_drop: false }`
[INFO] [stderr]    Compiling semver-parser v0.7.0
[INFO] [stderr]    Compiling cortex-m v0.7.7
[INFO] [stderr]    Compiling nb v1.1.0
[INFO] [stderr]    Compiling syn v1.0.109
[INFO] [stderr]    Compiling lock_api v0.4.9
[INFO] [stderr]    Compiling vcell v0.1.3
[INFO] [stderr]    Compiling void v1.0.2
[INFO] [stderr]    Compiling cortex-m-rt v0.7.3
[INFO] [stderr]    Compiling nb v0.1.3
[INFO] [stderr]    Compiling volatile-register v0.2.1
[INFO] [stderr]    Compiling bitfield v0.13.2
[INFO] [stderr]    Compiling embedded-hal v0.2.7
[INFO] [stderr]    Compiling heapless v0.7.16
[INFO] [stderr]    Compiling semver v0.9.0
[INFO] [stderr]    Compiling stm32f4 v0.14.0
[INFO] [stderr]    Compiling byteorder v1.4.3
[INFO] [stderr]    Compiling libm v0.2.6
[INFO] [stderr]    Compiling paste v1.0.12
[INFO] [stderr]    Compiling rustc_version v0.2.3
[INFO] [stderr]    Compiling hash32 v0.2.1
[INFO] [stderr]    Compiling spin v0.9.8
[INFO] [stderr]    Compiling ufmt-write v0.1.0
[INFO] [stderr]    Compiling bare-metal v1.0.0
[INFO] [stderr]    Compiling stable_deref_trait v1.2.0
[INFO] [stderr]    Compiling bare-metal v0.2.5
[INFO] [stderr]    Compiling rtt-target v0.3.1
[INFO] [stderr]    Compiling cortex-m-rt-macros v0.7.0
[INFO] [stderr]    Compiling rustuino v0.1.0 (/opt/rustwide/workdir)
[INFO] [stderr]     Finished dev [unoptimized + debuginfo] target(s) in 27.71s
[INFO] running `Command { std: "docker" "inspect" "490b0c41efcc97264e0b85a22cd3473f109e9a3a11901ea611f05557b23d8085", kill_on_drop: false }`
[INFO] running `Command { std: "docker" "rm" "-f" "490b0c41efcc97264e0b85a22cd3473f109e9a3a11901ea611f05557b23d8085", kill_on_drop: false }`
[INFO] [stdout] 490b0c41efcc97264e0b85a22cd3473f109e9a3a11901ea611f05557b23d8085
[INFO] running `Command { std: "docker" "create" "-v" "/var/lib/crater-agent-workspace/builds/worker-0-tc1/target:/opt/rustwide/target:rw,Z" "-v" "/var/lib/crater-agent-workspace/builds/worker-0-tc1/source:/opt/rustwide/workdir:ro,Z" "-v" "/var/lib/crater-agent-workspace/cargo-home:/opt/rustwide/cargo-home:ro,Z" "-v" "/var/lib/crater-agent-workspace/rustup-home:/opt/rustwide/rustup-home:ro,Z" "-e" "SOURCE_DIR=/opt/rustwide/workdir" "-e" "CARGO_TARGET_DIR=/opt/rustwide/target" "-e" "CARGO_INCREMENTAL=0" "-e" "RUST_BACKTRACE=full" "-e" "RUSTFLAGS=--cap-lints=warn" "-e" "RUSTDOCFLAGS=--cap-lints=warn" "-e" "CARGO_HOME=/opt/rustwide/cargo-home" "-e" "RUSTUP_HOME=/opt/rustwide/rustup-home" "-w" "/opt/rustwide/workdir" "-m" "1610612736" "--user" "0:0" "--network" "none" "ghcr.io/rust-lang/crates-build-env/linux@sha256:5ff2268d62e97bff2cde7d5815dd6ed5b47097566f13b8d0ca110b04b60e07ed" "/opt/rustwide/cargo-home/bin/cargo" "+1.69.0" "test" "--frozen" "--no-run" "--message-format=json", kill_on_drop: false }`
[INFO] [stdout] 10ffe853486b57b5419660eaa9b4701f7490ed32c548bc0887fb1924f6e71e8c
[INFO] running `Command { std: "docker" "start" "-a" "10ffe853486b57b5419660eaa9b4701f7490ed32c548bc0887fb1924f6e71e8c", kill_on_drop: false }`
[INFO] [stderr]     Blocking waiting for file lock on package cache
[INFO] [stderr]     Finished test [unoptimized + debuginfo] target(s) in 0.47s
[INFO] running `Command { std: "docker" "inspect" "10ffe853486b57b5419660eaa9b4701f7490ed32c548bc0887fb1924f6e71e8c", kill_on_drop: false }`
[INFO] running `Command { std: "docker" "rm" "-f" "10ffe853486b57b5419660eaa9b4701f7490ed32c548bc0887fb1924f6e71e8c", kill_on_drop: false }`
[INFO] [stdout] 10ffe853486b57b5419660eaa9b4701f7490ed32c548bc0887fb1924f6e71e8c
[INFO] running `Command { std: "docker" "create" "-v" "/var/lib/crater-agent-workspace/builds/worker-0-tc1/target:/opt/rustwide/target:rw,Z" "-v" "/var/lib/crater-agent-workspace/builds/worker-0-tc1/source:/opt/rustwide/workdir:ro,Z" "-v" "/var/lib/crater-agent-workspace/cargo-home:/opt/rustwide/cargo-home:ro,Z" "-v" "/var/lib/crater-agent-workspace/rustup-home:/opt/rustwide/rustup-home:ro,Z" "-e" "SOURCE_DIR=/opt/rustwide/workdir" "-e" "CARGO_TARGET_DIR=/opt/rustwide/target" "-e" "CARGO_INCREMENTAL=0" "-e" "RUST_BACKTRACE=full" "-e" "RUSTFLAGS=--cap-lints=warn" "-e" "RUSTDOCFLAGS=--cap-lints=warn" "-e" "CARGO_HOME=/opt/rustwide/cargo-home" "-e" "RUSTUP_HOME=/opt/rustwide/rustup-home" "-w" "/opt/rustwide/workdir" "-m" "1610612736" "--user" "0:0" "--network" "none" "ghcr.io/rust-lang/crates-build-env/linux@sha256:5ff2268d62e97bff2cde7d5815dd6ed5b47097566f13b8d0ca110b04b60e07ed" "/opt/rustwide/cargo-home/bin/cargo" "+1.69.0" "test" "--frozen", kill_on_drop: false }`
[INFO] [stdout] 3e09bc25d2c04b163bb8e1c748da64d378a2d62ce23679a6837c024c7af4cb47
[INFO] running `Command { std: "docker" "start" "-a" "3e09bc25d2c04b163bb8e1c748da64d378a2d62ce23679a6837c024c7af4cb47", kill_on_drop: false }`
[INFO] [stderr]     Finished test [unoptimized + debuginfo] target(s) in 0.03s
[INFO] [stderr]    Doc-tests rustuino
[INFO] [stdout] 
[INFO] [stdout] running 10 tests
[INFO] [stdout] test src/time.rs - time::millis (line 299) - compile ... FAILED
[INFO] [stdout] test src/time.rs - time::delay (line 216) - compile ... FAILED
[INFO] [stdout] test src/i2c.rs - i2c (line 7) - compile ... FAILED
[INFO] [stdout] test src/time.rs - time::start_time (line 257) - compile ... FAILED
[INFO] [stdout] test src/time.rs - time (line 7) - compile ... FAILED
[INFO] [stdout] test src/analog.rs - analog::analog_read (line 131) - compile ... FAILED
[INFO] [stdout] test src/analog.rs - analog (line 7) - compile ... FAILED
[INFO] [stdout] test src/uart.rs - uart (line 7) - compile ... FAILED
[INFO] [stdout] test src/gpio.rs - gpio (line 5) - compile ... FAILED
[INFO] [stderr] error: doctest failed, to rerun pass `--doc`
[INFO] [stdout] test src/time.rs - time::pwm_write (line 132) - compile ... FAILED
[INFO] [stdout] 
[INFO] [stdout] failures:
[INFO] [stdout] 
[INFO] [stdout] ---- src/time.rs - time::millis (line 299) stdout ----
[INFO] [stdout] error[E0152]: duplicate lang item in crate `rustuino` (which `rust_out` depends on): `panic_impl`.
[INFO] [stdout]   |
[INFO] [stdout]   = note: the lang item is first defined in crate `std` (which `rust_out` depends on)
[INFO] [stdout]   = note: first definition in `std` loaded from /opt/rustwide/rustup-home/toolchains/1.69.0-x86_64-unknown-linux-gnu/lib/rustlib/x86_64-unknown-linux-gnu/lib/libstd-89bc084783fdc439.rlib
[INFO] [stdout]   = note: second definition in `rustuino` loaded from /opt/rustwide/target/debug/deps/librustuino-110e1fd9bf6ec1ba.rlib
[INFO] [stdout] 
[INFO] [stdout] error: aborting due to previous error
[INFO] [stdout] 
[INFO] [stdout] For more information about this error, try `rustc --explain E0152`.
[INFO] [stdout] Couldn't compile the test.
[INFO] [stdout] ---- src/time.rs - time::delay (line 216) stdout ----
[INFO] [stdout] error[E0152]: duplicate lang item in crate `rustuino` (which `rust_out` depends on): `panic_impl`.
[INFO] [stdout]   |
[INFO] [stdout]   = note: the lang item is first defined in crate `std` (which `rust_out` depends on)
[INFO] [stdout]   = note: first definition in `std` loaded from /opt/rustwide/rustup-home/toolchains/1.69.0-x86_64-unknown-linux-gnu/lib/rustlib/x86_64-unknown-linux-gnu/lib/libstd-89bc084783fdc439.rlib
[INFO] [stdout]   = note: second definition in `rustuino` loaded from /opt/rustwide/target/debug/deps/librustuino-110e1fd9bf6ec1ba.rlib
[INFO] [stdout] 
[INFO] [stdout] error[E0433]: failed to resolve: use of undeclared type `PA0`
[INFO] [stdout]  --> src/time.rs:219:11
[INFO] [stdout]   |
[INFO] [stdout] 6 | let pin = PA0::output();
[INFO] [stdout]   |           ^^^ use of undeclared type `PA0`
[INFO] [stdout] 
[INFO] [stdout] error: aborting due to 2 previous errors
[INFO] [stdout] 
[INFO] [stdout] Some errors have detailed explanations: E0152, E0433.
[INFO] [stdout] For more information about an error, try `rustc --explain E0152`.
[INFO] [stdout] Couldn't compile the test.
[INFO] [stdout] ---- src/i2c.rs - i2c (line 7) stdout ----
[INFO] [stdout] error[E0433]: failed to resolve: use of undeclared type `I2C`
[INFO] [stdout]   --> src/i2c.rs:16:13
[INFO] [stdout]    |
[INFO] [stdout] 11 |   let i2c = I2C::new::<16>(1, PB6, PB7, true).unwrap();
[INFO] [stdout]    |             ^^^ use of undeclared type `I2C`
[INFO] [stdout]    |
[INFO] [stdout] help: consider importing one of these items
[INFO] [stdout]    |
[INFO] [stdout] 6  | use crate::i2c::I2C;
[INFO] [stdout]    |
[INFO] [stdout] 6  | use rustuino::i2c::I2C;
[INFO] [stdout]    |
[INFO] [stdout] 
[INFO] [stdout] error[E0425]: cannot find value `PB6` in this scope
[INFO] [stdout]   --> src/i2c.rs:16:31
[INFO] [stdout]    |
[INFO] [stdout] 11 |     let i2c = I2C::new::<16>(1, PB6, PB7, true).unwrap();
[INFO] [stdout]    |                                 ^^^ help: a constant with a similar name exists: `B6`
[INFO] [stdout]    |
[INFO] [stdout]   ::: /opt/rustwide/workdir/src/include.rs:22:3
[INFO] [stdout]    |
[INFO] [stdout] 22 | /   generate_pins![
[INFO] [stdout] 23 | |     ['a', 0],
[INFO] [stdout] 24 | |     ['a', 1],
[INFO] [stdout] 25 | |     ['a', 2],
[INFO] [stdout] ...  |
[INFO] [stdout] 77 | |     ['h', 1]
[INFO] [stdout] 78 | |   ];
[INFO] [stdout]    | |___- similarly named constant `B6` defined here
[INFO] [stdout] 
[INFO] [stdout] error[E0425]: cannot find value `PB7` in this scope
[INFO] [stdout]   --> src/i2c.rs:16:36
[INFO] [stdout]    |
[INFO] [stdout] 11 |     let i2c = I2C::new::<16>(1, PB6, PB7, true).unwrap();
[INFO] [stdout]    |                                      ^^^ help: a constant with a similar name exists: `B7`
[INFO] [stdout]    |
[INFO] [stdout]   ::: /opt/rustwide/workdir/src/include.rs:22:3
[INFO] [stdout]    |
[INFO] [stdout] 22 | /   generate_pins![
[INFO] [stdout] 23 | |     ['a', 0],
[INFO] [stdout] 24 | |     ['a', 1],
[INFO] [stdout] 25 | |     ['a', 2],
[INFO] [stdout] ...  |
[INFO] [stdout] 77 | |     ['h', 1]
[INFO] [stdout] 78 | |   ];
[INFO] [stdout]    | |___- similarly named constant `B7` defined here
[INFO] [stdout] 
[INFO] [stdout] error: language item required, but not found: `eh_personality`
[INFO] [stdout]   |
[INFO] [stdout]   = note: this can occur when a binary crate with `#![no_std]` is compiled for a target where `eh_personality` is defined in the standard library
[INFO] [stdout]   = help: you may be able to compile for a target that doesn't need `eh_personality`, specify a target with `--target` or in `.cargo/config`
[INFO] [stdout] 
[INFO] [stdout] error: aborting due to 4 previous errors
[INFO] [stdout] 
[INFO] [stdout] Some errors have detailed explanations: E0425, E0433.
[INFO] [stdout] For more information about an error, try `rustc --explain E0425`.
[INFO] [stdout] Couldn't compile the test.
[INFO] [stdout] ---- src/time.rs - time::start_time (line 257) stdout ----
[INFO] [stdout] error[E0152]: duplicate lang item in crate `rustuino` (which `rust_out` depends on): `panic_impl`.
[INFO] [stdout]   |
[INFO] [stdout]   = note: the lang item is first defined in crate `std` (which `rust_out` depends on)
[INFO] [stdout]   = note: first definition in `std` loaded from /opt/rustwide/rustup-home/toolchains/1.69.0-x86_64-unknown-linux-gnu/lib/rustlib/x86_64-unknown-linux-gnu/lib/libstd-89bc084783fdc439.rlib
[INFO] [stdout]   = note: second definition in `rustuino` loaded from /opt/rustwide/target/debug/deps/librustuino-110e1fd9bf6ec1ba.rlib
[INFO] [stdout] 
[INFO] [stdout] error: aborting due to previous error
[INFO] [stdout] 
[INFO] [stdout] For more information about this error, try `rustc --explain E0152`.
[INFO] [stdout] Couldn't compile the test.
[INFO] [stdout] ---- src/time.rs - time (line 7) stdout ----
[INFO] [stdout] error[E0425]: cannot find value `PA8` in this scope
[INFO] [stdout]   --> src/time.rs:16:29
[INFO] [stdout]    |
[INFO] [stdout] 11 |     let pwm_pin = pinmode_pwm(PA8).unwrap();
[INFO] [stdout]    |                               ^^^ help: a constant with a similar name exists: `A8`
[INFO] [stdout]    |
[INFO] [stdout]   ::: /opt/rustwide/workdir/src/include.rs:22:3
[INFO] [stdout]    |
[INFO] [stdout] 22 | /   generate_pins![
[INFO] [stdout] 23 | |     ['a', 0],
[INFO] [stdout] 24 | |     ['a', 1],
[INFO] [stdout] 25 | |     ['a', 2],
[INFO] [stdout] ...  |
[INFO] [stdout] 77 | |     ['h', 1]
[INFO] [stdout] 78 | |   ];
[INFO] [stdout]    | |___- similarly named constant `A8` defined here
[INFO] [stdout] 
[INFO] [stdout] error: language item required, but not found: `eh_personality`
[INFO] [stdout]   |
[INFO] [stdout]   = note: this can occur when a binary crate with `#![no_std]` is compiled for a target where `eh_personality` is defined in the standard library
[INFO] [stdout]   = help: you may be able to compile for a target that doesn't need `eh_personality`, specify a target with `--target` or in `.cargo/config`
[INFO] [stdout] 
[INFO] [stdout] error: aborting due to 2 previous errors
[INFO] [stdout] 
[INFO] [stdout] For more information about this error, try `rustc --explain E0425`.
[INFO] [stdout] Couldn't compile the test.
[INFO] [stdout] ---- src/analog.rs - analog::analog_read (line 131) stdout ----
[INFO] [stdout] error[E0425]: cannot find function `pinmode_analog` in this scope
[INFO] [stdout]  --> src/analog.rs:133:11
[INFO] [stdout]   |
[INFO] [stdout] 4 | let pin = pinmode_analog(PA0).unwrap();
[INFO] [stdout]   |           ^^^^^^^^^^^^^^ not found in this scope
[INFO] [stdout]   |
[INFO] [stdout] help: consider importing this function
[INFO] [stdout]   |
[INFO] [stdout] 3 | use rustuino::pinmode_analog;
[INFO] [stdout]   |
[INFO] [stdout] 
[INFO] [stdout] error[E0425]: cannot find value `PA0` in this scope
[INFO] [stdout]  --> src/analog.rs:133:26
[INFO] [stdout]   |
[INFO] [stdout] 4 | let pin = pinmode_analog(PA0).unwrap();
[INFO] [stdout]   |                          ^^^ not found in this scope
[INFO] [stdout] 
[INFO] [stdout] error[E0425]: cannot find function `analog_read` in this scope
[INFO] [stdout]  --> src/analog.rs:136:22
[INFO] [stdout]   |
[INFO] [stdout] 7 | let mut value: u16 = analog_read(&pin);
[INFO] [stdout]   |                      ^^^^^^^^^^^ not found in this scope
[INFO] [stdout]   |
[INFO] [stdout] help: consider importing this function
[INFO] [stdout]   |
[INFO] [stdout] 3 | use rustuino::analog_read;
[INFO] [stdout]   |
[INFO] [stdout] 
[INFO] [stdout] error[E0152]: duplicate lang item in crate `rustuino`: `panic_impl`.
[INFO] [stdout]   |
[INFO] [stdout]   = note: the lang item is first defined in crate `std` (which `rust_out` depends on)
[INFO] [stdout]   = note: first definition in `std` loaded from /opt/rustwide/rustup-home/toolchains/1.69.0-x86_64-unknown-linux-gnu/lib/rustlib/x86_64-unknown-linux-gnu/lib/libstd-89bc084783fdc439.rlib
[INFO] [stdout]   = note: second definition in `rustuino` loaded from /opt/rustwide/target/debug/deps/librustuino-110e1fd9bf6ec1ba.rlib
[INFO] [stdout] 
[INFO] [stdout] error: aborting due to 4 previous errors
[INFO] [stdout] 
[INFO] [stdout] Some errors have detailed explanations: E0152, E0425.
[INFO] [stdout] For more information about an error, try `rustc --explain E0152`.
[INFO] [stdout] Couldn't compile the test.
[INFO] [stdout] ---- src/analog.rs - analog (line 7) stdout ----
[INFO] [stdout] error[E0425]: cannot find value `PA0` in this scope
[INFO] [stdout]   --> src/analog.rs:16:31
[INFO] [stdout]    |
[INFO] [stdout] 11 |     let in_pin = pinmode_analog(PA0).unwrap();
[INFO] [stdout]    |                                 ^^^ help: a constant with a similar name exists: `A0`
[INFO] [stdout]    |
[INFO] [stdout]   ::: /opt/rustwide/workdir/src/include.rs:22:3
[INFO] [stdout]    |
[INFO] [stdout] 22 | /   generate_pins![
[INFO] [stdout] 23 | |     ['a', 0],
[INFO] [stdout] 24 | |     ['a', 1],
[INFO] [stdout] 25 | |     ['a', 2],
[INFO] [stdout] ...  |
[INFO] [stdout] 77 | |     ['h', 1]
[INFO] [stdout] 78 | |   ];
[INFO] [stdout]    | |___- similarly named constant `A0` defined here
[INFO] [stdout] 
[INFO] [stdout] error[E0425]: cannot find value `PA1` in this scope
[INFO] [stdout]   --> src/analog.rs:17:32
[INFO] [stdout]    |
[INFO] [stdout] 12 |     let led_pin = pinmode_output(PA1).unwrap();
[INFO] [stdout]    |                                  ^^^ help: a constant with a similar name exists: `A1`
[INFO] [stdout]    |
[INFO] [stdout]   ::: /opt/rustwide/workdir/src/include.rs:22:3
[INFO] [stdout]    |
[INFO] [stdout] 22 | /   generate_pins![
[INFO] [stdout] 23 | |     ['a', 0],
[INFO] [stdout] 24 | |     ['a', 1],
[INFO] [stdout] 25 | |     ['a', 2],
[INFO] [stdout] ...  |
[INFO] [stdout] 77 | |     ['h', 1]
[INFO] [stdout] 78 | |   ];
[INFO] [stdout]    | |___- similarly named constant `A1` defined here
[INFO] [stdout] 
[INFO] [stdout] error: language item required, but not found: `eh_personality`
[INFO] [stdout]   |
[INFO] [stdout]   = note: this can occur when a binary crate with `#![no_std]` is compiled for a target where `eh_personality` is defined in the standard library
[INFO] [stdout]   = help: you may be able to compile for a target that doesn't need `eh_personality`, specify a target with `--target` or in `.cargo/config`
[INFO] [stdout] 
[INFO] [stdout] error[E0425]: cannot find function `analog_resolution` in this scope
[INFO] [stdout]    --> src/analog.rs:23:3
[INFO] [stdout]     |
[INFO] [stdout] 18  |   analog_resolution(12);
[INFO] [stdout]     |   ^^^^^^^^^^^^^^^^^ help: a function with a similar name exists: `adc_resolution`
[INFO] [stdout]     |
[INFO] [stdout]    ::: /opt/rustwide/workdir/src/analog.rs:101:1
[INFO] [stdout]     |
[INFO] [stdout] 101 | pub fn adc_resolution(res: u8) -> Result<(), ProgError> {
[INFO] [stdout]     | ------------------------------------------------------- similarly named function `adc_resolution` defined here
[INFO] [stdout] 
[INFO] [stdout] error: aborting due to 4 previous errors
[INFO] [stdout] 
[INFO] [stdout] For more information about this error, try `rustc --explain E0425`.
[INFO] [stdout] Couldn't compile the test.
[INFO] [stdout] ---- src/uart.rs - uart (line 7) stdout ----
[INFO] [stdout] error[E0433]: failed to resolve: use of undeclared type `UART`
[INFO] [stdout]   --> src/uart.rs:16:14
[INFO] [stdout]    |
[INFO] [stdout] 11 |   let uart = UART::new(2, PA2, PA3, 115200).unwrap();
[INFO] [stdout]    |              ^^^^ use of undeclared type `UART`
[INFO] [stdout]    |
[INFO] [stdout] help: consider importing one of these items
[INFO] [stdout]    |
[INFO] [stdout] 6  | use crate::uart::UART;
[INFO] [stdout]    |
[INFO] [stdout] 6  | use rustuino::uart::UART;
[INFO] [stdout]    |
[INFO] [stdout] 
[INFO] [stdout] error[E0425]: cannot find value `PA2` in this scope
[INFO] [stdout]   --> src/uart.rs:16:27
[INFO] [stdout]    |
[INFO] [stdout] 11 |     let uart = UART::new(2, PA2, PA3, 115200).unwrap();
[INFO] [stdout]    |                             ^^^ help: a constant with a similar name exists: `A2`
[INFO] [stdout]    |
[INFO] [stdout]   ::: /opt/rustwide/workdir/src/include.rs:22:3
[INFO] [stdout]    |
[INFO] [stdout] 22 | /   generate_pins![
[INFO] [stdout] 23 | |     ['a', 0],
[INFO] [stdout] 24 | |     ['a', 1],
[INFO] [stdout] 25 | |     ['a', 2],
[INFO] [stdout] ...  |
[INFO] [stdout] 77 | |     ['h', 1]
[INFO] [stdout] 78 | |   ];
[INFO] [stdout]    | |___- similarly named constant `A2` defined here
[INFO] [stdout] 
[INFO] [stdout] error[E0425]: cannot find value `PA3` in this scope
[INFO] [stdout]   --> src/uart.rs:16:32
[INFO] [stdout]    |
[INFO] [stdout] 11 |     let uart = UART::new(2, PA2, PA3, 115200).unwrap();
[INFO] [stdout]    |                                  ^^^ help: a constant with a similar name exists: `A3`
[INFO] [stdout]    |
[INFO] [stdout]   ::: /opt/rustwide/workdir/src/include.rs:22:3
[INFO] [stdout]    |
[INFO] [stdout] 22 | /   generate_pins![
[INFO] [stdout] 23 | |     ['a', 0],
[INFO] [stdout] 24 | |     ['a', 1],
[INFO] [stdout] 25 | |     ['a', 2],
[INFO] [stdout] ...  |
[INFO] [stdout] 77 | |     ['h', 1]
[INFO] [stdout] 78 | |   ];
[INFO] [stdout]    | |___- similarly named constant `A3` defined here
[INFO] [stdout] 
[INFO] [stdout] error: language item required, but not found: `eh_personality`
[INFO] [stdout]   |
[INFO] [stdout]   = note: this can occur when a binary crate with `#![no_std]` is compiled for a target where `eh_personality` is defined in the standard library
[INFO] [stdout]   = help: you may be able to compile for a target that doesn't need `eh_personality`, specify a target with `--target` or in `.cargo/config`
[INFO] [stdout] 
[INFO] [stdout] error: aborting due to 4 previous errors
[INFO] [stdout] 
[INFO] [stdout] Some errors have detailed explanations: E0425, E0433.
[INFO] [stdout] For more information about an error, try `rustc --explain E0425`.
[INFO] [stdout] Couldn't compile the test.
[INFO] [stdout] ---- src/gpio.rs - gpio (line 5) stdout ----
[INFO] [stdout] error[E0425]: cannot find value `PA0` in this scope
[INFO] [stdout]   --> src/gpio.rs:14:30
[INFO] [stdout]    |
[INFO] [stdout] 11 |     let in_pin = pinmode_input(PA0).unwrap();
[INFO] [stdout]    |                                ^^^ help: a constant with a similar name exists: `A0`
[INFO] [stdout]    |
[INFO] [stdout]   ::: /opt/rustwide/workdir/src/include.rs:22:3
[INFO] [stdout]    |
[INFO] [stdout] 22 | /   generate_pins![
[INFO] [stdout] 23 | |     ['a', 0],
[INFO] [stdout] 24 | |     ['a', 1],
[INFO] [stdout] 25 | |     ['a', 2],
[INFO] [stdout] ...  |
[INFO] [stdout] 77 | |     ['h', 1]
[INFO] [stdout] 78 | |   ];
[INFO] [stdout]    | |___- similarly named constant `A0` defined here
[INFO] [stdout] 
[INFO] [stdout] error[E0425]: cannot find value `PA1` in this scope
[INFO] [stdout]   --> src/gpio.rs:15:32
[INFO] [stdout]    |
[INFO] [stdout] 12 |     let out_pin = pinmode_output(PA1).unwrap();
[INFO] [stdout]    |                                  ^^^ help: a constant with a similar name exists: `A1`
[INFO] [stdout]    |
[INFO] [stdout]   ::: /opt/rustwide/workdir/src/include.rs:22:3
[INFO] [stdout]    |
[INFO] [stdout] 22 | /   generate_pins![
[INFO] [stdout] 23 | |     ['a', 0],
[INFO] [stdout] 24 | |     ['a', 1],
[INFO] [stdout] 25 | |     ['a', 2],
[INFO] [stdout] ...  |
[INFO] [stdout] 77 | |     ['h', 1]
[INFO] [stdout] 78 | |   ];
[INFO] [stdout]    | |___- similarly named constant `A1` defined here
[INFO] [stdout] 
[INFO] [stdout] error[E0425]: cannot find value `PA2` in this scope
[INFO] [stdout]   --> src/gpio.rs:16:43
[INFO] [stdout]    |
[INFO] [stdout] 13 |     let af_pin = pinmode_alternate_function(PA2, 7).unwrap();
[INFO] [stdout]    |                                             ^^^ help: a constant with a similar name exists: `A2`
[INFO] [stdout]    |
[INFO] [stdout]   ::: /opt/rustwide/workdir/src/include.rs:22:3
[INFO] [stdout]    |
[INFO] [stdout] 22 | /   generate_pins![
[INFO] [stdout] 23 | |     ['a', 0],
[INFO] [stdout] 24 | |     ['a', 1],
[INFO] [stdout] 25 | |     ['a', 2],
[INFO] [stdout] ...  |
[INFO] [stdout] 77 | |     ['h', 1]
[INFO] [stdout] 78 | |   ];
[INFO] [stdout]    | |___- similarly named constant `A2` defined here
[INFO] [stdout] 
[INFO] [stdout] error[E0425]: cannot find value `PA4` in this scope
[INFO] [stdout]   --> src/gpio.rs:17:35
[INFO] [stdout]    |
[INFO] [stdout] 14 |     let analog_pin = pinmode_analog(PA4).unwrap();
[INFO] [stdout]    |                                     ^^^ help: a constant with a similar name exists: `A4`
[INFO] [stdout]    |
[INFO] [stdout]   ::: /opt/rustwide/workdir/src/include.rs:22:3
[INFO] [stdout]    |
[INFO] [stdout] 22 | /   generate_pins![
[INFO] [stdout] 23 | |     ['a', 0],
[INFO] [stdout] 24 | |     ['a', 1],
[INFO] [stdout] 25 | |     ['a', 2],
[INFO] [stdout] ...  |
[INFO] [stdout] 77 | |     ['h', 1]
[INFO] [stdout] 78 | |   ];
[INFO] [stdout]    | |___- similarly named constant `A4` defined here
[INFO] [stdout] 
[INFO] [stdout] error: language item required, but not found: `eh_personality`
[INFO] [stdout]   |
[INFO] [stdout]   = note: this can occur when a binary crate with `#![no_std]` is compiled for a target where `eh_personality` is defined in the standard library
[INFO] [stdout]   = help: you may be able to compile for a target that doesn't need `eh_personality`, specify a target with `--target` or in `.cargo/config`
[INFO] [stdout] 
[INFO] [stdout] error: aborting due to 5 previous errors
[INFO] [stdout] 
[INFO] [stdout] For more information about this error, try `rustc --explain E0425`.
[INFO] [stdout] Couldn't compile the test.
[INFO] [stdout] ---- src/time.rs - time::pwm_write (line 132) stdout ----
[INFO] [stdout] error[E0425]: cannot find function `pinmode_pwm` in this scope
[INFO] [stdout]  --> src/time.rs:134:11
[INFO] [stdout]   |
[INFO] [stdout] 4 | let pin = pinmode_pwm(PA8).unwrap();
[INFO] [stdout]   |           ^^^^^^^^^^^ not found in this scope
[INFO] [stdout]   |
[INFO] [stdout] help: consider importing this function
[INFO] [stdout]   |
[INFO] [stdout] 3 | use rustuino::pinmode_pwm;
[INFO] [stdout]   |
[INFO] [stdout] 
[INFO] [stdout] error[E0425]: cannot find value `PA8` in this scope
[INFO] [stdout]  --> src/time.rs:134:23
[INFO] [stdout]   |
[INFO] [stdout] 4 | let pin = pinmode_pwm(PA8).unwrap();
[INFO] [stdout]   |                       ^^^ not found in this scope
[INFO] [stdout] 
[INFO] [stdout] error[E0425]: cannot find function `pwm_write` in this scope
[INFO] [stdout]  --> src/time.rs:137:22
[INFO] [stdout]   |
[INFO] [stdout] 7 | let mut value: u16 = pwm_write(&pin, 128).unwrap();
[INFO] [stdout]   |                      ^^^^^^^^^ not found in this scope
[INFO] [stdout]   |
[INFO] [stdout] help: consider importing this function
[INFO] [stdout]   |
[INFO] [stdout] 3 | use rustuino::pwm_write;
[INFO] [stdout]   |
[INFO] [stdout] 
[INFO] [stdout] error[E0152]: duplicate lang item in crate `rustuino`: `panic_impl`.
[INFO] [stdout]   |
[INFO] [stdout]   = note: the lang item is first defined in crate `std` (which `rust_out` depends on)
[INFO] [stdout]   = note: first definition in `std` loaded from /opt/rustwide/rustup-home/toolchains/1.69.0-x86_64-unknown-linux-gnu/lib/rustlib/x86_64-unknown-linux-gnu/lib/libstd-89bc084783fdc439.rlib
[INFO] [stdout]   = note: second definition in `rustuino` loaded from /opt/rustwide/target/debug/deps/librustuino-110e1fd9bf6ec1ba.rlib
[INFO] [stdout] 
[INFO] [stdout] error: aborting due to 4 previous errors
[INFO] [stdout] 
[INFO] [stdout] Some errors have detailed explanations: E0152, E0425.
[INFO] [stdout] For more information about an error, try `rustc --explain E0152`.
[INFO] [stdout] Couldn't compile the test.
[INFO] [stdout] 
[INFO] [stdout] failures:
[INFO] [stdout]     src/analog.rs - analog (line 7)
[INFO] [stdout]     src/analog.rs - analog::analog_read (line 131)
[INFO] [stdout]     src/gpio.rs - gpio (line 5)
[INFO] [stdout]     src/i2c.rs - i2c (line 7)
[INFO] [stdout]     src/time.rs - time (line 7)
[INFO] [stdout]     src/time.rs - time::delay (line 216)
[INFO] [stdout]     src/time.rs - time::millis (line 299)
[INFO] [stdout]     src/time.rs - time::pwm_write (line 132)
[INFO] [stdout]     src/time.rs - time::start_time (line 257)
[INFO] [stdout]     src/uart.rs - uart (line 7)
[INFO] [stdout] 
[INFO] [stdout] test result: FAILED. 0 passed; 10 failed; 0 ignored; 0 measured; 0 filtered out; finished in 0.29s
[INFO] [stdout] 
[INFO] running `Command { std: "docker" "inspect" "3e09bc25d2c04b163bb8e1c748da64d378a2d62ce23679a6837c024c7af4cb47", kill_on_drop: false }`
[INFO] running `Command { std: "docker" "rm" "-f" "3e09bc25d2c04b163bb8e1c748da64d378a2d62ce23679a6837c024c7af4cb47", kill_on_drop: false }`
[INFO] [stdout] 3e09bc25d2c04b163bb8e1c748da64d378a2d62ce23679a6837c024c7af4cb47
