[INFO] fetching crate rustnix 0.0.1...
[INFO] testing rustnix-0.0.1 against 1.69.0 for beta-1.70-1
[INFO] extracting crate rustnix 0.0.1 into /workspace/builds/worker-3-tc1/source
[INFO] validating manifest of crates.io crate rustnix 0.0.1 on toolchain 1.69.0
[INFO] running `Command { std: CARGO_HOME="/workspace/cargo-home" RUSTUP_HOME="/workspace/rustup-home" "/workspace/cargo-home/bin/cargo" "+1.69.0" "metadata" "--manifest-path" "Cargo.toml" "--no-deps", kill_on_drop: false }`
[INFO] removed /workspace/builds/worker-3-tc1/source/rust-toolchain.toml
[INFO] started tweaking crates.io crate rustnix 0.0.1
[INFO] finished tweaking crates.io crate rustnix 0.0.1
[INFO] tweaked toml for crates.io crate rustnix 0.0.1 written to /workspace/builds/worker-3-tc1/source/Cargo.toml
[INFO] crate crates.io crate rustnix 0.0.1 already has a lockfile, it will not be regenerated
[INFO] running `Command { std: CARGO_HOME="/workspace/cargo-home" RUSTUP_HOME="/workspace/rustup-home" "/workspace/cargo-home/bin/cargo" "+1.69.0" "fetch" "--manifest-path" "Cargo.toml", kill_on_drop: false }`
[INFO] running `Command { std: "docker" "create" "-v" "/var/lib/crater-agent-workspace/builds/worker-3-tc1/target:/opt/rustwide/target:rw,Z" "-v" "/var/lib/crater-agent-workspace/builds/worker-3-tc1/source:/opt/rustwide/workdir:ro,Z" "-v" "/var/lib/crater-agent-workspace/cargo-home:/opt/rustwide/cargo-home:ro,Z" "-v" "/var/lib/crater-agent-workspace/rustup-home:/opt/rustwide/rustup-home:ro,Z" "-e" "SOURCE_DIR=/opt/rustwide/workdir" "-e" "CARGO_TARGET_DIR=/opt/rustwide/target" "-e" "CARGO_HOME=/opt/rustwide/cargo-home" "-e" "RUSTUP_HOME=/opt/rustwide/rustup-home" "-w" "/opt/rustwide/workdir" "-m" "1610612736" "--user" "0:0" "--network" "none" "ghcr.io/rust-lang/crates-build-env/linux@sha256:5ff2268d62e97bff2cde7d5815dd6ed5b47097566f13b8d0ca110b04b60e07ed" "/opt/rustwide/cargo-home/bin/cargo" "+1.69.0" "metadata" "--no-deps" "--format-version=1", kill_on_drop: false }`
[INFO] [stdout] 39996aa3ba217b8e85c85bd1ce802a92a16ba81cae31b594d52adee1effe4d74
[INFO] running `Command { std: "docker" "start" "-a" "39996aa3ba217b8e85c85bd1ce802a92a16ba81cae31b594d52adee1effe4d74", kill_on_drop: false }`
[INFO] running `Command { std: "docker" "inspect" "39996aa3ba217b8e85c85bd1ce802a92a16ba81cae31b594d52adee1effe4d74", kill_on_drop: false }`
[INFO] running `Command { std: "docker" "rm" "-f" "39996aa3ba217b8e85c85bd1ce802a92a16ba81cae31b594d52adee1effe4d74", kill_on_drop: false }`
[INFO] [stdout] 39996aa3ba217b8e85c85bd1ce802a92a16ba81cae31b594d52adee1effe4d74
[INFO] running `Command { std: "docker" "create" "-v" "/var/lib/crater-agent-workspace/builds/worker-3-tc1/target:/opt/rustwide/target:rw,Z" "-v" "/var/lib/crater-agent-workspace/builds/worker-3-tc1/source:/opt/rustwide/workdir:ro,Z" "-v" "/var/lib/crater-agent-workspace/cargo-home:/opt/rustwide/cargo-home:ro,Z" "-v" "/var/lib/crater-agent-workspace/rustup-home:/opt/rustwide/rustup-home:ro,Z" "-e" "SOURCE_DIR=/opt/rustwide/workdir" "-e" "CARGO_TARGET_DIR=/opt/rustwide/target" "-e" "CARGO_INCREMENTAL=0" "-e" "RUST_BACKTRACE=full" "-e" "RUSTFLAGS=--cap-lints=warn" "-e" "RUSTDOCFLAGS=--cap-lints=warn" "-e" "CARGO_HOME=/opt/rustwide/cargo-home" "-e" "RUSTUP_HOME=/opt/rustwide/rustup-home" "-w" "/opt/rustwide/workdir" "-m" "1610612736" "--user" "0:0" "--network" "none" "ghcr.io/rust-lang/crates-build-env/linux@sha256:5ff2268d62e97bff2cde7d5815dd6ed5b47097566f13b8d0ca110b04b60e07ed" "/opt/rustwide/cargo-home/bin/cargo" "+1.69.0" "build" "--frozen" "--message-format=json", kill_on_drop: false }`
[INFO] [stdout] 9a8b28ec562fcd839afd112d767fb03853e9721648ecab73cf20a3b7f7568fc5
[INFO] running `Command { std: "docker" "start" "-a" "9a8b28ec562fcd839afd112d767fb03853e9721648ecab73cf20a3b7f7568fc5", kill_on_drop: false }`
[INFO] [stderr]    Compiling libc v0.2.135
[INFO] [stderr]    Compiling proc-macro2 v1.0.47
[INFO] [stderr]    Compiling unicode-ident v1.0.5
[INFO] [stderr]    Compiling quote v1.0.21
[INFO] [stderr]    Compiling syn v1.0.103
[INFO] [stderr]    Compiling serde_derive v1.0.147
[INFO] [stderr]    Compiling memoffset v0.6.5
[INFO] [stderr]    Compiling serde v1.0.147
[INFO] [stderr]    Compiling os_str_bytes v6.3.0
[INFO] [stderr]    Compiling serde_json v1.0.87
[INFO] [stderr]    Compiling clap_lex v0.3.0
[INFO] [stderr]    Compiling remove_dir_all v0.5.3
[INFO] [stderr]    Compiling termcolor v1.1.3
[INFO] [stderr]    Compiling strsim v0.10.0
[INFO] [stderr]    Compiling ryu v1.0.11
[INFO] [stderr]    Compiling fastrand v1.8.0
[INFO] [stderr]    Compiling itoa v1.0.4
[INFO] [stderr]    Compiling nom v7.1.1
[INFO] [stderr]    Compiling atty v0.2.14
[INFO] [stderr]    Compiling getrandom v0.2.8
[INFO] [stderr]    Compiling nix v0.25.0
[INFO] [stderr]    Compiling tempfile v3.3.0
[INFO] [stderr]    Compiling clap v4.0.18
[INFO] [stderr]    Compiling uuid v1.2.1
[INFO] [stderr]    Compiling colored v2.0.0
[INFO] [stderr]    Compiling rustnix v0.0.1 (/opt/rustwide/workdir)
[INFO] [stderr]     Finished dev [unoptimized + debuginfo] target(s) in 22.62s
[INFO] running `Command { std: "docker" "inspect" "9a8b28ec562fcd839afd112d767fb03853e9721648ecab73cf20a3b7f7568fc5", kill_on_drop: false }`
[INFO] running `Command { std: "docker" "rm" "-f" "9a8b28ec562fcd839afd112d767fb03853e9721648ecab73cf20a3b7f7568fc5", kill_on_drop: false }`
[INFO] [stdout] 9a8b28ec562fcd839afd112d767fb03853e9721648ecab73cf20a3b7f7568fc5
[INFO] running `Command { std: "docker" "create" "-v" "/var/lib/crater-agent-workspace/builds/worker-3-tc1/target:/opt/rustwide/target:rw,Z" "-v" "/var/lib/crater-agent-workspace/builds/worker-3-tc1/source:/opt/rustwide/workdir:ro,Z" "-v" "/var/lib/crater-agent-workspace/cargo-home:/opt/rustwide/cargo-home:ro,Z" "-v" "/var/lib/crater-agent-workspace/rustup-home:/opt/rustwide/rustup-home:ro,Z" "-e" "SOURCE_DIR=/opt/rustwide/workdir" "-e" "CARGO_TARGET_DIR=/opt/rustwide/target" "-e" "CARGO_INCREMENTAL=0" "-e" "RUST_BACKTRACE=full" "-e" "RUSTFLAGS=--cap-lints=warn" "-e" "RUSTDOCFLAGS=--cap-lints=warn" "-e" "CARGO_HOME=/opt/rustwide/cargo-home" "-e" "RUSTUP_HOME=/opt/rustwide/rustup-home" "-w" "/opt/rustwide/workdir" "-m" "1610612736" "--user" "0:0" "--network" "none" "ghcr.io/rust-lang/crates-build-env/linux@sha256:5ff2268d62e97bff2cde7d5815dd6ed5b47097566f13b8d0ca110b04b60e07ed" "/opt/rustwide/cargo-home/bin/cargo" "+1.69.0" "test" "--frozen" "--no-run" "--message-format=json", kill_on_drop: false }`
[INFO] [stdout] 8082a233d7c88b811e3b046dabab66b095fdb16f0ae9872982eced34901656ef
[INFO] running `Command { std: "docker" "start" "-a" "8082a233d7c88b811e3b046dabab66b095fdb16f0ae9872982eced34901656ef", kill_on_drop: false }`
[INFO] [stderr]    Compiling aho-corasick v0.7.19
[INFO] [stderr]    Compiling either v1.8.0
[INFO] [stderr]    Compiling predicates-core v1.0.3
[INFO] [stderr]    Compiling regex-syntax v0.6.27
[INFO] [stderr]    Compiling nom v7.1.1
[INFO] [stderr]    Compiling float-cmp v0.9.0
[INFO] [stderr]    Compiling termtree v0.2.4
[INFO] [stderr]    Compiling difflib v0.4.0
[INFO] [stderr]    Compiling regex-automata v0.1.10
[INFO] [stderr]    Compiling normalize-line-endings v0.3.0
[INFO] [stderr]    Compiling itertools v0.10.5
[INFO] [stderr]    Compiling predicates-tree v1.0.5
[INFO] [stderr]    Compiling wait-timeout v0.2.0
[INFO] [stderr]    Compiling bstr v0.2.17
[INFO] [stderr]    Compiling rustnix v0.0.1 (/opt/rustwide/workdir)
[INFO] [stderr]    Compiling regex v1.6.0
[INFO] [stderr]    Compiling predicates v2.1.1
[INFO] [stderr]    Compiling assert_cmd v2.0.5
[INFO] [stderr]     Finished test [unoptimized + debuginfo] target(s) in 18.77s
[INFO] running `Command { std: "docker" "inspect" "8082a233d7c88b811e3b046dabab66b095fdb16f0ae9872982eced34901656ef", kill_on_drop: false }`
[INFO] running `Command { std: "docker" "rm" "-f" "8082a233d7c88b811e3b046dabab66b095fdb16f0ae9872982eced34901656ef", kill_on_drop: false }`
[INFO] [stdout] 8082a233d7c88b811e3b046dabab66b095fdb16f0ae9872982eced34901656ef
[INFO] running `Command { std: "docker" "create" "-v" "/var/lib/crater-agent-workspace/builds/worker-3-tc1/target:/opt/rustwide/target:rw,Z" "-v" "/var/lib/crater-agent-workspace/builds/worker-3-tc1/source:/opt/rustwide/workdir:ro,Z" "-v" "/var/lib/crater-agent-workspace/cargo-home:/opt/rustwide/cargo-home:ro,Z" "-v" "/var/lib/crater-agent-workspace/rustup-home:/opt/rustwide/rustup-home:ro,Z" "-e" "SOURCE_DIR=/opt/rustwide/workdir" "-e" "CARGO_TARGET_DIR=/opt/rustwide/target" "-e" "CARGO_INCREMENTAL=0" "-e" "RUST_BACKTRACE=full" "-e" "RUSTFLAGS=--cap-lints=warn" "-e" "RUSTDOCFLAGS=--cap-lints=warn" "-e" "CARGO_HOME=/opt/rustwide/cargo-home" "-e" "RUSTUP_HOME=/opt/rustwide/rustup-home" "-w" "/opt/rustwide/workdir" "-m" "1610612736" "--user" "0:0" "--network" "none" "ghcr.io/rust-lang/crates-build-env/linux@sha256:5ff2268d62e97bff2cde7d5815dd6ed5b47097566f13b8d0ca110b04b60e07ed" "/opt/rustwide/cargo-home/bin/cargo" "+1.69.0" "test" "--frozen", kill_on_drop: false }`
[INFO] [stdout] f46dcbc19655ed7b4acf340079971a69a4c2f284808c4c943532d823001063d7
[INFO] running `Command { std: "docker" "start" "-a" "f46dcbc19655ed7b4acf340079971a69a4c2f284808c4c943532d823001063d7", kill_on_drop: false }`
[INFO] [stderr]     Finished test [unoptimized + debuginfo] target(s) in 0.07s
[INFO] [stderr]      Running unittests src/lib.rs (/opt/rustwide/target/debug/deps/rix-4b6e40f60ad4f508)
[INFO] [stdout] 
[INFO] [stdout] running 25 tests
[INFO] [stdout] test derivations::tests::test_save_and_load_json ... ok
[INFO] [stdout] test hashes::tests::test_from_base32_invalid_char ... ok
[INFO] [stdout] test hashes::tests::test_hash_type_from_str ... ok
[INFO] [stdout] test hashes::tests::test_parse_sha256_base16 ... ok
[INFO] [stdout] test hashes::tests::test_from_base64_invalid_char ... ok
[INFO] [stdout] test hashes::tests::test_hash_type_size ... ok
[INFO] [stdout] test hashes::tests::test_parse_sha512_base64 ... ok
[INFO] [stdout] test hashes::tests::test_parse_sha256_base32 ... ok
[INFO] [stdout] test hashes::tests::test_sri_hash_components_fail ... ok
[INFO] [stdout] test hashes::tests::test_to_base16 ... ok
[INFO] [stdout] test hashes::tests::test_to_base3 ... ok
[INFO] [stdout] test parsers::derivations::tests::test_parse_derivation ... ok
[INFO] [stdout] test hashes::tests::test_parse_sha256_invalid ... ok
[INFO] [stdout] test hashes::tests::test_sri_hash_components ... ok
[INFO] [stdout] test hashes::tests::test_parse_sha256_base64 ... ok
[INFO] [stdout] test hashes::tests::test_to_base64 ... ok
[INFO] [stdout] test parsers::derivations::tests::test_parse_derivation_output ... ok
[INFO] [stdout] test parsers::derivations::tests::test_parse_input_derivations ... ok
[INFO] [stdout] test derivations::tests::test_save_and_load ... ok
[INFO] [stdout] test parsers::derivations::tests::test_parse_strings ... ok
[INFO] [stdout] test parsers::derivations::tests::test_parse_string ... ok
[INFO] [stdout] test parsers::derivations::tests::test_parse_derivation_outputs ... ok
[INFO] [stdout] test parsers::derivations::tests::test_parse_env ... ok
[INFO] [stdout] test parsers::derivations::tests::test_parse_string_invalid ... ok
[INFO] [stdout] test parsers::derivations::tests::test_parse_string_set ... ok
[INFO] [stdout] 
[INFO] [stdout] test result: ok. 25 passed; 0 failed; 0 ignored; 0 measured; 0 filtered out; finished in 0.02s
[INFO] [stdout] 
[INFO] [stderr]      Running unittests src/main.rs (/opt/rustwide/target/debug/deps/rix-efdd57417311afc8)
[INFO] [stdout] 
[INFO] [stdout] running 0 tests
[INFO] [stdout] 
[INFO] [stdout] test result: ok. 0 passed; 0 failed; 0 ignored; 0 measured; 0 filtered out; finished in 0.00s
[INFO] [stdout] 
[INFO] [stderr]      Running tests/mod.rs (/opt/rustwide/target/debug/deps/mod-a8fbebe1ca430af2)
[INFO] [stdout] 
[INFO] [stdout] running 22 tests
[INFO] [stdout] test cmd::hash::sha512_to_base32 ... ok
[INFO] [stdout] test cmd::hash::md5_to_base16 ... ok
[INFO] [stdout] test cmd::hash::sha256_to_base16 ... ok
[INFO] [stdout] test cmd::hash::sha1_to_base16 ... ok
[INFO] [stdout] test cmd::hash::sha512_to_base16 ... ok
[INFO] [stdout] test cmd::hash::help ... ok
[INFO] [stdout] test cmd::hash::sha512_to_base64 ... ok
[INFO] [stdout] test cmd::hash::to_base16_help ... ok
[INFO] [stdout] test cmd::build_derivation::help ... ok
[INFO] [stdout] test cmd::hash::to_base64_sri_sha256 ... ok
[INFO] [stdout] test cmd::hash::to_base16_sri_unknown_hash_type ... ok
[INFO] [stdout] test cmd::hash::to_base32_sri_sha512 ... ok
[INFO] [stdout] test cmd::hash::to_base16_sri_md5 ... ok
[INFO] [stdout] test cmd::hash::to_base32_sri_sha1 ... ok
[INFO] [stdout] test cmd::hash::to_base16_invalid_sri ... ok
[INFO] [stdout] test cmd::show_derivation::show_derivation_help ... ok
[INFO] [stdout] test cmd::hash::to_sri_sha512 ... ok
[INFO] [stdout] test cmd::hash::to_sri_md5 ... ok
[INFO] [stdout] test cmd::hash::to_sri_sha256 ... ok
[INFO] [stdout] test cmd::build_derivation::build_derivations ... FAILED
[INFO] [stdout] test cmd::show_derivation::show_derivation ... ok
[INFO] [stdout] test cmd::hash::to_sri_sha1 ... ok
[INFO] [stdout] 
[INFO] [stdout] failures:
[INFO] [stdout] 
[INFO] [stdout] ---- cmd::build_derivation::build_derivations stdout ----
[INFO] [stdout] thread 'cmd::build_derivation::build_derivations' panicked at 'failed to get the derivation: Os { code: 2, kind: NotFound, message: "No such file or directory" }', tests/cmd/build_derivation.rs:240:10
[INFO] [stdout] stack backtrace:
[INFO] [stdout]    0:     0x55d2ae632f0a - std::backtrace_rs::backtrace::libunwind::trace::ha9053a9a07ca49cb
[INFO] [stdout]                                at /rustc/84c898d65adf2f39a5a98507f1fe0ce10a2b8dbc/library/std/src/../../backtrace/src/backtrace/libunwind.rs:93:5
[INFO] [stdout]    1:     0x55d2ae632f0a - std::backtrace_rs::backtrace::trace_unsynchronized::h9c2852a457ad564e
[INFO] [stdout]                                at /rustc/84c898d65adf2f39a5a98507f1fe0ce10a2b8dbc/library/std/src/../../backtrace/src/backtrace/mod.rs:66:5
[INFO] [stdout]    2:     0x55d2ae632f0a - std::sys_common::backtrace::_print_fmt::h457936fbfaa0070f
[INFO] [stdout]                                at /rustc/84c898d65adf2f39a5a98507f1fe0ce10a2b8dbc/library/std/src/sys_common/backtrace.rs:65:5
[INFO] [stdout]    3:     0x55d2ae632f0a - <std::sys_common::backtrace::_print::DisplayBacktrace as core::fmt::Display>::fmt::h5779d7bf7f70cb0c
[INFO] [stdout]                                at /rustc/84c898d65adf2f39a5a98507f1fe0ce10a2b8dbc/library/std/src/sys_common/backtrace.rs:44:22
[INFO] [stdout]    4:     0x55d2ae657d8e - core::fmt::write::h5a4baaff1bcd3eb5
[INFO] [stdout]                                at /rustc/84c898d65adf2f39a5a98507f1fe0ce10a2b8dbc/library/core/src/fmt/mod.rs:1232:17
[INFO] [stdout]    5:     0x55d2ae630015 - std::io::Write::write_fmt::h478f79c628ef31d1
[INFO] [stdout]                                at /rustc/84c898d65adf2f39a5a98507f1fe0ce10a2b8dbc/library/std/src/io/mod.rs:1684:15
[INFO] [stdout]    6:     0x55d2ae632cd5 - std::sys_common::backtrace::_print::h5fcdc36060f177e8
[INFO] [stdout]                                at /rustc/84c898d65adf2f39a5a98507f1fe0ce10a2b8dbc/library/std/src/sys_common/backtrace.rs:47:5
[INFO] [stdout]    7:     0x55d2ae632cd5 - std::sys_common::backtrace::print::h54ca9458b876c8bf
[INFO] [stdout]                                at /rustc/84c898d65adf2f39a5a98507f1fe0ce10a2b8dbc/library/std/src/sys_common/backtrace.rs:34:9
[INFO] [stdout]    8:     0x55d2ae634b1f - std::panicking::default_hook::{{closure}}::hbe471161c7664ed6
[INFO] [stdout]                                at /rustc/84c898d65adf2f39a5a98507f1fe0ce10a2b8dbc/library/std/src/panicking.rs:271:22
[INFO] [stdout]    9:     0x55d2ae6347df - std::panicking::default_hook::ha3500da57aa4ac4f
[INFO] [stdout]                                at /rustc/84c898d65adf2f39a5a98507f1fe0ce10a2b8dbc/library/std/src/panicking.rs:287:9
[INFO] [stdout]   10:     0x55d2ae52e617 - <alloc::boxed::Box<F,A> as core::ops::function::Fn<Args>>::call::hdf1b89dd137ece34
[INFO] [stdout]                                at /rustc/84c898d65adf2f39a5a98507f1fe0ce10a2b8dbc/library/alloc/src/boxed.rs:2001:9
[INFO] [stdout]   11:     0x55d2ae52e617 - test::test_main::{{closure}}::h9081a79f20e75698
[INFO] [stdout]                                at /rustc/84c898d65adf2f39a5a98507f1fe0ce10a2b8dbc/library/test/src/lib.rs:135:21
[INFO] [stdout]   12:     0x55d2ae63524d - <alloc::boxed::Box<F,A> as core::ops::function::Fn<Args>>::call::h6507bddc3eebb4a5
[INFO] [stdout]                                at /rustc/84c898d65adf2f39a5a98507f1fe0ce10a2b8dbc/library/alloc/src/boxed.rs:2001:9
[INFO] [stdout]   13:     0x55d2ae63524d - std::panicking::rust_panic_with_hook::h50c09d000dc561d2
[INFO] [stdout]                                at /rustc/84c898d65adf2f39a5a98507f1fe0ce10a2b8dbc/library/std/src/panicking.rs:696:13
[INFO] [stdout]   14:     0x55d2ae634fc9 - std::panicking::begin_panic_handler::{{closure}}::h9e2b2176e00e0d9c
[INFO] [stdout]                                at /rustc/84c898d65adf2f39a5a98507f1fe0ce10a2b8dbc/library/std/src/panicking.rs:583:13
[INFO] [stdout]   15:     0x55d2ae633376 - std::sys_common::backtrace::__rust_end_short_backtrace::h5739b8e512c09d02
[INFO] [stdout]                                at /rustc/84c898d65adf2f39a5a98507f1fe0ce10a2b8dbc/library/std/src/sys_common/backtrace.rs:150:18
[INFO] [stdout]   16:     0x55d2ae634cd2 - rust_begin_unwind
[INFO] [stdout]                                at /rustc/84c898d65adf2f39a5a98507f1fe0ce10a2b8dbc/library/std/src/panicking.rs:579:5
[INFO] [stdout]   17:     0x55d2ae4a90a3 - core::panicking::panic_fmt::hf33a1475b4dc5c3e
[INFO] [stdout]                                at /rustc/84c898d65adf2f39a5a98507f1fe0ce10a2b8dbc/library/core/src/panicking.rs:64:14
[INFO] [stdout]   18:     0x55d2ae4a94f3 - core::result::unwrap_failed::hdff5465d74574b44
[INFO] [stdout]                                at /rustc/84c898d65adf2f39a5a98507f1fe0ce10a2b8dbc/library/core/src/result.rs:1750:5
[INFO] [stdout]   19:     0x55d2ae4c21c2 - core::result::Result<T,E>::expect::hb7727fd3b889d727
[INFO] [stdout]                                at /rustc/84c898d65adf2f39a5a98507f1fe0ce10a2b8dbc/library/core/src/result.rs:1047:23
[INFO] [stdout]   20:     0x55d2ae4ce2b8 - mod::cmd::build_derivation::get_pkg_closure::h850d110b4ac5f3d1
[INFO] [stdout]                                at /opt/rustwide/workdir/tests/cmd/build_derivation.rs:237:19
[INFO] [stdout]   21:     0x55d2ae4cd19c - mod::cmd::build_derivation::TestData::new::hdca78275368ad1db
[INFO] [stdout]                                at /opt/rustwide/workdir/tests/cmd/build_derivation.rs:173:33
[INFO] [stdout]   22:     0x55d2ae4cea22 - mod::cmd::build_derivation::build_derivations::h75cdbb77f3bf23e2
[INFO] [stdout]                                at /opt/rustwide/workdir/tests/cmd/build_derivation.rs:25:21
[INFO] [stdout]   23:     0x55d2ae4ce9f7 - mod::cmd::build_derivation::build_derivations::{{closure}}::h1f6c2a598c5e4b49
[INFO] [stdout]                                at /opt/rustwide/workdir/tests/cmd/build_derivation.rs:21:24
[INFO] [stdout]   24:     0x55d2ae4d2d15 - core::ops::function::FnOnce::call_once::ha4d742a3f11db244
[INFO] [stdout]                                at /rustc/84c898d65adf2f39a5a98507f1fe0ce10a2b8dbc/library/core/src/ops/function.rs:250:5
[INFO] [stdout]   25:     0x55d2ae5339ff - core::ops::function::FnOnce::call_once::h7d969581be7d0075
[INFO] [stdout]                                at /rustc/84c898d65adf2f39a5a98507f1fe0ce10a2b8dbc/library/core/src/ops/function.rs:250:5
[INFO] [stdout]   26:     0x55d2ae5339ff - test::__rust_begin_short_backtrace::hca25a52684e56655
[INFO] [stdout]                                at /rustc/84c898d65adf2f39a5a98507f1fe0ce10a2b8dbc/library/test/src/lib.rs:656:18
[INFO] [stdout]   27:     0x55d2ae50501c - test::run_test::{{closure}}::ha8ac744c4af1a4bb
[INFO] [stdout]                                at /rustc/84c898d65adf2f39a5a98507f1fe0ce10a2b8dbc/library/test/src/lib.rs:647:30
[INFO] [stdout]   28:     0x55d2ae50501c - core::ops::function::FnOnce::call_once{{vtable.shim}}::h7b411a9ed45bdecf
[INFO] [stdout]                                at /rustc/84c898d65adf2f39a5a98507f1fe0ce10a2b8dbc/library/core/src/ops/function.rs:250:5
[INFO] [stdout]   29:     0x55d2ae5329c6 - <alloc::boxed::Box<F,A> as core::ops::function::FnOnce<Args>>::call_once::hd05328869a8ed200
[INFO] [stdout]                                at /rustc/84c898d65adf2f39a5a98507f1fe0ce10a2b8dbc/library/alloc/src/boxed.rs:1987:9
[INFO] [stdout]   30:     0x55d2ae5329c6 - <core::panic::unwind_safe::AssertUnwindSafe<F> as core::ops::function::FnOnce<()>>::call_once::h0c601ce20bd5b2be
[INFO] [stdout]                                at /rustc/84c898d65adf2f39a5a98507f1fe0ce10a2b8dbc/library/core/src/panic/unwind_safe.rs:271:9
[INFO] [stdout]   31:     0x55d2ae5329c6 - std::panicking::try::do_call::ha4be5c164fe30854
[INFO] [stdout]                                at /rustc/84c898d65adf2f39a5a98507f1fe0ce10a2b8dbc/library/std/src/panicking.rs:487:40
[INFO] [stdout]   32:     0x55d2ae5329c6 - std::panicking::try::h604546f3609af05f
[INFO] [stdout]                                at /rustc/84c898d65adf2f39a5a98507f1fe0ce10a2b8dbc/library/std/src/panicking.rs:451:19
[INFO] [stdout]   33:     0x55d2ae5329c6 - std::panic::catch_unwind::h5bfa8afe44c9c2f9
[INFO] [stdout]                                at /rustc/84c898d65adf2f39a5a98507f1fe0ce10a2b8dbc/library/std/src/panic.rs:140:14
[INFO] [stdout]   34:     0x55d2ae5329c6 - test::run_test_in_process::hd50dee55dd63e6aa
[INFO] [stdout]                                at /rustc/84c898d65adf2f39a5a98507f1fe0ce10a2b8dbc/library/test/src/lib.rs:679:27
[INFO] [stdout]   35:     0x55d2ae5329c6 - test::run_test::run_test_inner::{{closure}}::h4aa0f433aa85cea8
[INFO] [stdout]                                at /rustc/84c898d65adf2f39a5a98507f1fe0ce10a2b8dbc/library/test/src/lib.rs:573:39
[INFO] [stdout]   36:     0x55d2ae4ff691 - test::run_test::run_test_inner::{{closure}}::had56431adf24b4d6
[INFO] [stdout]                                at /rustc/84c898d65adf2f39a5a98507f1fe0ce10a2b8dbc/library/test/src/lib.rs:600:37
[INFO] [stdout]   37:     0x55d2ae4ff691 - std::sys_common::backtrace::__rust_begin_short_backtrace::ha8d9890e0c73bf13
[INFO] [stdout]                                at /rustc/84c898d65adf2f39a5a98507f1fe0ce10a2b8dbc/library/std/src/sys_common/backtrace.rs:134:18
[INFO] [stdout]   38:     0x55d2ae5050ab - std::thread::Builder::spawn_unchecked_::{{closure}}::{{closure}}::h251832bcb4a95327
[INFO] [stdout]                                at /rustc/84c898d65adf2f39a5a98507f1fe0ce10a2b8dbc/library/std/src/thread/mod.rs:560:17
[INFO] [stdout]   39:     0x55d2ae5050ab - <core::panic::unwind_safe::AssertUnwindSafe<F> as core::ops::function::FnOnce<()>>::call_once::h8fdff598fa414831
[INFO] [stdout]                                at /rustc/84c898d65adf2f39a5a98507f1fe0ce10a2b8dbc/library/core/src/panic/unwind_safe.rs:271:9
[INFO] [stdout]   40:     0x55d2ae5050ab - std::panicking::try::do_call::h455dd2f7764a950f
[INFO] [stdout]                                at /rustc/84c898d65adf2f39a5a98507f1fe0ce10a2b8dbc/library/std/src/panicking.rs:487:40
[INFO] [stdout]   41:     0x55d2ae5050ab - std::panicking::try::had6f23b7b73ae72a
[INFO] [stdout]                                at /rustc/84c898d65adf2f39a5a98507f1fe0ce10a2b8dbc/library/std/src/panicking.rs:451:19
[INFO] [stdout]   42:     0x55d2ae5050ab - std::panic::catch_unwind::ha6a5ca3915b4dad0
[INFO] [stdout]                                at /rustc/84c898d65adf2f39a5a98507f1fe0ce10a2b8dbc/library/std/src/panic.rs:140:14
[INFO] [stdout]   43:     0x55d2ae5050ab - std::thread::Builder::spawn_unchecked_::{{closure}}::h883b72ef75da6231
[INFO] [stdout]                                at /rustc/84c898d65adf2f39a5a98507f1fe0ce10a2b8dbc/library/std/src/thread/mod.rs:559:30
[INFO] [stdout]   44:     0x55d2ae5050ab - core::ops::function::FnOnce::call_once{{vtable.shim}}::hb7dff73dc8bd2ccb
[INFO] [stdout]                                at /rustc/84c898d65adf2f39a5a98507f1fe0ce10a2b8dbc/library/core/src/ops/function.rs:250:5
[INFO] [stdout]   45:     0x55d2ae63a723 - <alloc::boxed::Box<F,A> as core::ops::function::FnOnce<Args>>::call_once::h39990b24eedef2ab
[INFO] [stdout]                                at /rustc/84c898d65adf2f39a5a98507f1fe0ce10a2b8dbc/library/alloc/src/boxed.rs:1987:9
[INFO] [stdout]   46:     0x55d2ae63a723 - <alloc::boxed::Box<F,A> as core::ops::function::FnOnce<Args>>::call_once::h01a027258444143b
[INFO] [stdout]                                at /rustc/84c898d65adf2f39a5a98507f1fe0ce10a2b8dbc/library/alloc/src/boxed.rs:1987:9
[INFO] [stdout]   47:     0x55d2ae63a723 - std::sys::unix::thread::Thread::new::thread_start::ha4f1cdd9c25884ba
[INFO] [stdout]                                at /rustc/84c898d65adf2f39a5a98507f1fe0ce10a2b8dbc/library/std/src/sys/unix/thread.rs:108:17
[INFO] [stdout]   48:     0x7f74e040cb43 - <unknown>
[INFO] [stdout]   49:     0x7f74e049dbb4 - __clone
[INFO] [stdout]   50:                0x0 - <unknown>
[INFO] [stdout] 
[INFO] [stdout] 
[INFO] [stdout] failures:
[INFO] [stdout]     cmd::build_derivation::build_derivations
[INFO] [stdout] 
[INFO] [stdout] test result: FAILED. 21 passed; 1 failed; 0 ignored; 0 measured; 0 filtered out; finished in 0.08s
[INFO] [stdout] 
[INFO] [stderr] error: test failed, to rerun pass `--test mod`
[INFO] running `Command { std: "docker" "inspect" "f46dcbc19655ed7b4acf340079971a69a4c2f284808c4c943532d823001063d7", kill_on_drop: false }`
[INFO] running `Command { std: "docker" "rm" "-f" "f46dcbc19655ed7b4acf340079971a69a4c2f284808c4c943532d823001063d7", kill_on_drop: false }`
[INFO] [stdout] f46dcbc19655ed7b4acf340079971a69a4c2f284808c4c943532d823001063d7
