[INFO] fetching crate rustls-fork-shadow-tls 0.20.9-mod.2...
[INFO] testing rustls-fork-shadow-tls-0.20.9-mod.2 against beta-2023-04-20 for beta-1.70-1
[INFO] extracting crate rustls-fork-shadow-tls 0.20.9-mod.2 into /workspace/builds/worker-5-tc2/source
[INFO] validating manifest of crates.io crate rustls-fork-shadow-tls 0.20.9-mod.2 on toolchain beta-2023-04-20
[INFO] running `Command { std: CARGO_HOME="/workspace/cargo-home" RUSTUP_HOME="/workspace/rustup-home" "/workspace/cargo-home/bin/cargo" "+beta-2023-04-20" "metadata" "--manifest-path" "Cargo.toml" "--no-deps", kill_on_drop: false }`
[INFO] started tweaking crates.io crate rustls-fork-shadow-tls 0.20.9-mod.2
[INFO] removed 3 missing examples
[INFO] finished tweaking crates.io crate rustls-fork-shadow-tls 0.20.9-mod.2
[INFO] tweaked toml for crates.io crate rustls-fork-shadow-tls 0.20.9-mod.2 written to /workspace/builds/worker-5-tc2/source/Cargo.toml
[INFO] crate crates.io crate rustls-fork-shadow-tls 0.20.9-mod.2 already has a lockfile, it will not be regenerated
[INFO] running `Command { std: CARGO_HOME="/workspace/cargo-home" RUSTUP_HOME="/workspace/rustup-home" "/workspace/cargo-home/bin/cargo" "+beta-2023-04-20" "fetch" "--manifest-path" "Cargo.toml", kill_on_drop: false }`
[INFO] running `Command { std: "docker" "create" "-v" "/var/lib/crater-agent-workspace/builds/worker-5-tc2/target:/opt/rustwide/target:rw,Z" "-v" "/var/lib/crater-agent-workspace/builds/worker-5-tc2/source:/opt/rustwide/workdir:ro,Z" "-v" "/var/lib/crater-agent-workspace/cargo-home:/opt/rustwide/cargo-home:ro,Z" "-v" "/var/lib/crater-agent-workspace/rustup-home:/opt/rustwide/rustup-home:ro,Z" "-e" "SOURCE_DIR=/opt/rustwide/workdir" "-e" "CARGO_TARGET_DIR=/opt/rustwide/target" "-e" "CARGO_HOME=/opt/rustwide/cargo-home" "-e" "RUSTUP_HOME=/opt/rustwide/rustup-home" "-w" "/opt/rustwide/workdir" "-m" "1610612736" "--user" "0:0" "--network" "none" "ghcr.io/rust-lang/crates-build-env/linux@sha256:5ff2268d62e97bff2cde7d5815dd6ed5b47097566f13b8d0ca110b04b60e07ed" "/opt/rustwide/cargo-home/bin/cargo" "+beta-2023-04-20" "metadata" "--no-deps" "--format-version=1", kill_on_drop: false }`
[INFO] [stdout] 38e0fafcdb4ed84f37a86f4c9d74ac60fa7b09347e4c2f9998b48cb577303f61
[INFO] running `Command { std: "docker" "start" "-a" "38e0fafcdb4ed84f37a86f4c9d74ac60fa7b09347e4c2f9998b48cb577303f61", kill_on_drop: false }`
[INFO] running `Command { std: "docker" "inspect" "38e0fafcdb4ed84f37a86f4c9d74ac60fa7b09347e4c2f9998b48cb577303f61", kill_on_drop: false }`
[INFO] running `Command { std: "docker" "rm" "-f" "38e0fafcdb4ed84f37a86f4c9d74ac60fa7b09347e4c2f9998b48cb577303f61", kill_on_drop: false }`
[INFO] [stdout] 38e0fafcdb4ed84f37a86f4c9d74ac60fa7b09347e4c2f9998b48cb577303f61
[INFO] running `Command { std: "docker" "create" "-v" "/var/lib/crater-agent-workspace/builds/worker-5-tc2/target:/opt/rustwide/target:rw,Z" "-v" "/var/lib/crater-agent-workspace/builds/worker-5-tc2/source:/opt/rustwide/workdir:ro,Z" "-v" "/var/lib/crater-agent-workspace/cargo-home:/opt/rustwide/cargo-home:ro,Z" "-v" "/var/lib/crater-agent-workspace/rustup-home:/opt/rustwide/rustup-home:ro,Z" "-e" "SOURCE_DIR=/opt/rustwide/workdir" "-e" "CARGO_TARGET_DIR=/opt/rustwide/target" "-e" "CARGO_INCREMENTAL=0" "-e" "RUST_BACKTRACE=full" "-e" "RUSTFLAGS=--cap-lints=warn" "-e" "RUSTDOCFLAGS=--cap-lints=warn" "-e" "CARGO_HOME=/opt/rustwide/cargo-home" "-e" "RUSTUP_HOME=/opt/rustwide/rustup-home" "-w" "/opt/rustwide/workdir" "-m" "1610612736" "--user" "0:0" "--network" "none" "ghcr.io/rust-lang/crates-build-env/linux@sha256:5ff2268d62e97bff2cde7d5815dd6ed5b47097566f13b8d0ca110b04b60e07ed" "/opt/rustwide/cargo-home/bin/cargo" "+beta-2023-04-20" "build" "--frozen" "--message-format=json", kill_on_drop: false }`
[INFO] [stdout] d68ee88010b8197ef30d2e1c5e29a02ad303690dd6c513d35a21e8691adcab19
[INFO] running `Command { std: "docker" "start" "-a" "d68ee88010b8197ef30d2e1c5e29a02ad303690dd6c513d35a21e8691adcab19", kill_on_drop: false }`
[INFO] [stderr]    Compiling cc v1.0.73
[INFO] [stderr]    Compiling libc v0.2.135
[INFO] [stderr]    Compiling once_cell v1.15.0
[INFO] [stderr]    Compiling spin v0.5.2
[INFO] [stderr]    Compiling untrusted v0.7.1
[INFO] [stderr]    Compiling log v0.4.17
[INFO] [stderr]    Compiling rustls-fork-shadow-tls v0.20.9-mod.2 (/opt/rustwide/workdir)
[INFO] [stderr]    Compiling cfg-if v1.0.0
[INFO] [stderr]    Compiling ring v0.16.20
[INFO] [stderr]    Compiling webpki v0.22.0
[INFO] [stderr]    Compiling sct v0.7.0
[INFO] [stderr]     Finished dev [unoptimized + debuginfo] target(s) in 7.85s
[INFO] running `Command { std: "docker" "inspect" "d68ee88010b8197ef30d2e1c5e29a02ad303690dd6c513d35a21e8691adcab19", kill_on_drop: false }`
[INFO] running `Command { std: "docker" "rm" "-f" "d68ee88010b8197ef30d2e1c5e29a02ad303690dd6c513d35a21e8691adcab19", kill_on_drop: false }`
[INFO] [stdout] d68ee88010b8197ef30d2e1c5e29a02ad303690dd6c513d35a21e8691adcab19
[INFO] running `Command { std: "docker" "create" "-v" "/var/lib/crater-agent-workspace/builds/worker-5-tc2/target:/opt/rustwide/target:rw,Z" "-v" "/var/lib/crater-agent-workspace/builds/worker-5-tc2/source:/opt/rustwide/workdir:ro,Z" "-v" "/var/lib/crater-agent-workspace/cargo-home:/opt/rustwide/cargo-home:ro,Z" "-v" "/var/lib/crater-agent-workspace/rustup-home:/opt/rustwide/rustup-home:ro,Z" "-e" "SOURCE_DIR=/opt/rustwide/workdir" "-e" "CARGO_TARGET_DIR=/opt/rustwide/target" "-e" "CARGO_INCREMENTAL=0" "-e" "RUST_BACKTRACE=full" "-e" "RUSTFLAGS=--cap-lints=warn" "-e" "RUSTDOCFLAGS=--cap-lints=warn" "-e" "CARGO_HOME=/opt/rustwide/cargo-home" "-e" "RUSTUP_HOME=/opt/rustwide/rustup-home" "-w" "/opt/rustwide/workdir" "-m" "1610612736" "--user" "0:0" "--network" "none" "ghcr.io/rust-lang/crates-build-env/linux@sha256:5ff2268d62e97bff2cde7d5815dd6ed5b47097566f13b8d0ca110b04b60e07ed" "/opt/rustwide/cargo-home/bin/cargo" "+beta-2023-04-20" "test" "--frozen" "--no-run" "--message-format=json", kill_on_drop: false }`
[INFO] [stdout] 3dd96716058732f63d71bed9dda642ed06d543b43ec106790286e32d06475add
[INFO] running `Command { std: "docker" "start" "-a" "3dd96716058732f63d71bed9dda642ed06d543b43ec106790286e32d06475add", kill_on_drop: false }`
[INFO] [stderr]    Compiling autocfg v1.1.0
[INFO] [stderr]    Compiling libc v0.2.135
[INFO] [stderr]    Compiling memchr v2.5.0
[INFO] [stderr]    Compiling crossbeam-utils v0.8.14
[INFO] [stderr]    Compiling serde v1.0.145
[INFO] [stderr]    Compiling proc-macro2 v1.0.47
[INFO] [stderr]    Compiling scopeguard v1.1.0
[INFO] [stderr]    Compiling quote v1.0.21
[INFO] [stderr]    Compiling unicode-ident v1.0.5
[INFO] [stderr]    Compiling syn v1.0.102
[INFO] [stderr]    Compiling ryu v1.0.12
[INFO] [stderr]    Compiling rayon-core v1.10.2
[INFO] [stderr]    Compiling either v1.8.1
[INFO] [stderr]    Compiling serde_json v1.0.93
[INFO] [stderr]    Compiling log v0.4.17
[INFO] [stderr]    Compiling itoa v1.0.5
[INFO] [stderr]    Compiling lazy_static v1.4.0
[INFO] [stderr]    Compiling unicode-width v0.1.10
[INFO] [stderr]    Compiling plotters-backend v0.3.4
[INFO] [stderr]    Compiling regex-automata v0.1.10
[INFO] [stderr]    Compiling regex-syntax v0.6.27
[INFO] [stderr]    Compiling serde_derive v1.0.145
[INFO] [stderr]    Compiling textwrap v0.11.0
[INFO] [stderr]    Compiling itertools v0.10.5
[INFO] [stderr]    Compiling plotters-svg v0.3.3
[INFO] [stderr]    Compiling memoffset v0.7.1
[INFO] [stderr]    Compiling crossbeam-epoch v0.9.13
[INFO] [stderr]    Compiling num-traits v0.2.15
[INFO] [stderr]    Compiling same-file v1.0.6
[INFO] [stderr]    Compiling cast v0.3.0
[INFO] [stderr]    Compiling half v1.8.2
[INFO] [stderr]    Compiling bitflags v1.3.2
[INFO] [stderr]    Compiling itoa v0.4.8
[INFO] [stderr]    Compiling walkdir v2.3.2
[INFO] [stderr]    Compiling clap v2.34.0
[INFO] [stderr]    Compiling base64 v0.13.0
[INFO] [stderr]    Compiling crossbeam-channel v0.5.6
[INFO] [stderr]    Compiling aho-corasick v0.7.19
[INFO] [stderr]    Compiling ring v0.16.20
[INFO] [stderr]    Compiling num_cpus v1.15.0
[INFO] [stderr]    Compiling atty v0.2.14
[INFO] [stderr]    Compiling csv-core v0.1.10
[INFO] [stderr]    Compiling oorandom v11.1.3
[INFO] [stderr]    Compiling humantime v2.1.0
[INFO] [stderr]    Compiling termcolor v1.1.3
[INFO] [stderr]    Compiling rustls-pemfile v1.0.1
[INFO] [stderr]    Compiling crossbeam-deque v0.8.2
[INFO] [stderr]    Compiling regex v1.6.0
[INFO] [stderr]    Compiling criterion-plot v0.4.5
[INFO] [stderr]    Compiling webpki v0.22.0
[INFO] [stderr]    Compiling sct v0.7.0
[INFO] [stderr]    Compiling rayon v1.6.1
[INFO] [stderr]    Compiling plotters v0.3.4
[INFO] [stderr]    Compiling webpki-roots v0.22.5
[INFO] [stderr]    Compiling rustls-fork-shadow-tls v0.20.9-mod.2 (/opt/rustwide/workdir)
[INFO] [stderr]    Compiling env_logger v0.9.1
[INFO] [stderr]    Compiling bstr v0.2.17
[INFO] [stderr]    Compiling serde_cbor v0.11.2
[INFO] [stderr]    Compiling csv v1.1.6
[INFO] [stderr]    Compiling tinytemplate v1.2.1
[INFO] [stderr]    Compiling criterion v0.3.6
[INFO] [stderr]     Finished test [unoptimized + debuginfo] target(s) in 15.08s
[INFO] running `Command { std: "docker" "inspect" "3dd96716058732f63d71bed9dda642ed06d543b43ec106790286e32d06475add", kill_on_drop: false }`
[INFO] running `Command { std: "docker" "rm" "-f" "3dd96716058732f63d71bed9dda642ed06d543b43ec106790286e32d06475add", kill_on_drop: false }`
[INFO] [stdout] 3dd96716058732f63d71bed9dda642ed06d543b43ec106790286e32d06475add
[INFO] running `Command { std: "docker" "create" "-v" "/var/lib/crater-agent-workspace/builds/worker-5-tc2/target:/opt/rustwide/target:rw,Z" "-v" "/var/lib/crater-agent-workspace/builds/worker-5-tc2/source:/opt/rustwide/workdir:ro,Z" "-v" "/var/lib/crater-agent-workspace/cargo-home:/opt/rustwide/cargo-home:ro,Z" "-v" "/var/lib/crater-agent-workspace/rustup-home:/opt/rustwide/rustup-home:ro,Z" "-e" "SOURCE_DIR=/opt/rustwide/workdir" "-e" "CARGO_TARGET_DIR=/opt/rustwide/target" "-e" "CARGO_INCREMENTAL=0" "-e" "RUST_BACKTRACE=full" "-e" "RUSTFLAGS=--cap-lints=warn" "-e" "RUSTDOCFLAGS=--cap-lints=warn" "-e" "CARGO_HOME=/opt/rustwide/cargo-home" "-e" "RUSTUP_HOME=/opt/rustwide/rustup-home" "-w" "/opt/rustwide/workdir" "-m" "1610612736" "--user" "0:0" "--network" "none" "ghcr.io/rust-lang/crates-build-env/linux@sha256:5ff2268d62e97bff2cde7d5815dd6ed5b47097566f13b8d0ca110b04b60e07ed" "/opt/rustwide/cargo-home/bin/cargo" "+beta-2023-04-20" "test" "--frozen", kill_on_drop: false }`
[INFO] [stdout] 6b1060ecc6524c5a940b0bb2bf81a268d506de9ae44c18ec17b160af5eb1ffda
[INFO] running `Command { std: "docker" "start" "-a" "6b1060ecc6524c5a940b0bb2bf81a268d506de9ae44c18ec17b160af5eb1ffda", kill_on_drop: false }`
[INFO] [stderr]     Blocking waiting for file lock on package cache
[INFO] [stderr]     Finished test [unoptimized + debuginfo] target(s) in 0.05s
[INFO] [stderr]      Running unittests src/lib.rs (/opt/rustwide/target/debug/deps/rustls_fork_shadow_tls-fd94c80606479c78)
[INFO] [stdout] 
[INFO] [stdout] running 179 tests
[INFO] [stdout] test bs_debug::test::debug ... ok
[INFO] [stdout] test client::handy::test::test_clientsessionmemorycache_drops_to_maintain_size_invariant ... ok
[INFO] [stdout] test client::handy::test::test_clientsessionmemorycache_persists_put ... ok
[INFO] [stdout] test client::handy::test::test_clientsessionmemorycache_overwrites_put ... ok
[INFO] [stdout] test error::tests::rand_error_mapping ... ok
[INFO] [stdout] test client::handy::test::test_noclientsessionstorage_drops_put ... ok
[INFO] [stdout] test client::handy::test::test_clientsessionmemorycache_accepts_put ... ok
[INFO] [stdout] test client::handy::test::test_noclientsessionstorage_denies_gets ... ok
[INFO] [stdout] test error::tests::smoke ... ok
[INFO] [stdout] test error::tests::time_error_mapping ... ok
[INFO] [stdout] test hash_hs::test::abandon ... ok
[INFO] [stdout] test hash_hs::test::buffers_correctly ... ok
[INFO] [stdout] test hash_hs::test::hashes_correctly ... ok
[INFO] [stdout] test key::test::certificate_debug ... ok
[INFO] [stdout] test key_log_file::test::test_env_var_is_not_set ... ok
[INFO] [stdout] test key_log_file::test::test_env_var_cannot_be_opened ... ok
[INFO] [stdout] test key_log_file::test::test_env_var_cannot_be_written ... ok
[INFO] [stdout] test limited_cache::test::test_evicts_after_second_oldest_item_removed ... ok
[INFO] [stdout] test limited_cache::test::test_evicts_oldest_item ... ok
[INFO] [stdout] test limited_cache::test::test_evicts_second_oldest_item_if_first_removed ... ok
[INFO] [stdout] test key_log_file::test::test_env_var_is_not_unicode ... ok
[INFO] [stdout] test limited_cache::test::test_removes_all_items ... ok
[INFO] [stdout] test limited_cache::test::test_updates_existing_item ... ok
[INFO] [stdout] test msgs::deframer::tests::check_incremental ... ok
[INFO] [stdout] test msgs::deframer::tests::check_incremental_2 ... ok
[INFO] [stdout] test msgs::deframer::tests::check_whole ... ok
[INFO] [stdout] test msgs::deframer::tests::test_invalid_contenttype_errors ... ok
[INFO] [stdout] test msgs::deframer::tests::test_invalid_length_errors ... ok
[INFO] [stdout] test msgs::deframer::tests::test_empty_applicationdata ... ok
[INFO] [stdout] test msgs::deframer::tests::check_whole_2 ... ok
[INFO] [stdout] test msgs::deframer::tests::test_invalid_empty_errors ... ok
[INFO] [stdout] test msgs::deframer::tests::test_invalid_version_errors ... ok
[INFO] [stdout] test msgs::fragmenter::tests::smoke ... ok
[INFO] [stdout] test msgs::handshake_test::accepts_short_sessionid ... ok
[INFO] [stdout] test msgs::handshake_test::accepts_empty_sessionid ... ok
[INFO] [stdout] test msgs::handshake_test::can_clone_all_clientextensions ... ok
[INFO] [stdout] test msgs::handshake_test::can_clone_all_serverextensions ... ok
[INFO] [stdout] test msgs::handshake_test::can_decode_server_hello_from_api_devicecheck_apple_com ... ok
[INFO] [stdout] test msgs::deframer::tests::test_incremental_with_nonfatal_read_error ... ok
[INFO] [stdout] test msgs::deframer::tests::test_two_in_one_read ... ok
[INFO] [stdout] test msgs::deframer::tests::test_two_in_one_read_shortest_first ... ok
[INFO] [stdout] test msgs::fragmenter::tests::non_fragment ... ok
[INFO] [stdout] test msgs::enums_test::test_enums ... ok
[INFO] [stdout] test msgs::handshake_test::can_print_all_clientextensions ... ok
[INFO] [stdout] test msgs::handshake_test::can_print_all_serverextensions ... ok
[INFO] [stdout] test msgs::handshake_test::can_round_trip_mixed_case_sni ... ok
[INFO] [stdout] test msgs::handshake_test::can_roundtrip_certstatusreq_for_ocsp ... ok
[INFO] [stdout] test msgs::handshake_test::can_roundtrip_certstatusreq_for_other ... ok
[INFO] [stdout] test msgs::deframer::tests::test_limited_buffer ... ok
[INFO] [stdout] test msgs::handshake_test::can_roundtrip_multi_proto ... ok
[INFO] [stdout] test msgs::handshake_test::can_roundtrip_other_sni_name_types ... ok
[INFO] [stdout] test msgs::handshake_test::can_roundtrip_psk_offer ... ok
[INFO] [stdout] test msgs::handshake_test::can_roundtrip_multiname_sni ... ok
[INFO] [stdout] test msgs::handshake_test::can_roundtrip_single_proto ... ok
[INFO] [stdout] test msgs::handshake_test::can_roundtrip_psk_identity ... ok
[INFO] [stdout] test msgs::handshake_test::can_roundtrip_all_tls12_handshake_payloads ... ok
[INFO] [stdout] test msgs::handshake_test::cannot_read_messagehash_from_network ... ok
[INFO] [stdout] test msgs::handshake_test::certentry_get_scts ... ok
[INFO] [stdout] test msgs::handshake_test::client_get_alpn_extension ... ok
[INFO] [stdout] test msgs::handshake_test::can_roundtrip_unknown_client_ext ... ok
[INFO] [stdout] test msgs::handshake_test::client_get_ecpoints_extension ... ok
[INFO] [stdout] test msgs::handshake_test::client_get_keyshare_extension ... ok
[INFO] [stdout] test msgs::handshake_test::client_get_quic_params_extension ... ok
[INFO] [stdout] test msgs::handshake_test::client_get_psk ... ok
[INFO] [stdout] test msgs::handshake_test::client_get_namedgroups_extension ... ok
[INFO] [stdout] test msgs::handshake_test::certentry_get_ocsp_response ... ok
[INFO] [stdout] test msgs::handshake_test::client_get_psk_modes ... ok
[INFO] [stdout] test msgs::handshake_test::client_get_sigalgs_extension ... ok
[INFO] [stdout] test msgs::handshake_test::debug_random ... ok
[INFO] [stdout] test msgs::handshake_test::decomposed_signature_scheme_has_correct_mappings ... ok
[INFO] [stdout] test msgs::handshake_test::client_get_versions_extension ... ok
[INFO] [stdout] test msgs::handshake_test::client_get_sni_extension ... ok
[INFO] [stdout] test msgs::handshake_test::can_roundtrip_all_tls13_handshake_payloads ... ok
[INFO] [stdout] test msgs::handshake_test::client_has_duplicate_extensions_works ... ok
[INFO] [stdout] test msgs::handshake_test::helloretry_get_cookie ... ok
[INFO] [stdout] test msgs::handshake_test::debug_sessionid ... ok
[INFO] [stdout] test msgs::handshake_test::get_single_hostname_returns_none_for_other_sni_name_types ... ok
[INFO] [stdout] test msgs::handshake_test::reads_random ... ok
[INFO] [stdout] test msgs::handshake_test::helloretry_get_requested_key_share_group ... ok
[INFO] [stdout] test msgs::handshake_test::refuses_certificate_ext_with_unparsed_bytes ... ok
[INFO] [stdout] test msgs::handshake_test::refuses_certificate_req_ext_with_unparsed_bytes ... ok
[INFO] [stdout] test msgs::handshake_test::helloretry_get_supported_versions ... ok
[INFO] [stdout] test msgs::handshake_test::refuses_helloreq_ext_with_unparsed_bytes ... ok
[INFO] [stdout] test msgs::handshake_test::refuses_newsessionticket_ext_with_unparsed_bytes ... ok
[INFO] [stdout] test msgs::handshake_test::rejects_short_random ... ok
[INFO] [stdout] test msgs::handshake_test::refuses_client_ext_with_unparsed_bytes ... ok
[INFO] [stdout] test msgs::handshake_test::rejects_truncated_sni ... ok
[INFO] [stdout] test msgs::handshake_test::server_get_ecpoints_extension ... ok
[INFO] [stdout] test msgs::handshake_test::rejects_truncated_sessionid ... ok
[INFO] [stdout] test msgs::handshake_test::refuses_server_ext_with_unparsed_bytes ... ok
[INFO] [stdout] test msgs::handshake_test::server_get_sct_list ... ok
[INFO] [stdout] test msgs::handshake_test::server_get_key_share ... ok
[INFO] [stdout] test msgs::handshake_test::server_get_supported_versions ... ok
[INFO] [stdout] test msgs::hsjoiner::tests::broken ... ok
[INFO] [stdout] test msgs::handshake_test::test_truncated_client_extension_is_detected ... ok
[INFO] [stdout] test msgs::handshake_test::server_get_psk_index ... ok
[INFO] [stdout] test msgs::hsjoiner::tests::split ... ok
[INFO] [stdout] test msgs::hsjoiner::tests::test_rejects_giant_certs ... ok
[INFO] [stdout] test msgs::handshake_test::test_truncated_helloretry_extension_is_detected ... ok
[INFO] [stdout] test msgs::handshake_test::test_truncated_psk_offer ... ok
[INFO] [stdout] test msgs::handshake_test::cannot_decode_huge_certificate ... ok
[INFO] [stdout] test msgs::handshake_test::sessionid_with_different_lengths_are_unequal ... ok
[INFO] [stdout] test msgs::handshake_test::test_truncated_server_extension_is_detected ... ok
[INFO] [stdout] test msgs::hsjoiner::tests::join ... ok
[INFO] [stdout] test msgs::handshake_test::rejects_sessionid_with_bad_length ... ok
[INFO] [stdout] test msgs::message_test::alert_is_not_handshake ... ok
[INFO] [stdout] test msgs::message_test::alert_is_not_opaque ... ok
[INFO] [stdout] test msgs::hsjoiner::tests::want ... ok
[INFO] [stdout] test msgs::message_test::debug_payload ... ok
[INFO] [stdout] test msgs::message_test::construct_all_types ... ok
[INFO] [stdout] test msgs::persist_test::clientsessionkey_cannot_be_read ... ok
[INFO] [stdout] test msgs::message_test::can_read_safari_client_hello ... ok
[INFO] [stdout] test msgs::persist_test::clientsessionkey_is_debug ... ok
[INFO] [stdout] test msgs::persist_test::serversessionvalue_is_debug ... ok
[INFO] [stdout] test msgs::persist_test::clientsessionvalue_is_debug ... ok
[INFO] [stdout] test msgs::persist_test::serversessionvalue_with_cert ... ok
[INFO] [stdout] test msgs::persist_test::serversessionvalue_no_sni ... ok
[INFO] [stdout] test server::handy::test::test_noserversessionstorage_drops_put ... ok
[INFO] [stdout] test server::handy::test::test_neverproducestickets_does_nothing ... ok
[INFO] [stdout] test msgs::test::smoketest ... ok
[INFO] [stdout] test server::handy::test::test_noserversessionstorage_denies_gets ... ok
[INFO] [stdout] test server::handy::test::test_noserversessionstorage_denies_takes ... ok
[INFO] [stdout] test server::handy::test::test_resolvesservercertusingsni_handles_unknown_name ... ok
[INFO] [stdout] test server::handy::test::test_resolvesservercertusingsni_requires_sni ... ok
[INFO] [stdout] test server::handy::test::test_serversessionmemorycache_accepts_put ... ok
[INFO] [stdout] test server::handy::test::test_serversessionmemorycache_drops_to_maintain_size_invariant ... ok
[INFO] [stdout] test server::handy::test::test_serversessionmemorycache_persists_put ... ok
[INFO] [stdout] test server::handy::test::test_serversessionmemorycache_overwrites_put ... ok
[INFO] [stdout] test server::server_conn::test_read_in_new_state ... ok
[INFO] [stdout] test stream::tests::stream_can_be_created_for_connection_and_tcpstream ... ok
[INFO] [stdout] test sign::can_load_ecdsa_nistp256_pkcs8 ... ok
[INFO] [stdout] test sign::can_load_ecdsa_nistp256_sec1 ... ok
[INFO] [stdout] test sign::can_load_rsa2048_pkcs8 ... ok
[INFO] [stdout] test sign::can_load_rsa2048_pkcs1 ... ok
[INFO] [stdout] test stream::tests::streamowned_can_be_created_for_server_and_tcpstream ... ok
[INFO] [stdout] test suites::test::test_can_resume_to ... ok
[INFO] [stdout] test msgs::handshake_test::test_truncated_client_hello_is_detected ... ok
[INFO] [stdout] test stream::tests::streamowned_can_be_created_for_client_and_tcpstream ... ok
[INFO] [stdout] test sign::can_load_eddsa_pkcs8 ... ok
[INFO] [stdout] test suites::test::test_pref_fails ... ok
[INFO] [stdout] test suites::test::test_client_pref ... ok
[INFO] [stdout] test suites::test::test_server_pref ... ok
[INFO] [stdout] test ticketer::basic_pairwise_test ... ok
[INFO] [stdout] test suites::test::test_scs_is_debug ... ok
[INFO] [stdout] test ticketer::ticketswitcher_recover_test ... ok
[INFO] [stdout] test ticketer::ticketswitcher_switching_test ... ok
[INFO] [stdout] test tls12::prf::tests::check_sha256 ... ok
[INFO] [stdout] test tls12::prf::tests::check_sha512 ... ok
[INFO] [stdout] test tls12::tests::client_ecdhe_invalid ... ok
[INFO] [stdout] test vecbuf::test::short_append_copy_with_limit ... ok
[INFO] [stdout] test tls13::key_schedule::test::test_vectors ... ok
[INFO] [stdout] test tls12::tests::server_ecdhe_remaining_bytes ... ok
[INFO] [stdout] test verify::tests::assertions_are_debug ... ok
[INFO] [stdout] test sign::can_load_ecdsa_nistp384_sec1 ... ok
[INFO] [stdout] test sign::can_load_ecdsa_nistp384_pkcs8 ... ok
[INFO] [stdout] test msgs::handshake_test::can_roundtrip_single_sni ... ok
[INFO] [stdout] test msgs::handshake_test::can_detect_truncation_of_all_tls12_handshake_payloads ... ok
[INFO] [stdout] test msgs::handshake_test::can_detect_truncation_of_all_tls13_handshake_payloads ... ok
[INFO] [stdout] test x509::test_empty ... ok
[INFO] [stdout] test x509::test_huge ... ok
[INFO] [stdout] test x509::test_large ... ok
[INFO] [stdout] test msgs::message_test::test_read_fuzz_corpus ... FAILED
[INFO] [stdout] test x509::test_medium ... ok
[INFO] [stdout] test x509::test_small ... ok
[INFO] [stdout] test verifybench::test_twitter_cert ... ok
[INFO] [stdout] test verifybench::test_wapo_cert ... ok
[INFO] [stdout] test verifybench::test_arstechnica_cert ... ok
[INFO] [stdout] test verifybench::test_hn_cert ... ok
[INFO] [stdout] test verifybench::test_duckduckgo_cert ... ok
[INFO] [stdout] test verifybench::test_reddit_cert ... ok
[INFO] [stdout] test verifybench::test_rustlang_cert ... ok
[INFO] [stdout] test verifybench::test_servo_cert ... ok
[INFO] [stdout] test limited_cache::test::test_inserts_many_items ... ok
[INFO] [stdout] test verifybench::test_github_cert ... ok
[INFO] [stdout] test x509::test_gigantic ... ok
[INFO] [stdout] test verifybench::test_google_cert ... ok
[INFO] [stdout] test verifybench::test_stackoverflow_cert ... ok
[INFO] [stdout] test x509::test_ludicrous ... ok
[INFO] [stdout] test verifybench::test_wikipedia_cert ... ok
[INFO] [stdout] 
[INFO] [stdout] failures:
[INFO] [stdout] 
[INFO] [stdout] ---- msgs::message_test::test_read_fuzz_corpus stdout ----
[INFO] [stdout] thread 'msgs::message_test::test_read_fuzz_corpus' panicked at 'called `Result::unwrap()` on an `Err` value: Os { code: 2, kind: NotFound, message: "No such file or directory" }', src/msgs/message_test.rs:26:44
[INFO] [stdout] stack backtrace:
[INFO] [stdout]    0:     0x55d3c59bd09a - std::backtrace_rs::backtrace::libunwind::trace::h2f05d0192276a8f6
[INFO] [stdout]                                at /rustc/1b7dd2252b99671ce5d1cb9664c5f8636329436d/library/std/src/../../backtrace/src/backtrace/libunwind.rs:93:5
[INFO] [stdout]    1:     0x55d3c59bd09a - std::backtrace_rs::backtrace::trace_unsynchronized::hedc23dff7a1af150
[INFO] [stdout]                                at /rustc/1b7dd2252b99671ce5d1cb9664c5f8636329436d/library/std/src/../../backtrace/src/backtrace/mod.rs:66:5
[INFO] [stdout]    2:     0x55d3c59bd09a - std::sys_common::backtrace::_print_fmt::h17541ef7592f3ce2
[INFO] [stdout]                                at /rustc/1b7dd2252b99671ce5d1cb9664c5f8636329436d/library/std/src/sys_common/backtrace.rs:65:5
[INFO] [stdout]    3:     0x55d3c59bd09a - <std::sys_common::backtrace::_print::DisplayBacktrace as core::fmt::Display>::fmt::h20f75df5ab0c0792
[INFO] [stdout]                                at /rustc/1b7dd2252b99671ce5d1cb9664c5f8636329436d/library/std/src/sys_common/backtrace.rs:44:22
[INFO] [stdout]    4:     0x55d3c59e2fbf - core::fmt::write::h78109e6f466b3af6
[INFO] [stdout]                                at /rustc/1b7dd2252b99671ce5d1cb9664c5f8636329436d/library/core/src/fmt/mod.rs:1254:17
[INFO] [stdout]    5:     0x55d3c59ba165 - std::io::Write::write_fmt::hd24bfb68a1b35a25
[INFO] [stdout]                                at /rustc/1b7dd2252b99671ce5d1cb9664c5f8636329436d/library/std/src/io/mod.rs:1698:15
[INFO] [stdout]    6:     0x55d3c59bce65 - std::sys_common::backtrace::_print::h8dac57a9f8fbf9a5
[INFO] [stdout]                                at /rustc/1b7dd2252b99671ce5d1cb9664c5f8636329436d/library/std/src/sys_common/backtrace.rs:47:5
[INFO] [stdout]    7:     0x55d3c59bce65 - std::sys_common::backtrace::print::hf9ecbf41d1aa712f
[INFO] [stdout]                                at /rustc/1b7dd2252b99671ce5d1cb9664c5f8636329436d/library/std/src/sys_common/backtrace.rs:34:9
[INFO] [stdout]    8:     0x55d3c59beb1e - std::panicking::default_hook::{{closure}}::h04c07acfc84ca028
[INFO] [stdout]                                at /rustc/1b7dd2252b99671ce5d1cb9664c5f8636329436d/library/std/src/panicking.rs:269:22
[INFO] [stdout]    9:     0x55d3c59be851 - std::panicking::default_hook::h01f6bb23e1eceb2c
[INFO] [stdout]                                at /rustc/1b7dd2252b99671ce5d1cb9664c5f8636329436d/library/std/src/panicking.rs:285:9
[INFO] [stdout]   10:     0x55d3c5901edb - <alloc::boxed::Box<F,A> as core::ops::function::Fn<Args>>::call::h87fe9f7b2fd49e4c
[INFO] [stdout]                                at /rustc/1b7dd2252b99671ce5d1cb9664c5f8636329436d/library/alloc/src/boxed.rs:1987:9
[INFO] [stdout]   11:     0x55d3c5901edb - test::test_main::{{closure}}::he94d679243a7531b
[INFO] [stdout]                                at /rustc/1b7dd2252b99671ce5d1cb9664c5f8636329436d/library/test/src/lib.rs:134:21
[INFO] [stdout]   12:     0x55d3c59bf204 - <alloc::boxed::Box<F,A> as core::ops::function::Fn<Args>>::call::h3f2d6d8b14c4769f
[INFO] [stdout]                                at /rustc/1b7dd2252b99671ce5d1cb9664c5f8636329436d/library/alloc/src/boxed.rs:1987:9
[INFO] [stdout]   13:     0x55d3c59bf204 - std::panicking::rust_panic_with_hook::h2bb3722bbaf2f6df
[INFO] [stdout]                                at /rustc/1b7dd2252b99671ce5d1cb9664c5f8636329436d/library/std/src/panicking.rs:695:13
[INFO] [stdout]   14:     0x55d3c59bef79 - std::panicking::begin_panic_handler::{{closure}}::h91bc7f36a4be011b
[INFO] [stdout]                                at /rustc/1b7dd2252b99671ce5d1cb9664c5f8636329436d/library/std/src/panicking.rs:582:13
[INFO] [stdout]   15:     0x55d3c59bd506 - std::sys_common::backtrace::__rust_end_short_backtrace::h8b3d3717114f9e59
[INFO] [stdout]                                at /rustc/1b7dd2252b99671ce5d1cb9664c5f8636329436d/library/std/src/sys_common/backtrace.rs:150:18
[INFO] [stdout]   16:     0x55d3c59becd2 - rust_begin_unwind
[INFO] [stdout]                                at /rustc/1b7dd2252b99671ce5d1cb9664c5f8636329436d/library/std/src/panicking.rs:578:5
[INFO] [stdout]   17:     0x55d3c5680183 - core::panicking::panic_fmt::hfd368e3fbdabea26
[INFO] [stdout]                                at /rustc/1b7dd2252b99671ce5d1cb9664c5f8636329436d/library/core/src/panicking.rs:67:14
[INFO] [stdout]   18:     0x55d3c5680723 - core::result::unwrap_failed::he54eb4b2f125b26f
[INFO] [stdout]                                at /rustc/1b7dd2252b99671ce5d1cb9664c5f8636329436d/library/core/src/result.rs:1687:5
[INFO] [stdout]   19:     0x55d3c56e730c - core::result::Result<T,E>::unwrap::he4a9aa422d82f30d
[INFO] [stdout]                                at /rustc/1b7dd2252b99671ce5d1cb9664c5f8636329436d/library/core/src/result.rs:1089:23
[INFO] [stdout]   20:     0x55d3c571d3bd - rustls_fork_shadow_tls::msgs::message_test::test_read_fuzz_corpus::h24a976f560aee78f
[INFO] [stdout]                                at /opt/rustwide/workdir/src/msgs/message_test.rs:26:17
[INFO] [stdout]   21:     0x55d3c571d357 - rustls_fork_shadow_tls::msgs::message_test::test_read_fuzz_corpus::{{closure}}::hc1e29e0d3b1b6b09
[INFO] [stdout]                                at /opt/rustwide/workdir/src/msgs/message_test.rs:14:28
[INFO] [stdout]   22:     0x55d3c56db2c5 - core::ops::function::FnOnce::call_once::hdb64f2384c21f7e4
[INFO] [stdout]                                at /rustc/1b7dd2252b99671ce5d1cb9664c5f8636329436d/library/core/src/ops/function.rs:250:5
[INFO] [stdout]   23:     0x55d3c5906daf - core::ops::function::FnOnce::call_once::ha6a70e79f7481a7e
[INFO] [stdout]                                at /rustc/1b7dd2252b99671ce5d1cb9664c5f8636329436d/library/core/src/ops/function.rs:250:5
[INFO] [stdout]   24:     0x55d3c5906daf - test::__rust_begin_short_backtrace::hce33033019b61e69
[INFO] [stdout]                                at /rustc/1b7dd2252b99671ce5d1cb9664c5f8636329436d/library/test/src/lib.rs:655:18
[INFO] [stdout]   25:     0x55d3c58d459c - test::run_test::{{closure}}::h858d3528838ae3e5
[INFO] [stdout]                                at /rustc/1b7dd2252b99671ce5d1cb9664c5f8636329436d/library/test/src/lib.rs:646:30
[INFO] [stdout]   26:     0x55d3c58d459c - core::ops::function::FnOnce::call_once{{vtable.shim}}::he8ac2b00f01ae79e
[INFO] [stdout]                                at /rustc/1b7dd2252b99671ce5d1cb9664c5f8636329436d/library/core/src/ops/function.rs:250:5
[INFO] [stdout]   27:     0x55d3c5905e86 - <alloc::boxed::Box<F,A> as core::ops::function::FnOnce<Args>>::call_once::h8093d25b522725ef
[INFO] [stdout]                                at /rustc/1b7dd2252b99671ce5d1cb9664c5f8636329436d/library/alloc/src/boxed.rs:1973:9
[INFO] [stdout]   28:     0x55d3c5905e86 - <core::panic::unwind_safe::AssertUnwindSafe<F> as core::ops::function::FnOnce<()>>::call_once::h5c334c204e4a3913
[INFO] [stdout]                                at /rustc/1b7dd2252b99671ce5d1cb9664c5f8636329436d/library/core/src/panic/unwind_safe.rs:271:9
[INFO] [stdout]   29:     0x55d3c5905e86 - std::panicking::try::do_call::ha8b740c7b9478074
[INFO] [stdout]                                at /rustc/1b7dd2252b99671ce5d1cb9664c5f8636329436d/library/std/src/panicking.rs:485:40
[INFO] [stdout]   30:     0x55d3c5905e86 - std::panicking::try::h5d34f63d0e41b64e
[INFO] [stdout]                                at /rustc/1b7dd2252b99671ce5d1cb9664c5f8636329436d/library/std/src/panicking.rs:449:19
[INFO] [stdout]   31:     0x55d3c5905e86 - std::panic::catch_unwind::hcfbb511e1aa7fc67
[INFO] [stdout]                                at /rustc/1b7dd2252b99671ce5d1cb9664c5f8636329436d/library/std/src/panic.rs:140:14
[INFO] [stdout]   32:     0x55d3c5905e86 - test::run_test_in_process::h9abda90f802eaf21
[INFO] [stdout]                                at /rustc/1b7dd2252b99671ce5d1cb9664c5f8636329436d/library/test/src/lib.rs:678:27
[INFO] [stdout]   33:     0x55d3c5905e86 - test::run_test::run_test_inner::{{closure}}::h0f058de91f6c6edf
[INFO] [stdout]                                at /rustc/1b7dd2252b99671ce5d1cb9664c5f8636329436d/library/test/src/lib.rs:572:39
[INFO] [stdout]   34:     0x55d3c58ceda5 - test::run_test::run_test_inner::{{closure}}::h5ca48a4c59c6c1fb
[INFO] [stdout]                                at /rustc/1b7dd2252b99671ce5d1cb9664c5f8636329436d/library/test/src/lib.rs:599:37
[INFO] [stdout]   35:     0x55d3c58ceda5 - std::sys_common::backtrace::__rust_begin_short_backtrace::h32bd51e1495d4a33
[INFO] [stdout]                                at /rustc/1b7dd2252b99671ce5d1cb9664c5f8636329436d/library/std/src/sys_common/backtrace.rs:134:18
[INFO] [stdout]   36:     0x55d3c58d42e1 - std::thread::Builder::spawn_unchecked_::{{closure}}::{{closure}}::hc086fae9b128b2db
[INFO] [stdout]                                at /rustc/1b7dd2252b99671ce5d1cb9664c5f8636329436d/library/std/src/thread/mod.rs:526:17
[INFO] [stdout]   37:     0x55d3c58d42e1 - <core::panic::unwind_safe::AssertUnwindSafe<F> as core::ops::function::FnOnce<()>>::call_once::hb66571888d270d43
[INFO] [stdout]                                at /rustc/1b7dd2252b99671ce5d1cb9664c5f8636329436d/library/core/src/panic/unwind_safe.rs:271:9
[INFO] [stdout]   38:     0x55d3c58d42e1 - std::panicking::try::do_call::h4fa2ef4f6e51fecf
[INFO] [stdout]                                at /rustc/1b7dd2252b99671ce5d1cb9664c5f8636329436d/library/std/src/panicking.rs:485:40
[INFO] [stdout]   39:     0x55d3c58d42e1 - std::panicking::try::h1e9e22b8584489b5
[INFO] [stdout]                                at /rustc/1b7dd2252b99671ce5d1cb9664c5f8636329436d/library/std/src/panicking.rs:449:19
[INFO] [stdout]   40:     0x55d3c58d42e1 - std::panic::catch_unwind::h44698a3de0e0769e
[INFO] [stdout]                                at /rustc/1b7dd2252b99671ce5d1cb9664c5f8636329436d/library/std/src/panic.rs:140:14
[INFO] [stdout]   41:     0x55d3c58d42e1 - std::thread::Builder::spawn_unchecked_::{{closure}}::h50153abde3fe239e
[INFO] [stdout]                                at /rustc/1b7dd2252b99671ce5d1cb9664c5f8636329436d/library/std/src/thread/mod.rs:525:30
[INFO] [stdout]   42:     0x55d3c58d42e1 - core::ops::function::FnOnce::call_once{{vtable.shim}}::hbe5bbf6f38394364
[INFO] [stdout]                                at /rustc/1b7dd2252b99671ce5d1cb9664c5f8636329436d/library/core/src/ops/function.rs:250:5
[INFO] [stdout]   43:     0x55d3c59c3ad5 - <alloc::boxed::Box<F,A> as core::ops::function::FnOnce<Args>>::call_once::h0d83cb2920a49046
[INFO] [stdout]                                at /rustc/1b7dd2252b99671ce5d1cb9664c5f8636329436d/library/alloc/src/boxed.rs:1973:9
[INFO] [stdout]   44:     0x55d3c59c3ad5 - <alloc::boxed::Box<F,A> as core::ops::function::FnOnce<Args>>::call_once::hbe0a008aa7d9ef59
[INFO] [stdout]                                at /rustc/1b7dd2252b99671ce5d1cb9664c5f8636329436d/library/alloc/src/boxed.rs:1973:9
[INFO] [stdout]   45:     0x55d3c59c3ad5 - std::sys::unix::thread::Thread::new::thread_start::h3a466996bdf6b1f9
[INFO] [stdout]                                at /rustc/1b7dd2252b99671ce5d1cb9664c5f8636329436d/library/std/src/sys/unix/thread.rs:108:17
[INFO] [stdout]   46:     0x7fef5bf21b43 - <unknown>
[INFO] [stdout]   47:     0x7fef5bfb2bb4 - __clone
[INFO] [stdout]   48:                0x0 - <unknown>
[INFO] [stdout] 
[INFO] [stdout] 
[INFO] [stdout] failures:
[INFO] [stdout]     msgs::message_test::test_read_fuzz_corpus
[INFO] [stdout] 
[INFO] [stdout] test result: FAILED. 178 passed; 1 failed; 0 ignored; 0 measured; 0 filtered out; finished in 0.35s
[INFO] [stdout] 
[INFO] [stderr] error: test failed, to rerun pass `--lib`
[INFO] running `Command { std: "docker" "inspect" "6b1060ecc6524c5a940b0bb2bf81a268d506de9ae44c18ec17b160af5eb1ffda", kill_on_drop: false }`
[INFO] running `Command { std: "docker" "rm" "-f" "6b1060ecc6524c5a940b0bb2bf81a268d506de9ae44c18ec17b160af5eb1ffda", kill_on_drop: false }`
[INFO] [stdout] 6b1060ecc6524c5a940b0bb2bf81a268d506de9ae44c18ec17b160af5eb1ffda
