[INFO] fetching crate rustify 0.5.3...
[INFO] testing rustify-0.5.3 against beta-2023-04-20 for beta-1.70-1
[INFO] extracting crate rustify 0.5.3 into /workspace/builds/worker-4-tc2/source
[INFO] validating manifest of crates.io crate rustify 0.5.3 on toolchain beta-2023-04-20
[INFO] running `Command { std: CARGO_HOME="/workspace/cargo-home" RUSTUP_HOME="/workspace/rustup-home" "/workspace/cargo-home/bin/cargo" "+beta-2023-04-20" "metadata" "--manifest-path" "Cargo.toml" "--no-deps", kill_on_drop: false }`
[INFO] started tweaking crates.io crate rustify 0.5.3
[INFO] removed 0 missing examples
[INFO] finished tweaking crates.io crate rustify 0.5.3
[INFO] tweaked toml for crates.io crate rustify 0.5.3 written to /workspace/builds/worker-4-tc2/source/Cargo.toml
[INFO] crate crates.io crate rustify 0.5.3 already has a lockfile, it will not be regenerated
[INFO] running `Command { std: CARGO_HOME="/workspace/cargo-home" RUSTUP_HOME="/workspace/rustup-home" "/workspace/cargo-home/bin/cargo" "+beta-2023-04-20" "fetch" "--manifest-path" "Cargo.toml", kill_on_drop: false }`
[INFO] [stderr]  Downloading crates ...
[INFO] [stderr]   Downloaded darling_macro v0.12.4
[INFO] [stderr]   Downloaded mio v0.8.1
[INFO] [stderr]   Downloaded ipnet v2.4.0
[INFO] [stderr]   Downloaded trybuild v1.0.56
[INFO] [stderr]   Downloaded similar v2.1.0
[INFO] [stderr]   Downloaded httpmock v0.6.6
[INFO] [stderr]   Downloaded h2 v0.3.12
[INFO] [stderr]   Downloaded darling_core v0.12.4
[INFO] [stderr]   Downloaded async-global-executor v2.0.3
[INFO] [stderr]   Downloaded curl v0.4.43
[INFO] [stderr]   Downloaded isahc v1.7.0
[INFO] [stderr]   Downloaded async-std v1.10.0
[INFO] [stderr]   Downloaded lalrpop v0.19.7
[INFO] [stderr]   Downloaded test-log v0.2.8
[INFO] [stderr]   Downloaded curl-sys v0.4.53+curl-7.82.0
[INFO] [stderr]   Downloaded async-process v1.3.0
[INFO] [stderr]   Downloaded gloo-timers v0.2.3
[INFO] [stderr]   Downloaded lalrpop-util v0.19.7
[INFO] [stderr]   Downloaded tracing-subscriber v0.3.9
[INFO] [stderr]   Downloaded darling v0.12.4
[INFO] running `Command { std: "docker" "create" "-v" "/var/lib/crater-agent-workspace/builds/worker-4-tc2/target:/opt/rustwide/target:rw,Z" "-v" "/var/lib/crater-agent-workspace/builds/worker-4-tc2/source:/opt/rustwide/workdir:ro,Z" "-v" "/var/lib/crater-agent-workspace/cargo-home:/opt/rustwide/cargo-home:ro,Z" "-v" "/var/lib/crater-agent-workspace/rustup-home:/opt/rustwide/rustup-home:ro,Z" "-e" "SOURCE_DIR=/opt/rustwide/workdir" "-e" "CARGO_TARGET_DIR=/opt/rustwide/target" "-e" "CARGO_HOME=/opt/rustwide/cargo-home" "-e" "RUSTUP_HOME=/opt/rustwide/rustup-home" "-w" "/opt/rustwide/workdir" "-m" "1610612736" "--user" "0:0" "--network" "none" "ghcr.io/rust-lang/crates-build-env/linux@sha256:5ff2268d62e97bff2cde7d5815dd6ed5b47097566f13b8d0ca110b04b60e07ed" "/opt/rustwide/cargo-home/bin/cargo" "+beta-2023-04-20" "metadata" "--no-deps" "--format-version=1", kill_on_drop: false }`
[INFO] [stdout] b25795b748aa0dd20b688273b8441e20c6386575f47cc417f97216f5235f7ff9
[INFO] running `Command { std: "docker" "start" "-a" "b25795b748aa0dd20b688273b8441e20c6386575f47cc417f97216f5235f7ff9", kill_on_drop: false }`
[INFO] running `Command { std: "docker" "inspect" "b25795b748aa0dd20b688273b8441e20c6386575f47cc417f97216f5235f7ff9", kill_on_drop: false }`
[INFO] running `Command { std: "docker" "rm" "-f" "b25795b748aa0dd20b688273b8441e20c6386575f47cc417f97216f5235f7ff9", kill_on_drop: false }`
[INFO] [stdout] b25795b748aa0dd20b688273b8441e20c6386575f47cc417f97216f5235f7ff9
[INFO] running `Command { std: "docker" "create" "-v" "/var/lib/crater-agent-workspace/builds/worker-4-tc2/target:/opt/rustwide/target:rw,Z" "-v" "/var/lib/crater-agent-workspace/builds/worker-4-tc2/source:/opt/rustwide/workdir:ro,Z" "-v" "/var/lib/crater-agent-workspace/cargo-home:/opt/rustwide/cargo-home:ro,Z" "-v" "/var/lib/crater-agent-workspace/rustup-home:/opt/rustwide/rustup-home:ro,Z" "-e" "SOURCE_DIR=/opt/rustwide/workdir" "-e" "CARGO_TARGET_DIR=/opt/rustwide/target" "-e" "CARGO_INCREMENTAL=0" "-e" "RUST_BACKTRACE=full" "-e" "RUSTFLAGS=--cap-lints=warn" "-e" "RUSTDOCFLAGS=--cap-lints=warn" "-e" "CARGO_HOME=/opt/rustwide/cargo-home" "-e" "RUSTUP_HOME=/opt/rustwide/rustup-home" "-w" "/opt/rustwide/workdir" "-m" "1610612736" "--user" "0:0" "--network" "none" "ghcr.io/rust-lang/crates-build-env/linux@sha256:5ff2268d62e97bff2cde7d5815dd6ed5b47097566f13b8d0ca110b04b60e07ed" "/opt/rustwide/cargo-home/bin/cargo" "+beta-2023-04-20" "build" "--frozen" "--message-format=json", kill_on_drop: false }`
[INFO] [stdout] 9800999b83da4bab6523519100db00ecfe1fc2c40263a7e981259a0cf0962363
[INFO] running `Command { std: "docker" "start" "-a" "9800999b83da4bab6523519100db00ecfe1fc2c40263a7e981259a0cf0962363", kill_on_drop: false }`
[INFO] [stderr]    Compiling proc-macro2 v1.0.36
[INFO] [stderr]    Compiling unicode-xid v0.2.2
[INFO] [stderr]    Compiling syn v1.0.88
[INFO] [stderr]    Compiling libc v0.2.120
[INFO] [stderr]    Compiling autocfg v1.1.0
[INFO] [stderr]    Compiling version_check v0.9.4
[INFO] [stderr]    Compiling cfg-if v1.0.0
[INFO] [stderr]    Compiling log v0.4.14
[INFO] [stderr]    Compiling memchr v2.4.1
[INFO] [stderr]    Compiling pkg-config v0.3.24
[INFO] [stderr]    Compiling cc v1.0.73
[INFO] [stderr]    Compiling pin-project-lite v0.2.8
[INFO] [stderr]    Compiling value-bag v1.0.0-alpha.8
[INFO] [stderr]    Compiling once_cell v1.10.0
[INFO] [stderr]    Compiling bytes v1.1.0
[INFO] [stderr]    Compiling itoa v1.0.1
[INFO] [stderr]    Compiling futures-core v0.3.21
[INFO] [stderr]    Compiling serde_derive v1.0.136
[INFO] [stderr]    Compiling quote v1.0.15
[INFO] [stderr]    Compiling num_cpus v1.13.1
[INFO] [stderr]    Compiling signal-hook-registry v1.4.0
[INFO] [stderr]    Compiling socket2 v0.4.4
[INFO] [stderr]    Compiling futures-task v0.3.21
[INFO] [stderr]    Compiling indexmap v1.8.0
[INFO] [stderr]    Compiling futures-util v0.3.21
[INFO] [stderr]    Compiling openssl-sys v0.9.72
[INFO] [stderr]    Compiling foreign-types-shared v0.1.1
[INFO] [stderr]    Compiling fnv v1.0.7
[INFO] [stderr]    Compiling matches v0.1.9
[INFO] [stderr]    Compiling serde v1.0.136
[INFO] [stderr]    Compiling openssl v0.10.38
[INFO] [stderr]    Compiling lazy_static v1.4.0
[INFO] [stderr]    Compiling http v0.2.6
[INFO] [stderr]    Compiling tracing-core v0.1.23
[INFO] [stderr]    Compiling foreign-types v0.3.2
[INFO] [stderr]    Compiling httparse v1.6.0
[INFO] [stderr]    Compiling futures-sink v0.3.21
[INFO] [stderr]    Compiling futures-channel v0.3.21
[INFO] [stderr]    Compiling pin-utils v0.1.0
[INFO] [stderr]    Compiling bitflags v1.3.2
[INFO] [stderr]    Compiling tinyvec_macros v0.1.0
[INFO] [stderr]    Compiling slab v0.4.5
[INFO] [stderr]    Compiling hashbrown v0.11.2
[INFO] [stderr]    Compiling percent-encoding v2.1.0
[INFO] [stderr]    Compiling native-tls v0.2.8
[INFO] [stderr]    Compiling tinyvec v1.5.1
[INFO] [stderr]    Compiling openssl-probe v0.1.5
[INFO] [stderr]    Compiling form_urlencoded v1.0.1
[INFO] [stderr]    Compiling ryu v1.0.9
[INFO] [stderr]    Compiling try-lock v0.2.3
[INFO] [stderr]    Compiling encoding_rs v0.8.30
[INFO] [stderr]    Compiling unicode-normalization v0.1.19
[INFO] [stderr]    Compiling tower-service v0.3.1
[INFO] [stderr]    Compiling httpdate v1.0.2
[INFO] [stderr]    Compiling http-body v0.4.4
[INFO] [stderr]    Compiling unicode-bidi v0.3.7
[INFO] [stderr]    Compiling aho-corasick v0.7.18
[INFO] [stderr]    Compiling regex-syntax v0.6.25
[INFO] [stderr]    Compiling anyhow v1.0.56
[INFO] [stderr]    Compiling idna v0.2.3
[INFO] [stderr]    Compiling async-trait v0.1.52
[INFO] [stderr]    Compiling serde_json v1.0.79
[INFO] [stderr]    Compiling synstructure v0.12.6
[INFO] [stderr]    Compiling url v2.2.2
[INFO] [stderr]    Compiling ipnet v2.4.0
[INFO] [stderr]    Compiling base64 v0.13.0
[INFO] [stderr]    Compiling regex v1.5.5
[INFO] [stderr]    Compiling mime v0.3.16
[INFO] [stderr]    Compiling ctor v0.1.21
[INFO] [stderr]    Compiling tokio-macros v1.7.0
[INFO] [stderr]    Compiling futures-macro v0.3.21
[INFO] [stderr]    Compiling tracing-attributes v0.1.20
[INFO] [stderr]    Compiling thiserror-impl v1.0.30
[INFO] [stderr]    Compiling mio v0.8.1
[INFO] [stderr]    Compiling want v0.3.0
[INFO] [stderr]    Compiling tracing v0.1.32
[INFO] [stderr]    Compiling tokio v1.17.0
[INFO] [stderr]    Compiling thiserror v1.0.30
[INFO] [stderr]    Compiling tokio-util v0.6.9
[INFO] [stderr]    Compiling tokio-native-tls v0.3.0
[INFO] [stderr]    Compiling h2 v0.3.12
[INFO] [stderr]    Compiling serde_urlencoded v0.7.1
[INFO] [stderr]    Compiling rustify_derive v0.5.2
[INFO] [stderr]    Compiling hyper v0.14.17
[INFO] [stderr]    Compiling hyper-tls v0.5.0
[INFO] [stderr]    Compiling reqwest v0.11.10
[INFO] [stderr]    Compiling rustify v0.5.3 (/opt/rustwide/workdir)
[INFO] [stderr]     Finished dev [unoptimized + debuginfo] target(s) in 36.28s
[INFO] running `Command { std: "docker" "inspect" "9800999b83da4bab6523519100db00ecfe1fc2c40263a7e981259a0cf0962363", kill_on_drop: false }`
[INFO] running `Command { std: "docker" "rm" "-f" "9800999b83da4bab6523519100db00ecfe1fc2c40263a7e981259a0cf0962363", kill_on_drop: false }`
[INFO] [stdout] 9800999b83da4bab6523519100db00ecfe1fc2c40263a7e981259a0cf0962363
[INFO] running `Command { std: "docker" "create" "-v" "/var/lib/crater-agent-workspace/builds/worker-4-tc2/target:/opt/rustwide/target:rw,Z" "-v" "/var/lib/crater-agent-workspace/builds/worker-4-tc2/source:/opt/rustwide/workdir:ro,Z" "-v" "/var/lib/crater-agent-workspace/cargo-home:/opt/rustwide/cargo-home:ro,Z" "-v" "/var/lib/crater-agent-workspace/rustup-home:/opt/rustwide/rustup-home:ro,Z" "-e" "SOURCE_DIR=/opt/rustwide/workdir" "-e" "CARGO_TARGET_DIR=/opt/rustwide/target" "-e" "CARGO_INCREMENTAL=0" "-e" "RUST_BACKTRACE=full" "-e" "RUSTFLAGS=--cap-lints=warn" "-e" "RUSTDOCFLAGS=--cap-lints=warn" "-e" "CARGO_HOME=/opt/rustwide/cargo-home" "-e" "RUSTUP_HOME=/opt/rustwide/rustup-home" "-w" "/opt/rustwide/workdir" "-m" "1610612736" "--user" "0:0" "--network" "none" "ghcr.io/rust-lang/crates-build-env/linux@sha256:5ff2268d62e97bff2cde7d5815dd6ed5b47097566f13b8d0ca110b04b60e07ed" "/opt/rustwide/cargo-home/bin/cargo" "+beta-2023-04-20" "test" "--frozen" "--no-run" "--message-format=json", kill_on_drop: false }`
[INFO] [stdout] f5701caf0faae9a74afb5b8229117420d6a8ce34e0291e22755bbedaac77015d
[INFO] running `Command { std: "docker" "start" "-a" "f5701caf0faae9a74afb5b8229117420d6a8ce34e0291e22755bbedaac77015d", kill_on_drop: false }`
[INFO] [stderr]    Compiling regex-syntax v0.6.25
[INFO] [stderr]    Compiling aho-corasick v0.7.18
[INFO] [stderr]    Compiling cache-padded v1.2.0
[INFO] [stderr]    Compiling futures-io v0.3.21
[INFO] [stderr]    Compiling event-listener v2.5.2
[INFO] [stderr]    Compiling fastrand v1.7.0
[INFO] [stderr]    Compiling waker-fn v1.1.0
[INFO] [stderr]    Compiling parking v2.0.0
[INFO] [stderr]    Compiling concurrent-queue v1.2.2
[INFO] [stderr]    Compiling libz-sys v1.1.5
[INFO] [stderr]    Compiling futures-lite v1.12.0
[INFO] [stderr]    Compiling libnghttp2-sys v0.1.7+1.45.0
[INFO] [stderr]    Compiling parking_lot_core v0.8.5
[INFO] [stderr]    Compiling dirs-sys-next v0.1.2
[INFO] [stderr]    Compiling instant v0.1.12
[INFO] [stderr]    Compiling crunchy v0.2.2
[INFO] [stderr]    Compiling smallvec v1.8.0
[INFO] [stderr]    Compiling scopeguard v1.1.0
[INFO] [stderr]    Compiling dirs-next v2.0.0
[INFO] [stderr]    Compiling lock_api v0.4.6
[INFO] [stderr]    Compiling async-channel v1.6.1
[INFO] [stderr]    Compiling polling v2.2.0
[INFO] [stderr]    Compiling curl-sys v0.4.53+curl-7.82.0
[INFO] [stderr]    Compiling siphasher v0.3.10
[INFO] [stderr]    Compiling tiny-keccak v2.0.2
[INFO] [stderr]    Compiling parking_lot v0.11.2
[INFO] [stderr]    Compiling phf_shared v0.10.0
[INFO] [stderr]    Compiling term v0.7.0
[INFO] [stderr]    Compiling atty v0.2.14
[INFO] [stderr]    Compiling ident_case v1.0.1
[INFO] [stderr]    Compiling async-task v4.2.0
[INFO] [stderr]    Compiling strsim v0.10.0
[INFO] [stderr]    Compiling bit-vec v0.6.3
[INFO] [stderr]    Compiling fixedbitset v0.2.0
[INFO] [stderr]    Compiling regex v1.5.5
[INFO] [stderr]    Compiling signal-hook v0.3.13
[INFO] [stderr]    Compiling new_debug_unreachable v1.0.4
[INFO] [stderr]    Compiling precomputed-hash v0.1.1
[INFO] [stderr]    Compiling either v1.6.1
[INFO] [stderr]    Compiling crossbeam-utils v0.8.8
[INFO] [stderr]    Compiling string_cache v0.8.3
[INFO] [stderr]    Compiling itertools v0.10.3
[INFO] [stderr]    Compiling petgraph v0.5.1
[INFO] [stderr]    Compiling bit-set v0.5.2
[INFO] [stderr]    Compiling ascii-canvas v3.0.0
[INFO] [stderr]    Compiling darling_core v0.12.4
[INFO] [stderr]    Compiling async-io v1.6.0
[INFO] [stderr]    Compiling lalrpop-util v0.19.7
[INFO] [stderr]    Compiling ena v0.14.0
[INFO] [stderr]    Compiling pico-args v0.4.2
[INFO] [stderr]    Compiling diff v0.1.12
[INFO] [stderr]    Compiling atomic-waker v1.0.0
[INFO] [stderr]    Compiling lalrpop v0.19.7
[INFO] [stderr]    Compiling blocking v1.2.0
[INFO] [stderr]    Compiling async-executor v1.4.1
[INFO] [stderr]    Compiling async-mutex v1.4.0
[INFO] [stderr]    Compiling pin-project-internal v1.0.10
[INFO] [stderr]    Compiling curl v0.4.43
[INFO] [stderr]    Compiling async-global-executor v2.0.3
[INFO] [stderr]    Compiling async-process v1.3.0
[INFO] [stderr]    Compiling async-lock v2.5.0
[INFO] [stderr]    Compiling darling_macro v0.12.4
[INFO] [stderr]    Compiling kv-log-macro v1.0.7
[INFO] [stderr]    Compiling isahc v1.7.0
[INFO] [stderr]    Compiling async-std v1.10.0
[INFO] [stderr]    Compiling regex-automata v0.1.10
[INFO] [stderr]    Compiling sluice v0.5.5
[INFO] [stderr]    Compiling pin-project v1.0.10
[INFO] [stderr]    Compiling tracing-futures v0.2.5
[INFO] [stderr]    Compiling darling v0.12.4
[INFO] [stderr]    Compiling async-stream-impl v0.3.3
[INFO] [stderr]    Compiling derive_builder_core v0.10.2
[INFO] [stderr]    Compiling trybuild v1.0.56
[INFO] [stderr]    Compiling termcolor v1.1.3
[INFO] [stderr]    Compiling castaway v0.1.2
[INFO] [stderr]    Compiling matchers v0.1.0
[INFO] [stderr]    Compiling rustify_derive v0.5.2
[INFO] [stderr]    Compiling assert-json-diff v2.0.1
[INFO] [stderr]    Compiling derive_builder_macro v0.10.2
[INFO] [stderr]    Compiling async-stream v0.3.3
[INFO] [stderr]    Compiling serde_regex v1.1.0
[INFO] [stderr]    Compiling toml v0.5.8
[INFO] [stderr]    Compiling tokio-stream v0.1.8
[INFO] [stderr]    Compiling sharded-slab v0.1.4
[INFO] [stderr]    Compiling thread_local v1.1.4
[INFO] [stderr]    Compiling glob v0.3.0
[INFO] [stderr]    Compiling humantime v2.1.0
[INFO] [stderr]    Compiling levenshtein v1.0.5
[INFO] [stderr]    Compiling async-object-pool v0.1.4
[INFO] [stderr]    Compiling similar v2.1.0
[INFO] [stderr]    Compiling tracing-subscriber v0.3.9
[INFO] [stderr]    Compiling env_logger v0.9.0
[INFO] [stderr]    Compiling tokio-test v0.4.2
[INFO] [stderr]    Compiling derive_builder v0.10.2
[INFO] [stderr]    Compiling test-log v0.2.8
[INFO] [stderr]    Compiling rustify v0.5.3 (/opt/rustwide/workdir)
[INFO] [stderr]    Compiling basic-cookies v0.1.4
[INFO] [stderr]    Compiling httpmock v0.6.6
[INFO] [stderr]     Finished test [unoptimized + debuginfo] target(s) in 35.57s
[INFO] [stderr] warning: the following packages contain code that will be rejected by a future version of Rust: lalrpop v0.19.7
[INFO] [stderr] note: to see what the problems were, use the option `--future-incompat-report`, or run `cargo report future-incompatibilities --id 1`
[INFO] running `Command { std: "docker" "inspect" "f5701caf0faae9a74afb5b8229117420d6a8ce34e0291e22755bbedaac77015d", kill_on_drop: false }`
[INFO] running `Command { std: "docker" "rm" "-f" "f5701caf0faae9a74afb5b8229117420d6a8ce34e0291e22755bbedaac77015d", kill_on_drop: false }`
[INFO] [stdout] f5701caf0faae9a74afb5b8229117420d6a8ce34e0291e22755bbedaac77015d
[INFO] running `Command { std: "docker" "create" "-v" "/var/lib/crater-agent-workspace/builds/worker-4-tc2/target:/opt/rustwide/target:rw,Z" "-v" "/var/lib/crater-agent-workspace/builds/worker-4-tc2/source:/opt/rustwide/workdir:ro,Z" "-v" "/var/lib/crater-agent-workspace/cargo-home:/opt/rustwide/cargo-home:ro,Z" "-v" "/var/lib/crater-agent-workspace/rustup-home:/opt/rustwide/rustup-home:ro,Z" "-e" "SOURCE_DIR=/opt/rustwide/workdir" "-e" "CARGO_TARGET_DIR=/opt/rustwide/target" "-e" "CARGO_INCREMENTAL=0" "-e" "RUST_BACKTRACE=full" "-e" "RUSTFLAGS=--cap-lints=warn" "-e" "RUSTDOCFLAGS=--cap-lints=warn" "-e" "CARGO_HOME=/opt/rustwide/cargo-home" "-e" "RUSTUP_HOME=/opt/rustwide/rustup-home" "-w" "/opt/rustwide/workdir" "-m" "1610612736" "--user" "0:0" "--network" "none" "ghcr.io/rust-lang/crates-build-env/linux@sha256:5ff2268d62e97bff2cde7d5815dd6ed5b47097566f13b8d0ca110b04b60e07ed" "/opt/rustwide/cargo-home/bin/cargo" "+beta-2023-04-20" "test" "--frozen", kill_on_drop: false }`
[INFO] [stdout] 6d7879bde66660a7ec295d655ad746508edeba6be09a9dc2e924b341f7310383
[INFO] running `Command { std: "docker" "start" "-a" "6d7879bde66660a7ec295d655ad746508edeba6be09a9dc2e924b341f7310383", kill_on_drop: false }`
[INFO] [stderr]     Finished test [unoptimized + debuginfo] target(s) in 0.17s
[INFO] [stderr] warning: the following packages contain code that will be rejected by a future version of Rust: lalrpop v0.19.7
[INFO] [stderr] note: to see what the problems were, use the option `--future-incompat-report`, or run `cargo report future-incompatibilities --id 1`
[INFO] [stderr]      Running unittests src/lib.rs (/opt/rustwide/target/debug/deps/rustify-fa77ee330417856d)
[INFO] [stdout] 
[INFO] [stdout] running 0 tests
[INFO] [stdout] 
[INFO] [stdout] test result: ok. 0 passed; 0 failed; 0 ignored; 0 measured; 0 filtered out; finished in 0.00s
[INFO] [stdout] 
[INFO] [stderr]      Running tests/common.rs (/opt/rustwide/target/debug/deps/common-52d3c6ae4962d9c9)
[INFO] [stdout] 
[INFO] [stdout] running 0 tests
[INFO] [stdout] 
[INFO] [stdout] test result: ok. 0 passed; 0 failed; 0 ignored; 0 measured; 0 filtered out; finished in 0.00s
[INFO] [stdout] 
[INFO] [stderr]      Running tests/endpoint.rs (/opt/rustwide/target/debug/deps/endpoint-4fefb5d18f985825)
[INFO] [stdout] 
[INFO] [stdout] running 13 tests
[INFO] [stdout] test test_mutate ... ok
[INFO] [stdout] test test_builder ... ok
[INFO] [stdout] test test_path_with_format ... ok
[INFO] [stdout] test test_data ... ok
[INFO] [stdout] test test_method ... ok
[INFO] [stdout] test test_generic ... ok
[INFO] [stdout] test test_path ... ok
[INFO] [stdout] test test_complex ... ok
[INFO] [stdout] test test_query ... ok
[INFO] [stdout] test test_result ... ok
[INFO] [stdout] test test_raw_data ... ok
[INFO] [stdout] test test_raw_response ... ok
[INFO] [stdout] test test_wrapper ... ok
[INFO] [stdout] 
[INFO] [stdout] test result: ok. 13 passed; 0 failed; 0 ignored; 0 measured; 0 filtered out; finished in 1.91s
[INFO] [stdout] 
[INFO] [stderr]      Running tests/macro.rs (/opt/rustwide/target/debug/deps/macro-94ff816f4ecf95e8)
[INFO] [stdout] 
[INFO] [stdout] running 1 test
[INFO] [stderr]    Compiling proc-macro2 v1.0.36
[INFO] [stderr]    Compiling unicode-xid v0.2.2
[INFO] [stderr]    Compiling syn v1.0.88
[INFO] [stderr]    Compiling libc v0.2.120
[INFO] [stderr]    Compiling version_check v0.9.4
[INFO] [stderr]    Compiling memchr v2.4.1
[INFO] [stderr]    Compiling log v0.4.14
[INFO] [stderr]     Checking cfg-if v1.0.0
[INFO] [stderr]    Compiling autocfg v1.1.0
[INFO] [stderr]     Checking pin-project-lite v0.2.8
[INFO] [stderr]    Compiling futures-core v0.3.21
[INFO] [stderr]    Compiling cc v1.0.73
[INFO] [stderr]    Compiling value-bag v1.0.0-alpha.8
[INFO] [stderr]     Checking once_cell v1.10.0
[INFO] [stderr]    Compiling pkg-config v0.3.24
[INFO] [stderr]    Compiling indexmap v1.8.0
[INFO] [stderr]     Checking lazy_static v1.4.0
[INFO] [stderr]     Checking bytes v1.1.0
[INFO] [stderr]     Checking slab v0.4.5
[INFO] [stderr]    Compiling quote v1.0.15
[INFO] [stderr]     Checking socket2 v0.4.4
[INFO] [stderr]     Checking signal-hook-registry v1.4.0
[INFO] [stderr]     Checking num_cpus v1.13.1
[INFO] [stderr]    Compiling serde_derive v1.0.136
[INFO] [stderr]    Compiling serde v1.0.136
[INFO] [stderr]     Checking cache-padded v1.2.0
[INFO] [stderr]     Checking itoa v1.0.1
[INFO] [stderr]     Checking concurrent-queue v1.2.2
[INFO] [stderr]     Checking event-listener v2.5.2
[INFO] [stderr]     Checking futures-io v0.3.21
[INFO] [stderr]     Checking tracing-core v0.1.23
[INFO] [stderr]     Checking waker-fn v1.1.0
[INFO] [stderr]     Checking parking v2.0.0
[INFO] [stderr]     Checking fastrand v1.7.0
[INFO] [stderr]     Checking pin-utils v0.1.0
[INFO] [stderr]     Checking regex-syntax v0.6.25
[INFO] [stderr]     Checking fnv v1.0.7
[INFO] [stderr]    Compiling futures-task v0.3.21
[INFO] [stderr]     Checking futures-lite v1.12.0
[INFO] [stderr]    Compiling openssl-sys v0.9.72
[INFO] [stderr]    Compiling libz-sys v1.1.5
[INFO] [stderr]    Compiling aho-corasick v0.7.18
[INFO] [stderr]    Compiling libnghttp2-sys v0.1.7+1.45.0
[INFO] [stderr]    Compiling parking_lot_core v0.8.5
[INFO] [stderr]     Checking http v0.2.6
[INFO] [stderr]    Compiling dirs-sys-next v0.1.2
[INFO] [stderr]    Compiling instant v0.1.12
[INFO] [stderr]    Compiling smallvec v1.8.0
[INFO] [stderr]     Checking tinyvec_macros v0.1.0
[INFO] [stderr]    Compiling futures-util v0.3.21
[INFO] [stderr]    Compiling crunchy v0.2.2
[INFO] [stderr]     Checking openssl-probe v0.1.5
[INFO] [stderr]    Compiling regex v1.5.5
[INFO] [stderr]    Compiling scopeguard v1.1.0
[INFO] [stderr]     Checking matches v0.1.9
[INFO] [stderr]    Compiling lock_api v0.4.6
[INFO] [stderr]     Checking tinyvec v1.5.1
[INFO] [stderr]    Compiling dirs-next v2.0.0
[INFO] [stderr]    Compiling curl-sys v0.4.53+curl-7.82.0
[INFO] [stderr]     Checking async-channel v1.6.1
[INFO] [stderr]    Compiling hashbrown v0.11.2
[INFO] [stderr]    Compiling siphasher v0.3.10
[INFO] [stderr]     Checking percent-encoding v2.1.0
[INFO] [stderr]     Checking futures-sink v0.3.21
[INFO] [stderr]    Compiling tiny-keccak v2.0.2
[INFO] [stderr]     Checking foreign-types-shared v0.1.1
[INFO] [stderr]    Compiling httparse v1.6.0
[INFO] [stderr]    Compiling futures-channel v0.3.21
[INFO] [stderr]    Compiling openssl v0.10.38
[INFO] [stderr]     Checking foreign-types v0.3.2
[INFO] [stderr]    Compiling phf_shared v0.10.0
[INFO] [stderr]     Checking form_urlencoded v1.0.1
[INFO] [stderr]     Checking unicode-normalization v0.1.19
[INFO] [stderr]    Compiling parking_lot v0.11.2
[INFO] [stderr]    Compiling term v0.7.0
[INFO] [stderr]    Compiling precomputed-hash v0.1.1
[INFO] [stderr]    Compiling either v1.6.1
[INFO] [stderr]     Checking ryu v1.0.9
[INFO] [stderr]    Compiling encoding_rs v0.8.30
[INFO] [stderr]     Checking bitflags v1.3.2
[INFO] [stderr]    Compiling bit-vec v0.6.3
[INFO] [stderr]     Checking unicode-bidi v0.3.7
[INFO] [stderr]    Compiling ident_case v1.0.1
[INFO] [stderr]    Compiling new_debug_unreachable v1.0.4
[INFO] [stderr]    Compiling crossbeam-utils v0.8.8
[INFO] [stderr]    Compiling signal-hook v0.3.13
[INFO] [stderr]     Checking async-task v4.2.0
[INFO] [stderr]     Checking try-lock v0.2.3
[INFO] [stderr]    Compiling fixedbitset v0.2.0
[INFO] [stderr]    Compiling strsim v0.10.0
[INFO] [stderr]    Compiling native-tls v0.2.8
[INFO] [stderr]    Compiling string_cache v0.8.3
[INFO] [stderr]     Checking idna v0.2.3
[INFO] [stderr]    Compiling darling_core v0.12.4
[INFO] [stderr]    Compiling petgraph v0.5.1
[INFO] [stderr]    Compiling bit-set v0.5.2
[INFO] [stderr]    Compiling ascii-canvas v3.0.0
[INFO] [stderr]    Compiling itertools v0.10.3
[INFO] [stderr]    Compiling lalrpop-util v0.19.7
[INFO] [stderr]     Checking http-body v0.4.4
[INFO] [stderr]    Compiling atty v0.2.14
[INFO] [stderr]    Compiling serde_json v1.0.79
[INFO] [stderr]    Compiling diff v0.1.12
[INFO] [stderr]     Checking httpdate v1.0.2
[INFO] [stderr]     Checking atomic-waker v1.0.0
[INFO] [stderr]     Checking tower-service v0.3.1
[INFO] [stderr]    Compiling pico-args v0.4.2
[INFO] [stderr]     Checking blocking v1.2.0
[INFO] [stderr]     Checking url v2.2.2
[INFO] [stderr]     Checking async-executor v1.4.1
[INFO] [stderr]     Checking async-mutex v1.4.0
[INFO] [stderr]    Compiling async-trait v0.1.52
[INFO] [stderr]    Compiling curl v0.4.43
[INFO] [stderr]     Checking mime v0.3.16
[INFO] [stderr]    Compiling ctor v0.1.21
[INFO] [stderr]    Compiling tokio-macros v1.7.0
[INFO] [stderr]    Compiling tracing-attributes v0.1.20
[INFO] [stderr]    Compiling futures-macro v0.3.21
[INFO] [stderr]    Compiling pin-project-internal v1.0.10
[INFO] [stderr]    Compiling darling_macro v0.12.4
[INFO] [stderr]     Checking mio v0.8.1
[INFO] [stderr]     Checking tokio v1.17.0
[INFO] [stderr]     Checking polling v2.2.0
[INFO] [stderr]     Checking async-io v1.6.0
[INFO] [stderr]    Compiling ena v0.14.0
[INFO] [stderr]     Checking want v0.3.0
[INFO] [stderr]    Compiling lalrpop v0.19.7
[INFO] [stderr]     Checking pin-project v1.0.10
[INFO] [stderr]     Checking async-global-executor v2.0.3
[INFO] [stderr]     Checking async-process v1.3.0
[INFO] [stderr]     Checking tracing v0.1.32
[INFO] [stderr]    Compiling darling v0.12.4
[INFO] [stderr]     Checking kv-log-macro v1.0.7
[INFO] [stderr]     Checking async-lock v2.5.0
[INFO] [stderr]    Compiling isahc v1.7.0
[INFO] [stderr]     Checking base64 v0.13.0
[INFO] [stderr]    Compiling anyhow v1.0.56
[INFO] [stderr]     Checking async-std v1.10.0
[INFO] [stderr]     Checking tracing-futures v0.2.5
[INFO] [stderr]    Compiling derive_builder_core v0.10.2
[INFO] [stderr]    Compiling async-stream-impl v0.3.3
[INFO] [stderr]    Compiling thiserror-impl v1.0.30
[INFO] [stderr]    Compiling synstructure v0.12.6
[INFO] [stderr]     Checking tokio-util v0.6.9
[INFO] [stderr]     Checking tokio-native-tls v0.3.0
[INFO] [stderr]     Checking sluice v0.5.5
[INFO] [stderr]     Checking h2 v0.3.12
[INFO] [stderr]     Checking regex-automata v0.1.10
[INFO] [stderr]     Checking castaway v0.1.2
[INFO] [stderr]     Checking ipnet v2.4.0
[INFO] [stderr]     Checking async-object-pool v0.1.4
[INFO] [stderr]     Checking matchers v0.1.0
[INFO] [stderr]     Checking tokio-stream v0.1.8
[INFO] [stderr]     Checking async-stream v0.3.3
[INFO] [stderr]    Compiling derive_builder_macro v0.10.2
[INFO] [stderr]     Checking sharded-slab v0.1.4
[INFO] [stderr]     Checking thiserror v1.0.30
[INFO] [stderr]     Checking thread_local v1.1.4
[INFO] [stderr]     Checking termcolor v1.1.3
[INFO] [stderr]     Checking similar v2.1.0
[INFO] [stderr]     Checking levenshtein v1.0.5
[INFO] [stderr]     Checking humantime v2.1.0
[INFO] [stderr]     Checking tracing-subscriber v0.3.9
[INFO] [stderr]     Checking tokio-test v0.4.2
[INFO] [stderr]     Checking derive_builder v0.10.2
[INFO] [stderr]     Checking env_logger v0.9.0
[INFO] [stderr]    Compiling test-log v0.2.8
[INFO] [stderr]     Checking serde_urlencoded v0.7.1
[INFO] [stderr]     Checking serde_regex v1.1.0
[INFO] [stderr]     Checking hyper v0.14.17
[INFO] [stderr]     Checking assert-json-diff v2.0.1
[INFO] [stderr]    Compiling rustify_derive v0.5.2
[INFO] [stderr]     Checking hyper-tls v0.5.0
[INFO] [stderr]    Compiling basic-cookies v0.1.4
[INFO] [stderr]     Checking reqwest v0.11.10
[INFO] [stderr]     Checking rustify v0.5.3 (/opt/rustwide/workdir)
[INFO] [stderr]     Checking httpmock v0.6.6
[INFO] [stderr]     Checking rustify-tests v0.0.0 (/opt/rustwide/target/tests/rustify)
[INFO] [stderr]     Finished dev [unoptimized + debuginfo] target(s) in 39.14s
[INFO] [stderr] warning: the following packages contain code that will be rejected by a future version of Rust: lalrpop v0.19.7
[INFO] [stderr] note: to see what the problems were, use the option `--future-incompat-report`, or run `cargo report future-incompatibilities --id 1`
[INFO] [stderr] 
[INFO] [stderr] 
[INFO] [stderr] test tests/macro/empty_attr.rs ... error
[INFO] [stderr] Read-only file system (os error 30)
[INFO] [stderr] 
[INFO] [stderr] test tests/macro/invalid_data.rs ... error
[INFO] [stderr] Read-only file system (os error 30)
[INFO] [stderr] 
[INFO] [stderr] test tests/macro/invalid_method.rs ... error
[INFO] [stderr] Read-only file system (os error 30)
[INFO] [stderr] 
[INFO] [stderr] test tests/macro/invalid_result.rs ... error
[INFO] [stderr] Read-only file system (os error 30)
[INFO] [stderr] 
[INFO] [stderr] test tests/macro/invalid_type.rs ... error
[INFO] [stderr] Read-only file system (os error 30)
[INFO] [stderr] 
[INFO] [stderr] test tests/macro/no_attr.rs ... error
[INFO] [stderr] Read-only file system (os error 30)
[INFO] [stderr] 
[INFO] [stderr] test tests/macro/no_path.rs ... error
[INFO] [stderr] Read-only file system (os error 30)
[INFO] [stderr] 
[INFO] [stderr] 
[INFO] [stderr] 
[INFO] [stdout] test test_macro ... FAILED
[INFO] [stdout] 
[INFO] [stdout] failures:
[INFO] [stdout] 
[INFO] [stdout] ---- test_macro stdout ----
[INFO] [stdout] thread 'test_macro' panicked at '7 of 7 tests failed', /opt/rustwide/cargo-home/registry/src/index.crates.io-6f17d22bba15001f/trybuild-1.0.56/src/run.rs:74:13
[INFO] [stdout] stack backtrace:
[INFO] [stdout]    0:     0x55603ca0926a - std::backtrace_rs::backtrace::libunwind::trace::h2f05d0192276a8f6
[INFO] [stdout]                                at /rustc/1b7dd2252b99671ce5d1cb9664c5f8636329436d/library/std/src/../../backtrace/src/backtrace/libunwind.rs:93:5
[INFO] [stdout]    1:     0x55603ca0926a - std::backtrace_rs::backtrace::trace_unsynchronized::hedc23dff7a1af150
[INFO] [stdout]                                at /rustc/1b7dd2252b99671ce5d1cb9664c5f8636329436d/library/std/src/../../backtrace/src/backtrace/mod.rs:66:5
[INFO] [stdout]    2:     0x55603ca0926a - std::sys_common::backtrace::_print_fmt::h17541ef7592f3ce2
[INFO] [stdout]                                at /rustc/1b7dd2252b99671ce5d1cb9664c5f8636329436d/library/std/src/sys_common/backtrace.rs:65:5
[INFO] [stdout]    3:     0x55603ca0926a - <std::sys_common::backtrace::_print::DisplayBacktrace as core::fmt::Display>::fmt::h20f75df5ab0c0792
[INFO] [stdout]                                at /rustc/1b7dd2252b99671ce5d1cb9664c5f8636329436d/library/std/src/sys_common/backtrace.rs:44:22
[INFO] [stdout]    4:     0x55603ca2f5af - core::fmt::write::h78109e6f466b3af6
[INFO] [stdout]                                at /rustc/1b7dd2252b99671ce5d1cb9664c5f8636329436d/library/core/src/fmt/mod.rs:1254:17
[INFO] [stdout]    5:     0x55603ca057f5 - std::io::Write::write_fmt::hd24bfb68a1b35a25
[INFO] [stdout]                                at /rustc/1b7dd2252b99671ce5d1cb9664c5f8636329436d/library/std/src/io/mod.rs:1698:15
[INFO] [stdout]    6:     0x55603ca09035 - std::sys_common::backtrace::_print::h8dac57a9f8fbf9a5
[INFO] [stdout]                                at /rustc/1b7dd2252b99671ce5d1cb9664c5f8636329436d/library/std/src/sys_common/backtrace.rs:47:5
[INFO] [stdout]    7:     0x55603ca09035 - std::sys_common::backtrace::print::hf9ecbf41d1aa712f
[INFO] [stdout]                                at /rustc/1b7dd2252b99671ce5d1cb9664c5f8636329436d/library/std/src/sys_common/backtrace.rs:34:9
[INFO] [stdout]    8:     0x55603ca0acee - std::panicking::default_hook::{{closure}}::h04c07acfc84ca028
[INFO] [stdout]                                at /rustc/1b7dd2252b99671ce5d1cb9664c5f8636329436d/library/std/src/panicking.rs:269:22
[INFO] [stdout]    9:     0x55603ca0aa21 - std::panicking::default_hook::h01f6bb23e1eceb2c
[INFO] [stdout]                                at /rustc/1b7dd2252b99671ce5d1cb9664c5f8636329436d/library/std/src/panicking.rs:285:9
[INFO] [stdout]   10:     0x55603c9dc40b - <alloc::boxed::Box<F,A> as core::ops::function::Fn<Args>>::call::h87fe9f7b2fd49e4c
[INFO] [stdout]                                at /rustc/1b7dd2252b99671ce5d1cb9664c5f8636329436d/library/alloc/src/boxed.rs:1987:9
[INFO] [stdout]   11:     0x55603c9dc40b - test::test_main::{{closure}}::he94d679243a7531b
[INFO] [stdout]                                at /rustc/1b7dd2252b99671ce5d1cb9664c5f8636329436d/library/test/src/lib.rs:134:21
[INFO] [stdout]   12:     0x55603ca0b3d4 - <alloc::boxed::Box<F,A> as core::ops::function::Fn<Args>>::call::h3f2d6d8b14c4769f
[INFO] [stdout]                                at /rustc/1b7dd2252b99671ce5d1cb9664c5f8636329436d/library/alloc/src/boxed.rs:1987:9
[INFO] [stdout]   13:     0x55603ca0b3d4 - std::panicking::rust_panic_with_hook::h2bb3722bbaf2f6df
[INFO] [stdout]                                at /rustc/1b7dd2252b99671ce5d1cb9664c5f8636329436d/library/std/src/panicking.rs:695:13
[INFO] [stdout]   14:     0x55603ca0b149 - std::panicking::begin_panic_handler::{{closure}}::h91bc7f36a4be011b
[INFO] [stdout]                                at /rustc/1b7dd2252b99671ce5d1cb9664c5f8636329436d/library/std/src/panicking.rs:582:13
[INFO] [stdout]   15:     0x55603ca096d6 - std::sys_common::backtrace::__rust_end_short_backtrace::h8b3d3717114f9e59
[INFO] [stdout]                                at /rustc/1b7dd2252b99671ce5d1cb9664c5f8636329436d/library/std/src/sys_common/backtrace.rs:150:18
[INFO] [stdout]   16:     0x55603ca0aea2 - rust_begin_unwind
[INFO] [stdout]                                at /rustc/1b7dd2252b99671ce5d1cb9664c5f8636329436d/library/std/src/panicking.rs:578:5
[INFO] [stdout]   17:     0x55603c7dce73 - core::panicking::panic_fmt::hfd368e3fbdabea26
[INFO] [stdout]                                at /rustc/1b7dd2252b99671ce5d1cb9664c5f8636329436d/library/core/src/panicking.rs:67:14
[INFO] [stdout]   18:     0x55603c7e9c9b - trybuild::run::<impl trybuild::Runner>::run::hf2c05d504b58562f
[INFO] [stdout]                                at /opt/rustwide/cargo-home/registry/src/index.crates.io-6f17d22bba15001f/trybuild-1.0.56/src/run.rs:74:13
[INFO] [stdout]   19:     0x55603c7ee03a - <trybuild::TestCases as core::ops::drop::Drop>::drop::h1c7c380ebb3840d8
[INFO] [stdout]                                at /opt/rustwide/cargo-home/registry/src/index.crates.io-6f17d22bba15001f/trybuild-1.0.56/src/lib.rs:308:13
[INFO] [stdout]   20:     0x55603c7de7e7 - core::ptr::drop_in_place<trybuild::TestCases>::hb19662dc78402d38
[INFO] [stdout]                                at /rustc/1b7dd2252b99671ce5d1cb9664c5f8636329436d/library/core/src/ptr/mod.rs:490:1
[INFO] [stdout]   21:     0x55603c7dd8c3 - macro::test_macro::h695aab7d1bfc03e6
[INFO] [stdout]                                at /opt/rustwide/workdir/tests/macro.rs:5:1
[INFO] [stdout]   22:     0x55603c7dd857 - macro::test_macro::{{closure}}::h91afc0cfcf916bb8
[INFO] [stdout]                                at /opt/rustwide/workdir/tests/macro.rs:2:17
[INFO] [stdout]   23:     0x55603c7de745 - core::ops::function::FnOnce::call_once::h33498eb6244ab955
[INFO] [stdout]                                at /rustc/1b7dd2252b99671ce5d1cb9664c5f8636329436d/library/core/src/ops/function.rs:250:5
[INFO] [stdout]   24:     0x55603c9e12df - core::ops::function::FnOnce::call_once::ha6a70e79f7481a7e
[INFO] [stdout]                                at /rustc/1b7dd2252b99671ce5d1cb9664c5f8636329436d/library/core/src/ops/function.rs:250:5
[INFO] [stdout]   25:     0x55603c9e12df - test::__rust_begin_short_backtrace::hce33033019b61e69
[INFO] [stdout]                                at /rustc/1b7dd2252b99671ce5d1cb9664c5f8636329436d/library/test/src/lib.rs:655:18
[INFO] [stdout]   26:     0x55603c9aeacc - test::run_test::{{closure}}::h858d3528838ae3e5
[INFO] [stdout]                                at /rustc/1b7dd2252b99671ce5d1cb9664c5f8636329436d/library/test/src/lib.rs:646:30
[INFO] [stdout]   27:     0x55603c9aeacc - core::ops::function::FnOnce::call_once{{vtable.shim}}::he8ac2b00f01ae79e
[INFO] [stdout]                                at /rustc/1b7dd2252b99671ce5d1cb9664c5f8636329436d/library/core/src/ops/function.rs:250:5
[INFO] [stdout]   28:     0x55603c9e03b6 - <alloc::boxed::Box<F,A> as core::ops::function::FnOnce<Args>>::call_once::h8093d25b522725ef
[INFO] [stdout]                                at /rustc/1b7dd2252b99671ce5d1cb9664c5f8636329436d/library/alloc/src/boxed.rs:1973:9
[INFO] [stdout]   29:     0x55603c9e03b6 - <core::panic::unwind_safe::AssertUnwindSafe<F> as core::ops::function::FnOnce<()>>::call_once::h5c334c204e4a3913
[INFO] [stdout]                                at /rustc/1b7dd2252b99671ce5d1cb9664c5f8636329436d/library/core/src/panic/unwind_safe.rs:271:9
[INFO] [stdout]   30:     0x55603c9e03b6 - std::panicking::try::do_call::ha8b740c7b9478074
[INFO] [stdout]                                at /rustc/1b7dd2252b99671ce5d1cb9664c5f8636329436d/library/std/src/panicking.rs:485:40
[INFO] [stdout]   31:     0x55603c9e03b6 - std::panicking::try::h5d34f63d0e41b64e
[INFO] [stdout]                                at /rustc/1b7dd2252b99671ce5d1cb9664c5f8636329436d/library/std/src/panicking.rs:449:19
[INFO] [stdout]   32:     0x55603c9e03b6 - std::panic::catch_unwind::hcfbb511e1aa7fc67
[INFO] [stdout]                                at /rustc/1b7dd2252b99671ce5d1cb9664c5f8636329436d/library/std/src/panic.rs:140:14
[INFO] [stdout]   33:     0x55603c9e03b6 - test::run_test_in_process::h9abda90f802eaf21
[INFO] [stdout]                                at /rustc/1b7dd2252b99671ce5d1cb9664c5f8636329436d/library/test/src/lib.rs:678:27
[INFO] [stdout]   34:     0x55603c9e03b6 - test::run_test::run_test_inner::{{closure}}::h0f058de91f6c6edf
[INFO] [stdout]                                at /rustc/1b7dd2252b99671ce5d1cb9664c5f8636329436d/library/test/src/lib.rs:572:39
[INFO] [stdout]   35:     0x55603c9a92d5 - test::run_test::run_test_inner::{{closure}}::h5ca48a4c59c6c1fb
[INFO] [stdout]                                at /rustc/1b7dd2252b99671ce5d1cb9664c5f8636329436d/library/test/src/lib.rs:599:37
[INFO] [stdout]   36:     0x55603c9a92d5 - std::sys_common::backtrace::__rust_begin_short_backtrace::h32bd51e1495d4a33
[INFO] [stdout]                                at /rustc/1b7dd2252b99671ce5d1cb9664c5f8636329436d/library/std/src/sys_common/backtrace.rs:134:18
[INFO] [stdout]   37:     0x55603c9ae811 - std::thread::Builder::spawn_unchecked_::{{closure}}::{{closure}}::hc086fae9b128b2db
[INFO] [stdout]                                at /rustc/1b7dd2252b99671ce5d1cb9664c5f8636329436d/library/std/src/thread/mod.rs:526:17
[INFO] [stdout]   38:     0x55603c9ae811 - <core::panic::unwind_safe::AssertUnwindSafe<F> as core::ops::function::FnOnce<()>>::call_once::hb66571888d270d43
[INFO] [stdout]                                at /rustc/1b7dd2252b99671ce5d1cb9664c5f8636329436d/library/core/src/panic/unwind_safe.rs:271:9
[INFO] [stdout]   39:     0x55603c9ae811 - std::panicking::try::do_call::h4fa2ef4f6e51fecf
[INFO] [stdout]                                at /rustc/1b7dd2252b99671ce5d1cb9664c5f8636329436d/library/std/src/panicking.rs:485:40
[INFO] [stdout]   40:     0x55603c9ae811 - std::panicking::try::h1e9e22b8584489b5
[INFO] [stdout]                                at /rustc/1b7dd2252b99671ce5d1cb9664c5f8636329436d/library/std/src/panicking.rs:449:19
[INFO] [stdout]   41:     0x55603c9ae811 - std::panic::catch_unwind::h44698a3de0e0769e
[INFO] [stdout]                                at /rustc/1b7dd2252b99671ce5d1cb9664c5f8636329436d/library/std/src/panic.rs:140:14
[INFO] [stdout]   42:     0x55603c9ae811 - std::thread::Builder::spawn_unchecked_::{{closure}}::h50153abde3fe239e
[INFO] [stdout]                                at /rustc/1b7dd2252b99671ce5d1cb9664c5f8636329436d/library/std/src/thread/mod.rs:525:30
[INFO] [stdout]   43:     0x55603c9ae811 - core::ops::function::FnOnce::call_once{{vtable.shim}}::hbe5bbf6f38394364
[INFO] [stdout]                                at /rustc/1b7dd2252b99671ce5d1cb9664c5f8636329436d/library/core/src/ops/function.rs:250:5
[INFO] [stdout]   44:     0x55603ca10825 - <alloc::boxed::Box<F,A> as core::ops::function::FnOnce<Args>>::call_once::h0d83cb2920a49046
[INFO] [stdout]                                at /rustc/1b7dd2252b99671ce5d1cb9664c5f8636329436d/library/alloc/src/boxed.rs:1973:9
[INFO] [stdout]   45:     0x55603ca10825 - <alloc::boxed::Box<F,A> as core::ops::function::FnOnce<Args>>::call_once::hbe0a008aa7d9ef59
[INFO] [stdout]                                at /rustc/1b7dd2252b99671ce5d1cb9664c5f8636329436d/library/alloc/src/boxed.rs:1973:9
[INFO] [stdout]   46:     0x55603ca10825 - std::sys::unix::thread::Thread::new::thread_start::h3a466996bdf6b1f9
[INFO] [stdout]                                at /rustc/1b7dd2252b99671ce5d1cb9664c5f8636329436d/library/std/src/sys/unix/thread.rs:108:17
[INFO] [stdout]   47:     0x7f99dfc47b43 - <unknown>
[INFO] [stdout]   48:     0x7f99dfcd8bb4 - __clone
[INFO] [stdout]   49:                0x0 - <unknown>
[INFO] [stdout] 
[INFO] [stdout] 
[INFO] [stdout] failures:
[INFO] [stdout]     test_macro
[INFO] [stdout] 
[INFO] [stdout] test result: FAILED. 0 passed; 1 failed; 0 ignored; 0 measured; 0 filtered out; finished in 42.59s
[INFO] [stdout] 
[INFO] [stderr] error: test failed, to rerun pass `--test macro`
[INFO] running `Command { std: "docker" "inspect" "6d7879bde66660a7ec295d655ad746508edeba6be09a9dc2e924b341f7310383", kill_on_drop: false }`
[INFO] running `Command { std: "docker" "rm" "-f" "6d7879bde66660a7ec295d655ad746508edeba6be09a9dc2e924b341f7310383", kill_on_drop: false }`
[INFO] [stdout] 6d7879bde66660a7ec295d655ad746508edeba6be09a9dc2e924b341f7310383
