[INFO] fetching crate rustified_derive 0.5.3...
[INFO] testing rustified_derive-0.5.3 against 1.69.0 for beta-1.70-1
[INFO] extracting crate rustified_derive 0.5.3 into /workspace/builds/worker-2-tc1/source
[INFO] validating manifest of crates.io crate rustified_derive 0.5.3 on toolchain 1.69.0
[INFO] running `Command { std: CARGO_HOME="/workspace/cargo-home" RUSTUP_HOME="/workspace/rustup-home" "/workspace/cargo-home/bin/cargo" "+1.69.0" "metadata" "--manifest-path" "Cargo.toml" "--no-deps", kill_on_drop: false }`
[INFO] started tweaking crates.io crate rustified_derive 0.5.3
[INFO] finished tweaking crates.io crate rustified_derive 0.5.3
[INFO] tweaked toml for crates.io crate rustified_derive 0.5.3 written to /workspace/builds/worker-2-tc1/source/Cargo.toml
[INFO] running `Command { std: CARGO_HOME="/workspace/cargo-home" RUSTUP_HOME="/workspace/rustup-home" __CARGO_TEST_CHANNEL_OVERRIDE_DO_NOT_USE_THIS="nightly" "/workspace/cargo-home/bin/cargo" "+1.69.0" "generate-lockfile" "--manifest-path" "Cargo.toml" "-Zno-index-update", kill_on_drop: false }`
[INFO] running `Command { std: CARGO_HOME="/workspace/cargo-home" RUSTUP_HOME="/workspace/rustup-home" "/workspace/cargo-home/bin/cargo" "+1.69.0" "fetch" "--manifest-path" "Cargo.toml", kill_on_drop: false }`
[INFO] running `Command { std: "docker" "create" "-v" "/var/lib/crater-agent-workspace/builds/worker-2-tc1/target:/opt/rustwide/target:rw,Z" "-v" "/var/lib/crater-agent-workspace/builds/worker-2-tc1/source:/opt/rustwide/workdir:ro,Z" "-v" "/var/lib/crater-agent-workspace/cargo-home:/opt/rustwide/cargo-home:ro,Z" "-v" "/var/lib/crater-agent-workspace/rustup-home:/opt/rustwide/rustup-home:ro,Z" "-e" "SOURCE_DIR=/opt/rustwide/workdir" "-e" "CARGO_TARGET_DIR=/opt/rustwide/target" "-e" "CARGO_HOME=/opt/rustwide/cargo-home" "-e" "RUSTUP_HOME=/opt/rustwide/rustup-home" "-w" "/opt/rustwide/workdir" "-m" "1610612736" "--user" "0:0" "--network" "none" "ghcr.io/rust-lang/crates-build-env/linux@sha256:5ff2268d62e97bff2cde7d5815dd6ed5b47097566f13b8d0ca110b04b60e07ed" "/opt/rustwide/cargo-home/bin/cargo" "+1.69.0" "metadata" "--no-deps" "--format-version=1", kill_on_drop: false }`
[INFO] [stdout] cfea3b506ef5fd0148430b047fd6fa140ff892980dd10624d666ed214a4795c6
[INFO] running `Command { std: "docker" "start" "-a" "cfea3b506ef5fd0148430b047fd6fa140ff892980dd10624d666ed214a4795c6", kill_on_drop: false }`
[INFO] running `Command { std: "docker" "inspect" "cfea3b506ef5fd0148430b047fd6fa140ff892980dd10624d666ed214a4795c6", kill_on_drop: false }`
[INFO] running `Command { std: "docker" "rm" "-f" "cfea3b506ef5fd0148430b047fd6fa140ff892980dd10624d666ed214a4795c6", kill_on_drop: false }`
[INFO] [stdout] cfea3b506ef5fd0148430b047fd6fa140ff892980dd10624d666ed214a4795c6
[INFO] running `Command { std: "docker" "create" "-v" "/var/lib/crater-agent-workspace/builds/worker-2-tc1/target:/opt/rustwide/target:rw,Z" "-v" "/var/lib/crater-agent-workspace/builds/worker-2-tc1/source:/opt/rustwide/workdir:ro,Z" "-v" "/var/lib/crater-agent-workspace/cargo-home:/opt/rustwide/cargo-home:ro,Z" "-v" "/var/lib/crater-agent-workspace/rustup-home:/opt/rustwide/rustup-home:ro,Z" "-e" "SOURCE_DIR=/opt/rustwide/workdir" "-e" "CARGO_TARGET_DIR=/opt/rustwide/target" "-e" "CARGO_INCREMENTAL=0" "-e" "RUST_BACKTRACE=full" "-e" "RUSTFLAGS=--cap-lints=warn" "-e" "RUSTDOCFLAGS=--cap-lints=warn" "-e" "CARGO_HOME=/opt/rustwide/cargo-home" "-e" "RUSTUP_HOME=/opt/rustwide/rustup-home" "-w" "/opt/rustwide/workdir" "-m" "1610612736" "--user" "0:0" "--network" "none" "ghcr.io/rust-lang/crates-build-env/linux@sha256:5ff2268d62e97bff2cde7d5815dd6ed5b47097566f13b8d0ca110b04b60e07ed" "/opt/rustwide/cargo-home/bin/cargo" "+1.69.0" "build" "--frozen" "--message-format=json", kill_on_drop: false }`
[INFO] [stdout] aa77c5672bdd39ed3cb81818ea7be3caf8ecf13794d0d3e3dd0cd84d59d0ca0d
[INFO] running `Command { std: "docker" "start" "-a" "aa77c5672bdd39ed3cb81818ea7be3caf8ecf13794d0d3e3dd0cd84d59d0ca0d", kill_on_drop: false }`
[INFO] [stderr]    Compiling proc-macro2 v1.0.56
[INFO] [stderr]    Compiling unicode-ident v1.0.8
[INFO] [stderr]    Compiling quote v1.0.26
[INFO] [stderr]    Compiling memchr v2.5.0
[INFO] [stderr]    Compiling syn v1.0.109
[INFO] [stderr]    Compiling serde v1.0.160
[INFO] [stderr]    Compiling percent-encoding v2.2.0
[INFO] [stderr]    Compiling ryu v1.0.13
[INFO] [stderr]    Compiling form_urlencoded v1.1.0
[INFO] [stderr]    Compiling unicode-xid v0.2.4
[INFO] [stderr]    Compiling regex-syntax v0.7.1
[INFO] [stderr]    Compiling itoa v1.0.6
[INFO] [stderr]    Compiling aho-corasick v1.0.1
[INFO] [stderr]    Compiling regex v1.8.1
[INFO] [stderr]    Compiling synstructure v0.12.6
[INFO] [stderr]    Compiling serde_urlencoded v0.7.1
[INFO] [stderr]    Compiling rustified_derive v0.5.3 (/opt/rustwide/workdir)
[INFO] [stderr]     Finished dev [unoptimized + debuginfo] target(s) in 11.19s
[INFO] running `Command { std: "docker" "inspect" "aa77c5672bdd39ed3cb81818ea7be3caf8ecf13794d0d3e3dd0cd84d59d0ca0d", kill_on_drop: false }`
[INFO] running `Command { std: "docker" "rm" "-f" "aa77c5672bdd39ed3cb81818ea7be3caf8ecf13794d0d3e3dd0cd84d59d0ca0d", kill_on_drop: false }`
[INFO] [stdout] aa77c5672bdd39ed3cb81818ea7be3caf8ecf13794d0d3e3dd0cd84d59d0ca0d
[INFO] running `Command { std: "docker" "create" "-v" "/var/lib/crater-agent-workspace/builds/worker-2-tc1/target:/opt/rustwide/target:rw,Z" "-v" "/var/lib/crater-agent-workspace/builds/worker-2-tc1/source:/opt/rustwide/workdir:ro,Z" "-v" "/var/lib/crater-agent-workspace/cargo-home:/opt/rustwide/cargo-home:ro,Z" "-v" "/var/lib/crater-agent-workspace/rustup-home:/opt/rustwide/rustup-home:ro,Z" "-e" "SOURCE_DIR=/opt/rustwide/workdir" "-e" "CARGO_TARGET_DIR=/opt/rustwide/target" "-e" "CARGO_INCREMENTAL=0" "-e" "RUST_BACKTRACE=full" "-e" "RUSTFLAGS=--cap-lints=warn" "-e" "RUSTDOCFLAGS=--cap-lints=warn" "-e" "CARGO_HOME=/opt/rustwide/cargo-home" "-e" "RUSTUP_HOME=/opt/rustwide/rustup-home" "-w" "/opt/rustwide/workdir" "-m" "1610612736" "--user" "0:0" "--network" "none" "ghcr.io/rust-lang/crates-build-env/linux@sha256:5ff2268d62e97bff2cde7d5815dd6ed5b47097566f13b8d0ca110b04b60e07ed" "/opt/rustwide/cargo-home/bin/cargo" "+1.69.0" "test" "--frozen" "--no-run" "--message-format=json", kill_on_drop: false }`
[INFO] [stdout] 5a67761b8f8f95476c9a18eb91ecc41b3cc018db13952ba2a7c4bc3440501cba
[INFO] running `Command { std: "docker" "start" "-a" "5a67761b8f8f95476c9a18eb91ecc41b3cc018db13952ba2a7c4bc3440501cba", kill_on_drop: false }`
[INFO] [stderr]    Compiling rustified_derive v0.5.3 (/opt/rustwide/workdir)
[INFO] [stderr]     Finished test [unoptimized + debuginfo] target(s) in 1.31s
[INFO] running `Command { std: "docker" "inspect" "5a67761b8f8f95476c9a18eb91ecc41b3cc018db13952ba2a7c4bc3440501cba", kill_on_drop: false }`
[INFO] running `Command { std: "docker" "rm" "-f" "5a67761b8f8f95476c9a18eb91ecc41b3cc018db13952ba2a7c4bc3440501cba", kill_on_drop: false }`
[INFO] [stdout] 5a67761b8f8f95476c9a18eb91ecc41b3cc018db13952ba2a7c4bc3440501cba
[INFO] running `Command { std: "docker" "create" "-v" "/var/lib/crater-agent-workspace/builds/worker-2-tc1/target:/opt/rustwide/target:rw,Z" "-v" "/var/lib/crater-agent-workspace/builds/worker-2-tc1/source:/opt/rustwide/workdir:ro,Z" "-v" "/var/lib/crater-agent-workspace/cargo-home:/opt/rustwide/cargo-home:ro,Z" "-v" "/var/lib/crater-agent-workspace/rustup-home:/opt/rustwide/rustup-home:ro,Z" "-e" "SOURCE_DIR=/opt/rustwide/workdir" "-e" "CARGO_TARGET_DIR=/opt/rustwide/target" "-e" "CARGO_INCREMENTAL=0" "-e" "RUST_BACKTRACE=full" "-e" "RUSTFLAGS=--cap-lints=warn" "-e" "RUSTDOCFLAGS=--cap-lints=warn" "-e" "CARGO_HOME=/opt/rustwide/cargo-home" "-e" "RUSTUP_HOME=/opt/rustwide/rustup-home" "-w" "/opt/rustwide/workdir" "-m" "1610612736" "--user" "0:0" "--network" "none" "ghcr.io/rust-lang/crates-build-env/linux@sha256:5ff2268d62e97bff2cde7d5815dd6ed5b47097566f13b8d0ca110b04b60e07ed" "/opt/rustwide/cargo-home/bin/cargo" "+1.69.0" "test" "--frozen", kill_on_drop: false }`
[INFO] [stdout] dad3683e6470f6b53a523fa36d3b0ca8b5fd2df7a3cc9305e11f1c7fe23dc05e
[INFO] running `Command { std: "docker" "start" "-a" "dad3683e6470f6b53a523fa36d3b0ca8b5fd2df7a3cc9305e11f1c7fe23dc05e", kill_on_drop: false }`
[INFO] [stderr]     Finished test [unoptimized + debuginfo] target(s) in 0.02s
[INFO] [stderr]      Running unittests src/lib.rs (/opt/rustwide/target/debug/deps/rustified_derive-683ce5304a34a541)
[INFO] [stdout] 
[INFO] [stdout] running 0 tests
[INFO] [stdout] 
[INFO] [stdout] test result: ok. 0 passed; 0 failed; 0 ignored; 0 measured; 0 filtered out; finished in 0.00s
[INFO] [stdout] 
[INFO] [stderr]    Doc-tests rustified_derive
[INFO] [stdout] 
[INFO] [stdout] running 5 tests
[INFO] [stdout] test src/lib.rs - gen_path (line 64) ... FAILED
[INFO] [stdout] test src/parse.rs - parse::attr_kv (line 46) ... FAILED
[INFO] [stdout] test src/parse.rs - parse::to_map (line 71) ... FAILED
[INFO] [stdout] test src/parse.rs - parse::attr_list (line 14) ... FAILED
[INFO] [stdout] test src/lib.rs - gen_path (line 60) ... FAILED
[INFO] [stdout] 
[INFO] [stdout] failures:
[INFO] [stdout] 
[INFO] [stdout] ---- src/lib.rs - gen_path (line 64) stdout ----
[INFO] [stdout] error[E0424]: expected value, found module `self`
[INFO] [stdout]  --> src/lib.rs:65:20
[INFO] [stdout]   |
[INFO] [stdout] 2 | fn main() { #[allow(non_snake_case)] fn _doctest_main_src_lib_rs_64_0() {
[INFO] [stdout]   |                                         ----------------------------- this function can't have a `self` parameter
[INFO] [stdout] 3 | format!("user/{}", self.name);
[INFO] [stdout]   |                    ^^^^ `self` value is a keyword only available in methods with a `self` parameter
[INFO] [stdout] 
[INFO] [stdout] error: aborting due to previous error
[INFO] [stdout] 
[INFO] [stdout] For more information about this error, try `rustc --explain E0424`.
[INFO] [stdout] Couldn't compile the test.
[INFO] [stdout] ---- src/parse.rs - parse::attr_kv (line 46) stdout ----
[INFO] [stdout] error: expected statement after outer attribute
[INFO] [stdout]  --> src/parse.rs:47:1
[INFO] [stdout]   |
[INFO] [stdout] 3 | #[endpoint(path = "my/path", method = "POST")]
[INFO] [stdout]   | ^^^^^^^^^^^^^^^^^^^^^^^^^^^^^^^^^^^^^^^^^^^^^^
[INFO] [stdout] 
[INFO] [stdout] error: aborting due to previous error
[INFO] [stdout] 
[INFO] [stdout] Couldn't compile the test.
[INFO] [stdout] ---- src/parse.rs - parse::to_map (line 71) stdout ----
[INFO] [stdout] error: expected statement after outer attribute
[INFO] [stdout]  --> src/parse.rs:72:1
[INFO] [stdout]   |
[INFO] [stdout] 3 | #[endpoint(path = "my/path", method = "POST")]
[INFO] [stdout]   | ^^^^^^^^^^^^^^^^^^^^^^^^^^^^^^^^^^^^^^^^^^^^^^
[INFO] [stdout] 
[INFO] [stdout] error: aborting due to previous error
[INFO] [stdout] 
[INFO] [stdout] Couldn't compile the test.
[INFO] [stdout] ---- src/parse.rs - parse::attr_list (line 14) stdout ----
[INFO] [stdout] error: expected statement after outer attribute
[INFO] [stdout]  --> src/parse.rs:15:1
[INFO] [stdout]   |
[INFO] [stdout] 3 | #[endpoint(query, data)]
[INFO] [stdout]   | ^^^^^^^^^^^^^^^^^^^^^^^^
[INFO] [stdout] 
[INFO] [stdout] error: aborting due to previous error
[INFO] [stdout] 
[INFO] [stdout] Couldn't compile the test.
[INFO] [stdout] ---- src/lib.rs - gen_path (line 60) stdout ----
[INFO] [stdout] error[E0423]: expected value, found built-in attribute `path`
[INFO] [stdout]  --> src/lib.rs:61:10
[INFO] [stdout]   |
[INFO] [stdout] 3 | endpoint(path = "user/{self.name}")
[INFO] [stdout]   |          ^^^^
[INFO] [stdout]   |
[INFO] [stdout] help: you might have meant to introduce a new binding
[INFO] [stdout]   |
[INFO] [stdout] 3 | endpoint(let path = "user/{self.name}")
[INFO] [stdout]   |          +++
[INFO] [stdout] help: consider importing this function instead
[INFO] [stdout]   |
[INFO] [stdout] 2 | use proc_macro::tracked_path::path;
[INFO] [stdout]   |
[INFO] [stdout] 
[INFO] [stdout] error[E0425]: cannot find function `endpoint` in this scope
[INFO] [stdout]  --> src/lib.rs:61:1
[INFO] [stdout]   |
[INFO] [stdout] 3 | endpoint(path = "user/{self.name}")
[INFO] [stdout]   | ^^^^^^^^ not found in this scope
[INFO] [stdout] 
[INFO] [stdout] error: aborting due to 2 previous errors
[INFO] [stdout] 
[INFO] [stdout] Some errors have detailed explanations: E0423, E0425.
[INFO] [stdout] For more information about an error, try `rustc --explain E0423`.
[INFO] [stdout] Couldn't compile the test.
[INFO] [stdout] 
[INFO] [stdout] failures:
[INFO] [stdout]     src/lib.rs - gen_path (line 60)
[INFO] [stdout]     src/lib.rs - gen_path (line 64)
[INFO] [stdout]     src/parse.rs - parse::attr_kv (line 46)
[INFO] [stdout]     src/parse.rs - parse::attr_list (line 14)
[INFO] [stdout]     src/parse.rs - parse::to_map (line 71)
[INFO] [stdout] 
[INFO] [stdout] test result: FAILED. 0 passed; 5 failed; 0 ignored; 0 measured; 0 filtered out; finished in 0.13s
[INFO] [stdout] 
[INFO] [stderr] error: doctest failed, to rerun pass `--doc`
[INFO] running `Command { std: "docker" "inspect" "dad3683e6470f6b53a523fa36d3b0ca8b5fd2df7a3cc9305e11f1c7fe23dc05e", kill_on_drop: false }`
[INFO] running `Command { std: "docker" "rm" "-f" "dad3683e6470f6b53a523fa36d3b0ca8b5fd2df7a3cc9305e11f1c7fe23dc05e", kill_on_drop: false }`
[INFO] [stdout] dad3683e6470f6b53a523fa36d3b0ca8b5fd2df7a3cc9305e11f1c7fe23dc05e
