[INFO] fetching crate rustdoc-seeker 0.6.0...
[INFO] testing rustdoc-seeker-0.6.0 against beta-2023-04-20 for beta-1.70-1
[INFO] extracting crate rustdoc-seeker 0.6.0 into /workspace/builds/worker-6-tc2/source
[INFO] validating manifest of crates.io crate rustdoc-seeker 0.6.0 on toolchain beta-2023-04-20
[INFO] running `Command { std: CARGO_HOME="/workspace/cargo-home" RUSTUP_HOME="/workspace/rustup-home" "/workspace/cargo-home/bin/cargo" "+beta-2023-04-20" "metadata" "--manifest-path" "Cargo.toml" "--no-deps", kill_on_drop: false }`
[INFO] started tweaking crates.io crate rustdoc-seeker 0.6.0
[INFO] finished tweaking crates.io crate rustdoc-seeker 0.6.0
[INFO] tweaked toml for crates.io crate rustdoc-seeker 0.6.0 written to /workspace/builds/worker-6-tc2/source/Cargo.toml
[INFO] crate crates.io crate rustdoc-seeker 0.6.0 already has a lockfile, it will not be regenerated
[INFO] running `Command { std: CARGO_HOME="/workspace/cargo-home" RUSTUP_HOME="/workspace/rustup-home" "/workspace/cargo-home/bin/cargo" "+beta-2023-04-20" "fetch" "--manifest-path" "Cargo.toml", kill_on_drop: false }`
[INFO] [stderr]  Downloading crates ...
[INFO] [stderr]   Downloaded siphasher v0.3.1
[INFO] [stderr]   Downloaded string_cache v0.8.0
[INFO] [stderr]   Downloaded fst v0.4.0
[INFO] running `Command { std: "docker" "create" "-v" "/var/lib/crater-agent-workspace/builds/worker-6-tc2/target:/opt/rustwide/target:rw,Z" "-v" "/var/lib/crater-agent-workspace/builds/worker-6-tc2/source:/opt/rustwide/workdir:ro,Z" "-v" "/var/lib/crater-agent-workspace/cargo-home:/opt/rustwide/cargo-home:ro,Z" "-v" "/var/lib/crater-agent-workspace/rustup-home:/opt/rustwide/rustup-home:ro,Z" "-e" "SOURCE_DIR=/opt/rustwide/workdir" "-e" "CARGO_TARGET_DIR=/opt/rustwide/target" "-e" "CARGO_HOME=/opt/rustwide/cargo-home" "-e" "RUSTUP_HOME=/opt/rustwide/rustup-home" "-w" "/opt/rustwide/workdir" "-m" "1610612736" "--user" "0:0" "--network" "none" "ghcr.io/rust-lang/crates-build-env/linux@sha256:5ff2268d62e97bff2cde7d5815dd6ed5b47097566f13b8d0ca110b04b60e07ed" "/opt/rustwide/cargo-home/bin/cargo" "+beta-2023-04-20" "metadata" "--no-deps" "--format-version=1", kill_on_drop: false }`
[INFO] [stdout] 700a3572230423285117c825f087a70e9d50513bd01c80f6888a85b1e1116588
[INFO] running `Command { std: "docker" "start" "-a" "700a3572230423285117c825f087a70e9d50513bd01c80f6888a85b1e1116588", kill_on_drop: false }`
[INFO] running `Command { std: "docker" "inspect" "700a3572230423285117c825f087a70e9d50513bd01c80f6888a85b1e1116588", kill_on_drop: false }`
[INFO] running `Command { std: "docker" "rm" "-f" "700a3572230423285117c825f087a70e9d50513bd01c80f6888a85b1e1116588", kill_on_drop: false }`
[INFO] [stdout] 700a3572230423285117c825f087a70e9d50513bd01c80f6888a85b1e1116588
[INFO] running `Command { std: "docker" "create" "-v" "/var/lib/crater-agent-workspace/builds/worker-6-tc2/target:/opt/rustwide/target:rw,Z" "-v" "/var/lib/crater-agent-workspace/builds/worker-6-tc2/source:/opt/rustwide/workdir:ro,Z" "-v" "/var/lib/crater-agent-workspace/cargo-home:/opt/rustwide/cargo-home:ro,Z" "-v" "/var/lib/crater-agent-workspace/rustup-home:/opt/rustwide/rustup-home:ro,Z" "-e" "SOURCE_DIR=/opt/rustwide/workdir" "-e" "CARGO_TARGET_DIR=/opt/rustwide/target" "-e" "CARGO_INCREMENTAL=0" "-e" "RUST_BACKTRACE=full" "-e" "RUSTFLAGS=--cap-lints=warn" "-e" "RUSTDOCFLAGS=--cap-lints=warn" "-e" "CARGO_HOME=/opt/rustwide/cargo-home" "-e" "RUSTUP_HOME=/opt/rustwide/rustup-home" "-w" "/opt/rustwide/workdir" "-m" "1610612736" "--user" "0:0" "--network" "none" "ghcr.io/rust-lang/crates-build-env/linux@sha256:5ff2268d62e97bff2cde7d5815dd6ed5b47097566f13b8d0ca110b04b60e07ed" "/opt/rustwide/cargo-home/bin/cargo" "+beta-2023-04-20" "build" "--frozen" "--message-format=json", kill_on_drop: false }`
[INFO] [stdout] 765464e0a7fc79d5eeaca2b207a996e2f1ce9c2ca951396ba2f0ba40e38053d3
[INFO] running `Command { std: "docker" "start" "-a" "765464e0a7fc79d5eeaca2b207a996e2f1ce9c2ca951396ba2f0ba40e38053d3", kill_on_drop: false }`
[INFO] [stderr]    Compiling proc-macro2 v1.0.9
[INFO] [stderr]    Compiling unicode-xid v0.2.0
[INFO] [stderr]    Compiling syn v1.0.16
[INFO] [stderr]    Compiling serde v1.0.104
[INFO] [stderr]    Compiling ryu v1.0.3
[INFO] [stderr]    Compiling fst v0.4.0
[INFO] [stderr]    Compiling siphasher v0.3.1
[INFO] [stderr]    Compiling utf8-ranges v1.0.4
[INFO] [stderr]    Compiling precomputed-hash v0.1.1
[INFO] [stderr]    Compiling new_debug_unreachable v1.0.4
[INFO] [stderr]    Compiling either v1.5.3
[INFO] [stderr]    Compiling itoa v0.4.5
[INFO] [stderr]    Compiling itertools v0.9.0
[INFO] [stderr]    Compiling phf_shared v0.8.0
[INFO] [stderr]    Compiling quote v1.0.3
[INFO] [stderr]    Compiling serde_derive v1.0.104
[INFO] [stderr]    Compiling string_cache v0.8.0
[INFO] [stderr]    Compiling serde_json v1.0.48
[INFO] [stderr]    Compiling rustdoc-seeker v0.6.0 (/opt/rustwide/workdir)
[INFO] [stdout] warning: field `search_type` is never read
[INFO] [stdout]   --> src/parser.rs:25:5
[INFO] [stdout]    |
[INFO] [stdout] 17 | struct IndexItem {
[INFO] [stdout]    |        --------- field in this struct
[INFO] [stdout] ...
[INFO] [stdout] 25 |     search_type: Option<Value>,
[INFO] [stdout]    |     ^^^^^^^^^^^
[INFO] [stdout]    |
[INFO] [stdout]    = note: `IndexItem` has a derived impl for the trait `Debug`, but this is intentionally ignored during dead code analysis
[INFO] [stdout]    = note: `#[warn(dead_code)]` on by default
[INFO] [stdout] 
[INFO] [stdout] 
[INFO] [stdout] warning: field `doc` is never read
[INFO] [stdout]   --> src/parser.rs:30:5
[INFO] [stdout]    |
[INFO] [stdout] 29 | struct SearchIndex {
[INFO] [stdout]    |        ----------- field in this struct
[INFO] [stdout] 30 |     doc: Atom,
[INFO] [stdout]    |     ^^^
[INFO] [stdout]    |
[INFO] [stdout]    = note: `SearchIndex` has a derived impl for the trait `Debug`, but this is intentionally ignored during dead code analysis
[INFO] [stdout] 
[INFO] [stdout] 
[INFO] [stdout] warning: 2 warnings emitted
[INFO] [stdout] 
[INFO] [stdout] 
[INFO] [stderr]     Finished dev [unoptimized + debuginfo] target(s) in 8.95s
[INFO] running `Command { std: "docker" "inspect" "765464e0a7fc79d5eeaca2b207a996e2f1ce9c2ca951396ba2f0ba40e38053d3", kill_on_drop: false }`
[INFO] running `Command { std: "docker" "rm" "-f" "765464e0a7fc79d5eeaca2b207a996e2f1ce9c2ca951396ba2f0ba40e38053d3", kill_on_drop: false }`
[INFO] [stdout] 765464e0a7fc79d5eeaca2b207a996e2f1ce9c2ca951396ba2f0ba40e38053d3
[INFO] running `Command { std: "docker" "create" "-v" "/var/lib/crater-agent-workspace/builds/worker-6-tc2/target:/opt/rustwide/target:rw,Z" "-v" "/var/lib/crater-agent-workspace/builds/worker-6-tc2/source:/opt/rustwide/workdir:ro,Z" "-v" "/var/lib/crater-agent-workspace/cargo-home:/opt/rustwide/cargo-home:ro,Z" "-v" "/var/lib/crater-agent-workspace/rustup-home:/opt/rustwide/rustup-home:ro,Z" "-e" "SOURCE_DIR=/opt/rustwide/workdir" "-e" "CARGO_TARGET_DIR=/opt/rustwide/target" "-e" "CARGO_INCREMENTAL=0" "-e" "RUST_BACKTRACE=full" "-e" "RUSTFLAGS=--cap-lints=warn" "-e" "RUSTDOCFLAGS=--cap-lints=warn" "-e" "CARGO_HOME=/opt/rustwide/cargo-home" "-e" "RUSTUP_HOME=/opt/rustwide/rustup-home" "-w" "/opt/rustwide/workdir" "-m" "1610612736" "--user" "0:0" "--network" "none" "ghcr.io/rust-lang/crates-build-env/linux@sha256:5ff2268d62e97bff2cde7d5815dd6ed5b47097566f13b8d0ca110b04b60e07ed" "/opt/rustwide/cargo-home/bin/cargo" "+beta-2023-04-20" "test" "--frozen" "--no-run" "--message-format=json", kill_on_drop: false }`
[INFO] [stdout] a8e107625748e11da309dbb1ffb81646fab060ea40442e8b2fb8601a5e4ab2bb
[INFO] running `Command { std: "docker" "start" "-a" "a8e107625748e11da309dbb1ffb81646fab060ea40442e8b2fb8601a5e4ab2bb", kill_on_drop: false }`
[INFO] [stderr]    Compiling byteorder v1.3.4
[INFO] [stderr]    Compiling regex-syntax v0.6.17
[INFO] [stdout] warning: field `search_type` is never read
[INFO] [stdout]   --> src/parser.rs:25:5
[INFO] [stdout]    |
[INFO] [stdout] 17 | struct IndexItem {
[INFO] [stdout]    |        --------- field in this struct
[INFO] [stdout] ...
[INFO] [stdout] 25 |     search_type: Option<Value>,
[INFO] [stdout]    |     ^^^^^^^^^^^
[INFO] [stdout]    |
[INFO] [stdout]    = note: `IndexItem` has a derived impl for the trait `Debug`, but this is intentionally ignored during dead code analysis
[INFO] [stdout]    = note: `#[warn(dead_code)]` on by default
[INFO] [stdout] 
[INFO] [stdout] 
[INFO] [stdout] warning: field `doc` is never read
[INFO] [stdout]   --> src/parser.rs:30:5
[INFO] [stdout]    |
[INFO] [stdout] 29 | struct SearchIndex {
[INFO] [stdout]    |        ----------- field in this struct
[INFO] [stdout] 30 |     doc: Atom,
[INFO] [stdout]    |     ^^^
[INFO] [stdout]    |
[INFO] [stdout]    = note: `SearchIndex` has a derived impl for the trait `Debug`, but this is intentionally ignored during dead code analysis
[INFO] [stdout] 
[INFO] [stdout] 
[INFO] [stdout] warning: 2 warnings emitted
[INFO] [stdout] 
[INFO] [stdout] 
[INFO] [stderr]    Compiling regex-automata v0.1.9
[INFO] [stderr]    Compiling rustdoc-seeker v0.6.0 (/opt/rustwide/workdir)
[INFO] [stdout] warning: field `search_type` is never read
[INFO] [stdout]   --> src/parser.rs:25:5
[INFO] [stdout]    |
[INFO] [stdout] 17 | struct IndexItem {
[INFO] [stdout]    |        --------- field in this struct
[INFO] [stdout] ...
[INFO] [stdout] 25 |     search_type: Option<Value>,
[INFO] [stdout]    |     ^^^^^^^^^^^
[INFO] [stdout]    |
[INFO] [stdout]    = note: `IndexItem` has a derived impl for the trait `Debug`, but this is intentionally ignored during dead code analysis
[INFO] [stdout]    = note: `#[warn(dead_code)]` on by default
[INFO] [stdout] 
[INFO] [stdout] 
[INFO] [stdout] warning: field `doc` is never read
[INFO] [stdout]   --> src/parser.rs:30:5
[INFO] [stdout]    |
[INFO] [stdout] 29 | struct SearchIndex {
[INFO] [stdout]    |        ----------- field in this struct
[INFO] [stdout] 30 |     doc: Atom,
[INFO] [stdout]    |     ^^^
[INFO] [stdout]    |
[INFO] [stdout]    = note: `SearchIndex` has a derived impl for the trait `Debug`, but this is intentionally ignored during dead code analysis
[INFO] [stdout] 
[INFO] [stdout] 
[INFO] [stdout] warning: 2 warnings emitted
[INFO] [stdout] 
[INFO] [stdout] 
[INFO] [stderr]     Finished test [unoptimized + debuginfo] target(s) in 3.03s
[INFO] running `Command { std: "docker" "inspect" "a8e107625748e11da309dbb1ffb81646fab060ea40442e8b2fb8601a5e4ab2bb", kill_on_drop: false }`
[INFO] running `Command { std: "docker" "rm" "-f" "a8e107625748e11da309dbb1ffb81646fab060ea40442e8b2fb8601a5e4ab2bb", kill_on_drop: false }`
[INFO] [stdout] a8e107625748e11da309dbb1ffb81646fab060ea40442e8b2fb8601a5e4ab2bb
[INFO] running `Command { std: "docker" "create" "-v" "/var/lib/crater-agent-workspace/builds/worker-6-tc2/target:/opt/rustwide/target:rw,Z" "-v" "/var/lib/crater-agent-workspace/builds/worker-6-tc2/source:/opt/rustwide/workdir:ro,Z" "-v" "/var/lib/crater-agent-workspace/cargo-home:/opt/rustwide/cargo-home:ro,Z" "-v" "/var/lib/crater-agent-workspace/rustup-home:/opt/rustwide/rustup-home:ro,Z" "-e" "SOURCE_DIR=/opt/rustwide/workdir" "-e" "CARGO_TARGET_DIR=/opt/rustwide/target" "-e" "CARGO_INCREMENTAL=0" "-e" "RUST_BACKTRACE=full" "-e" "RUSTFLAGS=--cap-lints=warn" "-e" "RUSTDOCFLAGS=--cap-lints=warn" "-e" "CARGO_HOME=/opt/rustwide/cargo-home" "-e" "RUSTUP_HOME=/opt/rustwide/rustup-home" "-w" "/opt/rustwide/workdir" "-m" "1610612736" "--user" "0:0" "--network" "none" "ghcr.io/rust-lang/crates-build-env/linux@sha256:5ff2268d62e97bff2cde7d5815dd6ed5b47097566f13b8d0ca110b04b60e07ed" "/opt/rustwide/cargo-home/bin/cargo" "+beta-2023-04-20" "test" "--frozen", kill_on_drop: false }`
[INFO] [stdout] 69685e424f26aa8de52725daf5644fc0ffe572cac1dc48effa582128f7b292a4
[INFO] running `Command { std: "docker" "start" "-a" "69685e424f26aa8de52725daf5644fc0ffe572cac1dc48effa582128f7b292a4", kill_on_drop: false }`
[INFO] [stderr] warning: field `search_type` is never read
[INFO] [stderr]   --> src/parser.rs:25:5
[INFO] [stderr]    |
[INFO] [stderr] 17 | struct IndexItem {
[INFO] [stderr]    |        --------- field in this struct
[INFO] [stderr] ...
[INFO] [stderr] 25 |     search_type: Option<Value>,
[INFO] [stderr]    |     ^^^^^^^^^^^
[INFO] [stderr]    |
[INFO] [stderr]    = note: `IndexItem` has a derived impl for the trait `Debug`, but this is intentionally ignored during dead code analysis
[INFO] [stderr]    = note: `#[warn(dead_code)]` on by default
[INFO] [stderr] 
[INFO] [stderr] warning: field `doc` is never read
[INFO] [stderr]   --> src/parser.rs:30:5
[INFO] [stderr]    |
[INFO] [stderr] 29 | struct SearchIndex {
[INFO] [stderr]    |        ----------- field in this struct
[INFO] [stderr] 30 |     doc: Atom,
[INFO] [stderr]    |     ^^^
[INFO] [stderr]    |
[INFO] [stderr]    = note: `SearchIndex` has a derived impl for the trait `Debug`, but this is intentionally ignored during dead code analysis
[INFO] [stderr] 
[INFO] [stderr] warning: `rustdoc-seeker` (lib) generated 2 warnings
[INFO] [stderr] warning: `rustdoc-seeker` (lib test) generated 2 warnings (2 duplicates)
[INFO] [stderr]     Finished test [unoptimized + debuginfo] target(s) in 0.01s
[INFO] [stderr]      Running unittests src/lib.rs (/opt/rustwide/target/debug/deps/rustdoc_seeker-7e69db750e46e0d2)
[INFO] [stdout] 
[INFO] [stdout] running 2 tests
[INFO] [stdout] test json::test::test_fix_json ... ok
[INFO] [stdout] test parser::test::test_parser ... ok
[INFO] [stdout] 
[INFO] [stdout] test result: ok. 2 passed; 0 failed; 0 ignored; 0 measured; 0 filtered out; finished in 0.33s
[INFO] [stdout] 
[INFO] [stderr]    Doc-tests rustdoc-seeker
[INFO] [stdout] 
[INFO] [stdout] running 6 tests
[INFO] [stdout] test src/seeker.rs - seeker::RustDocSeeker (line 263) ... FAILED
[INFO] [stdout] test src/seeker.rs - seeker::DocItem (line 97) ... FAILED
[INFO] [stdout] test src/seeker.rs - seeker::RustDoc (line 180) ... FAILED
[INFO] [stdout] test src/seeker.rs - seeker::RustDocSeeker::search (line 277) ... FAILED
[INFO] [stdout] test src/lib.rs - (line 2) ... FAILED
[INFO] [stdout] test src/seeker.rs - seeker::TypeItem (line 63) ... FAILED
[INFO] [stdout] 
[INFO] [stdout] failures:
[INFO] [stdout] 
[INFO] [stdout] ---- src/seeker.rs - seeker::RustDocSeeker (line 263) stdout ----
[INFO] [stdout] error[E0425]: cannot find value `rustdoc` in this scope
[INFO] [stdout]  --> src/seeker.rs:264:14
[INFO] [stdout]   |
[INFO] [stdout] 3 | let seeker = rustdoc.build();
[INFO] [stdout]   |              ^^^^^^^ not found in this scope
[INFO] [stdout] 
[INFO] [stdout] error: aborting due to previous error
[INFO] [stdout] 
[INFO] [stdout] For more information about this error, try `rustc --explain E0425`.
[INFO] [stdout] Couldn't compile the test.
[INFO] [stdout] ---- src/seeker.rs - seeker::DocItem (line 97) stdout ----
[INFO] [stdout] error[E0425]: cannot find value `docitem` in this scope
[INFO] [stdout]  --> src/seeker.rs:98:36
[INFO] [stdout]   |
[INFO] [stdout] 3 | println!("{} is the url of {:?}", &docitem, &docitem)
[INFO] [stdout]   |                                    ^^^^^^^ not found in this scope
[INFO] [stdout] 
[INFO] [stdout] error[E0425]: cannot find value `docitem` in this scope
[INFO] [stdout]  --> src/seeker.rs:98:46
[INFO] [stdout]   |
[INFO] [stdout] 3 | println!("{} is the url of {:?}", &docitem, &docitem)
[INFO] [stdout]   |                                              ^^^^^^^ not found in this scope
[INFO] [stdout] 
[INFO] [stdout] error: aborting due to 2 previous errors
[INFO] [stdout] 
[INFO] [stdout] For more information about this error, try `rustc --explain E0425`.
[INFO] [stdout] Couldn't compile the test.
[INFO] [stdout] ---- src/seeker.rs - seeker::RustDoc (line 180) stdout ----
[INFO] [stdout] error[E0412]: cannot find type `RustDoc` in this scope
[INFO] [stdout]  --> src/seeker.rs:182:14
[INFO] [stdout]   |
[INFO] [stdout] 4 | let rustdoc: RustDoc = data.parse().unwrap();
[INFO] [stdout]   |              ^^^^^^^ not found in this scope
[INFO] [stdout]   |
[INFO] [stdout] help: consider importing this struct
[INFO] [stdout]   |
[INFO] [stdout] 2 + use rustdoc_seeker::RustDoc;
[INFO] [stdout]   |
[INFO] [stdout] 
[INFO] [stdout] error[E0425]: cannot find value `rustdoc_a` in this scope
[INFO] [stdout]  --> src/seeker.rs:185:1
[INFO] [stdout]   |
[INFO] [stdout] 7 | rustdoc_a.extend(rustdoc_b)
[INFO] [stdout]   | ^^^^^^^^^ help: a local variable with a similar name exists: `rustdoc`
[INFO] [stdout] 
[INFO] [stdout] error[E0425]: cannot find value `rustdoc_b` in this scope
[INFO] [stdout]  --> src/seeker.rs:185:18
[INFO] [stdout]   |
[INFO] [stdout] 7 | rustdoc_a.extend(rustdoc_b)
[INFO] [stdout]   |                  ^^^^^^^^^ help: a local variable with a similar name exists: `rustdoc`
[INFO] [stdout] 
[INFO] [stdout] error[E0433]: failed to resolve: use of undeclared crate or module `fs`
[INFO] [stdout]  --> src/seeker.rs:181:12
[INFO] [stdout]   |
[INFO] [stdout] 3 | let data = fs::read_to_string("search-index.js").unwrap();
[INFO] [stdout]   |            ^^ use of undeclared crate or module `fs`
[INFO] [stdout]   |
[INFO] [stdout] help: there is a crate or module with a similar name
[INFO] [stdout]   |
[INFO] [stdout] 3 | let data = fst::read_to_string("search-index.js").unwrap();
[INFO] [stdout]   |            ~~~
[INFO] [stdout] 
[INFO] [stdout] error: aborting due to 4 previous errors
[INFO] [stdout] 
[INFO] [stdout] Some errors have detailed explanations: E0412, E0425, E0433.
[INFO] [stdout] For more information about an error, try `rustc --explain E0412`.
[INFO] [stdout] Couldn't compile the test.
[INFO] [stdout] ---- src/seeker.rs - seeker::RustDocSeeker::search (line 277) stdout ----
[INFO] [stdout] error[E0433]: failed to resolve: use of undeclared crate or module `fst_regex`
[INFO] [stdout]  --> src/seeker.rs:278:11
[INFO] [stdout]   |
[INFO] [stdout] 3 | let aut = fst_regex::Regex::new(".*dedup.*").unwrap();
[INFO] [stdout]   |           ^^^^^^^^^ use of undeclared crate or module `fst_regex`
[INFO] [stdout]   |
[INFO] [stdout] help: consider importing this struct
[INFO] [stdout]   |
[INFO] [stdout] 2 + use regex_automata::Regex;
[INFO] [stdout]   |
[INFO] [stdout] help: if you import `Regex`, refer to it directly
[INFO] [stdout]   |
[INFO] [stdout] 3 - let aut = fst_regex::Regex::new(".*dedup.*").unwrap();
[INFO] [stdout] 3 + let aut = Regex::new(".*dedup.*").unwrap();
[INFO] [stdout]   |
[INFO] [stdout] 
[INFO] [stdout] error[E0425]: cannot find value `seeker` in this scope
[INFO] [stdout]  --> src/seeker.rs:279:10
[INFO] [stdout]   |
[INFO] [stdout] 4 | for i in seeker.search(aut) {
[INFO] [stdout]   |          ^^^^^^ not found in this scope
[INFO] [stdout] 
[INFO] [stdout] error[E0433]: failed to resolve: use of undeclared crate or module `fst_levenshtein`
[INFO] [stdout]  --> src/seeker.rs:283:11
[INFO] [stdout]   |
[INFO] [stdout] 8 | let aut = fst_levenshtein::Levenshtein::new("dedXp", 1).unwrap();
[INFO] [stdout]   |           ^^^^^^^^^^^^^^^ use of undeclared crate or module `fst_levenshtein`
[INFO] [stdout]   |
[INFO] [stdout] help: consider importing this struct
[INFO] [stdout]   |
[INFO] [stdout] 2 + use fst::automaton::Levenshtein;
[INFO] [stdout]   |
[INFO] [stdout] help: if you import `Levenshtein`, refer to it directly
[INFO] [stdout]   |
[INFO] [stdout] 8 - let aut = fst_levenshtein::Levenshtein::new("dedXp", 1).unwrap();
[INFO] [stdout] 8 + let aut = Levenshtein::new("dedXp", 1).unwrap();
[INFO] [stdout]   |
[INFO] [stdout] 
[INFO] [stdout] error[E0425]: cannot find value `seeker` in this scope
[INFO] [stdout]  --> src/seeker.rs:284:10
[INFO] [stdout]   |
[INFO] [stdout] 9 | for i in seeker.search(aut) {
[INFO] [stdout]   |          ^^^^^^ not found in this scope
[INFO] [stdout] 
[INFO] [stdout] error[E0425]: cannot find value `seeker` in this scope
[INFO] [stdout]   --> src/seeker.rs:289:10
[INFO] [stdout]    |
[INFO] [stdout] 14 | for i in seeker.search(aut) {
[INFO] [stdout]    |          ^^^^^^ not found in this scope
[INFO] [stdout] 
[INFO] [stdout] error: aborting due to 5 previous errors
[INFO] [stdout] 
[INFO] [stdout] Some errors have detailed explanations: E0425, E0433.
[INFO] [stdout] For more information about an error, try `rustc --explain E0425`.
[INFO] [stdout] Couldn't compile the test.
[INFO] [stdout] ---- src/lib.rs - (line 2) stdout ----
[INFO] [stdout] error[E0412]: cannot find type `RustDoc` in this scope
[INFO] [stdout]  --> src/lib.rs:4:14
[INFO] [stdout]   |
[INFO] [stdout] 4 | let rustdoc: RustDoc = data.parse().unwrap();
[INFO] [stdout]   |              ^^^^^^^ not found in this scope
[INFO] [stdout]   |
[INFO] [stdout] help: consider importing this struct
[INFO] [stdout]   |
[INFO] [stdout] 2 + use rustdoc_seeker::RustDoc;
[INFO] [stdout]   |
[INFO] [stdout] 
[INFO] [stdout] error[E0433]: failed to resolve: use of undeclared crate or module `fs`
[INFO] [stdout]  --> src/lib.rs:3:12
[INFO] [stdout]   |
[INFO] [stdout] 3 | let data = fs::read_to_string("search-index.js").unwrap();
[INFO] [stdout]   |            ^^ use of undeclared crate or module `fs`
[INFO] [stdout]   |
[INFO] [stdout] help: there is a crate or module with a similar name
[INFO] [stdout]   |
[INFO] [stdout] 3 | let data = fst::read_to_string("search-index.js").unwrap();
[INFO] [stdout]   |            ~~~
[INFO] [stdout] 
[INFO] [stdout] error: aborting due to 2 previous errors
[INFO] [stdout] 
[INFO] [stdout] Some errors have detailed explanations: E0412, E0433.
[INFO] [stdout] For more information about an error, try `rustc --explain E0412`.
[INFO] [stdout] Couldn't compile the test.
[INFO] [stdout] ---- src/seeker.rs - seeker::TypeItem (line 63) stdout ----
[INFO] [stdout] error[E0433]: failed to resolve: use of undeclared type `TypeItme`
[INFO] [stdout]  --> src/seeker.rs:64:26
[INFO] [stdout]   |
[INFO] [stdout] 3 | assert_eq!("module.vec", TypeItme::Module("vec"));
[INFO] [stdout]   |                          ^^^^^^^^ use of undeclared type `TypeItme`
[INFO] [stdout] 
[INFO] [stdout] error[E0433]: failed to resolve: use of undeclared type `TypeItme`
[INFO] [stdout]  --> src/seeker.rs:65:25
[INFO] [stdout]   |
[INFO] [stdout] 4 | assert_eq!("macro.vec", TypeItme::Macro("vec"));
[INFO] [stdout]   |                         ^^^^^^^^ use of undeclared type `TypeItme`
[INFO] [stdout] 
[INFO] [stdout] error[E0433]: failed to resolve: use of undeclared type `TypeItme`
[INFO] [stdout]  --> src/seeker.rs:67:22
[INFO] [stdout]   |
[INFO] [stdout] 6 | assert_eq!("fn.vec", TypeItme::Function("vec")); // the only two exceptions
[INFO] [stdout]   |                      ^^^^^^^^ use of undeclared type `TypeItme`
[INFO] [stdout] 
[INFO] [stdout] error[E0433]: failed to resolve: use of undeclared type `TypeItme`
[INFO] [stdout]  --> src/seeker.rs:68:24
[INFO] [stdout]   |
[INFO] [stdout] 7 | assert_eq!("type.vec", TypeItme::Typedef("vec")); // the only two exceptions
[INFO] [stdout]   |                        ^^^^^^^^ use of undeclared type `TypeItme`
[INFO] [stdout] 
[INFO] [stdout] error: aborting due to 4 previous errors
[INFO] [stdout] 
[INFO] [stdout] For more information about this error, try `rustc --explain E0433`.
[INFO] [stdout] Couldn't compile the test.
[INFO] [stdout] 
[INFO] [stdout] failures:
[INFO] [stdout]     src/lib.rs - (line 2)
[INFO] [stdout]     src/seeker.rs - seeker::DocItem (line 97)
[INFO] [stdout]     src/seeker.rs - seeker::RustDoc (line 180)
[INFO] [stdout]     src/seeker.rs - seeker::RustDocSeeker (line 263)
[INFO] [stdout]     src/seeker.rs - seeker::RustDocSeeker::search (line 277)
[INFO] [stdout]     src/seeker.rs - seeker::TypeItem (line 63)
[INFO] [stdout] 
[INFO] [stdout] test result: FAILED. 0 passed; 6 failed; 0 ignored; 0 measured; 0 filtered out; finished in 0.04s
[INFO] [stdout] 
[INFO] [stderr] error: doctest failed, to rerun pass `--doc`
[INFO] running `Command { std: "docker" "inspect" "69685e424f26aa8de52725daf5644fc0ffe572cac1dc48effa582128f7b292a4", kill_on_drop: false }`
[INFO] running `Command { std: "docker" "rm" "-f" "69685e424f26aa8de52725daf5644fc0ffe572cac1dc48effa582128f7b292a4", kill_on_drop: false }`
[INFO] [stdout] 69685e424f26aa8de52725daf5644fc0ffe572cac1dc48effa582128f7b292a4
