[INFO] fetching crate rustdds 0.7.11...
[INFO] testing rustdds-0.7.11 against beta-2023-04-20 for beta-1.70-1
[INFO] extracting crate rustdds 0.7.11 into /workspace/builds/worker-2-tc2/source
[INFO] validating manifest of crates.io crate rustdds 0.7.11 on toolchain beta-2023-04-20
[INFO] running `Command { std: CARGO_HOME="/workspace/cargo-home" RUSTUP_HOME="/workspace/rustup-home" "/workspace/cargo-home/bin/cargo" "+beta-2023-04-20" "metadata" "--manifest-path" "Cargo.toml" "--no-deps", kill_on_drop: false }`
[INFO] started tweaking crates.io crate rustdds 0.7.11
[INFO] finished tweaking crates.io crate rustdds 0.7.11
[INFO] tweaked toml for crates.io crate rustdds 0.7.11 written to /workspace/builds/worker-2-tc2/source/Cargo.toml
[INFO] crate crates.io crate rustdds 0.7.11 already has a lockfile, it will not be regenerated
[INFO] running `Command { std: CARGO_HOME="/workspace/cargo-home" RUSTUP_HOME="/workspace/rustup-home" "/workspace/cargo-home/bin/cargo" "+beta-2023-04-20" "fetch" "--manifest-path" "Cargo.toml", kill_on_drop: false }`
[INFO] [stderr]     Updating crates.io index
[INFO] [stderr]  Downloading crates ...
[INFO] [stderr]   Downloaded neli v0.5.3
[INFO] [stderr]   Downloaded test-case v2.0.0
[INFO] [stderr]   Downloaded local-ip-address v0.4.4
[INFO] [stderr]   Downloaded signal-hook-mio v0.2.1
[INFO] [stderr]   Downloaded windows v0.18.0
[INFO] [stderr]   Downloaded tui v0.17.0
[INFO] [stderr]   Downloaded windows_macros v0.18.0
[INFO] [stderr]   Downloaded syn v1.0.77
[INFO] [stderr]   Downloaded nix v0.22.0
[INFO] [stderr]   Downloaded cdr-encoding-size-derive v0.5.0
[INFO] [stderr]   Downloaded speedy-derive v0.8.0
[INFO] [stderr]   Downloaded crossterm v0.22.1
[INFO] [stderr]   Downloaded cdr-encoding-size v0.5.0
[INFO] [stderr]   Downloaded crossterm v0.23.0
[INFO] [stderr]   Downloaded enumflags2 v0.7.3
[INFO] [stderr]   Downloaded const-sha1 v0.2.0
[INFO] [stderr]   Downloaded speedy v0.8.0
[INFO] [stderr]   Downloaded windows_gen v0.18.0
[INFO] [stderr]   Downloaded ctrlc v3.2.0
[INFO] [stderr]   Downloaded enumflags2_derive v0.7.3
[INFO] running `Command { std: "docker" "create" "-v" "/var/lib/crater-agent-workspace/builds/worker-2-tc2/target:/opt/rustwide/target:rw,Z" "-v" "/var/lib/crater-agent-workspace/builds/worker-2-tc2/source:/opt/rustwide/workdir:ro,Z" "-v" "/var/lib/crater-agent-workspace/cargo-home:/opt/rustwide/cargo-home:ro,Z" "-v" "/var/lib/crater-agent-workspace/rustup-home:/opt/rustwide/rustup-home:ro,Z" "-e" "SOURCE_DIR=/opt/rustwide/workdir" "-e" "CARGO_TARGET_DIR=/opt/rustwide/target" "-e" "CARGO_HOME=/opt/rustwide/cargo-home" "-e" "RUSTUP_HOME=/opt/rustwide/rustup-home" "-w" "/opt/rustwide/workdir" "-m" "1610612736" "--user" "0:0" "--network" "none" "ghcr.io/rust-lang/crates-build-env/linux@sha256:5ff2268d62e97bff2cde7d5815dd6ed5b47097566f13b8d0ca110b04b60e07ed" "/opt/rustwide/cargo-home/bin/cargo" "+beta-2023-04-20" "metadata" "--no-deps" "--format-version=1", kill_on_drop: false }`
[INFO] [stdout] 9dba1c0a6f9f72440bf6ae52ce969ec1928056e556f66c066c4a8f1bd06d269c
[INFO] running `Command { std: "docker" "start" "-a" "9dba1c0a6f9f72440bf6ae52ce969ec1928056e556f66c066c4a8f1bd06d269c", kill_on_drop: false }`
[INFO] running `Command { std: "docker" "inspect" "9dba1c0a6f9f72440bf6ae52ce969ec1928056e556f66c066c4a8f1bd06d269c", kill_on_drop: false }`
[INFO] running `Command { std: "docker" "rm" "-f" "9dba1c0a6f9f72440bf6ae52ce969ec1928056e556f66c066c4a8f1bd06d269c", kill_on_drop: false }`
[INFO] [stdout] 9dba1c0a6f9f72440bf6ae52ce969ec1928056e556f66c066c4a8f1bd06d269c
[INFO] running `Command { std: "docker" "create" "-v" "/var/lib/crater-agent-workspace/builds/worker-2-tc2/target:/opt/rustwide/target:rw,Z" "-v" "/var/lib/crater-agent-workspace/builds/worker-2-tc2/source:/opt/rustwide/workdir:ro,Z" "-v" "/var/lib/crater-agent-workspace/cargo-home:/opt/rustwide/cargo-home:ro,Z" "-v" "/var/lib/crater-agent-workspace/rustup-home:/opt/rustwide/rustup-home:ro,Z" "-e" "SOURCE_DIR=/opt/rustwide/workdir" "-e" "CARGO_TARGET_DIR=/opt/rustwide/target" "-e" "CARGO_INCREMENTAL=0" "-e" "RUST_BACKTRACE=full" "-e" "RUSTFLAGS=--cap-lints=warn" "-e" "RUSTDOCFLAGS=--cap-lints=warn" "-e" "CARGO_HOME=/opt/rustwide/cargo-home" "-e" "RUSTUP_HOME=/opt/rustwide/rustup-home" "-w" "/opt/rustwide/workdir" "-m" "1610612736" "--user" "0:0" "--network" "none" "ghcr.io/rust-lang/crates-build-env/linux@sha256:5ff2268d62e97bff2cde7d5815dd6ed5b47097566f13b8d0ca110b04b60e07ed" "/opt/rustwide/cargo-home/bin/cargo" "+beta-2023-04-20" "build" "--frozen" "--message-format=json", kill_on_drop: false }`
[INFO] [stdout] e044e68c5fb96c0dd265308aa521d79eed708da9a5dc88e8f55af58da81fcbb1
[INFO] running `Command { std: "docker" "start" "-a" "e044e68c5fb96c0dd265308aa521d79eed708da9a5dc88e8f55af58da81fcbb1", kill_on_drop: false }`
[INFO] [stderr]    Compiling proc-macro2 v1.0.29
[INFO] [stderr]    Compiling unicode-xid v0.2.2
[INFO] [stderr]    Compiling syn v1.0.77
[INFO] [stderr]    Compiling libc v0.2.102
[INFO] [stderr]    Compiling serde_derive v1.0.130
[INFO] [stderr]    Compiling autocfg v1.0.1
[INFO] [stderr]    Compiling serde v1.0.130
[INFO] [stderr]    Compiling cfg-if v1.0.0
[INFO] [stderr]    Compiling log v0.4.14
[INFO] [stderr]    Compiling cfg-if v0.1.10
[INFO] [stderr]    Compiling slab v0.4.4
[INFO] [stderr]    Compiling ppv-lite86 v0.2.10
[INFO] [stderr]    Compiling lazycell v1.3.0
[INFO] [stderr]    Compiling static_assertions v1.1.0
[INFO] [stderr]    Compiling md5 v0.7.0
[INFO] [stderr]    Compiling bit-vec v0.6.3
[INFO] [stderr]    Compiling byteorder v1.4.3
[INFO] [stderr]    Compiling paste v1.0.5
[INFO] [stderr]    Compiling bytes v1.1.0
[INFO] [stderr]    Compiling num-traits v0.2.14
[INFO] [stderr]    Compiling num-integer v0.1.44
[INFO] [stderr]    Compiling quote v1.0.9
[INFO] [stderr]    Compiling getrandom v0.2.3
[INFO] [stderr]    Compiling iovec v0.1.4
[INFO] [stderr]    Compiling net2 v0.2.37
[INFO] [stderr]    Compiling time v0.1.43
[INFO] [stderr]    Compiling if-addrs v0.7.0
[INFO] [stderr]    Compiling socket2 v0.4.2
[INFO] [stderr]    Compiling rand_core v0.6.3
[INFO] [stderr]    Compiling rand_chacha v0.3.1
[INFO] [stderr]    Compiling rand v0.8.4
[INFO] [stderr]    Compiling speedy-derive v0.8.0
[INFO] [stderr]    Compiling cdr-encoding-size-derive v0.5.0
[INFO] [stderr]    Compiling enumflags2_derive v0.7.3
[INFO] [stderr]    Compiling thiserror-impl v1.0.29
[INFO] [stderr]    Compiling num-derive v0.3.3
[INFO] [stderr]    Compiling cdr-encoding-size v0.5.0
[INFO] [stderr]    Compiling speedy v0.8.0
[INFO] [stderr]    Compiling thiserror v1.0.29
[INFO] [stderr]    Compiling enumflags2 v0.7.3
[INFO] [stderr]    Compiling chrono v0.4.19
[INFO] [stderr]    Compiling mio v0.6.23
[INFO] [stderr]    Compiling mio-extras v2.0.6
[INFO] [stderr]    Compiling rustdds v0.7.11 (/opt/rustwide/workdir)
[INFO] [stderr]     Finished dev [unoptimized + debuginfo] target(s) in 29.37s
[INFO] running `Command { std: "docker" "inspect" "e044e68c5fb96c0dd265308aa521d79eed708da9a5dc88e8f55af58da81fcbb1", kill_on_drop: false }`
[INFO] running `Command { std: "docker" "rm" "-f" "e044e68c5fb96c0dd265308aa521d79eed708da9a5dc88e8f55af58da81fcbb1", kill_on_drop: false }`
[INFO] [stdout] e044e68c5fb96c0dd265308aa521d79eed708da9a5dc88e8f55af58da81fcbb1
[INFO] running `Command { std: "docker" "create" "-v" "/var/lib/crater-agent-workspace/builds/worker-2-tc2/target:/opt/rustwide/target:rw,Z" "-v" "/var/lib/crater-agent-workspace/builds/worker-2-tc2/source:/opt/rustwide/workdir:ro,Z" "-v" "/var/lib/crater-agent-workspace/cargo-home:/opt/rustwide/cargo-home:ro,Z" "-v" "/var/lib/crater-agent-workspace/rustup-home:/opt/rustwide/rustup-home:ro,Z" "-e" "SOURCE_DIR=/opt/rustwide/workdir" "-e" "CARGO_TARGET_DIR=/opt/rustwide/target" "-e" "CARGO_INCREMENTAL=0" "-e" "RUST_BACKTRACE=full" "-e" "RUSTFLAGS=--cap-lints=warn" "-e" "RUSTDOCFLAGS=--cap-lints=warn" "-e" "CARGO_HOME=/opt/rustwide/cargo-home" "-e" "RUSTUP_HOME=/opt/rustwide/rustup-home" "-w" "/opt/rustwide/workdir" "-m" "1610612736" "--user" "0:0" "--network" "none" "ghcr.io/rust-lang/crates-build-env/linux@sha256:5ff2268d62e97bff2cde7d5815dd6ed5b47097566f13b8d0ca110b04b60e07ed" "/opt/rustwide/cargo-home/bin/cargo" "+beta-2023-04-20" "test" "--frozen" "--no-run" "--message-format=json", kill_on_drop: false }`
[INFO] [stdout] 8249d2c29430fb176ef354afa68745cabaeb74971a53a52b9d10354ac887196d
[INFO] running `Command { std: "docker" "start" "-a" "8249d2c29430fb176ef354afa68745cabaeb74971a53a52b9d10354ac887196d", kill_on_drop: false }`
[INFO] [stderr]    Compiling smallvec v1.6.1
[INFO] [stderr]    Compiling memchr v2.4.1
[INFO] [stderr]    Compiling version_check v0.9.3
[INFO] [stderr]    Compiling scopeguard v1.1.0
[INFO] [stderr]    Compiling signal-hook v0.3.13
[INFO] [stderr]    Compiling bitflags v1.3.2
[INFO] [stderr]    Compiling parking_lot_core v0.8.5
[INFO] [stderr]    Compiling indexmap v1.7.0
[INFO] [stderr]    Compiling instant v0.1.11
[INFO] [stderr]    Compiling memoffset v0.6.4
[INFO] [stderr]    Compiling parking_lot_core v0.9.1
[INFO] [stderr]    Compiling signal-hook-registry v1.4.0
[INFO] [stderr]    Compiling hashbrown v0.11.2
[INFO] [stderr]    Compiling ryu v1.0.5
[INFO] [stderr]    Compiling mio v0.7.14
[INFO] [stderr]    Compiling serde_json v1.0.68
[INFO] [stderr]    Compiling lock_api v0.4.6
[INFO] [stderr]    Compiling traitobject v0.1.0
[INFO] [stderr]    Compiling anyhow v1.0.44
[INFO] [stderr]    Compiling linked-hash-map v0.5.4
[INFO] [stderr]    Compiling regex-syntax v0.6.25
[INFO] [stderr]    Compiling unsafe-any v0.4.2
[INFO] [stderr]    Compiling ordered-float v2.8.0
[INFO] [stderr]    Compiling yaml-rust v0.4.5
[INFO] [stderr]    Compiling atty v0.2.14
[INFO] [stderr]    Compiling proc-macro-error-attr v1.0.4
[INFO] [stderr]    Compiling proc-macro-error v1.0.4
[INFO] [stderr]    Compiling signal-hook-mio v0.2.1
[INFO] [stderr]    Compiling dtoa v0.4.8
[INFO] [stderr]    Compiling parking_lot v0.11.2
[INFO] [stderr]    Compiling humantime v2.1.0
[INFO] [stderr]    Compiling itoa v0.4.8
[INFO] [stderr]    Compiling termcolor v1.1.3
[INFO] [stderr]    Compiling serde-value v0.7.0
[INFO] [stderr]    Compiling aho-corasick v0.7.18
[INFO] [stderr]    Compiling os_str_bytes v6.0.0
[INFO] [stderr]    Compiling parking_lot v0.12.0
[INFO] [stderr]    Compiling nix v0.22.0
[INFO] [stderr]    Compiling serde_yaml v0.8.21
[INFO] [stderr]    Compiling crossterm v0.22.1
[INFO] [stderr]    Compiling typemap v0.3.3
[INFO] [stderr]    Compiling derivative v2.2.0
[INFO] [stderr]    Compiling thread-id v3.3.0
[INFO] [stderr]    Compiling strsim v0.10.0
[INFO] [stderr]    Compiling unicode-width v0.1.9
[INFO] [stderr]    Compiling numtoa v0.1.0
[INFO] [stderr]    Compiling fnv v1.0.7
[INFO] [stderr]    Compiling log-mdc v0.1.0
[INFO] [stderr]    Compiling unicode-segmentation v1.8.0
[INFO] [stderr]    Compiling arc-swap v0.4.8
[INFO] [stderr]    Compiling textwrap v0.15.0
[INFO] [stderr]    Compiling cassowary v0.3.0
[INFO] [stderr]    Compiling termion v1.5.6
[INFO] [stderr]    Compiling crossterm v0.23.0
[INFO] [stderr]    Compiling clap v3.1.5
[INFO] [stderr]    Compiling tui v0.17.0
[INFO] [stderr]    Compiling serde_repr v0.1.7
[INFO] [stderr]    Compiling test-case v2.0.0
[INFO] [stderr]    Compiling regex v1.5.4
[INFO] [stderr]    Compiling env_logger v0.9.0
[INFO] [stderr]    Compiling log4rs v1.0.0
[INFO] [stderr]    Compiling ctrlc v3.2.0
[INFO] [stderr]    Compiling rustdds v0.7.11 (/opt/rustwide/workdir)
[INFO] [stderr]     Finished test [unoptimized + debuginfo] target(s) in 29.47s
[INFO] [stderr] warning: the following packages contain code that will be rejected by a future version of Rust: traitobject v0.1.0
[INFO] [stderr] note: to see what the problems were, use the option `--future-incompat-report`, or run `cargo report future-incompatibilities --id 1`
[INFO] running `Command { std: "docker" "inspect" "8249d2c29430fb176ef354afa68745cabaeb74971a53a52b9d10354ac887196d", kill_on_drop: false }`
[INFO] running `Command { std: "docker" "rm" "-f" "8249d2c29430fb176ef354afa68745cabaeb74971a53a52b9d10354ac887196d", kill_on_drop: false }`
[INFO] [stdout] 8249d2c29430fb176ef354afa68745cabaeb74971a53a52b9d10354ac887196d
[INFO] running `Command { std: "docker" "create" "-v" "/var/lib/crater-agent-workspace/builds/worker-2-tc2/target:/opt/rustwide/target:rw,Z" "-v" "/var/lib/crater-agent-workspace/builds/worker-2-tc2/source:/opt/rustwide/workdir:ro,Z" "-v" "/var/lib/crater-agent-workspace/cargo-home:/opt/rustwide/cargo-home:ro,Z" "-v" "/var/lib/crater-agent-workspace/rustup-home:/opt/rustwide/rustup-home:ro,Z" "-e" "SOURCE_DIR=/opt/rustwide/workdir" "-e" "CARGO_TARGET_DIR=/opt/rustwide/target" "-e" "CARGO_INCREMENTAL=0" "-e" "RUST_BACKTRACE=full" "-e" "RUSTFLAGS=--cap-lints=warn" "-e" "RUSTDOCFLAGS=--cap-lints=warn" "-e" "CARGO_HOME=/opt/rustwide/cargo-home" "-e" "RUSTUP_HOME=/opt/rustwide/rustup-home" "-w" "/opt/rustwide/workdir" "-m" "1610612736" "--user" "0:0" "--network" "none" "ghcr.io/rust-lang/crates-build-env/linux@sha256:5ff2268d62e97bff2cde7d5815dd6ed5b47097566f13b8d0ca110b04b60e07ed" "/opt/rustwide/cargo-home/bin/cargo" "+beta-2023-04-20" "test" "--frozen", kill_on_drop: false }`
[INFO] [stdout] c7ceea8316630169bbbf118bdab31606f7149003ac69821a4282c1a44184edf7
[INFO] running `Command { std: "docker" "start" "-a" "c7ceea8316630169bbbf118bdab31606f7149003ac69821a4282c1a44184edf7", kill_on_drop: false }`
[INFO] [stderr]     Finished test [unoptimized + debuginfo] target(s) in 0.15s
[INFO] [stderr] warning: the following packages contain code that will be rejected by a future version of Rust: traitobject v0.1.0
[INFO] [stderr] note: to see what the problems were, use the option `--future-incompat-report`, or run `cargo report future-incompatibilities --id 1`
[INFO] [stderr]      Running unittests src/lib.rs (/opt/rustwide/target/debug/deps/rustdds-7bfcd231343cbb6c)
[INFO] [stdout] 
[INFO] [stdout] running 655 tests
[INFO] [stdout] test dds::datasample_cache::tests::dsc_empty_qos ... ok
[INFO] [stdout] test dds::message_receiver::tests::mr_test_header ... ok
[INFO] [stdout] test dds::message_receiver::tests::mr_test_submsg_count ... ok
[INFO] [stdout] test dds::reader::tests::rtpsreader_handle_data ... ignored
[INFO] [stdout] test dds::reader::tests::rtpsreader_handle_gap ... ignored
[INFO] [stdout] test dds::reader::tests::rtpsreader_notification ... ignored
[INFO] [stdout] test dds::with_key::datareader::tests::dr_read_and_take ... ignored
[INFO] [stdout] test dds::participant::tests::dp_basic_domain_participant ... ok
[INFO] [stdout] test discovery::data_types::topic_data::tests::td_discovered_writer_data_ser_deser ... ok
[INFO] [stdout] test discovery::data_types::spdp_participant_data::tests::pdata_deserialize_serialize ... ok
[INFO] [stdout] test discovery::data_types::topic_data::tests::td_discovered_topic_data_ser_deser ... ok
[INFO] [stdout] test discovery::data_types::topic_data::tests::td_discovered_reader_data_ser_deser ... ok
[INFO] [stdout] test dds::reader::tests::rtpsreader_handle_heartbeat ... ok
[INFO] [stdout] test dds::message_receiver::tests::test_shapes_demo_message_deserialization ... ok
[INFO] [stdout] test dds::dp_event_loop::tests::dpew_add_and_remove_readers ... ok
[INFO] [stderr] [2023-04-30T05:37:52Z ERROR rustdds::dds::dp_event_loop] Event for unknown writer EntityId::SEDP_BUILTIN_PUBLICATIONS_WRITER
[INFO] [stderr] [2023-04-30T05:37:52Z ERROR rustdds::dds::dp_event_loop] Event for unknown writer EntityId::SEDP_BUILTIN_SUBSCRIPTIONS_WRITER
[INFO] [stderr] [2023-04-30T05:37:52Z ERROR rustdds::dds::dp_event_loop] Event for unknown writer EntityId::SPDP_BUILTIN_PARTICIPANT_WRITER
[INFO] [stderr] [2023-04-30T05:37:52Z ERROR rustdds::dds::dp_event_loop] Event for unknown writer EntityId::SEDP_BUILTIN_PUBLICATIONS_WRITER
[INFO] [stderr] [2023-04-30T05:37:52Z ERROR rustdds::dds::dp_event_loop] Event for unknown writer EntityId::SEDP_BUILTIN_SUBSCRIPTIONS_WRITER
[INFO] [stderr] [2023-04-30T05:37:52Z ERROR rustdds::dds::dp_event_loop] Event for unknown writer EntityId::SPDP_BUILTIN_PARTICIPANT_WRITER
[INFO] [stderr] [2023-04-30T05:37:52Z ERROR rustdds::dds::dp_event_loop] Event for unknown reader EntityId::SPDP_BUILTIN_PARTICIPANT_READER
[INFO] [stderr] [2023-04-30T05:37:52Z ERROR rustdds::dds::dp_event_loop] Event for unknown reader EntityId::SEDP_BUILTIN_SUBSCRIPTIONS_READER
[INFO] [stderr] [2023-04-30T05:37:52Z ERROR rustdds::dds::dp_event_loop] Event for unknown reader EntityId::SEDP_BUILTIN_PUBLICATIONS_READER
[INFO] [stderr] [2023-04-30T05:37:52Z ERROR rustdds::dds::dp_event_loop] Event for unknown reader EntityId::SEDP_BUILTIN_TOPIC_READER
[INFO] [stderr] [2023-04-30T05:37:52Z ERROR rustdds::dds::dp_event_loop] Event for unknown writer EntityId::SEDP_BUILTIN_TOPIC_WRITER
[INFO] [stderr] [2023-04-30T05:37:52Z ERROR rustdds::dds::dp_event_loop] Event for unknown writer EntityId::P2P_BUILTIN_PARTICIPANT_MESSAGE_WRITER
[INFO] [stderr] [2023-04-30T05:37:52Z ERROR rustdds::dds::dp_event_loop] Event for unknown reader EntityId::SPDP_BUILTIN_PARTICIPANT_READER
[INFO] [stderr] [2023-04-30T05:37:52Z ERROR rustdds::dds::dp_event_loop] Event for unknown reader EntityId::SEDP_BUILTIN_SUBSCRIPTIONS_READER
[INFO] [stderr] [2023-04-30T05:37:52Z ERROR rustdds::dds::dp_event_loop] Event for unknown reader EntityId::SEDP_BUILTIN_PUBLICATIONS_READER
[INFO] [stderr] [2023-04-30T05:37:52Z ERROR rustdds::dds::dp_event_loop] Event for unknown reader EntityId::SEDP_BUILTIN_TOPIC_READER
[INFO] [stderr] [2023-04-30T05:37:52Z ERROR rustdds::dds::dp_event_loop] Event for unknown writer EntityId::SEDP_BUILTIN_TOPIC_WRITER
[INFO] [stderr] [2023-04-30T05:37:52Z ERROR rustdds::dds::dp_event_loop] Event for unknown reader EntityId::P2P_BUILTIN_PARTICIPANT_MESSAGE_READER
[INFO] [stderr] [2023-04-30T05:37:52Z ERROR rustdds::dds::dp_event_loop] Event for unknown writer EntityId::P2P_BUILTIN_PARTICIPANT_MESSAGE_WRITER
[INFO] [stderr] [2023-04-30T05:37:52Z ERROR rustdds::dds::dp_event_loop] Event for unknown writer EntityId {[0, 0, 0] EntityKind::WRITER_NO_KEY_USER_DEFINED}
[INFO] [stderr] [2023-04-30T05:37:52Z ERROR rustdds::network::udp_listener] leave_multicast_group: Os { code: 19, kind: Uncategorized, message: "No such device" }
[INFO] [stderr] [2023-04-30T05:37:52Z ERROR rustdds::network::udp_listener] leave_multicast_group: Os { code: 19, kind: Uncategorized, message: "No such device" }
[INFO] [stderr] [2023-04-30T05:37:52Z ERROR rustdds::network::udp_listener] leave_multicast_group: Os { code: 19, kind: Uncategorized, message: "No such device" }
[INFO] [stderr] [2023-04-30T05:37:52Z ERROR rustdds::network::udp_listener] leave_multicast_group: Os { code: 19, kind: Uncategorized, message: "No such device" }
[INFO] [stdout] test dds::with_key::datawriter::tests::dw_write_test ... ok
[INFO] [stderr] [2023-04-30T05:37:52Z ERROR rustdds::dds::dp_event_loop] Event for unknown writer EntityId::SEDP_BUILTIN_PUBLICATIONS_WRITER
[INFO] [stderr] [2023-04-30T05:37:52Z ERROR rustdds::dds::dp_event_loop] Event for unknown writer EntityId::SEDP_BUILTIN_SUBSCRIPTIONS_WRITER
[INFO] [stderr] [2023-04-30T05:37:52Z ERROR rustdds::dds::dp_event_loop] Event for unknown writer EntityId {[0, 0, 0] EntityKind::WRITER_NO_KEY_USER_DEFINED}
[INFO] [stderr] [2023-04-30T05:37:52Z ERROR rustdds::dds::dp_event_loop] Event for unknown reader EntityId::SPDP_BUILTIN_PARTICIPANT_READER
[INFO] [stderr] [2023-04-30T05:37:52Z ERROR rustdds::dds::dp_event_loop] Event for unknown reader EntityId::SEDP_BUILTIN_SUBSCRIPTIONS_READER
[INFO] [stderr] [2023-04-30T05:37:52Z ERROR rustdds::dds::dp_event_loop] Event for unknown reader EntityId::SEDP_BUILTIN_PUBLICATIONS_READER
[INFO] [stderr] [2023-04-30T05:37:52Z ERROR rustdds::dds::dp_event_loop] Event for unknown reader EntityId::SEDP_BUILTIN_TOPIC_READER
[INFO] [stderr] [2023-04-30T05:37:52Z ERROR rustdds::dds::dp_event_loop] Event for unknown reader EntityId::P2P_BUILTIN_PARTICIPANT_MESSAGE_READER
[INFO] [stderr] [2023-04-30T05:37:52Z ERROR rustdds::network::udp_listener] leave_multicast_group: Os { code: 19, kind: Uncategorized, message: "No such device" }
[INFO] [stderr] [2023-04-30T05:37:52Z ERROR rustdds::network::udp_listener] leave_multicast_group: Os { code: 19, kind: Uncategorized, message: "No such device" }
[INFO] [stderr] [2023-04-30T05:37:52Z ERROR rustdds::dds::dp_event_loop] Event for unknown reader EntityId::SPDP_BUILTIN_PARTICIPANT_READER
[INFO] [stderr] [2023-04-30T05:37:52Z ERROR rustdds::dds::dp_event_loop] Event for unknown reader EntityId::SEDP_BUILTIN_SUBSCRIPTIONS_READER
[INFO] [stderr] [2023-04-30T05:37:52Z ERROR rustdds::dds::dp_event_loop] Event for unknown reader EntityId::SEDP_BUILTIN_PUBLICATIONS_READER
[INFO] [stderr] [2023-04-30T05:37:52Z ERROR rustdds::dds::dp_event_loop] Event for unknown reader EntityId::SEDP_BUILTIN_TOPIC_READER
[INFO] [stderr] [2023-04-30T05:37:52Z ERROR rustdds::dds::dp_event_loop] Event for unknown reader EntityId::P2P_BUILTIN_PARTICIPANT_MESSAGE_READER
[INFO] [stderr] [2023-04-30T05:37:52Z ERROR rustdds::network::udp_listener] leave_multicast_group: Os { code: 19, kind: Uncategorized, message: "No such device" }
[INFO] [stderr] [2023-04-30T05:37:52Z ERROR rustdds::network::udp_listener] leave_multicast_group: Os { code: 19, kind: Uncategorized, message: "No such device" }
[INFO] [stderr] [2023-04-30T05:37:52Z ERROR rustdds::dds::dp_event_loop] Event for unknown writer EntityId::SEDP_BUILTIN_PUBLICATIONS_WRITER
[INFO] [stderr] [2023-04-30T05:37:52Z ERROR rustdds::dds::dp_event_loop] Event for unknown writer EntityId::SEDP_BUILTIN_SUBSCRIPTIONS_WRITER
[INFO] [stderr] [2023-04-30T05:37:52Z ERROR rustdds::dds::dp_event_loop] Event for unknown writer EntityId::SPDP_BUILTIN_PARTICIPANT_WRITER
[INFO] [stderr] [2023-04-30T05:37:52Z ERROR rustdds::dds::dp_event_loop] Event for unknown reader EntityId::SPDP_BUILTIN_PARTICIPANT_READER
[INFO] [stderr] [2023-04-30T05:37:52Z ERROR rustdds::dds::dp_event_loop] Event for unknown reader EntityId::SEDP_BUILTIN_SUBSCRIPTIONS_READER
[INFO] [stderr] [2023-04-30T05:37:52Z ERROR rustdds::dds::dp_event_loop] Event for unknown reader EntityId::SEDP_BUILTIN_PUBLICATIONS_READER
[INFO] [stderr] [2023-04-30T05:37:52Z ERROR rustdds::dds::dp_event_loop] Event for unknown reader EntityId::SEDP_BUILTIN_TOPIC_READER
[INFO] [stderr] [2023-04-30T05:37:52Z ERROR rustdds::dds::dp_event_loop] Event for unknown writer EntityId::SEDP_BUILTIN_TOPIC_WRITER
[INFO] [stderr] [2023-04-30T05:37:52Z ERROR rustdds::dds::dp_event_loop] Event for unknown reader EntityId::P2P_BUILTIN_PARTICIPANT_MESSAGE_READER
[INFO] [stderr] [2023-04-30T05:37:52Z ERROR rustdds::dds::dp_event_loop] Event for unknown writer EntityId::P2P_BUILTIN_PARTICIPANT_MESSAGE_WRITER
[INFO] [stderr] [2023-04-30T05:37:52Z ERROR rustdds::dds::dp_event_loop] Event for unknown writer EntityId::SEDP_BUILTIN_PUBLICATIONS_WRITER
[INFO] [stderr] [2023-04-30T05:37:52Z ERROR rustdds::dds::dp_event_loop] Event for unknown writer EntityId::SEDP_BUILTIN_SUBSCRIPTIONS_WRITER
[INFO] [stderr] [2023-04-30T05:37:52Z ERROR rustdds::dds::dp_event_loop] Event for unknown writer EntityId::SPDP_BUILTIN_PARTICIPANT_WRITER
[INFO] [stderr] [2023-04-30T05:37:52Z ERROR rustdds::dds::dp_event_loop] Event for unknown reader EntityId::SPDP_BUILTIN_PARTICIPANT_READER
[INFO] [stderr] [2023-04-30T05:37:52Z ERROR rustdds::dds::dp_event_loop] Event for unknown reader EntityId::SEDP_BUILTIN_SUBSCRIPTIONS_READER
[INFO] [stderr] [2023-04-30T05:37:52Z ERROR rustdds::dds::dp_event_loop] Event for unknown reader EntityId::SEDP_BUILTIN_PUBLICATIONS_READER
[INFO] [stderr] [2023-04-30T05:37:52Z ERROR rustdds::dds::dp_event_loop] Event for unknown reader EntityId::SEDP_BUILTIN_TOPIC_READER
[INFO] [stderr] [2023-04-30T05:37:52Z ERROR rustdds::dds::dp_event_loop] Event for unknown writer EntityId::SEDP_BUILTIN_TOPIC_WRITER
[INFO] [stderr] [2023-04-30T05:37:52Z ERROR rustdds::dds::dp_event_loop] Event for unknown reader EntityId::P2P_BUILTIN_PARTICIPANT_MESSAGE_READER
[INFO] [stderr] [2023-04-30T05:37:52Z ERROR rustdds::dds::dp_event_loop] Event for unknown writer EntityId::P2P_BUILTIN_PARTICIPANT_MESSAGE_WRITER
[INFO] [stderr] [2023-04-30T05:37:52Z ERROR rustdds::network::udp_listener] leave_multicast_group: Os { code: 19, kind: Uncategorized, message: "No such device" }
[INFO] [stderr] [2023-04-30T05:37:52Z ERROR rustdds::network::udp_listener] leave_multicast_group: Os { code: 19, kind: Uncategorized, message: "No such device" }
[INFO] [stderr] [2023-04-30T05:37:52Z ERROR rustdds::network::udp_listener] leave_multicast_group: Os { code: 19, kind: Uncategorized, message: "No such device" }
[INFO] [stderr] [2023-04-30T05:37:52Z ERROR rustdds::network::udp_listener] leave_multicast_group: Os { code: 19, kind: Uncategorized, message: "No such device" }
[INFO] [stdout] test discovery::discovery_db::tests::discdb_writer_proxies ... ok
[INFO] [stdout] test dds::with_key::datawriter::tests::dw_wait_for_ack_test ... ok
[INFO] [stdout] test dds::no_key::datawriter::tests::dw_write_test ... ok
[INFO] [stdout] test dds::no_key::datawriter::tests::dw_wait_for_ack_test ... ok
[INFO] [stdout] test messages::header::tests::header_protocol_id_same_as_rtps ... ok
[INFO] [stdout] test messages::header::tests::header_protocol_version_major ... ok
[INFO] [stdout] test messages::header::tests::header_with_unknown_guid_prefix::serialize_big_endian ... ok
[INFO] [stdout] test messages::header::tests::header_with_unknown_guid_prefix::serialize_deserialize_big_endian ... ok
[INFO] [stdout] test messages::header::tests::header_with_unknown_guid_prefix::serialize_deserialize_little_endian ... ok
[INFO] [stderr] [2023-04-30T05:37:52Z ERROR rustdds::dds::dp_event_loop] Event for unknown writer EntityId::SPDP_BUILTIN_PARTICIPANT_WRITER
[INFO] [stdout] test messages::header::tests::header_with_unknown_guid_prefix::serialize_little_endian ... ok
[INFO] [stderr] [2023-04-30T05:37:52Z ERROR rustdds::dds::dp_event_loop] Event for unknown reader EntityId::SPDP_BUILTIN_PARTICIPANT_READER
[INFO] [stdout] test messages::protocol_id::tests::minimum_bytes_needed ... ok
[INFO] [stderr] [2023-04-30T05:37:52Z ERROR rustdds::network::udp_listener] leave_multicast_group: Os { code: 19, kind: Uncategorized, message: "No such device" }
[INFO] [stderr] [2023-04-30T05:37:52Z ERROR rustdds::network::udp_listener] leave_multicast_group: Os { code: 19, kind: Uncategorized, message: "No such device" }
[INFO] [stderr] [2023-04-30T05:37:52Z ERROR rustdds::dds::dp_event_loop] Event for unknown reader EntityId::SPDP_BUILTIN_PARTICIPANT_READER
[INFO] [stderr] [2023-04-30T05:37:52Z ERROR rustdds::dds::dp_event_loop] Event for unknown reader EntityId::SEDP_BUILTIN_SUBSCRIPTIONS_READER
[INFO] [stderr] [2023-04-30T05:37:52Z ERROR rustdds::dds::dp_event_loop] Event for unknown reader EntityId::SEDP_BUILTIN_PUBLICATIONS_READER
[INFO] [stderr] [2023-04-30T05:37:52Z ERROR rustdds::dds::dp_event_loop] Event for unknown reader EntityId::SEDP_BUILTIN_TOPIC_READER
[INFO] [stderr] [2023-04-30T05:37:52Z ERROR rustdds::dds::dp_event_loop] Event for unknown writer EntityId::SEDP_BUILTIN_TOPIC_WRITER
[INFO] [stderr] [2023-04-30T05:37:52Z ERROR rustdds::dds::dp_event_loop] Event for unknown reader EntityId::P2P_BUILTIN_PARTICIPANT_MESSAGE_READER
[INFO] [stderr] [2023-04-30T05:37:52Z ERROR rustdds::dds::dp_event_loop] Event for unknown writer EntityId::P2P_BUILTIN_PARTICIPANT_MESSAGE_WRITER
[INFO] [stderr] [2023-04-30T05:37:52Z ERROR rustdds::network::udp_listener] leave_multicast_group: Os { code: 19, kind: Uncategorized, message: "No such device" }
[INFO] [stderr] [2023-04-30T05:37:52Z ERROR rustdds::network::udp_listener] leave_multicast_group: Os { code: 19, kind: Uncategorized, message: "No such device" }
[INFO] [stdout] test messages::protocol_id::tests::protocol_rtps::serialize_big_endian ... ok
[INFO] [stdout] test messages::protocol_id::tests::protocol_rtps::serialize_deserialize_big_endian ... ok
[INFO] [stdout] test dds::participant::tests::dp_receive_acknack_message_test ... ok
[INFO] [stdout] test dds::participant::tests::dp_writer_heartbeat_test ... ok
[INFO] [stdout] test messages::protocol_id::tests::protocol_rtps::serialize_deserialize_little_endian ... ok
[INFO] [stdout] test messages::protocol_id::tests::protocol_rtps::serialize_little_endian ... ok
[INFO] [stdout] test discovery::discovery_db::tests::discdb_subscription_operations ... ok
[INFO] [stdout] test messages::protocol_id::tests::validity ... ok
[INFO] [stdout] test messages::protocol_version::tests::protocol_version::serialize_big_endian ... ok
[INFO] [stdout] test discovery::discovery::tests::discovery_topic_data_test ... ok
[INFO] [stdout] test messages::protocol_version::tests::protocol_version::serialize_deserialize_big_endian ... ok
[INFO] [stdout] test messages::protocol_version::tests::protocol_version::serialize_deserialize_little_endian ... ok
[INFO] [stdout] test messages::protocol_version::tests::protocol_version::serialize_little_endian ... ok
[INFO] [stdout] test messages::protocol_version::tests::protocol_version_1_0::serialize_big_endian ... ok
[INFO] [stdout] test messages::protocol_version::tests::protocol_version_1_1::serialize_big_endian ... ok
[INFO] [stderr] [2023-04-30T05:37:52Z ERROR rustdds::dds::dp_event_loop] Event for unknown reader EntityId::SPDP_BUILTIN_PARTICIPANT_READER
[INFO] [stdout] test messages::protocol_version::tests::protocol_version_1_0::serialize_deserialize_big_endian ... ok
[INFO] [stderr] [2023-04-30T05:37:52Z ERROR rustdds::dds::dp_event_loop] Event for unknown reader EntityId::SEDP_BUILTIN_SUBSCRIPTIONS_READER
[INFO] [stdout] test messages::protocol_version::tests::protocol_version_1_1::serialize_deserialize_big_endian ... ok
[INFO] [stdout] test messages::protocol_version::tests::protocol_version_1_1::serialize_deserialize_little_endian ... ok
[INFO] [stderr] [2023-04-30T05:37:52Z ERROR rustdds::dds::dp_event_loop] Event for unknown reader EntityId::SEDP_BUILTIN_PUBLICATIONS_READER
[INFO] [stderr] [2023-04-30T05:37:52Z ERROR rustdds::dds::dp_event_loop] Event for unknown reader EntityId::SEDP_BUILTIN_TOPIC_READER
[INFO] [stderr] [2023-04-30T05:37:52Z ERROR rustdds::dds::dp_event_loop] Event for unknown writer EntityId::SEDP_BUILTIN_TOPIC_WRITER
[INFO] [stderr] [2023-04-30T05:37:52Z ERROR rustdds::dds::dp_event_loop] Event for unknown reader EntityId::P2P_BUILTIN_PARTICIPANT_MESSAGE_READER
[INFO] [stderr] [2023-04-30T05:37:52Z ERROR rustdds::dds::dp_event_loop] Event for unknown writer EntityId::P2P_BUILTIN_PARTICIPANT_MESSAGE_WRITER
[INFO] [stderr] [2023-04-30T05:37:52Z ERROR rustdds::network::udp_listener] leave_multicast_group: Os { code: 19, kind: Uncategorized, message: "No such device" }
[INFO] [stderr] [2023-04-30T05:37:52Z ERROR rustdds::network::udp_listener] leave_multicast_group: Os { code: 19, kind: Uncategorized, message: "No such device" }
[INFO] [stdout] test messages::protocol_version::tests::protocol_version_1_0::serialize_deserialize_little_endian ... ok
[INFO] [stdout] test messages::protocol_version::tests::protocol_version_1_0::serialize_little_endian ... ok
[INFO] [stdout] test messages::protocol_version::tests::protocol_version_1_1::serialize_little_endian ... ok
[INFO] [stdout] test messages::protocol_version::tests::protocol_version_2_0::serialize_big_endian ... ok
[INFO] [stdout] test messages::protocol_version::tests::protocol_version_2_0::serialize_deserialize_big_endian ... ok
[INFO] [stdout] test messages::protocol_version::tests::protocol_version_2_0::serialize_deserialize_little_endian ... ok
[INFO] [stdout] test messages::protocol_version::tests::protocol_version_2_0::serialize_little_endian ... ok
[INFO] [stdout] test messages::protocol_version::tests::protocol_version_2_1::serialize_big_endian ... ok
[INFO] [stdout] test discovery::discovery_db::tests::discdb_local_topic_reader ... ok
[INFO] [stdout] test messages::protocol_version::tests::protocol_version_2_1::serialize_deserialize_big_endian ... ok
[INFO] [stdout] test messages::protocol_version::tests::protocol_version_2_1::serialize_deserialize_little_endian ... ok
[INFO] [stdout] test messages::protocol_version::tests::protocol_version_2_1::serialize_little_endian ... ok
[INFO] [stdout] test messages::protocol_version::tests::protocol_version_2_2::serialize_big_endian ... ok
[INFO] [stdout] test messages::protocol_version::tests::protocol_version_2_2::serialize_deserialize_big_endian ... ok
[INFO] [stdout] test messages::protocol_version::tests::protocol_version_2_2::serialize_deserialize_little_endian ... ok
[INFO] [stdout] test messages::protocol_version::tests::protocol_version_2_2::serialize_little_endian ... ok
[INFO] [stdout] test messages::protocol_version::tests::protocol_version_2_4::serialize_big_endian ... ok
[INFO] [stdout] test messages::protocol_version::tests::protocol_version_2_4::serialize_deserialize_big_endian ... ok
[INFO] [stdout] test messages::protocol_version::tests::protocol_version_2_4::serialize_deserialize_little_endian ... ok
[INFO] [stdout] test messages::protocol_version::tests::protocol_version_2_4::serialize_little_endian ... ok
[INFO] [stdout] test messages::protocol_version::tests::protocol_version_default::serialize_big_endian ... ok
[INFO] [stdout] test messages::protocol_version::tests::protocol_version_default::serialize_deserialize_big_endian ... ok
[INFO] [stdout] test messages::protocol_version::tests::protocol_version_default::serialize_little_endian ... ok
[INFO] [stdout] test messages::submessages::ack_nack::tests::acknack::serialize_big_endian ... ok
[INFO] [stdout] test messages::submessages::ack_nack::tests::acknack::serialize_deserialize_big_endian ... ok
[INFO] [stdout] test messages::submessages::ack_nack::tests::acknack::serialize_deserialize_little_endian ... ok
[INFO] [stdout] test messages::submessages::ack_nack::tests::acknack::serialize_little_endian ... ok
[INFO] [stdout] test messages::submessages::gap::tests::gap::serialize_big_endian ... ok
[INFO] [stdout] test messages::submessages::gap::tests::gap::serialize_deserialize_big_endian ... ok
[INFO] [stdout] test messages::submessages::gap::tests::gap::serialize_deserialize_little_endian ... ok
[INFO] [stdout] test messages::submessages::gap::tests::gap::serialize_little_endian ... ok
[INFO] [stdout] test messages::submessages::heartbeat::tests::heartbeat::serialize_deserialize_big_endian ... ok
[INFO] [stdout] test messages::submessages::heartbeat::tests::heartbeat::serialize_deserialize_little_endian ... ok
[INFO] [stdout] test messages::submessages::heartbeat::tests::heartbeat::serialize_little_endian ... ok
[INFO] [stdout] test messages::submessages::heartbeat_frag::tests::heartbeat_frag::serialize_big_endian ... ok
[INFO] [stdout] test messages::submessages::heartbeat_frag::tests::heartbeat_frag::serialize_deserialize_big_endian ... ok
[INFO] [stdout] test messages::submessages::info_destination::tests::info_destination::serialize_big_endian ... ok
[INFO] [stdout] test messages::submessages::info_destination::tests::info_destination::serialize_deserialize_big_endian ... ok
[INFO] [stdout] test messages::submessages::heartbeat_frag::tests::heartbeat_frag::serialize_little_endian ... ok
[INFO] [stdout] test messages::submessages::heartbeat_frag::tests::heartbeat_frag::serialize_deserialize_little_endian ... ok
[INFO] [stdout] test messages::submessages::info_destination::tests::info_destination::serialize_little_endian ... ok
[INFO] [stdout] test messages::submessages::info_destination::tests::info_destination::serialize_deserialize_little_endian ... ok
[INFO] [stdout] test messages::submessages::info_source::tests::info_source::serialize_big_endian ... ok
[INFO] [stdout] test messages::submessages::info_source::tests::info_source::serialize_deserialize_big_endian ... ok
[INFO] [stdout] test messages::submessages::info_source::tests::info_source::serialize_deserialize_little_endian ... ok
[INFO] [stdout] test messages::submessages::info_source::tests::info_source::serialize_little_endian ... ok
[INFO] [stdout] test messages::submessages::nack_frag::tests::nack_frag::serialize_big_endian ... ok
[INFO] [stdout] test messages::submessages::nack_frag::tests::nack_frag::serialize_deserialize_big_endian ... ok
[INFO] [stdout] test messages::submessages::nack_frag::tests::nack_frag::serialize_little_endian ... ok
[INFO] [stdout] test messages::submessages::nack_frag::tests::nack_frag::serialize_deserialize_little_endian ... ok
[INFO] [stdout] test messages::submessages::submessage_elements::parameter::tests::pid_participant_guid::serialize_deserialize_big_endian ... ok
[INFO] [stdout] test messages::submessages::submessage_elements::parameter::tests::pid_participant_guid::serialize_deserialize_little_endian ... ok
[INFO] [stdout] test messages::submessages::submessage_elements::parameter::tests::pid_participant_guid::serialize_little_endian ... ok
[INFO] [stdout] test messages::submessages::submessage_elements::parameter::tests::pid_participant_guid::serialize_big_endian ... ok
[INFO] [stdout] test messages::submessages::submessage_elements::parameter::tests::pid_participant_lease_duration::serialize_deserialize_big_endian ... ok
[INFO] [stdout] test messages::submessages::submessage_elements::parameter::tests::pid_participant_lease_duration::serialize_big_endian ... ok
[INFO] [stdout] test messages::submessages::submessage_elements::parameter::tests::pid_participant_lease_duration::serialize_deserialize_little_endian ... ok
[INFO] [stdout] test messages::submessages::submessage_elements::parameter::tests::pid_participant_lease_duration::serialize_little_endian ... ok
[INFO] [stdout] test messages::submessages::submessage_elements::parameter::tests::pid_protocol_version::serialize_big_endian ... ok
[INFO] [stdout] test messages::submessages::submessage_elements::parameter::tests::pid_protocol_version::serialize_little_endian ... ok
[INFO] [stdout] test messages::submessages::submessage_elements::parameter::tests::pid_protocol_version::serialize_deserialize_big_endian ... ok
[INFO] [stdout] test messages::submessages::submessage_elements::parameter::tests::pid_protocol_version::serialize_deserialize_little_endian ... ok
[INFO] [stdout] test messages::submessages::submessage_elements::parameter::tests::pid_vendor_id::serialize_deserialize_big_endian ... ok
[INFO] [stdout] test messages::submessages::submessage_elements::parameter::tests::pid_vendor_id::serialize_deserialize_little_endian ... ok
[INFO] [stdout] test messages::submessages::submessage_elements::parameter::tests::pid_vendor_id::serialize_big_endian ... ok
[INFO] [stdout] test messages::submessages::submessage_flag::tests::endianness_flag_test ... ok
[INFO] [stdout] test messages::submessages::submessage_elements::parameter::tests::pid_vendor_id::serialize_little_endian ... ok
[INFO] [stdout] test messages::submessages::submessage_header::tests::submessage_header_big_endian_2_bytes_length::serialize_deserialize_big_endian ... ok
[INFO] [stdout] test messages::submessages::submessage_header::tests::submessage_header_big_endian_2_bytes_length::serialize_big_endian ... ok
[INFO] [stdout] test messages::submessages::submessage_header::tests::submessage_header_big_endian_2_bytes_length::serialize_deserialize_little_endian ... ok
[INFO] [stdout] test messages::submessages::submessage_header::tests::submessage_header_big_endian_2_bytes_length::serialize_little_endian ... ok
[INFO] [stdout] test messages::submessages::submessage_header::tests::submessage_header_big_endian_flag::serialize_big_endian ... ok
[INFO] [stdout] test messages::submessages::submessage_header::tests::submessage_header_big_endian_flag::serialize_deserialize_big_endian ... ok
[INFO] [stdout] test messages::submessages::submessage_header::tests::submessage_header_big_endian_flag::serialize_little_endian ... ok
[INFO] [stdout] test messages::submessages::submessage_header::tests::submessage_header_gap::serialize_big_endian ... ok
[INFO] [stdout] test messages::submessages::submessage_header::tests::submessage_header_gap::serialize_deserialize_big_endian ... ok
[INFO] [stdout] test messages::submessages::submessage_header::tests::submessage_header_big_endian_flag::serialize_deserialize_little_endian ... ok
[INFO] [stdout] test messages::submessages::submessage_header::tests::submessage_header_gap::serialize_deserialize_little_endian ... ok
[INFO] [stdout] test messages::submessages::submessage_header::tests::submessage_header_little_endian_2_bytes_length::serialize_little_endian ... ok
[INFO] [stdout] test messages::submessages::submessage_header::tests::submessage_header_little_endian_flag::serialize_big_endian ... ok
[INFO] [stdout] test messages::submessages::submessage_header::tests::submessage_header_little_endian_flag::serialize_deserialize_big_endian ... ok
[INFO] [stdout] test messages::submessages::submessage_header::tests::submessage_header_little_endian_2_bytes_length::serialize_big_endian ... ok
[INFO] [stdout] test messages::submessages::submessage_header::tests::submessage_header_little_endian_2_bytes_length::serialize_deserialize_big_endian ... ok
[INFO] [stdout] test messages::submessages::submessage_header::tests::submessage_header_gap::serialize_little_endian ... ok
[INFO] [stdout] test messages::submessages::heartbeat::tests::heartbeat::serialize_big_endian ... ok
[INFO] [stdout] test messages::submessages::submessage_header::tests::submessage_header_little_endian_2_bytes_length::serialize_deserialize_little_endian ... ok
[INFO] [stdout] test messages::submessages::submessage_header::tests::submessage_header_little_endian_flag::serialize_deserialize_little_endian ... ok
[INFO] [stdout] test messages::submessages::submessage_header::tests::submessage_header_little_endian_flag::serialize_little_endian ... ok
[INFO] [stdout] test messages::submessages::submessage_header::tests::submessage_header_wireshark::serialize_big_endian ... ok
[INFO] [stdout] test messages::submessages::submessage_header::tests::submessage_header_wireshark::serialize_deserialize_big_endian ... ok
[INFO] [stdout] test messages::submessages::submessage_header::tests::submessage_header_wireshark::serialize_little_endian ... ok
[INFO] [stdout] test messages::submessages::submessage_kind::tests::submessage_kind_acknack::serialize_big_endian ... ok
[INFO] [stdout] test messages::submessages::submessage_kind::tests::submessage_kind_acknack::serialize_deserialize_big_endian ... ok
[INFO] [stdout] test messages::submessages::submessage_kind::tests::submessage_kind_acknack::serialize_deserialize_little_endian ... ok
[INFO] [stdout] test messages::submessages::submessage_kind::tests::submessage_kind_acknack::serialize_little_endian ... ok
[INFO] [stdout] test messages::submessages::submessage_kind::tests::submessage_kind_data::serialize_big_endian ... ok
[INFO] [stdout] test messages::protocol_version::tests::protocol_version_default::serialize_deserialize_little_endian ... ok
[INFO] [stdout] test messages::submessages::submessage_kind::tests::submessage_kind_data::serialize_little_endian ... ok
[INFO] [stdout] test messages::submessages::submessage_kind::tests::submessage_kind_data_frag::serialize_big_endian ... ok
[INFO] [stdout] test messages::submessages::submessage_kind::tests::submessage_kind_data::serialize_deserialize_big_endian ... ok
[INFO] [stdout] test messages::submessages::submessage_kind::tests::submessage_kind_data_frag::serialize_deserialize_big_endian ... ok
[INFO] [stdout] test messages::submessages::submessage_kind::tests::submessage_kind_gap::serialize_big_endian ... ok
[INFO] [stdout] test messages::submessages::submessage_kind::tests::submessage_kind_data::serialize_deserialize_little_endian ... ok
[INFO] [stdout] test messages::submessages::submessage_kind::tests::submessage_kind_data_frag::serialize_deserialize_little_endian ... ok
[INFO] [stdout] test messages::submessages::submessage_kind::tests::submessage_kind_gap::serialize_deserialize_little_endian ... ok
[INFO] [stdout] test messages::submessages::submessage_kind::tests::submessage_kind_data_frag::serialize_little_endian ... ok
[INFO] [stdout] test messages::submessages::submessage_kind::tests::submessage_kind_heartbeat::serialize_big_endian ... ok
[INFO] [stdout] test messages::submessages::submessage_kind::tests::submessage_kind_gap::serialize_little_endian ... ok
[INFO] [stdout] test messages::submessages::submessage_kind::tests::submessage_kind_heartbeat::serialize_little_endian ... ok
[INFO] [stdout] test messages::submessages::submessage_kind::tests::submessage_kind_heartbeat::serialize_deserialize_big_endian ... ok
[INFO] [stdout] test messages::submessages::submessage_kind::tests::submessage_kind_heartbeat_frag::serialize_deserialize_big_endian ... ok
[INFO] [stdout] test messages::submessages::submessage_kind::tests::submessage_kind_heartbeat_frag::serialize_little_endian ... ok
[INFO] [stdout] test messages::submessages::submessage_kind::tests::submessage_kind_gap::serialize_deserialize_big_endian ... ok
[INFO] [stdout] test messages::submessages::submessage_kind::tests::submessage_kind_heartbeat::serialize_deserialize_little_endian ... ok
[INFO] [stdout] test messages::submessages::submessage_kind::tests::submessage_kind_heartbeat_frag::serialize_deserialize_little_endian ... ok
[INFO] [stdout] test messages::submessages::submessage_kind::tests::submessage_kind_heartbeat_frag::serialize_big_endian ... ok
[INFO] [stdout] test messages::submessages::submessage_kind::tests::submessage_kind_info_dst::serialize_deserialize_little_endian ... ok
[INFO] [stdout] test messages::submessages::submessage_header::tests::submessage_header_wireshark::serialize_deserialize_little_endian ... ok
[INFO] [stdout] test messages::submessages::submessage_kind::tests::submessage_kind_info_dst::serialize_little_endian ... ok
[INFO] [stdout] test messages::submessages::submessage_kind::tests::submessage_kind_info_dst::serialize_big_endian ... ok
[INFO] [stdout] test messages::submessages::submessage_kind::tests::submessage_kind_info_dst::serialize_deserialize_big_endian ... ok
[INFO] [stdout] test messages::submessages::submessage_kind::tests::submessage_kind_info_replay::serialize_deserialize_big_endian ... ok
[INFO] [stdout] test messages::submessages::submessage_kind::tests::submessage_kind_info_replay::serialize_deserialize_little_endian ... ok
[INFO] [stdout] test messages::submessages::submessage_kind::tests::submessage_kind_info_replay_ip4::serialize_big_endian ... ok
[INFO] [stdout] test messages::submessages::submessage_kind::tests::submessage_kind_info_replay::serialize_little_endian ... ok
[INFO] [stdout] test messages::submessages::submessage_kind::tests::submessage_kind_info_replay_ip4::serialize_deserialize_big_endian ... ok
[INFO] [stdout] test messages::submessages::submessage_kind::tests::submessage_kind_info_replay::serialize_big_endian ... ok
[INFO] [stdout] test messages::submessages::submessage_kind::tests::submessage_kind_info_replay_ip4::serialize_deserialize_little_endian ... ok
[INFO] [stdout] test messages::submessages::submessage_kind::tests::submessage_kind_info_replay_ip4::serialize_little_endian ... ok
[INFO] [stdout] test messages::submessages::submessage_kind::tests::submessage_kind_info_src::serialize_big_endian ... ok
[INFO] [stdout] test messages::submessages::submessage_kind::tests::submessage_kind_info_src::serialize_deserialize_big_endian ... ok
[INFO] [stdout] test messages::submessages::submessage_kind::tests::submessage_kind_info_src::serialize_deserialize_little_endian ... ok
[INFO] [stdout] test messages::submessages::submessage_kind::tests::submessage_kind_info_src::serialize_little_endian ... ok
[INFO] [stdout] test messages::submessages::submessage_kind::tests::submessage_kind_info_ts::serialize_big_endian ... ok
[INFO] [stdout] test messages::submessages::submessage_kind::tests::submessage_kind_info_ts::serialize_deserialize_big_endian ... ok
[INFO] [stdout] test messages::submessages::submessage_kind::tests::submessage_kind_info_ts::serialize_deserialize_little_endian ... ok
[INFO] [stdout] test messages::submessages::submessage_kind::tests::submessage_kind_info_ts::serialize_little_endian ... ok
[INFO] [stdout] test messages::submessages::submessage_kind::tests::submessage_kind_nack_frag::serialize_big_endian ... ok
[INFO] [stdout] test messages::submessages::submessage_kind::tests::submessage_kind_nack_frag::serialize_deserialize_big_endian ... ok
[INFO] [stdout] test messages::submessages::submessage_kind::tests::submessage_kind_nack_frag::serialize_deserialize_little_endian ... ok
[INFO] [stdout] test messages::submessages::submessage_kind::tests::submessage_kind_nack_frag::serialize_little_endian ... ok
[INFO] [stdout] test messages::submessages::submessage_kind::tests::submessage_kind_pad::serialize_big_endian ... ok
[INFO] [stdout] test messages::submessages::submessage_kind::tests::submessage_kind_pad::serialize_deserialize_big_endian ... ok
[INFO] [stdout] test messages::submessages::submessage_kind::tests::submessage_kind_pad::serialize_little_endian ... ok
[INFO] [stdout] test messages::vendor_id::tests::minimum_bytes_needed ... ok
[INFO] [stdout] test messages::vendor_id::tests::vendor_unknown::serialize_big_endian ... ok
[INFO] [stdout] test messages::vendor_id::tests::vendor_unknown::serialize_deserialize_big_endian ... ok
[INFO] [stdout] test messages::vendor_id::tests::vendor_unknown::serialize_deserialize_little_endian ... ok
[INFO] [stdout] test messages::vendor_id::tests::vendor_unknown::serialize_little_endian ... ok
[INFO] [stdout] test serialization::cdr_deserializer::tests::cdr_deserialization_custom_data_message_from_ros_and_wireshark ... ok
[INFO] [stdout] test network::udp_listener::tests::udpl_single_address ... ok
[INFO] [stdout] test network::udp_sender::tests::udps_multi_send ... ok
[INFO] [stdout] test serialization::cdr_deserializer::tests::cdr_deserialization_serialization_payload_shapes ... ok
[INFO] [stdout] test serialization::cdr_deserializer::tests::cdr_deserialization_custom_type ... ok
[INFO] [stdout] test serialization::cdr_deserializer::tests::cdr_deserialization_user_defined_data ... ok
[INFO] [stdout] test serialization::cdr_deserializer::tests::cdr_serde_round_trip::bigenum_boring ... ok
[INFO] [stdout] test serialization::cdr_deserializer::tests::cdr_serde_round_trip::bigenum_interesting ... ok
[INFO] [stdout] test serialization::cdr_deserializer::tests::cdr_serde_round_trip::bigenum_something ... ok
[INFO] [stdout] test serialization::cdr_deserializer::tests::cdr_serde_round_trip::char ... ok
[INFO] [stdout] test serialization::cdr_deserializer::tests::cdr_deserialization_serialization_topic_name ... ok
[INFO] [stdout] test serialization::cdr_deserializer::tests::cdr_deserialization_example_struct ... ok
[INFO] [stdout] test serialization::cdr_deserializer::tests::cdr_serde_round_trip::f32 ... ok
[INFO] [stdout] test network::udp_sender::tests::udps_single_send ... ok
[INFO] [stdout] test serialization::cdr_deserializer::tests::cdr_serde_round_trip::f64 ... ok
[INFO] [stdout] test serialization::cdr_deserializer::tests::cdr_deserialization_struct ... ok
[INFO] [stdout] test messages::submessages::submessage_kind::tests::submessage_kind_pad::serialize_deserialize_little_endian ... ok
[INFO] [stdout] test serialization::cdr_deserializer::tests::cdr_serde_round_trip::false_expects ... ok
[INFO] [stdout] test serialization::cdr_deserializer::tests::cdr_serde_round_trip::i16 ... ok
[INFO] [stdout] test serialization::cdr_deserializer::tests::cdr_serde_round_trip::i32 ... ok
[INFO] [stdout] test serialization::cdr_deserializer::tests::cdr_serde_round_trip::i64 ... ok
[INFO] [stdout] test serialization::cdr_deserializer::tests::cdr_serde_round_trip::i8 ... ok
[INFO] [stdout] test serialization::cdr_deserializer::tests::cdr_serde_round_trip::interestingmessage ... ok
[INFO] [stdout] test serialization::cdr_deserializer::tests::cdr_serde_round_trip::mixedenum_a ... ok
[INFO] [stdout] test serialization::cdr_deserializer::tests::cdr_serde_round_trip::mixedenum_b ... ok
[INFO] [stdout] test serialization::cdr_deserializer::tests::cdr_serde_round_trip::mixedenum_c ... ok
[INFO] [stdout] test serialization::cdr_deserializer::tests::cdr_serde_round_trip::sometupleenum_a ... ok
[INFO] [stdout] test serialization::cdr_deserializer::tests::cdr_serde_round_trip::sometupleenum_b ... ok
[INFO] [stdout] test serialization::cdr_deserializer::tests::cdr_serde_round_trip::sometupleenum_c ... ok
[INFO] [stdout] test serialization::cdr_deserializer::tests::cdr_serde_round_trip::string ... ok
[INFO] [stdout] test serialization::cdr_deserializer::tests::cdr_serde_round_trip::true_expects ... ok
[INFO] [stdout] test serialization::cdr_deserializer::tests::cdr_serde_round_trip::u16 ... ok
[INFO] [stdout] test serialization::cdr_deserializer::tests::cdr_serde_round_trip::u32 ... ok
[INFO] [stdout] test serialization::cdr_deserializer::tests::cdr_serde_round_trip::u64 ... ok
[INFO] [stdout] test serialization::cdr_deserializer::tests::cdr_serde_round_trip::u8 ... ok
[INFO] [stdout] test serialization::cdr_deserializer::tests::cdr_serde_round_trip::vec_i32_ ... ok
[INFO] [stdout] test serialization::cdr_serializer::tests::cdr_serialization_char ... ok
[INFO] [stdout] test serialization::cdr_serializer::tests::cdr_serialization_example ... ok
[INFO] [stdout] test serialization::cdr_serializer::tests::cdr_serialization_little ... ok
[INFO] [stdout] test serialization::cdr_serializer::tests::cdr_serialization_string ... ok
[INFO] [stdout] test serialization::cdr_serializer::tests::cdr_serialization_test ... ok
[INFO] [stdout] test serialization::cdr_serializer::tests::cdr_serialize_and_deserializesequence_of_structs ... ok
[INFO] [stdout] test serialization::cdr_serializer::tests::cdr_serialize_enum ... ok
[INFO] [stdout] test serialization::cdr_serializer::tests::cdr_serialize_seq ... ok
[INFO] [stdout] test serialization::message::tests::rtps_message_infoDST_infoTS_Data_w_heartbeat ... ok
[INFO] [stdout] test serialization::message::tests::rtps_message_info_ts_and_dataP ... ok
[INFO] [stdout] test serialization::message::tests::rtps_message_test_shapes_demo_DataP ... ok
[INFO] [stdout] test serialization::message::tests::rtps_message_test_shapes_demo_info_TS_AckNack ... ok
[INFO] [stdout] test serialization::message::tests::rtps_message_test_shapes_demo_info_TS_dataP ... ok
[INFO] [stdout] test serialization::message::tests::rtps_message_test_shapes_demo_message_deserialization ... ok
[INFO] [stdout] test serialization::submessage::tests::submessage_data_submessage_deserialization ... ok
[INFO] [stdout] test serialization::submessage::tests::submessage_hearbeat_deserialization ... ok
[INFO] [stdout] test serialization::submessage::tests::submessage_info_dst_deserialization ... ok
[INFO] [stdout] test structure::duration::tests::convert_from_duration ... ok
[INFO] [stdout] test structure::duration::tests::convert_to_duration ... ok
[INFO] [stdout] test structure::duration::tests::duration_current_empty_fraction::serialize_big_endian ... ok
[INFO] [stdout] test structure::duration::tests::duration_current_empty_fraction::serialize_deserialize_big_endian ... ok
[INFO] [stdout] test structure::duration::tests::duration_current_empty_fraction::serialize_deserialize_little_endian ... ok
[INFO] [stdout] test structure::duration::tests::duration_current_empty_fraction::serialize_little_endian ... ok
[INFO] [stdout] test structure::duration::tests::duration_from_wireshark::serialize_big_endian ... ok
[INFO] [stdout] test structure::dds_cache::tests::create_dds_cache ... ok
[INFO] [stdout] test structure::duration::tests::duration_from_wireshark::serialize_deserialize_big_endian ... ok
[INFO] [stdout] test structure::duration::tests::duration_from_wireshark::serialize_deserialize_little_endian ... ok
[INFO] [stdout] test structure::duration::tests::duration_from_wireshark::serialize_little_endian ... ok
[INFO] [stdout] test structure::duration::tests::duration_infinite::serialize_big_endian ... ok
[INFO] [stdout] test structure::duration::tests::duration_infinite::serialize_deserialize_big_endian ... ok
[INFO] [stdout] test structure::duration::tests::duration_infinite::serialize_deserialize_little_endian ... ok
[INFO] [stdout] test structure::duration::tests::duration_infinite::serialize_little_endian ... ok
[INFO] [stdout] test structure::duration::tests::duration_zero::serialize_big_endian ... ok
[INFO] [stdout] test structure::duration::tests::duration_zero::serialize_deserialize_big_endian ... ok
[INFO] [stdout] test structure::duration::tests::duration_zero::serialize_deserialize_little_endian ... ok
[INFO] [stdout] test structure::duration::tests::duration_zero::serialize_little_endian ... ok
[INFO] [stdout] test structure::endpoint::tests::reliability_kind_best_effort::serialize_big_endian ... ok
[INFO] [stdout] test structure::endpoint::tests::reliability_kind_best_effort::serialize_deserialize_big_endian ... ok
[INFO] [stdout] test structure::endpoint::tests::reliability_kind_best_effort::serialize_deserialize_little_endian ... ok
[INFO] [stdout] test structure::endpoint::tests::reliability_kind_best_effort::serialize_little_endian ... ok
[INFO] [stdout] test structure::endpoint::tests::reliability_kind_reliable::serialize_big_endian ... ok
[INFO] [stdout] test structure::endpoint::tests::reliability_kind_reliable::serialize_deserialize_big_endian ... ok
[INFO] [stdout] test structure::endpoint::tests::reliability_kind_reliable::serialize_deserialize_little_endian ... ok
[INFO] [stdout] test structure::endpoint::tests::reliability_kind_reliable::serialize_little_endian ... ok
[INFO] [stdout] test structure::guid::tests::convert_entity_id_to_token_and_back ... ok
[INFO] [stdout] test structure::guid::tests::entity_default::serialize_big_endian ... ok
[INFO] [stdout] test structure::guid::tests::entity_default::serialize_deserialize_big_endian ... ok
[INFO] [stdout] test structure::guid::tests::entity_default::serialize_deserialize_little_endian ... ok
[INFO] [stdout] test structure::guid::tests::entity_default::serialize_little_endian ... ok
[INFO] [stdout] test structure::guid::tests::entity_p2p_builtin_participant_message_reader::serialize_big_endian ... ok
[INFO] [stdout] test structure::guid::tests::entity_p2p_builtin_participant_message_reader::serialize_deserialize_big_endian ... ok
[INFO] [stdout] test structure::guid::tests::entity_p2p_builtin_participant_message_reader::serialize_deserialize_little_endian ... ok
[INFO] [stdout] test structure::guid::tests::entity_p2p_builtin_participant_message_reader::serialize_little_endian ... ok
[INFO] [stdout] test structure::guid::tests::entity_p2p_builtin_participant_message_writer::serialize_big_endian ... ok
[INFO] [stdout] test structure::guid::tests::entity_p2p_builtin_participant_message_writer::serialize_deserialize_big_endian ... ok
[INFO] [stdout] test structure::guid::tests::entity_p2p_builtin_participant_message_writer::serialize_deserialize_little_endian ... ok
[INFO] [stdout] test structure::guid::tests::entity_p2p_builtin_participant_message_writer::serialize_little_endian ... ok
[INFO] [stdout] test structure::guid::tests::entity_participant::serialize_big_endian ... ok
[INFO] [stdout] test structure::guid::tests::entity_participant::serialize_deserialize_little_endian ... ok
[INFO] [stdout] test structure::guid::tests::entity_participant::serialize_little_endian ... ok
[INFO] [stdout] test structure::guid::tests::entity_sedp_builtin_publications_reader::serialize_big_endian ... ok
[INFO] [stdout] test structure::guid::tests::entity_sedp_builtin_publications_reader::serialize_deserialize_big_endian ... ok
[INFO] [stdout] test structure::guid::tests::entity_sedp_builtin_publications_reader::serialize_deserialize_little_endian ... ok
[INFO] [stdout] test structure::guid::tests::entity_sedp_builtin_publications_reader::serialize_little_endian ... ok
[INFO] [stdout] test structure::guid::tests::entity_sedp_builtin_publications_writer::serialize_big_endian ... ok
[INFO] [stdout] test structure::guid::tests::entity_sedp_builtin_publications_writer::serialize_deserialize_big_endian ... ok
[INFO] [stdout] test structure::guid::tests::entity_sedp_builtin_publications_writer::serialize_deserialize_little_endian ... ok
[INFO] [stdout] test structure::guid::tests::entity_sedp_builtin_publications_writer::serialize_little_endian ... ok
[INFO] [stdout] test structure::guid::tests::entity_sedp_builtin_subscriptions_reader::serialize_big_endian ... ok
[INFO] [stdout] test structure::guid::tests::entity_sedp_builtin_subscriptions_reader::serialize_deserialize_little_endian ... ok
[INFO] [stdout] test structure::guid::tests::entity_sedp_builtin_subscriptions_reader::serialize_little_endian ... ok
[INFO] [stdout] test structure::guid::tests::entity_sedp_builtin_subscriptions_writer::serialize_big_endian ... ok
[INFO] [stdout] test structure::guid::tests::entity_sedp_builtin_subscriptions_writer::serialize_deserialize_big_endian ... ok
[INFO] [stdout] test structure::guid::tests::entity_sedp_builtin_subscriptions_writer::serialize_deserialize_little_endian ... ok
[INFO] [stdout] test structure::guid::tests::entity_sedp_builtin_subscriptions_writer::serialize_little_endian ... ok
[INFO] [stdout] test structure::guid::tests::entity_sedp_builtin_topic_reader::serialize_big_endian ... ok
[INFO] [stdout] test structure::guid::tests::entity_sedp_builtin_topic_reader::serialize_deserialize_big_endian ... ok
[INFO] [stdout] test structure::guid::tests::entity_sedp_builtin_topic_reader::serialize_deserialize_little_endian ... ok
[INFO] [stdout] test structure::guid::tests::entity_sedp_builtin_topic_reader::serialize_little_endian ... ok
[INFO] [stdout] test structure::guid::tests::entity_sedp_builtin_topic_writer::serialize_big_endian ... ok
[INFO] [stdout] test structure::guid::tests::entity_sedp_builtin_topic_writer::serialize_deserialize_big_endian ... ok
[INFO] [stdout] test structure::guid::tests::entity_sedp_builtin_topic_writer::serialize_deserialize_little_endian ... ok
[INFO] [stdout] test structure::guid::tests::entity_sedp_builtin_topic_writer::serialize_little_endian ... ok
[INFO] [stdout] test structure::guid::tests::entity_spdp_builtin_participant_reader::serialize_big_endian ... ok
[INFO] [stdout] test structure::guid::tests::entity_spdp_builtin_participant_reader::serialize_deserialize_big_endian ... ok
[INFO] [stdout] test structure::guid::tests::entity_spdp_builtin_participant_reader::serialize_little_endian ... ok
[INFO] [stdout] test structure::guid::tests::entity_spdp_builtin_participant_writer::serialize_big_endian ... ok
[INFO] [stdout] test structure::guid::tests::entity_spdp_builtin_participant_reader::serialize_deserialize_little_endian ... ok
[INFO] [stdout] test structure::guid::tests::entity_spdp_builtin_participant_writer::serialize_deserialize_big_endian ... ok
[INFO] [stdout] test structure::guid::tests::entity_spdp_builtin_participant_writer::serialize_little_endian ... ok
[INFO] [stdout] test structure::guid::tests::entity_spdp_builtin_participant_writer::serialize_deserialize_little_endian ... ok
[INFO] [stdout] test structure::guid::tests::entity_unknown::serialize_big_endian ... ok
[INFO] [stdout] test structure::guid::tests::entity_unknown::serialize_deserialize_big_endian ... ok
[INFO] [stdout] test structure::guid::tests::entity_unknown::serialize_deserialize_little_endian ... ok
[INFO] [stdout] test structure::guid::tests::entity_unknown::serialize_little_endian ... ok
[INFO] [stdout] test structure::guid::tests::guid_default::serialize_big_endian ... ok
[INFO] [stdout] test structure::guid::tests::guid_default::serialize_deserialize_big_endian ... ok
[INFO] [stdout] test structure::guid::tests::guid_default::serialize_deserialize_little_endian ... ok
[INFO] [stdout] test structure::guid::tests::guid_default::serialize_little_endian ... ok
[INFO] [stdout] test structure::guid::tests::entity_participant::serialize_deserialize_big_endian ... ok
[INFO] [stdout] test structure::guid::tests::guid_prefix_default::serialize_big_endian ... ok
[INFO] [stdout] test structure::guid::tests::guid_entity_id_on_the_last_position::serialize_deserialize_big_endian ... ok
[INFO] [stdout] test structure::guid::tests::guid_entity_id_on_the_last_position::serialize_little_endian ... ok
[INFO] [stdout] test structure::guid::tests::guid_entity_id_on_the_last_position::serialize_deserialize_little_endian ... ok
[INFO] [stdout] test structure::guid::tests::guid_entity_id_on_the_last_position::serialize_big_endian ... ok
[INFO] [stdout] test structure::guid::tests::guid_prefix_default::serialize_deserialize_big_endian ... ok
[INFO] [stdout] test structure::guid::tests::guid_prefix_default::serialize_deserialize_little_endian ... ok
[INFO] [stdout] test structure::guid::tests::guid_prefix_default::serialize_little_endian ... ok
[INFO] [stdout] test structure::guid::tests::guid_prefix_endianness_insensitive::serialize_big_endian ... ok
[INFO] [stdout] test structure::guid::tests::guid_prefix_endianness_insensitive::serialize_deserialize_big_endian ... ok
[INFO] [stdout] test structure::guid::tests::guid_prefix_endianness_insensitive::serialize_deserialize_little_endian ... ok
[INFO] [stdout] test structure::guid::tests::guid_prefix_endianness_insensitive::serialize_little_endian ... ok
[INFO] [stdout] test structure::guid::tests::guid_prefix_unknown::serialize_big_endian ... ok
[INFO] [stdout] test structure::guid::tests::guid_prefix_unknown::serialize_deserialize_big_endian ... ok
[INFO] [stdout] test structure::guid::tests::guid_prefix_unknown::serialize_deserialize_little_endian ... ok
[INFO] [stdout] test structure::guid::tests::guid_prefix_unknown::serialize_little_endian ... ok
[INFO] [stdout] test structure::guid::tests::guid_unknown::serialize_deserialize_big_endian ... ok
[INFO] [stdout] test structure::guid::tests::guid_unknown::serialize_big_endian ... ok
[INFO] [stdout] test structure::guid::tests::guid_unknown_is_a_combination_of_unknown_members ... ok
[INFO] [stdout] test structure::guid::tests::keyhash_test ... ok
[INFO] [stdout] test structure::guid::tests::guid_unknown::serialize_deserialize_little_endian ... ok
[INFO] [stdout] test structure::guid::tests::minimum_bytes_needed ... ok
[INFO] [stdout] test structure::guid::tests::guid_unknown::serialize_little_endian ... ok
[INFO] [stdout] test structure::locator::tests::from_socket_address::unspecified_ipv6 ... ok
[INFO] [stdout] test structure::inline_qos::tests::inline_qos_status_info ... ok
[INFO] [stdout] test structure::locator::tests::serialization::invalid ... ok
[INFO] [stdout] test structure::locator::tests::serialization::invalid_ipv6 ... ok
[INFO] [stdout] test structure::guid::tests::serde_test ... ok
[INFO] [stdout] test structure::locator::tests::serialization::ipv6 ... ok
[INFO] [stdout] test structure::parameter_id::tests::pid_builtin_endpoint_set::serialize_big_endian ... ok
[INFO] [stdout] test structure::parameter_id::tests::pid_builtin_endpoint_set::serialize_deserialize_big_endian ... ok
[INFO] [stdout] test structure::parameter_id::tests::pid_builtin_endpoint_set::serialize_deserialize_little_endian ... ok
[INFO] [stdout] test structure::parameter_id::tests::pid_builtin_endpoint_set::serialize_little_endian ... ok
[INFO] [stdout] test structure::parameter_id::tests::pid_content_filter_property::serialize_big_endian ... ok
[INFO] [stdout] test structure::parameter_id::tests::pid_content_filter_property::serialize_deserialize_big_endian ... ok
[INFO] [stdout] test structure::parameter_id::tests::pid_content_filter_property::serialize_deserialize_little_endian ... ok
[INFO] [stdout] test structure::parameter_id::tests::pid_content_filter_property::serialize_little_endian ... ok
[INFO] [stdout] test structure::parameter_id::tests::pid_deadline::serialize_big_endian ... ok
[INFO] [stdout] test structure::parameter_id::tests::pid_deadline::serialize_deserialize_big_endian ... ok
[INFO] [stdout] test structure::locator::tests::serialization::ipv4 ... ok
[INFO] [stdout] test structure::parameter_id::tests::pid_deadline::serialize_deserialize_little_endian ... ok
[INFO] [stdout] test structure::parameter_id::tests::pid_deadline::serialize_little_endian ... ok
[INFO] [stdout] test structure::parameter_id::tests::pid_default_multicast_locator::serialize_big_endian ... ok
[INFO] [stdout] test structure::parameter_id::tests::pid_default_multicast_locator::serialize_deserialize_big_endian ... ok
[INFO] [stdout] test structure::parameter_id::tests::pid_default_multicast_locator::serialize_deserialize_little_endian ... ok
[INFO] [stdout] test structure::parameter_id::tests::pid_default_multicast_locator::serialize_little_endian ... ok
[INFO] [stdout] test structure::parameter_id::tests::pid_default_unicast_ipaddress::serialize_big_endian ... ok
[INFO] [stdout] test structure::parameter_id::tests::pid_default_unicast_ipaddress::serialize_deserialize_big_endian ... ok
[INFO] [stdout] test structure::parameter_id::tests::pid_default_unicast_ipaddress::serialize_deserialize_little_endian ... ok
[INFO] [stdout] test structure::parameter_id::tests::pid_default_unicast_ipaddress::serialize_little_endian ... ok
[INFO] [stdout] test structure::parameter_id::tests::pid_default_unicast_locator::serialize_big_endian ... ok
[INFO] [stdout] test structure::parameter_id::tests::pid_default_unicast_locator::serialize_deserialize_big_endian ... ok
[INFO] [stdout] test structure::parameter_id::tests::pid_default_unicast_locator::serialize_deserialize_little_endian ... ok
[INFO] [stdout] test structure::parameter_id::tests::pid_default_unicast_locator::serialize_little_endian ... ok
[INFO] [stdout] test structure::parameter_id::tests::pid_default_unicast_port::serialize_big_endian ... ok
[INFO] [stdout] test structure::parameter_id::tests::pid_default_unicast_port::serialize_deserialize_big_endian ... ok
[INFO] [stdout] test structure::parameter_id::tests::pid_default_unicast_port::serialize_little_endian ... ok
[INFO] [stdout] test structure::parameter_id::tests::pid_destination_order::serialize_big_endian ... ok
[INFO] [stdout] test structure::parameter_id::tests::pid_destination_order::serialize_deserialize_big_endian ... ok
[INFO] [stdout] test structure::parameter_id::tests::pid_destination_order::serialize_deserialize_little_endian ... ok
[INFO] [stdout] test structure::parameter_id::tests::pid_destination_order::serialize_little_endian ... ok
[INFO] [stdout] test structure::parameter_id::tests::pid_durability::serialize_big_endian ... ok
[INFO] [stdout] test structure::parameter_id::tests::pid_durability::serialize_deserialize_big_endian ... ok
[INFO] [stdout] test structure::parameter_id::tests::pid_durability::serialize_little_endian ... ok
[INFO] [stdout] test structure::parameter_id::tests::pid_durability::serialize_deserialize_little_endian ... ok
[INFO] [stdout] test structure::parameter_id::tests::pid_durability_service::serialize_big_endian ... ok
[INFO] [stdout] test structure::parameter_id::tests::pid_durability_service::serialize_deserialize_big_endian ... ok
[INFO] [stdout] test structure::parameter_id::tests::pid_durability_service::serialize_deserialize_little_endian ... ok
[INFO] [stdout] test structure::parameter_id::tests::pid_durability_service::serialize_little_endian ... ok
[INFO] [stdout] test structure::parameter_id::tests::pid_entity_name::serialize_deserialize_big_endian ... ok
[INFO] [stdout] test structure::parameter_id::tests::pid_entity_name::serialize_big_endian ... ok
[INFO] [stdout] test structure::parameter_id::tests::pid_entity_name::serialize_deserialize_little_endian ... ok
[INFO] [stdout] test structure::parameter_id::tests::pid_entity_name::serialize_little_endian ... ok
[INFO] [stdout] test structure::parameter_id::tests::pid_expects_inline_qos::serialize_big_endian ... ok
[INFO] [stdout] test structure::parameter_id::tests::pid_expects_inline_qos::serialize_deserialize_big_endian ... ok
[INFO] [stdout] test structure::parameter_id::tests::pid_expects_inline_qos::serialize_deserialize_little_endian ... ok
[INFO] [stdout] test structure::parameter_id::tests::pid_expects_inline_qos::serialize_little_endian ... ok
[INFO] [stdout] test structure::parameter_id::tests::pid_group_data::serialize_big_endian ... ok
[INFO] [stdout] test structure::parameter_id::tests::pid_group_data::serialize_deserialize_big_endian ... ok
[INFO] [stdout] test structure::parameter_id::tests::pid_group_data::serialize_deserialize_little_endian ... ok
[INFO] [stdout] test structure::parameter_id::tests::pid_group_data::serialize_little_endian ... ok
[INFO] [stdout] test structure::parameter_id::tests::pid_group_entityid::serialize_big_endian ... ok
[INFO] [stdout] test structure::parameter_id::tests::pid_group_entityid::serialize_deserialize_big_endian ... ok
[INFO] [stdout] test structure::parameter_id::tests::pid_group_entityid::serialize_deserialize_little_endian ... ok
[INFO] [stdout] test structure::parameter_id::tests::pid_group_entityid::serialize_little_endian ... ok
[INFO] [stdout] test structure::parameter_id::tests::pid_group_guid::serialize_deserialize_big_endian ... ok
[INFO] [stdout] test structure::parameter_id::tests::pid_group_guid::serialize_deserialize_little_endian ... ok
[INFO] [stdout] test structure::guid::tests::entity_sedp_builtin_subscriptions_reader::serialize_deserialize_big_endian ... ok
[INFO] [stdout] test structure::parameter_id::tests::pid_group_guid::serialize_big_endian ... ok
[INFO] [stdout] test structure::parameter_id::tests::pid_history::serialize_big_endian ... ok
[INFO] [stdout] test structure::parameter_id::tests::pid_group_guid::serialize_little_endian ... ok
[INFO] [stdout] test structure::parameter_id::tests::pid_history::serialize_deserialize_little_endian ... ok
[INFO] [stdout] test structure::parameter_id::tests::pid_history::serialize_deserialize_big_endian ... ok
[INFO] [stdout] test structure::parameter_id::tests::pid_key_hash::serialize_big_endian ... ok
[INFO] [stdout] test structure::parameter_id::tests::pid_history::serialize_little_endian ... ok
[INFO] [stdout] test structure::parameter_id::tests::pid_key_hash::serialize_deserialize_big_endian ... ok
[INFO] [stdout] test structure::parameter_id::tests::pid_key_hash::serialize_little_endian ... ok
[INFO] [stdout] test structure::parameter_id::tests::pid_key_hash::serialize_deserialize_little_endian ... ok
[INFO] [stdout] test structure::parameter_id::tests::pid_latency_budget::serialize_big_endian ... ok
[INFO] [stdout] test structure::parameter_id::tests::pid_latency_budget::serialize_deserialize_big_endian ... ok
[INFO] [stdout] test structure::parameter_id::tests::pid_latency_budget::serialize_deserialize_little_endian ... ok
[INFO] [stdout] test structure::parameter_id::tests::pid_latency_budget::serialize_little_endian ... ok
[INFO] [stdout] test structure::parameter_id::tests::pid_lifespan::serialize_big_endian ... ok
[INFO] [stdout] test structure::parameter_id::tests::pid_lifespan::serialize_deserialize_big_endian ... ok
[INFO] [stdout] test structure::parameter_id::tests::pid_lifespan::serialize_deserialize_little_endian ... ok
[INFO] [stdout] test structure::parameter_id::tests::pid_lifespan::serialize_little_endian ... ok
[INFO] [stdout] test structure::parameter_id::tests::pid_liveliness::serialize_big_endian ... ok
[INFO] [stdout] test structure::parameter_id::tests::pid_liveliness::serialize_deserialize_big_endian ... ok
[INFO] [stdout] test structure::parameter_id::tests::pid_liveliness::serialize_deserialize_little_endian ... ok
[INFO] [stdout] test structure::parameter_id::tests::pid_liveliness::serialize_little_endian ... ok
[INFO] [stdout] test structure::parameter_id::tests::pid_metatraffic_multicast_ipaddress::serialize_big_endian ... ok
[INFO] [stdout] test structure::parameter_id::tests::pid_metatraffic_multicast_ipaddress::serialize_deserialize_big_endian ... ok
[INFO] [stdout] test structure::parameter_id::tests::pid_metatraffic_multicast_ipaddress::serialize_deserialize_little_endian ... ok
[INFO] [stdout] test structure::parameter_id::tests::pid_metatraffic_multicast_ipaddress::serialize_little_endian ... ok
[INFO] [stdout] test structure::parameter_id::tests::pid_metatraffic_multicast_locator::serialize_big_endian ... ok
[INFO] [stdout] test structure::parameter_id::tests::pid_metatraffic_multicast_locator::serialize_deserialize_big_endian ... ok
[INFO] [stdout] test structure::parameter_id::tests::pid_metatraffic_multicast_locator::serialize_deserialize_little_endian ... ok
[INFO] [stdout] test structure::parameter_id::tests::pid_metatraffic_multicast_port::serialize_big_endian ... ok
[INFO] [stdout] test structure::parameter_id::tests::pid_metatraffic_multicast_locator::serialize_little_endian ... ok
[INFO] [stdout] test structure::parameter_id::tests::pid_metatraffic_multicast_port::serialize_deserialize_big_endian ... ok
[INFO] [stdout] test structure::parameter_id::tests::pid_metatraffic_multicast_port::serialize_deserialize_little_endian ... ok
[INFO] [stdout] test structure::parameter_id::tests::pid_metatraffic_multicast_port::serialize_little_endian ... ok
[INFO] [stdout] test structure::parameter_id::tests::pid_metatraffic_unicast_ipaddress::serialize_big_endian ... ok
[INFO] [stdout] test structure::parameter_id::tests::pid_metatraffic_unicast_ipaddress::serialize_deserialize_big_endian ... ok
[INFO] [stdout] test structure::parameter_id::tests::pid_metatraffic_unicast_ipaddress::serialize_deserialize_little_endian ... ok
[INFO] [stdout] test structure::parameter_id::tests::pid_metatraffic_unicast_ipaddress::serialize_little_endian ... ok
[INFO] [stdout] test structure::parameter_id::tests::pid_metatraffic_unicast_locator::serialize_big_endian ... ok
[INFO] [stdout] test structure::parameter_id::tests::pid_metatraffic_unicast_locator::serialize_deserialize_big_endian ... ok
[INFO] [stdout] test structure::parameter_id::tests::pid_metatraffic_unicast_locator::serialize_deserialize_little_endian ... ok
[INFO] [stdout] test structure::parameter_id::tests::pid_metatraffic_unicast_locator::serialize_little_endian ... ok
[INFO] [stdout] test structure::parameter_id::tests::pid_metatraffic_unicast_port::serialize_big_endian ... ok
[INFO] [stdout] test structure::parameter_id::tests::pid_metatraffic_unicast_port::serialize_deserialize_big_endian ... ok
[INFO] [stdout] test structure::parameter_id::tests::pid_metatraffic_unicast_port::serialize_deserialize_little_endian ... ok
[INFO] [stdout] test structure::parameter_id::tests::pid_default_unicast_port::serialize_deserialize_little_endian ... ok
[INFO] [stdout] test structure::parameter_id::tests::pid_multicast_ipaddress::serialize_big_endian ... ok
[INFO] [stdout] test structure::parameter_id::tests::pid_metatraffic_unicast_port::serialize_little_endian ... ok
[INFO] [stdout] test structure::parameter_id::tests::pid_multicast_ipaddress::serialize_deserialize_little_endian ... ok
[INFO] [stdout] test structure::parameter_id::tests::pid_multicast_ipaddress::serialize_little_endian ... ok
[INFO] [stdout] test structure::parameter_id::tests::pid_multicast_ipaddress::serialize_deserialize_big_endian ... ok
[INFO] [stdout] test structure::parameter_id::tests::pid_multicast_locator::serialize_deserialize_big_endian ... ok
[INFO] [stdout] test structure::parameter_id::tests::pid_multicast_locator::serialize_deserialize_little_endian ... ok
[INFO] [stdout] test structure::parameter_id::tests::pid_multicast_locator::serialize_little_endian ... ok
[INFO] [stdout] test structure::parameter_id::tests::pid_ownership::serialize_big_endian ... ok
[INFO] [stdout] test structure::parameter_id::tests::pid_ownership::serialize_deserialize_big_endian ... ok
[INFO] [stdout] test structure::parameter_id::tests::pid_ownership::serialize_deserialize_little_endian ... ok
[INFO] [stdout] test structure::parameter_id::tests::pid_ownership::serialize_little_endian ... ok
[INFO] [stdout] test structure::parameter_id::tests::pid_ownership_strength::serialize_big_endian ... ok
[INFO] [stdout] test structure::parameter_id::tests::pid_ownership_strength::serialize_deserialize_big_endian ... ok
[INFO] [stdout] test structure::parameter_id::tests::pid_ownership_strength::serialize_deserialize_little_endian ... ok
[INFO] [stdout] test structure::parameter_id::tests::pid_ownership_strength::serialize_little_endian ... ok
[INFO] [stdout] test structure::parameter_id::tests::pid_pad::serialize_big_endian ... ok
[INFO] [stdout] test structure::parameter_id::tests::pid_pad::serialize_deserialize_big_endian ... ok
[INFO] [stdout] test structure::parameter_id::tests::pid_pad::serialize_deserialize_little_endian ... ok
[INFO] [stdout] test structure::parameter_id::tests::pid_pad::serialize_little_endian ... ok
[INFO] [stdout] test structure::parameter_id::tests::pid_participant_builtin_endpoints::serialize_deserialize_big_endian ... ok
[INFO] [stdout] test structure::parameter_id::tests::pid_participant_builtin_endpoints::serialize_big_endian ... ok
[INFO] [stdout] test structure::parameter_id::tests::pid_participant_builtin_endpoints::serialize_deserialize_little_endian ... ok
[INFO] [stdout] test structure::parameter_id::tests::pid_participant_builtin_endpoints::serialize_little_endian ... ok
[INFO] [stdout] test structure::parameter_id::tests::pid_participant_guid::serialize_big_endian ... ok
[INFO] [stdout] test structure::parameter_id::tests::pid_multicast_locator::serialize_big_endian ... ok
[INFO] [stdout] test structure::parameter_id::tests::pid_participant_guid::serialize_deserialize_big_endian ... ok
[INFO] [stdout] test structure::parameter_id::tests::pid_participant_guid::serialize_little_endian ... ok
[INFO] [stdout] test structure::parameter_id::tests::pid_participant_lease_duration::serialize_big_endian ... ok
[INFO] [stdout] test structure::parameter_id::tests::pid_participant_lease_duration::serialize_deserialize_big_endian ... ok
[INFO] [stdout] test structure::parameter_id::tests::pid_participant_guid::serialize_deserialize_little_endian ... ok
[INFO] [stdout] test structure::parameter_id::tests::pid_participant_lease_duration::serialize_deserialize_little_endian ... ok
[INFO] [stdout] test structure::parameter_id::tests::pid_participant_lease_duration::serialize_little_endian ... ok
[INFO] [stdout] test structure::parameter_id::tests::pid_participant_manual_liveliness_count::serialize_big_endian ... ok
[INFO] [stdout] test structure::parameter_id::tests::pid_participant_manual_liveliness_count::serialize_deserialize_big_endian ... ok
[INFO] [stdout] test structure::parameter_id::tests::pid_participant_manual_liveliness_count::serialize_deserialize_little_endian ... ok
[INFO] [stdout] test structure::parameter_id::tests::pid_partition::serialize_big_endian ... ok
[INFO] [stdout] test structure::parameter_id::tests::pid_participant_manual_liveliness_count::serialize_little_endian ... ok
[INFO] [stdout] test structure::parameter_id::tests::pid_partition::serialize_deserialize_big_endian ... ok
[INFO] [stdout] test structure::parameter_id::tests::pid_partition::serialize_deserialize_little_endian ... ok
[INFO] [stdout] test structure::parameter_id::tests::pid_partition::serialize_little_endian ... ok
[INFO] [stdout] test structure::parameter_id::tests::pid_presentation::serialize_big_endian ... ok
[INFO] [stdout] test structure::parameter_id::tests::pid_presentation::serialize_deserialize_big_endian ... ok
[INFO] [stdout] test structure::parameter_id::tests::pid_presentation::serialize_deserialize_little_endian ... ok
[INFO] [stdout] test structure::parameter_id::tests::pid_presentation::serialize_little_endian ... ok
[INFO] [stdout] test structure::parameter_id::tests::pid_property_list::serialize_big_endian ... ok
[INFO] [stdout] test structure::parameter_id::tests::pid_property_list::serialize_deserialize_big_endian ... ok
[INFO] [stdout] test structure::parameter_id::tests::pid_property_list::serialize_deserialize_little_endian ... ok
[INFO] [stdout] test structure::parameter_id::tests::pid_property_list::serialize_little_endian ... ok
[INFO] [stdout] test structure::parameter_id::tests::pid_protocol_version::serialize_big_endian ... ok
[INFO] [stdout] test structure::parameter_id::tests::pid_protocol_version::serialize_deserialize_big_endian ... ok
[INFO] [stdout] test structure::parameter_id::tests::pid_protocol_version::serialize_deserialize_little_endian ... ok
[INFO] [stdout] test structure::parameter_id::tests::pid_reliability::serialize_big_endian ... ok
[INFO] [stdout] test structure::parameter_id::tests::pid_protocol_version::serialize_little_endian ... ok
[INFO] [stdout] test structure::parameter_id::tests::pid_reliability::serialize_deserialize_big_endian ... ok
[INFO] [stdout] test structure::parameter_id::tests::pid_reliability::serialize_deserialize_little_endian ... ok
[INFO] [stdout] test structure::parameter_id::tests::pid_reliability::serialize_little_endian ... ok
[INFO] [stdout] test structure::parameter_id::tests::pid_resource_limits::serialize_big_endian ... ok
[INFO] [stdout] test structure::parameter_id::tests::pid_resource_limits::serialize_deserialize_big_endian ... ok
[INFO] [stdout] test structure::parameter_id::tests::pid_resource_limits::serialize_deserialize_little_endian ... ok
[INFO] [stdout] test structure::parameter_id::tests::pid_resource_limits::serialize_little_endian ... ok
[INFO] [stdout] test structure::parameter_id::tests::pid_sentinel::serialize_big_endian ... ok
[INFO] [stdout] test structure::parameter_id::tests::pid_sentinel::serialize_deserialize_big_endian ... ok
[INFO] [stdout] test structure::parameter_id::tests::pid_sentinel::serialize_deserialize_little_endian ... ok
[INFO] [stdout] test structure::parameter_id::tests::pid_sentinel::serialize_little_endian ... ok
[INFO] [stdout] test structure::parameter_id::tests::pid_status_info::serialize_big_endian ... ok
[INFO] [stdout] test structure::parameter_id::tests::pid_status_info::serialize_deserialize_big_endian ... ok
[INFO] [stdout] test structure::parameter_id::tests::pid_status_info::serialize_deserialize_little_endian ... ok
[INFO] [stdout] test structure::parameter_id::tests::pid_status_info::serialize_little_endian ... ok
[INFO] [stdout] test structure::parameter_id::tests::pid_time_based_filter::serialize_big_endian ... ok
[INFO] [stdout] test structure::parameter_id::tests::pid_time_based_filter::serialize_deserialize_little_endian ... ok
[INFO] [stdout] test structure::parameter_id::tests::pid_time_based_filter::serialize_deserialize_big_endian ... ok
[INFO] [stdout] test structure::parameter_id::tests::pid_time_based_filter::serialize_little_endian ... ok
[INFO] [stdout] test structure::parameter_id::tests::pid_topic_data::serialize_big_endian ... ok
[INFO] [stdout] test structure::parameter_id::tests::pid_topic_data::serialize_deserialize_big_endian ... ok
[INFO] [stdout] test structure::parameter_id::tests::pid_topic_data::serialize_deserialize_little_endian ... ok
[INFO] [stdout] test structure::parameter_id::tests::pid_topic_data::serialize_little_endian ... ok
[INFO] [stdout] test structure::parameter_id::tests::pid_topic_name::serialize_big_endian ... ok
[INFO] [stdout] test structure::parameter_id::tests::pid_topic_name::serialize_deserialize_big_endian ... ok
[INFO] [stdout] test structure::parameter_id::tests::pid_topic_name::serialize_deserialize_little_endian ... ok
[INFO] [stdout] test structure::parameter_id::tests::pid_topic_name::serialize_little_endian ... ok
[INFO] [stdout] test structure::parameter_id::tests::pid_transport_prio::serialize_big_endian ... ok
[INFO] [stdout] test structure::parameter_id::tests::pid_transport_prio::serialize_deserialize_big_endian ... ok
[INFO] [stdout] test structure::parameter_id::tests::pid_transport_prio::serialize_deserialize_little_endian ... ok
[INFO] [stdout] test structure::parameter_id::tests::pid_transport_prio::serialize_little_endian ... ok
[INFO] [stdout] test structure::parameter_id::tests::pid_type_max_size_serialized::serialize_big_endian ... ok
[INFO] [stdout] test structure::parameter_id::tests::pid_type_max_size_serialized::serialize_deserialize_big_endian ... ok
[INFO] [stdout] test structure::parameter_id::tests::pid_type_max_size_serialized::serialize_deserialize_little_endian ... ok
[INFO] [stdout] test structure::parameter_id::tests::pid_type_max_size_serialized::serialize_little_endian ... ok
[INFO] [stdout] test structure::parameter_id::tests::pid_type_name::serialize_big_endian ... ok
[INFO] [stdout] test structure::parameter_id::tests::pid_type_name::serialize_deserialize_big_endian ... ok
[INFO] [stdout] test structure::parameter_id::tests::pid_type_name::serialize_deserialize_little_endian ... ok
[INFO] [stdout] test structure::parameter_id::tests::pid_type_name::serialize_little_endian ... ok
[INFO] [stdout] test structure::parameter_id::tests::pid_unicast_locator::serialize_big_endian ... ok
[INFO] [stdout] test structure::parameter_id::tests::pid_unicast_locator::serialize_deserialize_big_endian ... ok
[INFO] [stdout] test structure::parameter_id::tests::pid_unicast_locator::serialize_deserialize_little_endian ... ok
[INFO] [stdout] test structure::parameter_id::tests::pid_unicast_locator::serialize_little_endian ... ok
[INFO] [stdout] test structure::parameter_id::tests::pid_user_data::serialize_big_endian ... ok
[INFO] [stdout] test structure::parameter_id::tests::pid_user_data::serialize_deserialize_big_endian ... ok
[INFO] [stdout] test structure::parameter_id::tests::pid_user_data::serialize_little_endian ... ok
[INFO] [stdout] test structure::parameter_id::tests::pid_user_data::serialize_deserialize_little_endian ... ok
[INFO] [stdout] test structure::parameter_id::tests::pid_vendor_id::serialize_big_endian ... ok
[INFO] [stdout] test structure::parameter_id::tests::pid_vendor_id::serialize_deserialize_little_endian ... ok
[INFO] [stdout] test structure::parameter_id::tests::pid_vendor_id::serialize_deserialize_big_endian ... ok
[INFO] [stdout] test structure::parameter_id::tests::pid_vendor_id::serialize_little_endian ... ok
[INFO] [stdout] test structure::sequence_number::tests::fragment_number_default::serialize_big_endian ... ok
[INFO] [stdout] test structure::sequence_number::tests::fragment_number_default::serialize_deserialize_little_endian ... ok
[INFO] [stdout] test structure::sequence_number::tests::fragment_number_default::serialize_deserialize_big_endian ... ok
[INFO] [stdout] test structure::sequence_number::tests::fragment_number_non_zero::serialize_big_endian ... ok
[INFO] [stdout] test structure::sequence_number::tests::fragment_number_default::serialize_little_endian ... ok
[INFO] [stdout] test structure::sequence_number::tests::fragment_number_non_zero::serialize_deserialize_big_endian ... ok
[INFO] [stdout] test structure::sequence_number::tests::fragment_number_non_zero::serialize_deserialize_little_endian ... ok
[INFO] [stdout] test structure::sequence_number::tests::fragment_number_non_zero::serialize_little_endian ... ok
[INFO] [stdout] test structure::sequence_number::tests::fragment_number_set_empty::serialize_big_endian ... ok
[INFO] [stdout] test structure::sequence_number::tests::fragment_number_set_empty::serialize_deserialize_big_endian ... ok
[INFO] [stdout] test structure::sequence_number::tests::fragment_number_set_empty::serialize_deserialize_little_endian ... ok
[INFO] [stdout] test structure::sequence_number::tests::fragment_number_set_empty::serialize_little_endian ... ok
[INFO] [stdout] test structure::sequence_number::tests::fragment_number_set_manual::serialize_big_endian ... ok
[INFO] [stdout] test structure::sequence_number::tests::fragment_number_set_manual::serialize_deserialize_big_endian ... ok
[INFO] [stdout] test structure::sequence_number::tests::fragment_number_set_manual::serialize_little_endian ... ok
[INFO] [stdout] test structure::sequence_number::tests::fragment_number_set_manual::serialize_deserialize_little_endian ... ok
[INFO] [stdout] test structure::sequence_number::tests::fragment_number_starts_by_default_from_one ... ok
[INFO] [stdout] test structure::sequence_number::tests::fragment_number_zero::serialize_big_endian ... ok
[INFO] [stdout] test structure::sequence_number::tests::fragment_number_zero::serialize_deserialize_big_endian ... ok
[INFO] [stdout] test structure::sequence_number::tests::fragment_number_zero::serialize_deserialize_little_endian ... ok
[INFO] [stdout] test structure::sequence_number::tests::fragment_number_zero::serialize_little_endian ... ok
[INFO] [stdout] test structure::sequence_number::tests::sequence_number_default::serialize_deserialize_little_endian ... ok
[INFO] [stdout] test structure::sequence_number::tests::sequence_number_default::serialize_deserialize_big_endian ... ok
[INFO] [stdout] test structure::sequence_number::tests::sequence_number_default::serialize_big_endian ... ok
[INFO] [stdout] test structure::sequence_number::tests::sequence_number_non_zero::serialize_deserialize_big_endian ... ok
[INFO] [stdout] test structure::sequence_number::tests::sequence_number_non_zero::serialize_little_endian ... ok
[INFO] [stdout] test structure::sequence_number::tests::sequence_number_non_zero::serialize_big_endian ... ok
[INFO] [stdout] test structure::sequence_number::tests::sequence_number_set_empty::serialize_big_endian ... ok
[INFO] [stdout] test structure::sequence_number::tests::sequence_number_non_zero::serialize_deserialize_little_endian ... ok
[INFO] [stdout] test structure::sequence_number::tests::sequence_number_default::serialize_little_endian ... ok
[INFO] [stdout] test structure::sequence_number::tests::sequence_number_set_empty::serialize_deserialize_big_endian ... ok
[INFO] [stdout] test structure::sequence_number::tests::sequence_number_set_empty::serialize_deserialize_little_endian ... ok
[INFO] [stdout] test structure::sequence_number::tests::sequence_number_set_empty::serialize_little_endian ... ok
[INFO] [stdout] test structure::sequence_number::tests::sequence_number_set_manual::serialize_big_endian ... ok
[INFO] [stdout] test structure::sequence_number::tests::sequence_number_set_manual::serialize_deserialize_little_endian ... ok
[INFO] [stdout] test structure::sequence_number::tests::sequence_number_set_manual::serialize_little_endian ... ok
[INFO] [stdout] test structure::sequence_number::tests::sequence_number_set_manual::serialize_deserialize_big_endian ... ok
[INFO] [stdout] test structure::sequence_number::tests::sequence_number_set_multiword::serialize_deserialize_big_endian ... ok
[INFO] [stdout] test structure::sequence_number::tests::sequence_number_set_multiword::serialize_big_endian ... ok
[INFO] [stdout] test structure::sequence_number::tests::sequence_number_set_multiword::serialize_deserialize_little_endian ... ok
[INFO] [stdout] test structure::sequence_number::tests::sequence_number_set_one::serialize_big_endian ... ok
[INFO] [stdout] test structure::sequence_number::tests::sequence_number_set_multiword::serialize_little_endian ... ok
[INFO] [stdout] test structure::sequence_number::tests::sequence_number_set_one::serialize_deserialize_big_endian ... ok
[INFO] [stdout] test structure::sequence_number::tests::sequence_number_set_one::serialize_little_endian ... ok
[INFO] [stdout] test structure::sequence_number::tests::sequence_number_set_one::serialize_deserialize_little_endian ... ok
[INFO] [stdout] test structure::sequence_number::tests::sequence_number_unknown::serialize_big_endian ... ok
[INFO] [stdout] test structure::sequence_number::tests::sequence_number_unknown::serialize_deserialize_big_endian ... ok
[INFO] [stdout] test structure::sequence_number::tests::sequence_number_starts_by_default_from_one ... ok
[INFO] [stdout] test structure::sequence_number::tests::sequence_number_unknown::serialize_deserialize_little_endian ... ok
[INFO] [stdout] test structure::sequence_number::tests::sequence_number_unknown::serialize_little_endian ... ok
[INFO] [stdout] test structure::time::tests::time_current_empty_fraction::serialize_big_endian ... ok
[INFO] [stdout] test structure::time::tests::time_current_empty_fraction::serialize_deserialize_big_endian ... ok
[INFO] [stdout] test structure::time::tests::time_current_empty_fraction::serialize_deserialize_little_endian ... ok
[INFO] [stdout] test structure::time::tests::time_current_empty_fraction::serialize_little_endian ... ok
[INFO] [stdout] test structure::time::tests::time_from_wireshark::serialize_big_endian ... ok
[INFO] [stdout] test structure::time::tests::time_from_wireshark::serialize_deserialize_big_endian ... ok
[INFO] [stdout] test structure::time::tests::time_from_wireshark::serialize_deserialize_little_endian ... ok
[INFO] [stdout] test structure::time::tests::time_from_wireshark::serialize_little_endian ... ok
[INFO] [stdout] test structure::time::tests::time_infinite::serialize_big_endian ... ok
[INFO] [stdout] test structure::time::tests::time_infinite::serialize_deserialize_big_endian ... ok
[INFO] [stdout] test structure::time::tests::time_infinite::serialize_deserialize_little_endian ... ok
[INFO] [stdout] test structure::time::tests::time_infinite::serialize_little_endian ... ok
[INFO] [stdout] test structure::time::tests::time_invalid::serialize_big_endian ... ok
[INFO] [stdout] test structure::time::tests::time_invalid::serialize_deserialize_little_endian ... ok
[INFO] [stdout] test structure::time::tests::time_invalid::serialize_deserialize_big_endian ... ok
[INFO] [stdout] test structure::time::tests::time_invalid::serialize_little_endian ... ok
[INFO] [stdout] test structure::time::tests::time_zero::serialize_big_endian ... ok
[INFO] [stdout] test structure::time::tests::time_zero::serialize_deserialize_big_endian ... ok
[INFO] [stdout] test structure::time::tests::time_zero::serialize_deserialize_little_endian ... ok
[INFO] [stdout] test structure::time::tests::time_zero::serialize_little_endian ... ok
[INFO] [stdout] test structure::topic_kind::tests::topic_kind_no_key::serialize_big_endian ... ok
[INFO] [stdout] test structure::topic_kind::tests::topic_kind_no_key::serialize_deserialize_big_endian ... ok
[INFO] [stdout] test structure::topic_kind::tests::topic_kind_no_key::serialize_deserialize_little_endian ... ok
[INFO] [stdout] test structure::topic_kind::tests::topic_kind_no_key::serialize_little_endian ... ok
[INFO] [stdout] test structure::topic_kind::tests::topic_kind_with_key::serialize_big_endian ... ok
[INFO] [stdout] test structure::topic_kind::tests::topic_kind_with_key::serialize_deserialize_big_endian ... ok
[INFO] [stdout] test structure::topic_kind::tests::topic_kind_with_key::serialize_little_endian ... ok
[INFO] [stdout] test structure::topic_kind::tests::topic_kind_with_key::serialize_deserialize_little_endian ... ok
[INFO] [stderr] [2023-04-30T05:37:52Z ERROR rustdds::dds::dp_event_loop] Event for unknown reader EntityId::SPDP_BUILTIN_PARTICIPANT_READER
[INFO] [stderr] [2023-04-30T05:37:52Z ERROR rustdds::dds::dp_event_loop] Event for unknown writer EntityId::SEDP_BUILTIN_TOPIC_WRITER
[INFO] [stderr] [2023-04-30T05:37:52Z ERROR rustdds::dds::dp_event_loop] Event for unknown writer EntityId::P2P_BUILTIN_PARTICIPANT_MESSAGE_WRITER
[INFO] [stderr] [2023-04-30T05:37:52Z ERROR rustdds::network::udp_listener] leave_multicast_group: Os { code: 19, kind: Uncategorized, message: "No such device" }
[INFO] [stderr] [2023-04-30T05:37:52Z ERROR rustdds::network::udp_listener] leave_multicast_group: Os { code: 19, kind: Uncategorized, message: "No such device" }
[INFO] [stdout] test dds::with_key::datawriter::tests::dw_dispose_test ... ok
[INFO] [stderr] [2023-04-30T05:37:52Z ERROR rustdds::dds::dp_event_loop] Event for unknown reader EntityId::SPDP_BUILTIN_PARTICIPANT_READER
[INFO] [stderr] [2023-04-30T05:37:52Z ERROR rustdds::dds::dp_event_loop] Event for unknown reader EntityId::SEDP_BUILTIN_SUBSCRIPTIONS_READER
[INFO] [stderr] [2023-04-30T05:37:52Z ERROR rustdds::dds::dp_event_loop] Event for unknown reader EntityId::SEDP_BUILTIN_PUBLICATIONS_READER
[INFO] [stderr] [2023-04-30T05:37:52Z ERROR rustdds::network::udp_listener] leave_multicast_group: Os { code: 19, kind: Uncategorized, message: "No such device" }
[INFO] [stderr] [2023-04-30T05:37:52Z ERROR rustdds::network::udp_listener] leave_multicast_group: Os { code: 19, kind: Uncategorized, message: "No such device" }
[INFO] [stdout] test dds::with_key::datareader::tests::dr_get_samples_from_ddscache ... ok
[INFO] [stderr] [2023-04-30T05:37:52Z ERROR rustdds::dds::dp_event_loop] Event for unknown writer EntityId {[0, 0, 0] EntityKind::WRITER_WITH_KEY_USER_DEFINED}
[INFO] [stderr] [2023-04-30T05:37:52Z ERROR rustdds::dds::dp_event_loop] Event for unknown reader EntityId::SPDP_BUILTIN_PARTICIPANT_READER
[INFO] [stderr] [2023-04-30T05:37:52Z ERROR rustdds::dds::dp_event_loop] Event for unknown reader EntityId::SEDP_BUILTIN_SUBSCRIPTIONS_READER
[INFO] [stderr] [2023-04-30T05:37:52Z ERROR rustdds::dds::dp_event_loop] Event for unknown reader EntityId::SEDP_BUILTIN_PUBLICATIONS_READER
[INFO] [stderr] [2023-04-30T05:37:52Z ERROR rustdds::dds::dp_event_loop] Event for unknown reader EntityId::SEDP_BUILTIN_TOPIC_READER
[INFO] [stderr] [2023-04-30T05:37:52Z ERROR rustdds::dds::dp_event_loop] Event for unknown writer EntityId::SEDP_BUILTIN_TOPIC_WRITER
[INFO] [stderr] [2023-04-30T05:37:52Z ERROR rustdds::dds::dp_event_loop] Event for unknown reader EntityId::P2P_BUILTIN_PARTICIPANT_MESSAGE_READER
[INFO] [stderr] [2023-04-30T05:37:52Z ERROR rustdds::dds::dp_event_loop] Event for unknown writer EntityId::P2P_BUILTIN_PARTICIPANT_MESSAGE_WRITER
[INFO] [stderr] [2023-04-30T05:37:52Z ERROR rustdds::network::udp_listener] leave_multicast_group: Os { code: 19, kind: Uncategorized, message: "No such device" }
[INFO] [stderr] [2023-04-30T05:37:52Z ERROR rustdds::network::udp_listener] leave_multicast_group: Os { code: 19, kind: Uncategorized, message: "No such device" }
[INFO] [stdout] test dds::writer::tests::test_writer_receives_datawriter_cache_change_notifications ... ok
[INFO] [stdout] test discovery::discovery::tests::discovery_participant_data_test ... ok
[INFO] [stderr] [2023-04-30T05:37:53Z ERROR rustdds::dds::dp_event_loop] Event for unknown writer EntityId {[0, 0, 0] EntityKind::WRITER_WITH_KEY_USER_DEFINED}
[INFO] [stderr] [2023-04-30T05:37:53Z ERROR rustdds::dds::dp_event_loop] Event for unknown reader EntityId {[0, 0, 1] EntityKind::READER_WITH_KEY_USER_DEFINED}
[INFO] [stderr] [2023-04-30T05:37:53Z ERROR rustdds::dds::dp_event_loop] Event for unknown reader EntityId::SPDP_BUILTIN_PARTICIPANT_READER
[INFO] [stderr] [2023-04-30T05:37:53Z ERROR rustdds::dds::dp_event_loop] Event for unknown reader EntityId::SEDP_BUILTIN_SUBSCRIPTIONS_READER
[INFO] [stderr] [2023-04-30T05:37:53Z ERROR rustdds::dds::dp_event_loop] Event for unknown reader EntityId::SEDP_BUILTIN_PUBLICATIONS_READER
[INFO] [stderr] [2023-04-30T05:37:53Z ERROR rustdds::dds::dp_event_loop] Event for unknown reader EntityId::SEDP_BUILTIN_TOPIC_READER
[INFO] [stderr] [2023-04-30T05:37:53Z ERROR rustdds::dds::dp_event_loop] Event for unknown writer EntityId::SEDP_BUILTIN_TOPIC_WRITER
[INFO] [stderr] [2023-04-30T05:37:53Z ERROR rustdds::dds::dp_event_loop] Event for unknown reader EntityId::P2P_BUILTIN_PARTICIPANT_MESSAGE_READER
[INFO] [stderr] [2023-04-30T05:37:53Z ERROR rustdds::dds::dp_event_loop] Event for unknown writer EntityId::P2P_BUILTIN_PARTICIPANT_MESSAGE_WRITER
[INFO] [stderr] [2023-04-30T05:37:53Z ERROR rustdds::dds::dp_event_loop] Event for unknown reader EntityId::SPDP_BUILTIN_PARTICIPANT_READER
[INFO] [stderr] [2023-04-30T05:37:53Z ERROR rustdds::dds::dp_event_loop] Event for unknown reader EntityId::SEDP_BUILTIN_SUBSCRIPTIONS_READER
[INFO] [stderr] [2023-04-30T05:37:53Z ERROR rustdds::dds::dp_event_loop] Event for unknown writer EntityId::SEDP_BUILTIN_SUBSCRIPTIONS_WRITER
[INFO] [stderr] [2023-04-30T05:37:53Z ERROR rustdds::dds::dp_event_loop] Event for unknown reader EntityId::SEDP_BUILTIN_PUBLICATIONS_READER
[INFO] [stderr] [2023-04-30T05:37:53Z ERROR rustdds::dds::dp_event_loop] Event for unknown reader EntityId::SEDP_BUILTIN_TOPIC_READER
[INFO] [stderr] [2023-04-30T05:37:53Z ERROR rustdds::dds::dp_event_loop] Event for unknown writer EntityId::SEDP_BUILTIN_TOPIC_WRITER
[INFO] [stderr] [2023-04-30T05:37:53Z ERROR rustdds::dds::dp_event_loop] Event for unknown reader EntityId::P2P_BUILTIN_PARTICIPANT_MESSAGE_READER
[INFO] [stderr] [2023-04-30T05:37:53Z ERROR rustdds::dds::dp_event_loop] Event for unknown writer EntityId::P2P_BUILTIN_PARTICIPANT_MESSAGE_WRITER
[INFO] [stderr] [2023-04-30T05:37:53Z ERROR rustdds::network::udp_listener] leave_multicast_group: Os { code: 19, kind: Uncategorized, message: "No such device" }
[INFO] [stderr] [2023-04-30T05:37:53Z ERROR rustdds::network::udp_listener] leave_multicast_group: Os { code: 19, kind: Uncategorized, message: "No such device" }
[INFO] [stderr] [2023-04-30T05:37:53Z ERROR rustdds::network::udp_listener] leave_multicast_group: Os { code: 19, kind: Uncategorized, message: "No such device" }
[INFO] [stderr] [2023-04-30T05:37:53Z ERROR rustdds::network::udp_listener] leave_multicast_group: Os { code: 19, kind: Uncategorized, message: "No such device" }
[INFO] [stdout] test discovery::discovery::tests::discovery_writer_data_test ... ok
[INFO] [stdout] test discovery::discovery::tests::discovery_reader_data_test ... ok
[INFO] [stderr] [2023-04-30T05:37:53Z ERROR rustdds::network::udp_listener] leave_multicast_group: Os { code: 19, kind: Uncategorized, message: "No such device" }
[INFO] [stdout] test network::udp_listener::tests::udpl_multicast_address ... FAILED
[INFO] [stdout] test discovery::discovery_db::tests::discdb_participant_operations ... ok
[INFO] [stdout] 
[INFO] [stdout] failures:
[INFO] [stdout] 
[INFO] [stdout] ---- network::udp_listener::tests::udpl_multicast_address stdout ----
[INFO] [stdout] thread 'network::udp_listener::tests::udpl_multicast_address' panicked at 'called `Result::unwrap()` on an `Err` value: Os { code: 19, kind: Uncategorized, message: "No such device" }', src/network/udp_listener.rs:291:8
[INFO] [stdout] stack backtrace:
[INFO] [stdout]    0:     0x55ba5133156a - std::backtrace_rs::backtrace::libunwind::trace::h2f05d0192276a8f6
[INFO] [stdout]                                at /rustc/1b7dd2252b99671ce5d1cb9664c5f8636329436d/library/std/src/../../backtrace/src/backtrace/libunwind.rs:93:5
[INFO] [stdout]    1:     0x55ba5133156a - std::backtrace_rs::backtrace::trace_unsynchronized::hedc23dff7a1af150
[INFO] [stdout]                                at /rustc/1b7dd2252b99671ce5d1cb9664c5f8636329436d/library/std/src/../../backtrace/src/backtrace/mod.rs:66:5
[INFO] [stdout]    2:     0x55ba5133156a - std::sys_common::backtrace::_print_fmt::h17541ef7592f3ce2
[INFO] [stdout]                                at /rustc/1b7dd2252b99671ce5d1cb9664c5f8636329436d/library/std/src/sys_common/backtrace.rs:65:5
[INFO] [stdout]    3:     0x55ba5133156a - <std::sys_common::backtrace::_print::DisplayBacktrace as core::fmt::Display>::fmt::h20f75df5ab0c0792
[INFO] [stdout]                                at /rustc/1b7dd2252b99671ce5d1cb9664c5f8636329436d/library/std/src/sys_common/backtrace.rs:44:22
[INFO] [stdout]    4:     0x55ba5135947f - core::fmt::write::h78109e6f466b3af6
[INFO] [stdout]                                at /rustc/1b7dd2252b99671ce5d1cb9664c5f8636329436d/library/core/src/fmt/mod.rs:1254:17
[INFO] [stdout]    5:     0x55ba5132e535 - std::io::Write::write_fmt::hd24bfb68a1b35a25
[INFO] [stdout]                                at /rustc/1b7dd2252b99671ce5d1cb9664c5f8636329436d/library/std/src/io/mod.rs:1698:15
[INFO] [stdout]    6:     0x55ba51331335 - std::sys_common::backtrace::_print::h8dac57a9f8fbf9a5
[INFO] [stdout]                                at /rustc/1b7dd2252b99671ce5d1cb9664c5f8636329436d/library/std/src/sys_common/backtrace.rs:47:5
[INFO] [stdout]    7:     0x55ba51331335 - std::sys_common::backtrace::print::hf9ecbf41d1aa712f
[INFO] [stdout]                                at /rustc/1b7dd2252b99671ce5d1cb9664c5f8636329436d/library/std/src/sys_common/backtrace.rs:34:9
[INFO] [stdout]    8:     0x55ba51332fee - std::panicking::default_hook::{{closure}}::h04c07acfc84ca028
[INFO] [stdout]                                at /rustc/1b7dd2252b99671ce5d1cb9664c5f8636329436d/library/std/src/panicking.rs:269:22
[INFO] [stdout]    9:     0x55ba51332d21 - std::panicking::default_hook::h01f6bb23e1eceb2c
[INFO] [stdout]                                at /rustc/1b7dd2252b99671ce5d1cb9664c5f8636329436d/library/std/src/panicking.rs:285:9
[INFO] [stdout]   10:     0x55ba51288e7b - <alloc::boxed::Box<F,A> as core::ops::function::Fn<Args>>::call::h87fe9f7b2fd49e4c
[INFO] [stdout]                                at /rustc/1b7dd2252b99671ce5d1cb9664c5f8636329436d/library/alloc/src/boxed.rs:1987:9
[INFO] [stdout]   11:     0x55ba51288e7b - test::test_main::{{closure}}::he94d679243a7531b
[INFO] [stdout]                                at /rustc/1b7dd2252b99671ce5d1cb9664c5f8636329436d/library/test/src/lib.rs:134:21
[INFO] [stdout]   12:     0x55ba513336d4 - <alloc::boxed::Box<F,A> as core::ops::function::Fn<Args>>::call::h3f2d6d8b14c4769f
[INFO] [stdout]                                at /rustc/1b7dd2252b99671ce5d1cb9664c5f8636329436d/library/alloc/src/boxed.rs:1987:9
[INFO] [stdout]   13:     0x55ba513336d4 - std::panicking::rust_panic_with_hook::h2bb3722bbaf2f6df
[INFO] [stdout]                                at /rustc/1b7dd2252b99671ce5d1cb9664c5f8636329436d/library/std/src/panicking.rs:695:13
[INFO] [stdout]   14:     0x55ba51333449 - std::panicking::begin_panic_handler::{{closure}}::h91bc7f36a4be011b
[INFO] [stdout]                                at /rustc/1b7dd2252b99671ce5d1cb9664c5f8636329436d/library/std/src/panicking.rs:582:13
[INFO] [stdout]   15:     0x55ba513319d6 - std::sys_common::backtrace::__rust_end_short_backtrace::h8b3d3717114f9e59
[INFO] [stdout]                                at /rustc/1b7dd2252b99671ce5d1cb9664c5f8636329436d/library/std/src/sys_common/backtrace.rs:150:18
[INFO] [stdout]   16:     0x55ba513331a2 - rust_begin_unwind
[INFO] [stdout]                                at /rustc/1b7dd2252b99671ce5d1cb9664c5f8636329436d/library/std/src/panicking.rs:578:5
[INFO] [stdout]   17:     0x55ba50b31073 - core::panicking::panic_fmt::hfd368e3fbdabea26
[INFO] [stdout]                                at /rustc/1b7dd2252b99671ce5d1cb9664c5f8636329436d/library/core/src/panicking.rs:67:14
[INFO] [stdout]   18:     0x55ba50b31613 - core::result::unwrap_failed::he54eb4b2f125b26f
[INFO] [stdout]                                at /rustc/1b7dd2252b99671ce5d1cb9664c5f8636329436d/library/core/src/result.rs:1687:5
[INFO] [stdout]   19:     0x55ba50e3249d - core::result::Result<T,E>::unwrap::h49875541f3ab1ae6
[INFO] [stdout]                                at /rustc/1b7dd2252b99671ce5d1cb9664c5f8636329436d/library/core/src/result.rs:1089:23
[INFO] [stdout]   20:     0x55ba50eb5bbb - rustdds::network::udp_listener::tests::udpl_multicast_address::hd15489214693404e
[INFO] [stdout]                                at /opt/rustwide/workdir/src/network/udp_listener.rs:289:5
[INFO] [stdout]   21:     0x55ba50eb5817 - rustdds::network::udp_listener::tests::udpl_multicast_address::{{closure}}::h36fc7cb6f8f92e68
[INFO] [stdout]                                at /opt/rustwide/workdir/src/network/udp_listener.rs:271:31
[INFO] [stdout]   22:     0x55ba50d2ae95 - core::ops::function::FnOnce::call_once::ha0e81808ede91b3f
[INFO] [stdout]                                at /rustc/1b7dd2252b99671ce5d1cb9664c5f8636329436d/library/core/src/ops/function.rs:250:5
[INFO] [stdout]   23:     0x55ba5128dd4f - core::ops::function::FnOnce::call_once::ha6a70e79f7481a7e
[INFO] [stdout]                                at /rustc/1b7dd2252b99671ce5d1cb9664c5f8636329436d/library/core/src/ops/function.rs:250:5
[INFO] [stdout]   24:     0x55ba5128dd4f - test::__rust_begin_short_backtrace::hce33033019b61e69
[INFO] [stdout]                                at /rustc/1b7dd2252b99671ce5d1cb9664c5f8636329436d/library/test/src/lib.rs:655:18
[INFO] [stdout]   25:     0x55ba5125b53c - test::run_test::{{closure}}::h858d3528838ae3e5
[INFO] [stdout]                                at /rustc/1b7dd2252b99671ce5d1cb9664c5f8636329436d/library/test/src/lib.rs:646:30
[INFO] [stdout]   26:     0x55ba5125b53c - core::ops::function::FnOnce::call_once{{vtable.shim}}::he8ac2b00f01ae79e
[INFO] [stdout]                                at /rustc/1b7dd2252b99671ce5d1cb9664c5f8636329436d/library/core/src/ops/function.rs:250:5
[INFO] [stdout]   27:     0x55ba5128ce26 - <alloc::boxed::Box<F,A> as core::ops::function::FnOnce<Args>>::call_once::h8093d25b522725ef
[INFO] [stdout]                                at /rustc/1b7dd2252b99671ce5d1cb9664c5f8636329436d/library/alloc/src/boxed.rs:1973:9
[INFO] [stdout]   28:     0x55ba5128ce26 - <core::panic::unwind_safe::AssertUnwindSafe<F> as core::ops::function::FnOnce<()>>::call_once::h5c334c204e4a3913
[INFO] [stdout]                                at /rustc/1b7dd2252b99671ce5d1cb9664c5f8636329436d/library/core/src/panic/unwind_safe.rs:271:9
[INFO] [stdout]   29:     0x55ba5128ce26 - std::panicking::try::do_call::ha8b740c7b9478074
[INFO] [stdout]                                at /rustc/1b7dd2252b99671ce5d1cb9664c5f8636329436d/library/std/src/panicking.rs:485:40
[INFO] [stdout]   30:     0x55ba5128ce26 - std::panicking::try::h5d34f63d0e41b64e
[INFO] [stdout]                                at /rustc/1b7dd2252b99671ce5d1cb9664c5f8636329436d/library/std/src/panicking.rs:449:19
[INFO] [stdout]   31:     0x55ba5128ce26 - std::panic::catch_unwind::hcfbb511e1aa7fc67
[INFO] [stdout]                                at /rustc/1b7dd2252b99671ce5d1cb9664c5f8636329436d/library/std/src/panic.rs:140:14
[INFO] [stdout]   32:     0x55ba5128ce26 - test::run_test_in_process::h9abda90f802eaf21
[INFO] [stdout]                                at /rustc/1b7dd2252b99671ce5d1cb9664c5f8636329436d/library/test/src/lib.rs:678:27
[INFO] [stdout]   33:     0x55ba5128ce26 - test::run_test::run_test_inner::{{closure}}::h0f058de91f6c6edf
[INFO] [stdout]                                at /rustc/1b7dd2252b99671ce5d1cb9664c5f8636329436d/library/test/src/lib.rs:572:39
[INFO] [stdout]   34:     0x55ba51255d45 - test::run_test::run_test_inner::{{closure}}::h5ca48a4c59c6c1fb
[INFO] [stdout]                                at /rustc/1b7dd2252b99671ce5d1cb9664c5f8636329436d/library/test/src/lib.rs:599:37
[INFO] [stdout]   35:     0x55ba51255d45 - std::sys_common::backtrace::__rust_begin_short_backtrace::h32bd51e1495d4a33
[INFO] [stdout]                                at /rustc/1b7dd2252b99671ce5d1cb9664c5f8636329436d/library/std/src/sys_common/backtrace.rs:134:18
[INFO] [stdout]   36:     0x55ba5125b281 - std::thread::Builder::spawn_unchecked_::{{closure}}::{{closure}}::hc086fae9b128b2db
[INFO] [stdout]                                at /rustc/1b7dd2252b99671ce5d1cb9664c5f8636329436d/library/std/src/thread/mod.rs:526:17
[INFO] [stdout]   37:     0x55ba5125b281 - <core::panic::unwind_safe::AssertUnwindSafe<F> as core::ops::function::FnOnce<()>>::call_once::hb66571888d270d43
[INFO] [stdout]                                at /rustc/1b7dd2252b99671ce5d1cb9664c5f8636329436d/library/core/src/panic/unwind_safe.rs:271:9
[INFO] [stdout]   38:     0x55ba5125b281 - std::panicking::try::do_call::h4fa2ef4f6e51fecf
[INFO] [stdout]                                at /rustc/1b7dd2252b99671ce5d1cb9664c5f8636329436d/library/std/src/panicking.rs:485:40
[INFO] [stdout]   39:     0x55ba5125b281 - std::panicking::try::h1e9e22b8584489b5
[INFO] [stdout]                                at /rustc/1b7dd2252b99671ce5d1cb9664c5f8636329436d/library/std/src/panicking.rs:449:19
[INFO] [stdout]   40:     0x55ba5125b281 - std::panic::catch_unwind::h44698a3de0e0769e
[INFO] [stdout]                                at /rustc/1b7dd2252b99671ce5d1cb9664c5f8636329436d/library/std/src/panic.rs:140:14
[INFO] [stdout]   41:     0x55ba5125b281 - std::thread::Builder::spawn_unchecked_::{{closure}}::h50153abde3fe239e
[INFO] [stdout]                                at /rustc/1b7dd2252b99671ce5d1cb9664c5f8636329436d/library/std/src/thread/mod.rs:525:30
[INFO] [stdout]   42:     0x55ba5125b281 - core::ops::function::FnOnce::call_once{{vtable.shim}}::hbe5bbf6f38394364
[INFO] [stdout]                                at /rustc/1b7dd2252b99671ce5d1cb9664c5f8636329436d/library/core/src/ops/function.rs:250:5
[INFO] [stdout]   43:     0x55ba51337bd5 - <alloc::boxed::Box<F,A> as core::ops::function::FnOnce<Args>>::call_once::h0d83cb2920a49046
[INFO] [stdout]                                at /rustc/1b7dd2252b99671ce5d1cb9664c5f8636329436d/library/alloc/src/boxed.rs:1973:9
[INFO] [stdout]   44:     0x55ba51337bd5 - <alloc::boxed::Box<F,A> as core::ops::function::FnOnce<Args>>::call_once::hbe0a008aa7d9ef59
[INFO] [stdout]                                at /rustc/1b7dd2252b99671ce5d1cb9664c5f8636329436d/library/alloc/src/boxed.rs:1973:9
[INFO] [stdout]   45:     0x55ba51337bd5 - std::sys::unix::thread::Thread::new::thread_start::h3a466996bdf6b1f9
[INFO] [stdout]                                at /rustc/1b7dd2252b99671ce5d1cb9664c5f8636329436d/library/std/src/sys/unix/thread.rs:108:17
[INFO] [stdout]   46:     0x7f736d8d5b43 - <unknown>
[INFO] [stdout]   47:     0x7f736d966bb4 - __clone
[INFO] [stdout]   48:                0x0 - <unknown>
[INFO] [stdout] 
[INFO] [stdout] 
[INFO] [stdout] failures:
[INFO] [stdout]     network::udp_listener::tests::udpl_multicast_address
[INFO] [stdout] 
[INFO] [stdout] test result: FAILED. 650 passed; 1 failed; 4 ignored; 0 measured; 0 filtered out; finished in 2.01s
[INFO] [stdout] 
[INFO] [stderr] error: test failed, to rerun pass `--lib`
[INFO] running `Command { std: "docker" "inspect" "c7ceea8316630169bbbf118bdab31606f7149003ac69821a4282c1a44184edf7", kill_on_drop: false }`
[INFO] running `Command { std: "docker" "rm" "-f" "c7ceea8316630169bbbf118bdab31606f7149003ac69821a4282c1a44184edf7", kill_on_drop: false }`
[INFO] [stdout] c7ceea8316630169bbbf118bdab31606f7149003ac69821a4282c1a44184edf7
