[INFO] fetching crate rustbus 0.19.2...
[INFO] testing rustbus-0.19.2 against beta-2023-04-20 for beta-1.70-1
[INFO] extracting crate rustbus 0.19.2 into /workspace/builds/worker-5-tc2/source
[INFO] validating manifest of crates.io crate rustbus 0.19.2 on toolchain beta-2023-04-20
[INFO] running `Command { std: CARGO_HOME="/workspace/cargo-home" RUSTUP_HOME="/workspace/rustup-home" "/workspace/cargo-home/bin/cargo" "+beta-2023-04-20" "metadata" "--manifest-path" "Cargo.toml" "--no-deps", kill_on_drop: false }`
[INFO] started tweaking crates.io crate rustbus 0.19.2
[INFO] finished tweaking crates.io crate rustbus 0.19.2
[INFO] tweaked toml for crates.io crate rustbus 0.19.2 written to /workspace/builds/worker-5-tc2/source/Cargo.toml
[INFO] crate crates.io crate rustbus 0.19.2 already has a lockfile, it will not be regenerated
[INFO] running `Command { std: CARGO_HOME="/workspace/cargo-home" RUSTUP_HOME="/workspace/rustup-home" "/workspace/cargo-home/bin/cargo" "+beta-2023-04-20" "fetch" "--manifest-path" "Cargo.toml", kill_on_drop: false }`
[INFO] [stderr]     Updating crates.io index
[INFO] [stderr]     Blocking waiting for file lock on package cache
[INFO] [stderr]  Downloading crates ...
[INFO] [stderr]   Downloaded rustbus_derive v0.5.0
[INFO] [stderr]   Downloaded criterion-plot v0.4.1
[INFO] [stderr]   Downloaded bstr v0.2.12
[INFO] [stderr]   Downloaded oorandom v11.1.0
[INFO] [stderr]   Downloaded serde_json v1.0.49
[INFO] [stderr]   Downloaded tinytemplate v1.0.3
[INFO] [stderr]   Downloaded criterion v0.3.1
[INFO] [stderr]   Downloaded plotters v0.2.12
[INFO] running `Command { std: "docker" "create" "-v" "/var/lib/crater-agent-workspace/builds/worker-5-tc2/target:/opt/rustwide/target:rw,Z" "-v" "/var/lib/crater-agent-workspace/builds/worker-5-tc2/source:/opt/rustwide/workdir:ro,Z" "-v" "/var/lib/crater-agent-workspace/cargo-home:/opt/rustwide/cargo-home:ro,Z" "-v" "/var/lib/crater-agent-workspace/rustup-home:/opt/rustwide/rustup-home:ro,Z" "-e" "SOURCE_DIR=/opt/rustwide/workdir" "-e" "CARGO_TARGET_DIR=/opt/rustwide/target" "-e" "CARGO_HOME=/opt/rustwide/cargo-home" "-e" "RUSTUP_HOME=/opt/rustwide/rustup-home" "-w" "/opt/rustwide/workdir" "-m" "1610612736" "--user" "0:0" "--network" "none" "ghcr.io/rust-lang/crates-build-env/linux@sha256:5ff2268d62e97bff2cde7d5815dd6ed5b47097566f13b8d0ca110b04b60e07ed" "/opt/rustwide/cargo-home/bin/cargo" "+beta-2023-04-20" "metadata" "--no-deps" "--format-version=1", kill_on_drop: false }`
[INFO] [stdout] 137da8c01668a4b17ce6483b148022b99ad1cbc018f8517dfdb55f80d8b3b039
[INFO] running `Command { std: "docker" "start" "-a" "137da8c01668a4b17ce6483b148022b99ad1cbc018f8517dfdb55f80d8b3b039", kill_on_drop: false }`
[INFO] running `Command { std: "docker" "inspect" "137da8c01668a4b17ce6483b148022b99ad1cbc018f8517dfdb55f80d8b3b039", kill_on_drop: false }`
[INFO] running `Command { std: "docker" "rm" "-f" "137da8c01668a4b17ce6483b148022b99ad1cbc018f8517dfdb55f80d8b3b039", kill_on_drop: false }`
[INFO] [stdout] 137da8c01668a4b17ce6483b148022b99ad1cbc018f8517dfdb55f80d8b3b039
[INFO] running `Command { std: "docker" "create" "-v" "/var/lib/crater-agent-workspace/builds/worker-5-tc2/target:/opt/rustwide/target:rw,Z" "-v" "/var/lib/crater-agent-workspace/builds/worker-5-tc2/source:/opt/rustwide/workdir:ro,Z" "-v" "/var/lib/crater-agent-workspace/cargo-home:/opt/rustwide/cargo-home:ro,Z" "-v" "/var/lib/crater-agent-workspace/rustup-home:/opt/rustwide/rustup-home:ro,Z" "-e" "SOURCE_DIR=/opt/rustwide/workdir" "-e" "CARGO_TARGET_DIR=/opt/rustwide/target" "-e" "CARGO_INCREMENTAL=0" "-e" "RUST_BACKTRACE=full" "-e" "RUSTFLAGS=--cap-lints=warn" "-e" "RUSTDOCFLAGS=--cap-lints=warn" "-e" "CARGO_HOME=/opt/rustwide/cargo-home" "-e" "RUSTUP_HOME=/opt/rustwide/rustup-home" "-w" "/opt/rustwide/workdir" "-m" "1610612736" "--user" "0:0" "--network" "none" "ghcr.io/rust-lang/crates-build-env/linux@sha256:5ff2268d62e97bff2cde7d5815dd6ed5b47097566f13b8d0ca110b04b60e07ed" "/opt/rustwide/cargo-home/bin/cargo" "+beta-2023-04-20" "build" "--frozen" "--message-format=json", kill_on_drop: false }`
[INFO] [stdout] 25452b6b8c57b6bea8d8a71753348c7d24e600a52b250a28dee5bf208117defe
[INFO] running `Command { std: "docker" "start" "-a" "25452b6b8c57b6bea8d8a71753348c7d24e600a52b250a28dee5bf208117defe", kill_on_drop: false }`
[INFO] [stderr]    Compiling proc-macro2 v1.0.50
[INFO] [stderr]    Compiling unicode-ident v1.0.6
[INFO] [stderr]    Compiling syn v1.0.107
[INFO] [stderr]    Compiling autocfg v1.0.0
[INFO] [stderr]    Compiling bitflags v1.2.1
[INFO] [stderr]    Compiling libc v0.2.139
[INFO] [stderr]    Compiling thiserror v1.0.38
[INFO] [stderr]    Compiling static_assertions v1.1.0
[INFO] [stderr]    Compiling memoffset v0.7.1
[INFO] [stderr]    Compiling quote v1.0.3
[INFO] [stderr]    Compiling nix v0.26.2
[INFO] [stderr]    Compiling thiserror-impl v1.0.38
[INFO] [stderr]    Compiling rustbus_derive v0.5.0
[INFO] [stderr]    Compiling rustbus v0.19.2 (/opt/rustwide/workdir)
[INFO] [stderr]     Finished dev [unoptimized + debuginfo] target(s) in 6.12s
[INFO] running `Command { std: "docker" "inspect" "25452b6b8c57b6bea8d8a71753348c7d24e600a52b250a28dee5bf208117defe", kill_on_drop: false }`
[INFO] running `Command { std: "docker" "rm" "-f" "25452b6b8c57b6bea8d8a71753348c7d24e600a52b250a28dee5bf208117defe", kill_on_drop: false }`
[INFO] [stdout] 25452b6b8c57b6bea8d8a71753348c7d24e600a52b250a28dee5bf208117defe
[INFO] running `Command { std: "docker" "create" "-v" "/var/lib/crater-agent-workspace/builds/worker-5-tc2/target:/opt/rustwide/target:rw,Z" "-v" "/var/lib/crater-agent-workspace/builds/worker-5-tc2/source:/opt/rustwide/workdir:ro,Z" "-v" "/var/lib/crater-agent-workspace/cargo-home:/opt/rustwide/cargo-home:ro,Z" "-v" "/var/lib/crater-agent-workspace/rustup-home:/opt/rustwide/rustup-home:ro,Z" "-e" "SOURCE_DIR=/opt/rustwide/workdir" "-e" "CARGO_TARGET_DIR=/opt/rustwide/target" "-e" "CARGO_INCREMENTAL=0" "-e" "RUST_BACKTRACE=full" "-e" "RUSTFLAGS=--cap-lints=warn" "-e" "RUSTDOCFLAGS=--cap-lints=warn" "-e" "CARGO_HOME=/opt/rustwide/cargo-home" "-e" "RUSTUP_HOME=/opt/rustwide/rustup-home" "-w" "/opt/rustwide/workdir" "-m" "1610612736" "--user" "0:0" "--network" "none" "ghcr.io/rust-lang/crates-build-env/linux@sha256:5ff2268d62e97bff2cde7d5815dd6ed5b47097566f13b8d0ca110b04b60e07ed" "/opt/rustwide/cargo-home/bin/cargo" "+beta-2023-04-20" "test" "--frozen" "--no-run" "--message-format=json", kill_on_drop: false }`
[INFO] [stdout] 48a6deef6ecfb714cb6f8abb5a0a8a244bfcbc94a470cfceb6d34ad4fc2da4ca
[INFO] running `Command { std: "docker" "start" "-a" "48a6deef6ecfb714cb6f8abb5a0a8a244bfcbc94a470cfceb6d34ad4fc2da4ca", kill_on_drop: false }`
[INFO] [stderr]    Compiling crossbeam-utils v0.7.2
[INFO] [stderr]    Compiling memoffset v0.5.4
[INFO] [stderr]    Compiling serde v1.0.105
[INFO] [stderr]    Compiling crossbeam-epoch v0.8.2
[INFO] [stderr]    Compiling ryu v1.0.3
[INFO] [stderr]    Compiling byteorder v1.3.4
[INFO] [stderr]    Compiling memchr v2.3.3
[INFO] [stderr]    Compiling num-traits v0.2.11
[INFO] [stderr]    Compiling itoa v0.4.5
[INFO] [stderr]    Compiling either v1.5.3
[INFO] [stderr]    Compiling rayon-core v1.7.0
[INFO] [stderr]    Compiling cast v0.2.3
[INFO] [stderr]    Compiling num_cpus v1.12.0
[INFO] [stderr]    Compiling unicode-width v0.1.7
[INFO] [stderr]    Compiling regex-syntax v0.6.17
[INFO] [stderr]    Compiling walkdir v2.3.1
[INFO] [stderr]    Compiling textwrap v0.11.0
[INFO] [stderr]    Compiling itertools v0.8.2
[INFO] [stderr]    Compiling serde_derive v1.0.105
[INFO] [stderr]    Compiling clap v2.33.0
[INFO] [stderr]    Compiling atty v0.2.14
[INFO] [stderr]    Compiling oorandom v11.1.0
[INFO] [stderr]    Compiling csv-core v0.1.10
[INFO] [stderr]    Compiling regex-automata v0.1.9
[INFO] [stderr]    Compiling criterion-plot v0.4.1
[INFO] [stderr]    Compiling crossbeam-queue v0.2.1
[INFO] [stderr]    Compiling plotters v0.2.12
[INFO] [stderr]    Compiling regex v1.3.6
[INFO] [stderr]    Compiling crossbeam-deque v0.7.3
[INFO] [stderr]    Compiling rayon v1.3.0
[INFO] [stderr]    Compiling serde_json v1.0.49
[INFO] [stderr]    Compiling bstr v0.2.12
[INFO] [stderr]    Compiling csv v1.1.3
[INFO] [stderr]    Compiling tinytemplate v1.0.3
[INFO] [stderr]    Compiling criterion v0.3.1
[INFO] [stderr]    Compiling rustbus v0.19.2 (/opt/rustwide/workdir)
[INFO] [stderr]     Finished test [unoptimized + debuginfo] target(s) in 10.15s
[INFO] [stderr] warning: the following packages contain code that will be rejected by a future version of Rust: criterion v0.3.1
[INFO] [stderr] note: to see what the problems were, use the option `--future-incompat-report`, or run `cargo report future-incompatibilities --id 2`
[INFO] running `Command { std: "docker" "inspect" "48a6deef6ecfb714cb6f8abb5a0a8a244bfcbc94a470cfceb6d34ad4fc2da4ca", kill_on_drop: false }`
[INFO] running `Command { std: "docker" "rm" "-f" "48a6deef6ecfb714cb6f8abb5a0a8a244bfcbc94a470cfceb6d34ad4fc2da4ca", kill_on_drop: false }`
[INFO] [stdout] 48a6deef6ecfb714cb6f8abb5a0a8a244bfcbc94a470cfceb6d34ad4fc2da4ca
[INFO] running `Command { std: "docker" "create" "-v" "/var/lib/crater-agent-workspace/builds/worker-5-tc2/target:/opt/rustwide/target:rw,Z" "-v" "/var/lib/crater-agent-workspace/builds/worker-5-tc2/source:/opt/rustwide/workdir:ro,Z" "-v" "/var/lib/crater-agent-workspace/cargo-home:/opt/rustwide/cargo-home:ro,Z" "-v" "/var/lib/crater-agent-workspace/rustup-home:/opt/rustwide/rustup-home:ro,Z" "-e" "SOURCE_DIR=/opt/rustwide/workdir" "-e" "CARGO_TARGET_DIR=/opt/rustwide/target" "-e" "CARGO_INCREMENTAL=0" "-e" "RUST_BACKTRACE=full" "-e" "RUSTFLAGS=--cap-lints=warn" "-e" "RUSTDOCFLAGS=--cap-lints=warn" "-e" "CARGO_HOME=/opt/rustwide/cargo-home" "-e" "RUSTUP_HOME=/opt/rustwide/rustup-home" "-w" "/opt/rustwide/workdir" "-m" "1610612736" "--user" "0:0" "--network" "none" "ghcr.io/rust-lang/crates-build-env/linux@sha256:5ff2268d62e97bff2cde7d5815dd6ed5b47097566f13b8d0ca110b04b60e07ed" "/opt/rustwide/cargo-home/bin/cargo" "+beta-2023-04-20" "test" "--frozen", kill_on_drop: false }`
[INFO] [stdout] 793231f4794008865a19dc3a9e821f00c76c5a4611941f9bc262f5830420d808
[INFO] running `Command { std: "docker" "start" "-a" "793231f4794008865a19dc3a9e821f00c76c5a4611941f9bc262f5830420d808", kill_on_drop: false }`
[INFO] [stderr]     Finished test [unoptimized + debuginfo] target(s) in 0.08s
[INFO] [stderr] warning: the following packages contain code that will be rejected by a future version of Rust: criterion v0.3.1
[INFO] [stderr] note: to see what the problems were, use the option `--future-incompat-report`, or run `cargo report future-incompatibilities --id 2`
[INFO] [stderr]      Running unittests src/lib.rs (/opt/rustwide/target/debug/deps/rustbus-7fe0939f549f6b45)
[INFO] [stdout] 
[INFO] [stdout] running 39 tests
[INFO] [stdout] test params::validation::test_membername_constraints ... ok
[INFO] [stdout] test tests::dbus_send::test_dbus_send_comp ... ignored
[INFO] [stdout] test signature::tests::test_base_to_str ... ok
[INFO] [stdout] test params::validation::test_objectpath_constraints ... ok
[INFO] [stdout] test signature::tests::test_parse_description ... ok
[INFO] [stdout] test tests::verify_marshalling::verify_base_marshalling ... ok
[INFO] [stdout] test params::validation::test_signature_constraints ... ok
[INFO] [stdout] test signature::signature_iter::tests::signature_iterator ... ok
[INFO] [stdout] test tests::verify_marshalling::verify_array_marshalling ... ok
[INFO] [stdout] test wire::marshal::traits::test::test_empty_array_padding ... ok
[INFO] [stdout] test message_builder::tests::parser_get ... ok
[INFO] [stdout] test params::validation::test_interface_constraints ... ok
[INFO] [stdout] test tests::test_marshal_unmarshal ... ok
[INFO] [stdout] test message_builder::test_marshal_trait ... ok
[INFO] [stdout] test connection::tests::test_get_session_bus_path ... ok
[INFO] [stdout] test tests::verify_padding::verify_padding ... ok
[INFO] [stdout] test tests::verify_marshalling::verify_dict_marshalling ... ok
[INFO] [stdout] test tests::test_invalid_stuff ... ok
[INFO] [stdout] test params::validation::test_busname_constraints ... ok
[INFO] [stdout] test tests::fdpassing::test_fd_marshalling ... ok
[INFO] [stdout] test tests::verify_marshalling::verify_variant_marshalling ... ok
[INFO] [stdout] test wire::marshal::traits::test::test_trait_signature_creation ... ok
[INFO] [stdout] test wire::marshal::traits::test::test_variant_marshalling ... ok
[INFO] [stdout] test wire::unmarshal::iter::test_array_iter ... ok
[INFO] [stdout] test wire::unmarshal::iter::test_struct_iter ... ok
[INFO] [stdout] test wire::unmarshal::traits::test::test_generic_unmarshal ... ok
[INFO] [stdout] test wire::variant_macros::test_variant_sig_macro ... ok
[INFO] [stdout] test wire::unmarshal::traits::test::test_unmarshal_traits ... ok
[INFO] [stdout] test wire::unmarshal::traits::test::test_unmarshal_byte_array ... ok
[INFO] [stdout] test wire::validate_raw::test_array_element_overflow ... ok
[INFO] [stdout] test connection::dispatch_conn::test_path_matcher ... ok
[INFO] [stdout] test wire::wrapper_types::unixfd::test_fd_send ... ok
[INFO] [stdout] test wire::wrapper_types::unixfd::test_unix_fd ... ok
[INFO] [stdout] test wire::wrapper_types::unixfd::test_unixfd_dup ... ok
[INFO] [stdout] test wire::validate_raw::test_raw_validation ... ok
[INFO] [stdout] test wire::unmarshal::traits::test::test_variant ... ok
[INFO] [stdout] test wire::variant_macros::test_variant_var_macro ... ok
[INFO] [stdout] test tests::fdpassing::test_fd_passing ... FAILED
[INFO] [stdout] test wire::wrapper_types::unixfd::test_races_in_unixfd ... ok
[INFO] [stdout] 
[INFO] [stdout] failures:
[INFO] [stdout] 
[INFO] [stdout] ---- tests::fdpassing::test_fd_passing stdout ----
[INFO] [stdout] thread 'tests::fdpassing::test_fd_passing' panicked at 'called `Result::unwrap()` on an `Err` value: PathDoesNotExist("/run/dbus/system_bus_socket")', src/tests/fdpassing.rs:12:83
[INFO] [stdout] stack backtrace:
[INFO] [stdout]    0:     0x5605732976aa - std::backtrace_rs::backtrace::libunwind::trace::h2f05d0192276a8f6
[INFO] [stdout]                                at /rustc/1b7dd2252b99671ce5d1cb9664c5f8636329436d/library/std/src/../../backtrace/src/backtrace/libunwind.rs:93:5
[INFO] [stdout]    1:     0x5605732976aa - std::backtrace_rs::backtrace::trace_unsynchronized::hedc23dff7a1af150
[INFO] [stdout]                                at /rustc/1b7dd2252b99671ce5d1cb9664c5f8636329436d/library/std/src/../../backtrace/src/backtrace/mod.rs:66:5
[INFO] [stdout]    2:     0x5605732976aa - std::sys_common::backtrace::_print_fmt::h17541ef7592f3ce2
[INFO] [stdout]                                at /rustc/1b7dd2252b99671ce5d1cb9664c5f8636329436d/library/std/src/sys_common/backtrace.rs:65:5
[INFO] [stdout]    3:     0x5605732976aa - <std::sys_common::backtrace::_print::DisplayBacktrace as core::fmt::Display>::fmt::h20f75df5ab0c0792
[INFO] [stdout]                                at /rustc/1b7dd2252b99671ce5d1cb9664c5f8636329436d/library/std/src/sys_common/backtrace.rs:44:22
[INFO] [stdout]    4:     0x5605732bb88f - core::fmt::write::h78109e6f466b3af6
[INFO] [stdout]                                at /rustc/1b7dd2252b99671ce5d1cb9664c5f8636329436d/library/core/src/fmt/mod.rs:1254:17
[INFO] [stdout]    5:     0x560573293ba5 - std::io::Write::write_fmt::hd24bfb68a1b35a25
[INFO] [stdout]                                at /rustc/1b7dd2252b99671ce5d1cb9664c5f8636329436d/library/std/src/io/mod.rs:1698:15
[INFO] [stdout]    6:     0x560573297475 - std::sys_common::backtrace::_print::h8dac57a9f8fbf9a5
[INFO] [stdout]                                at /rustc/1b7dd2252b99671ce5d1cb9664c5f8636329436d/library/std/src/sys_common/backtrace.rs:47:5
[INFO] [stdout]    7:     0x560573297475 - std::sys_common::backtrace::print::hf9ecbf41d1aa712f
[INFO] [stdout]                                at /rustc/1b7dd2252b99671ce5d1cb9664c5f8636329436d/library/std/src/sys_common/backtrace.rs:34:9
[INFO] [stdout]    8:     0x56057329912e - std::panicking::default_hook::{{closure}}::h04c07acfc84ca028
[INFO] [stdout]                                at /rustc/1b7dd2252b99671ce5d1cb9664c5f8636329436d/library/std/src/panicking.rs:269:22
[INFO] [stdout]    9:     0x560573298e61 - std::panicking::default_hook::h01f6bb23e1eceb2c
[INFO] [stdout]                                at /rustc/1b7dd2252b99671ce5d1cb9664c5f8636329436d/library/std/src/panicking.rs:285:9
[INFO] [stdout]   10:     0x56057325c06b - <alloc::boxed::Box<F,A> as core::ops::function::Fn<Args>>::call::h87fe9f7b2fd49e4c
[INFO] [stdout]                                at /rustc/1b7dd2252b99671ce5d1cb9664c5f8636329436d/library/alloc/src/boxed.rs:1987:9
[INFO] [stdout]   11:     0x56057325c06b - test::test_main::{{closure}}::he94d679243a7531b
[INFO] [stdout]                                at /rustc/1b7dd2252b99671ce5d1cb9664c5f8636329436d/library/test/src/lib.rs:134:21
[INFO] [stdout]   12:     0x560573299814 - <alloc::boxed::Box<F,A> as core::ops::function::Fn<Args>>::call::h3f2d6d8b14c4769f
[INFO] [stdout]                                at /rustc/1b7dd2252b99671ce5d1cb9664c5f8636329436d/library/alloc/src/boxed.rs:1987:9
[INFO] [stdout]   13:     0x560573299814 - std::panicking::rust_panic_with_hook::h2bb3722bbaf2f6df
[INFO] [stdout]                                at /rustc/1b7dd2252b99671ce5d1cb9664c5f8636329436d/library/std/src/panicking.rs:695:13
[INFO] [stdout]   14:     0x560573299589 - std::panicking::begin_panic_handler::{{closure}}::h91bc7f36a4be011b
[INFO] [stdout]                                at /rustc/1b7dd2252b99671ce5d1cb9664c5f8636329436d/library/std/src/panicking.rs:582:13
[INFO] [stdout]   15:     0x560573297b16 - std::sys_common::backtrace::__rust_end_short_backtrace::h8b3d3717114f9e59
[INFO] [stdout]                                at /rustc/1b7dd2252b99671ce5d1cb9664c5f8636329436d/library/std/src/sys_common/backtrace.rs:150:18
[INFO] [stdout]   16:     0x5605732992e2 - rust_begin_unwind
[INFO] [stdout]                                at /rustc/1b7dd2252b99671ce5d1cb9664c5f8636329436d/library/std/src/panicking.rs:578:5
[INFO] [stdout]   17:     0x560573121ba3 - core::panicking::panic_fmt::hfd368e3fbdabea26
[INFO] [stdout]                                at /rustc/1b7dd2252b99671ce5d1cb9664c5f8636329436d/library/core/src/panicking.rs:67:14
[INFO] [stdout]   18:     0x560573122143 - core::result::unwrap_failed::he54eb4b2f125b26f
[INFO] [stdout]                                at /rustc/1b7dd2252b99671ce5d1cb9664c5f8636329436d/library/core/src/result.rs:1687:5
[INFO] [stdout]   19:     0x56057315e0ca - core::result::Result<T,E>::unwrap::hc1687a3119c14862
[INFO] [stdout]                                at /rustc/1b7dd2252b99671ce5d1cb9664c5f8636329436d/library/core/src/result.rs:1089:23
[INFO] [stdout]   20:     0x5605732131c2 - rustbus::tests::fdpassing::test_fd_passing::h4c5d398a1ee936bb
[INFO] [stdout]                                at /opt/rustwide/workdir/src/tests/fdpassing.rs:12:9
[INFO] [stdout]   21:     0x560573213157 - rustbus::tests::fdpassing::test_fd_passing::{{closure}}::hc724511847c5e012
[INFO] [stdout]                                at /opt/rustwide/workdir/src/tests/fdpassing.rs:10:22
[INFO] [stdout]   22:     0x5605731d35d5 - core::ops::function::FnOnce::call_once::h1ea1594204616388
[INFO] [stdout]                                at /rustc/1b7dd2252b99671ce5d1cb9664c5f8636329436d/library/core/src/ops/function.rs:250:5
[INFO] [stdout]   23:     0x560573260f3f - core::ops::function::FnOnce::call_once::ha6a70e79f7481a7e
[INFO] [stdout]                                at /rustc/1b7dd2252b99671ce5d1cb9664c5f8636329436d/library/core/src/ops/function.rs:250:5
[INFO] [stdout]   24:     0x560573260f3f - test::__rust_begin_short_backtrace::hce33033019b61e69
[INFO] [stdout]                                at /rustc/1b7dd2252b99671ce5d1cb9664c5f8636329436d/library/test/src/lib.rs:655:18
[INFO] [stdout]   25:     0x56057322e72c - test::run_test::{{closure}}::h858d3528838ae3e5
[INFO] [stdout]                                at /rustc/1b7dd2252b99671ce5d1cb9664c5f8636329436d/library/test/src/lib.rs:646:30
[INFO] [stdout]   26:     0x56057322e72c - core::ops::function::FnOnce::call_once{{vtable.shim}}::he8ac2b00f01ae79e
[INFO] [stdout]                                at /rustc/1b7dd2252b99671ce5d1cb9664c5f8636329436d/library/core/src/ops/function.rs:250:5
[INFO] [stdout]   27:     0x560573260016 - <alloc::boxed::Box<F,A> as core::ops::function::FnOnce<Args>>::call_once::h8093d25b522725ef
[INFO] [stdout]                                at /rustc/1b7dd2252b99671ce5d1cb9664c5f8636329436d/library/alloc/src/boxed.rs:1973:9
[INFO] [stdout]   28:     0x560573260016 - <core::panic::unwind_safe::AssertUnwindSafe<F> as core::ops::function::FnOnce<()>>::call_once::h5c334c204e4a3913
[INFO] [stdout]                                at /rustc/1b7dd2252b99671ce5d1cb9664c5f8636329436d/library/core/src/panic/unwind_safe.rs:271:9
[INFO] [stdout]   29:     0x560573260016 - std::panicking::try::do_call::ha8b740c7b9478074
[INFO] [stdout]                                at /rustc/1b7dd2252b99671ce5d1cb9664c5f8636329436d/library/std/src/panicking.rs:485:40
[INFO] [stdout]   30:     0x560573260016 - std::panicking::try::h5d34f63d0e41b64e
[INFO] [stdout]                                at /rustc/1b7dd2252b99671ce5d1cb9664c5f8636329436d/library/std/src/panicking.rs:449:19
[INFO] [stdout]   31:     0x560573260016 - std::panic::catch_unwind::hcfbb511e1aa7fc67
[INFO] [stdout]                                at /rustc/1b7dd2252b99671ce5d1cb9664c5f8636329436d/library/std/src/panic.rs:140:14
[INFO] [stdout]   32:     0x560573260016 - test::run_test_in_process::h9abda90f802eaf21
[INFO] [stdout]                                at /rustc/1b7dd2252b99671ce5d1cb9664c5f8636329436d/library/test/src/lib.rs:678:27
[INFO] [stdout]   33:     0x560573260016 - test::run_test::run_test_inner::{{closure}}::h0f058de91f6c6edf
[INFO] [stdout]                                at /rustc/1b7dd2252b99671ce5d1cb9664c5f8636329436d/library/test/src/lib.rs:572:39
[INFO] [stdout]   34:     0x560573228f35 - test::run_test::run_test_inner::{{closure}}::h5ca48a4c59c6c1fb
[INFO] [stdout]                                at /rustc/1b7dd2252b99671ce5d1cb9664c5f8636329436d/library/test/src/lib.rs:599:37
[INFO] [stdout]   35:     0x560573228f35 - std::sys_common::backtrace::__rust_begin_short_backtrace::h32bd51e1495d4a33
[INFO] [stdout]                                at /rustc/1b7dd2252b99671ce5d1cb9664c5f8636329436d/library/std/src/sys_common/backtrace.rs:134:18
[INFO] [stdout]   36:     0x56057322e471 - std::thread::Builder::spawn_unchecked_::{{closure}}::{{closure}}::hc086fae9b128b2db
[INFO] [stdout]                                at /rustc/1b7dd2252b99671ce5d1cb9664c5f8636329436d/library/std/src/thread/mod.rs:526:17
[INFO] [stdout]   37:     0x56057322e471 - <core::panic::unwind_safe::AssertUnwindSafe<F> as core::ops::function::FnOnce<()>>::call_once::hb66571888d270d43
[INFO] [stdout]                                at /rustc/1b7dd2252b99671ce5d1cb9664c5f8636329436d/library/core/src/panic/unwind_safe.rs:271:9
[INFO] [stdout]   38:     0x56057322e471 - std::panicking::try::do_call::h4fa2ef4f6e51fecf
[INFO] [stdout]                                at /rustc/1b7dd2252b99671ce5d1cb9664c5f8636329436d/library/std/src/panicking.rs:485:40
[INFO] [stdout]   39:     0x56057322e471 - std::panicking::try::h1e9e22b8584489b5
[INFO] [stdout]                                at /rustc/1b7dd2252b99671ce5d1cb9664c5f8636329436d/library/std/src/panicking.rs:449:19
[INFO] [stdout]   40:     0x56057322e471 - std::panic::catch_unwind::h44698a3de0e0769e
[INFO] [stdout]                                at /rustc/1b7dd2252b99671ce5d1cb9664c5f8636329436d/library/std/src/panic.rs:140:14
[INFO] [stdout]   41:     0x56057322e471 - std::thread::Builder::spawn_unchecked_::{{closure}}::h50153abde3fe239e
[INFO] [stdout]                                at /rustc/1b7dd2252b99671ce5d1cb9664c5f8636329436d/library/std/src/thread/mod.rs:525:30
[INFO] [stdout]   42:     0x56057322e471 - core::ops::function::FnOnce::call_once{{vtable.shim}}::hbe5bbf6f38394364
[INFO] [stdout]                                at /rustc/1b7dd2252b99671ce5d1cb9664c5f8636329436d/library/core/src/ops/function.rs:250:5
[INFO] [stdout]   43:     0x56057329ddf5 - <alloc::boxed::Box<F,A> as core::ops::function::FnOnce<Args>>::call_once::h0d83cb2920a49046
[INFO] [stdout]                                at /rustc/1b7dd2252b99671ce5d1cb9664c5f8636329436d/library/alloc/src/boxed.rs:1973:9
[INFO] [stdout]   44:     0x56057329ddf5 - <alloc::boxed::Box<F,A> as core::ops::function::FnOnce<Args>>::call_once::hbe0a008aa7d9ef59
[INFO] [stdout]                                at /rustc/1b7dd2252b99671ce5d1cb9664c5f8636329436d/library/alloc/src/boxed.rs:1973:9
[INFO] [stdout]   45:     0x56057329ddf5 - std::sys::unix::thread::Thread::new::thread_start::h3a466996bdf6b1f9
[INFO] [stdout]                                at /rustc/1b7dd2252b99671ce5d1cb9664c5f8636329436d/library/std/src/sys/unix/thread.rs:108:17
[INFO] [stdout]   46:     0x7f14f5001b43 - <unknown>
[INFO] [stdout]   47:     0x7f14f5092bb4 - __clone
[INFO] [stdout]   48:                0x0 - <unknown>
[INFO] [stdout] 
[INFO] [stdout] 
[INFO] [stdout] failures:
[INFO] [stdout]     tests::fdpassing::test_fd_passing
[INFO] [stdout] 
[INFO] [stdout] test result: FAILED. 37 passed; 1 failed; 1 ignored; 0 measured; 0 filtered out; finished in 1.46s
[INFO] [stdout] 
[INFO] [stderr] error: test failed, to rerun pass `--lib`
[INFO] running `Command { std: "docker" "inspect" "793231f4794008865a19dc3a9e821f00c76c5a4611941f9bc262f5830420d808", kill_on_drop: false }`
[INFO] running `Command { std: "docker" "rm" "-f" "793231f4794008865a19dc3a9e821f00c76c5a4611941f9bc262f5830420d808", kill_on_drop: false }`
[INFO] [stdout] 793231f4794008865a19dc3a9e821f00c76c5a4611941f9bc262f5830420d808
