[INFO] fetching crate rust_test_123 0.1.1...
[INFO] testing rust_test_123-0.1.1 against beta-2023-04-20 for beta-1.70-1
[INFO] extracting crate rust_test_123 0.1.1 into /workspace/builds/worker-2-tc2/source
[INFO] validating manifest of crates.io crate rust_test_123 0.1.1 on toolchain beta-2023-04-20
[INFO] running `Command { std: CARGO_HOME="/workspace/cargo-home" RUSTUP_HOME="/workspace/rustup-home" "/workspace/cargo-home/bin/cargo" "+beta-2023-04-20" "metadata" "--manifest-path" "Cargo.toml" "--no-deps", kill_on_drop: false }`
[INFO] started tweaking crates.io crate rust_test_123 0.1.1
[INFO] finished tweaking crates.io crate rust_test_123 0.1.1
[INFO] tweaked toml for crates.io crate rust_test_123 0.1.1 written to /workspace/builds/worker-2-tc2/source/Cargo.toml
[INFO] crate crates.io crate rust_test_123 0.1.1 already has a lockfile, it will not be regenerated
[INFO] running `Command { std: CARGO_HOME="/workspace/cargo-home" RUSTUP_HOME="/workspace/rustup-home" "/workspace/cargo-home/bin/cargo" "+beta-2023-04-20" "fetch" "--manifest-path" "Cargo.toml", kill_on_drop: false }`
[INFO] [stderr]  Downloading crates ...
[INFO] [stderr]   Downloaded indoc-impl v0.3.6
[INFO] [stderr]   Downloaded indoc v0.3.6
[INFO] running `Command { std: "docker" "create" "-v" "/var/lib/crater-agent-workspace/builds/worker-2-tc2/target:/opt/rustwide/target:rw,Z" "-v" "/var/lib/crater-agent-workspace/builds/worker-2-tc2/source:/opt/rustwide/workdir:ro,Z" "-v" "/var/lib/crater-agent-workspace/cargo-home:/opt/rustwide/cargo-home:ro,Z" "-v" "/var/lib/crater-agent-workspace/rustup-home:/opt/rustwide/rustup-home:ro,Z" "-e" "SOURCE_DIR=/opt/rustwide/workdir" "-e" "CARGO_TARGET_DIR=/opt/rustwide/target" "-e" "CARGO_HOME=/opt/rustwide/cargo-home" "-e" "RUSTUP_HOME=/opt/rustwide/rustup-home" "-w" "/opt/rustwide/workdir" "-m" "1610612736" "--user" "0:0" "--network" "none" "ghcr.io/rust-lang/crates-build-env/linux@sha256:97d61d7686bf65f8ecb15491ab51835e82dc9176a96a831f143a431b191fc501" "/opt/rustwide/cargo-home/bin/cargo" "+beta-2023-04-20" "metadata" "--no-deps" "--format-version=1", kill_on_drop: false }`
[INFO] [stdout] 98c56a3ca0227b70c952d1f61d0ef699bfc97fcf759fc53f4dee516896989175
[INFO] running `Command { std: "docker" "start" "-a" "98c56a3ca0227b70c952d1f61d0ef699bfc97fcf759fc53f4dee516896989175", kill_on_drop: false }`
[INFO] running `Command { std: "docker" "inspect" "98c56a3ca0227b70c952d1f61d0ef699bfc97fcf759fc53f4dee516896989175", kill_on_drop: false }`
[INFO] running `Command { std: "docker" "rm" "-f" "98c56a3ca0227b70c952d1f61d0ef699bfc97fcf759fc53f4dee516896989175", kill_on_drop: false }`
[INFO] [stdout] 98c56a3ca0227b70c952d1f61d0ef699bfc97fcf759fc53f4dee516896989175
[INFO] running `Command { std: "docker" "create" "-v" "/var/lib/crater-agent-workspace/builds/worker-2-tc2/target:/opt/rustwide/target:rw,Z" "-v" "/var/lib/crater-agent-workspace/builds/worker-2-tc2/source:/opt/rustwide/workdir:ro,Z" "-v" "/var/lib/crater-agent-workspace/cargo-home:/opt/rustwide/cargo-home:ro,Z" "-v" "/var/lib/crater-agent-workspace/rustup-home:/opt/rustwide/rustup-home:ro,Z" "-e" "SOURCE_DIR=/opt/rustwide/workdir" "-e" "CARGO_TARGET_DIR=/opt/rustwide/target" "-e" "CARGO_INCREMENTAL=0" "-e" "RUST_BACKTRACE=full" "-e" "RUSTFLAGS=--cap-lints=warn" "-e" "RUSTDOCFLAGS=--cap-lints=warn" "-e" "CARGO_HOME=/opt/rustwide/cargo-home" "-e" "RUSTUP_HOME=/opt/rustwide/rustup-home" "-w" "/opt/rustwide/workdir" "-m" "1610612736" "--user" "0:0" "--network" "none" "ghcr.io/rust-lang/crates-build-env/linux@sha256:97d61d7686bf65f8ecb15491ab51835e82dc9176a96a831f143a431b191fc501" "/opt/rustwide/cargo-home/bin/cargo" "+beta-2023-04-20" "build" "--frozen" "--message-format=json", kill_on_drop: false }`
[INFO] [stdout] d5c4562f2338133706eda137e0babc6deac9420e20329823f929304d0c8b114a
[INFO] running `Command { std: "docker" "start" "-a" "d5c4562f2338133706eda137e0babc6deac9420e20329823f929304d0c8b114a", kill_on_drop: false }`
[INFO] [stderr]    Compiling proc-macro2 v1.0.32
[INFO] [stderr]    Compiling unicode-xid v0.2.2
[INFO] [stderr]    Compiling syn v1.0.81
[INFO] [stderr]    Compiling proc-macro-hack v0.5.19
[INFO] [stderr]    Compiling unindent v0.1.7
[INFO] [stderr]    Compiling quote v1.0.10
[INFO] [stderr]    Compiling indoc-impl v0.3.6
[INFO] [stderr]    Compiling indoc v0.3.6
[INFO] [stderr]    Compiling rust_test_123 v0.1.1 (/opt/rustwide/workdir)
[INFO] [stdout] warning: found module declaration for lib.rs
[INFO] [stdout]  --> src/main.rs:5:1
[INFO] [stdout]   |
[INFO] [stdout] 5 | mod lib;
[INFO] [stdout]   | ^^^^^^^^
[INFO] [stdout]   |
[INFO] [stdout]   = note: lib.rs is the root of this crate's library target
[INFO] [stdout]   = help: to refer to it from other targets, use the library's name as the path
[INFO] [stdout]   = note: `#[warn(special_module_name)]` on by default
[INFO] [stdout] 
[INFO] [stdout] 
[INFO] [stdout] warning: function `run` is never used
[INFO] [stdout]   --> src/lib.rs:11:8
[INFO] [stdout]    |
[INFO] [stdout] 11 | pub fn run(config: Config) -> Result<(), Box<dyn Error>> {
[INFO] [stdout]    |        ^^^
[INFO] [stdout]    |
[INFO] [stdout]    = note: `#[warn(dead_code)]` on by default
[INFO] [stdout] 
[INFO] [stdout] 
[INFO] [stdout] warning: struct `Config` is never constructed
[INFO] [stdout]   --> src/lib.rs:27:12
[INFO] [stdout]    |
[INFO] [stdout] 27 | pub struct Config {
[INFO] [stdout]    |            ^^^^^^
[INFO] [stdout] 
[INFO] [stdout] 
[INFO] [stdout] warning: associated function `new` is never used
[INFO] [stdout]   --> src/lib.rs:34:12
[INFO] [stdout]    |
[INFO] [stdout] 33 | impl Config {
[INFO] [stdout]    | ----------- associated function in this implementation
[INFO] [stdout] 34 |     pub fn new(mut args: env::Args) -> Result<Config, &'static str> {
[INFO] [stdout]    |            ^^^
[INFO] [stdout] 
[INFO] [stdout] 
[INFO] [stdout] warning: function `search` is never used
[INFO] [stdout]   --> src/lib.rs:75:8
[INFO] [stdout]    |
[INFO] [stdout] 75 | pub fn search<'a>(query: &str, contents: &'a str) -> Vec<&'a str> {
[INFO] [stdout]    |        ^^^^^^
[INFO] [stdout] 
[INFO] [stdout] 
[INFO] [stdout] warning: function `search_case_insensitive` is never used
[INFO] [stdout]    --> src/lib.rs:117:8
[INFO] [stdout]     |
[INFO] [stdout] 117 | pub fn search_case_insensitive<'a>(query: &str, contents: &'a str) -> Vec<&'a str> {
[INFO] [stdout]     |        ^^^^^^^^^^^^^^^^^^^^^^^
[INFO] [stdout] 
[INFO] [stdout] 
[INFO] [stdout] warning: 6 warnings emitted
[INFO] [stdout] 
[INFO] [stdout] 
[INFO] [stderr]     Finished dev [unoptimized + debuginfo] target(s) in 2.85s
[INFO] running `Command { std: "docker" "inspect" "d5c4562f2338133706eda137e0babc6deac9420e20329823f929304d0c8b114a", kill_on_drop: false }`
[INFO] running `Command { std: "docker" "rm" "-f" "d5c4562f2338133706eda137e0babc6deac9420e20329823f929304d0c8b114a", kill_on_drop: false }`
[INFO] [stdout] d5c4562f2338133706eda137e0babc6deac9420e20329823f929304d0c8b114a
[INFO] running `Command { std: "docker" "create" "-v" "/var/lib/crater-agent-workspace/builds/worker-2-tc2/target:/opt/rustwide/target:rw,Z" "-v" "/var/lib/crater-agent-workspace/builds/worker-2-tc2/source:/opt/rustwide/workdir:ro,Z" "-v" "/var/lib/crater-agent-workspace/cargo-home:/opt/rustwide/cargo-home:ro,Z" "-v" "/var/lib/crater-agent-workspace/rustup-home:/opt/rustwide/rustup-home:ro,Z" "-e" "SOURCE_DIR=/opt/rustwide/workdir" "-e" "CARGO_TARGET_DIR=/opt/rustwide/target" "-e" "CARGO_INCREMENTAL=0" "-e" "RUST_BACKTRACE=full" "-e" "RUSTFLAGS=--cap-lints=warn" "-e" "RUSTDOCFLAGS=--cap-lints=warn" "-e" "CARGO_HOME=/opt/rustwide/cargo-home" "-e" "RUSTUP_HOME=/opt/rustwide/rustup-home" "-w" "/opt/rustwide/workdir" "-m" "1610612736" "--user" "0:0" "--network" "none" "ghcr.io/rust-lang/crates-build-env/linux@sha256:97d61d7686bf65f8ecb15491ab51835e82dc9176a96a831f143a431b191fc501" "/opt/rustwide/cargo-home/bin/cargo" "+beta-2023-04-20" "test" "--frozen" "--no-run" "--message-format=json", kill_on_drop: false }`
[INFO] [stdout] 68ade44289669043eb4fdfe8b6249364e1d65dd2c65bd935abaaf3f7bfabd296
[INFO] running `Command { std: "docker" "start" "-a" "68ade44289669043eb4fdfe8b6249364e1d65dd2c65bd935abaaf3f7bfabd296", kill_on_drop: false }`
[INFO] [stderr]    Compiling rust_test_123 v0.1.1 (/opt/rustwide/workdir)
[INFO] [stdout] warning: found module declaration for lib.rs
[INFO] [stdout]  --> src/main.rs:5:1
[INFO] [stdout]   |
[INFO] [stdout] 5 | mod lib;
[INFO] [stdout]   | ^^^^^^^^
[INFO] [stdout]   |
[INFO] [stdout]   = note: lib.rs is the root of this crate's library target
[INFO] [stdout]   = help: to refer to it from other targets, use the library's name as the path
[INFO] [stdout]   = note: `#[warn(special_module_name)]` on by default
[INFO] [stdout] 
[INFO] [stdout] 
[INFO] [stdout] warning: function `run` is never used
[INFO] [stdout]   --> src/lib.rs:11:8
[INFO] [stdout]    |
[INFO] [stdout] 11 | pub fn run(config: Config) -> Result<(), Box<dyn Error>> {
[INFO] [stdout]    |        ^^^
[INFO] [stdout]    |
[INFO] [stdout]    = note: `#[warn(dead_code)]` on by default
[INFO] [stdout] 
[INFO] [stdout] 
[INFO] [stdout] warning: struct `Config` is never constructed
[INFO] [stdout]   --> src/lib.rs:27:12
[INFO] [stdout]    |
[INFO] [stdout] 27 | pub struct Config {
[INFO] [stdout]    |            ^^^^^^
[INFO] [stdout] 
[INFO] [stdout] 
[INFO] [stdout] warning: associated function `new` is never used
[INFO] [stdout]   --> src/lib.rs:34:12
[INFO] [stdout]    |
[INFO] [stdout] 33 | impl Config {
[INFO] [stdout]    | ----------- associated function in this implementation
[INFO] [stdout] 34 |     pub fn new(mut args: env::Args) -> Result<Config, &'static str> {
[INFO] [stdout]    |            ^^^
[INFO] [stdout] 
[INFO] [stdout] 
[INFO] [stdout] warning: 4 warnings emitted
[INFO] [stdout] 
[INFO] [stdout] 
[INFO] [stderr]     Finished test [unoptimized + debuginfo] target(s) in 0.30s
[INFO] running `Command { std: "docker" "inspect" "68ade44289669043eb4fdfe8b6249364e1d65dd2c65bd935abaaf3f7bfabd296", kill_on_drop: false }`
[INFO] running `Command { std: "docker" "rm" "-f" "68ade44289669043eb4fdfe8b6249364e1d65dd2c65bd935abaaf3f7bfabd296", kill_on_drop: false }`
[INFO] [stdout] 68ade44289669043eb4fdfe8b6249364e1d65dd2c65bd935abaaf3f7bfabd296
[INFO] running `Command { std: "docker" "create" "-v" "/var/lib/crater-agent-workspace/builds/worker-2-tc2/target:/opt/rustwide/target:rw,Z" "-v" "/var/lib/crater-agent-workspace/builds/worker-2-tc2/source:/opt/rustwide/workdir:ro,Z" "-v" "/var/lib/crater-agent-workspace/cargo-home:/opt/rustwide/cargo-home:ro,Z" "-v" "/var/lib/crater-agent-workspace/rustup-home:/opt/rustwide/rustup-home:ro,Z" "-e" "SOURCE_DIR=/opt/rustwide/workdir" "-e" "CARGO_TARGET_DIR=/opt/rustwide/target" "-e" "CARGO_INCREMENTAL=0" "-e" "RUST_BACKTRACE=full" "-e" "RUSTFLAGS=--cap-lints=warn" "-e" "RUSTDOCFLAGS=--cap-lints=warn" "-e" "CARGO_HOME=/opt/rustwide/cargo-home" "-e" "RUSTUP_HOME=/opt/rustwide/rustup-home" "-w" "/opt/rustwide/workdir" "-m" "1610612736" "--user" "0:0" "--network" "none" "ghcr.io/rust-lang/crates-build-env/linux@sha256:97d61d7686bf65f8ecb15491ab51835e82dc9176a96a831f143a431b191fc501" "/opt/rustwide/cargo-home/bin/cargo" "+beta-2023-04-20" "test" "--frozen", kill_on_drop: false }`
[INFO] [stdout] 6ecdb6d7341b0887fd58bda74dba979af1b2ec6213f0a8206382b121ff670fdb
[INFO] running `Command { std: "docker" "start" "-a" "6ecdb6d7341b0887fd58bda74dba979af1b2ec6213f0a8206382b121ff670fdb", kill_on_drop: false }`
[INFO] [stderr] warning: found module declaration for lib.rs
[INFO] [stderr]  --> src/main.rs:5:1
[INFO] [stderr]   |
[INFO] [stderr] 5 | mod lib;
[INFO] [stderr]   | ^^^^^^^^
[INFO] [stderr]   |
[INFO] [stderr]   = note: lib.rs is the root of this crate's library target
[INFO] [stderr]   = help: to refer to it from other targets, use the library's name as the path
[INFO] [stderr]   = note: `#[warn(special_module_name)]` on by default
[INFO] [stderr] 
[INFO] [stderr] warning: function `run` is never used
[INFO] [stderr]   --> src/lib.rs:11:8
[INFO] [stderr]    |
[INFO] [stderr] 11 | pub fn run(config: Config) -> Result<(), Box<dyn Error>> {
[INFO] [stderr]    |        ^^^
[INFO] [stderr]    |
[INFO] [stderr]    = note: `#[warn(dead_code)]` on by default
[INFO] [stderr] 
[INFO] [stderr] warning: struct `Config` is never constructed
[INFO] [stderr]   --> src/lib.rs:27:12
[INFO] [stderr]    |
[INFO] [stderr] 27 | pub struct Config {
[INFO] [stderr]    |            ^^^^^^
[INFO] [stderr] 
[INFO] [stderr] warning: associated function `new` is never used
[INFO] [stderr]   --> src/lib.rs:34:12
[INFO] [stderr]    |
[INFO] [stderr] 33 | impl Config {
[INFO] [stderr]    | ----------- associated function in this implementation
[INFO] [stderr] 34 |     pub fn new(mut args: env::Args) -> Result<Config, &'static str> {
[INFO] [stderr]    |            ^^^
[INFO] [stderr] 
[INFO] [stderr] warning: `rust_test_123` (bin "rust_test_123" test) generated 4 warnings
[INFO] [stderr]     Finished test [unoptimized + debuginfo] target(s) in 0.01s
[INFO] [stderr]      Running unittests src/lib.rs (/opt/rustwide/target/debug/deps/rust_test_123-e87749ef86359c79)
[INFO] [stdout] 
[INFO] [stdout] running 2 tests
[INFO] [stdout] test tests::case_insensitive ... ok
[INFO] [stdout] test tests::case_sensitive ... ok
[INFO] [stdout] 
[INFO] [stdout] test result: ok. 2 passed; 0 failed; 0 ignored; 0 measured; 0 filtered out; finished in 0.00s
[INFO] [stdout] 
[INFO] [stderr]      Running unittests src/main.rs (/opt/rustwide/target/debug/deps/rust_test_123-b513c6854aae38ef)
[INFO] [stdout] 
[INFO] [stdout] running 2 tests
[INFO] [stdout] test lib::tests::case_insensitive ... ok
[INFO] [stdout] test lib::tests::case_sensitive ... ok
[INFO] [stdout] 
[INFO] [stdout] test result: ok. 2 passed; 0 failed; 0 ignored; 0 measured; 0 filtered out; finished in 0.00s
[INFO] [stdout] 
[INFO] [stderr]    Doc-tests rust_test_123
[INFO] [stdout] 
[INFO] [stdout] running 1 test
[INFO] [stdout] test src/lib.rs - search_case_insensitive (line 96) ... FAILED
[INFO] [stdout] 
[INFO] [stdout] failures:
[INFO] [stdout] 
[INFO] [stdout] ---- src/lib.rs - search_case_insensitive (line 96) stdout ----
[INFO] [stdout] error[E0432]: unresolved import `rust_grep`
[INFO] [stdout]  --> src/lib.rs:97:5
[INFO] [stdout]   |
[INFO] [stdout] 3 | use rust_grep::*;
[INFO] [stdout]   |     ^^^^^^^^^ use of undeclared crate or module `rust_grep`
[INFO] [stdout] 
[INFO] [stdout] error[E0425]: cannot find function `search` in this scope
[INFO] [stdout]   --> src/lib.rs:106:49
[INFO] [stdout]    |
[INFO] [stdout] 12 |     assert_eq!(vec!["safe, fast, productive."], search(query, contents));
[INFO] [stdout]    |                                                 ^^^^^^ not found in this scope
[INFO] [stdout]    |
[INFO] [stdout] help: consider importing this function
[INFO] [stdout]    |
[INFO] [stdout] 2  + use rust_test_123::search;
[INFO] [stdout]    |
[INFO] [stdout] 
[INFO] [stdout] error: aborting due to 2 previous errors
[INFO] [stdout] 
[INFO] [stdout] Some errors have detailed explanations: E0425, E0432.
[INFO] [stdout] For more information about an error, try `rustc --explain E0425`.
[INFO] [stdout] Couldn't compile the test.
[INFO] [stdout] 
[INFO] [stdout] failures:
[INFO] [stdout]     src/lib.rs - search_case_insensitive (line 96)
[INFO] [stdout] 
[INFO] [stdout] test result: FAILED. 0 passed; 1 failed; 0 ignored; 0 measured; 0 filtered out; finished in 0.04s
[INFO] [stdout] 
[INFO] [stderr] error: doctest failed, to rerun pass `--doc`
[INFO] running `Command { std: "docker" "inspect" "6ecdb6d7341b0887fd58bda74dba979af1b2ec6213f0a8206382b121ff670fdb", kill_on_drop: false }`
[INFO] running `Command { std: "docker" "rm" "-f" "6ecdb6d7341b0887fd58bda74dba979af1b2ec6213f0a8206382b121ff670fdb", kill_on_drop: false }`
[INFO] [stdout] 6ecdb6d7341b0887fd58bda74dba979af1b2ec6213f0a8206382b121ff670fdb
