[INFO] fetching crate rust_swig 0.5.1...
[INFO] testing rust_swig-0.5.1 against beta-2023-04-20 for beta-1.70-1
[INFO] extracting crate rust_swig 0.5.1 into /workspace/builds/worker-7-tc2/source
[INFO] validating manifest of crates.io crate rust_swig 0.5.1 on toolchain beta-2023-04-20
[INFO] running `Command { std: CARGO_HOME="/workspace/cargo-home" RUSTUP_HOME="/workspace/rustup-home" "/workspace/cargo-home/bin/cargo" "+beta-2023-04-20" "metadata" "--manifest-path" "Cargo.toml" "--no-deps", kill_on_drop: false }`
[INFO] started tweaking crates.io crate rust_swig 0.5.1
[INFO] finished tweaking crates.io crate rust_swig 0.5.1
[INFO] tweaked toml for crates.io crate rust_swig 0.5.1 written to /workspace/builds/worker-7-tc2/source/Cargo.toml
[INFO] running `Command { std: CARGO_HOME="/workspace/cargo-home" RUSTUP_HOME="/workspace/rustup-home" __CARGO_TEST_CHANNEL_OVERRIDE_DO_NOT_USE_THIS="nightly" "/workspace/cargo-home/bin/cargo" "+beta-2023-04-20" "generate-lockfile" "--manifest-path" "Cargo.toml" "-Zno-index-update", kill_on_drop: false }`
[INFO] running `Command { std: CARGO_HOME="/workspace/cargo-home" RUSTUP_HOME="/workspace/rustup-home" "/workspace/cargo-home/bin/cargo" "+beta-2023-04-20" "fetch" "--manifest-path" "Cargo.toml", kill_on_drop: false }`
[INFO] [stderr]  Downloading crates ...
[INFO] [stderr]   Downloaded smol_str v0.1.24
[INFO] running `Command { std: "docker" "create" "-v" "/var/lib/crater-agent-workspace/builds/worker-7-tc2/target:/opt/rustwide/target:rw,Z" "-v" "/var/lib/crater-agent-workspace/builds/worker-7-tc2/source:/opt/rustwide/workdir:ro,Z" "-v" "/var/lib/crater-agent-workspace/cargo-home:/opt/rustwide/cargo-home:ro,Z" "-v" "/var/lib/crater-agent-workspace/rustup-home:/opt/rustwide/rustup-home:ro,Z" "-e" "SOURCE_DIR=/opt/rustwide/workdir" "-e" "CARGO_TARGET_DIR=/opt/rustwide/target" "-e" "CARGO_HOME=/opt/rustwide/cargo-home" "-e" "RUSTUP_HOME=/opt/rustwide/rustup-home" "-w" "/opt/rustwide/workdir" "-m" "1610612736" "--user" "0:0" "--network" "none" "ghcr.io/rust-lang/crates-build-env/linux@sha256:97d61d7686bf65f8ecb15491ab51835e82dc9176a96a831f143a431b191fc501" "/opt/rustwide/cargo-home/bin/cargo" "+beta-2023-04-20" "metadata" "--no-deps" "--format-version=1", kill_on_drop: false }`
[INFO] [stdout] 4689734baff7656c9f2644e57c649a1d6f070a9f7e6c3398149784a4c0441f27
[INFO] running `Command { std: "docker" "start" "-a" "4689734baff7656c9f2644e57c649a1d6f070a9f7e6c3398149784a4c0441f27", kill_on_drop: false }`
[INFO] running `Command { std: "docker" "inspect" "4689734baff7656c9f2644e57c649a1d6f070a9f7e6c3398149784a4c0441f27", kill_on_drop: false }`
[INFO] running `Command { std: "docker" "rm" "-f" "4689734baff7656c9f2644e57c649a1d6f070a9f7e6c3398149784a4c0441f27", kill_on_drop: false }`
[INFO] [stdout] 4689734baff7656c9f2644e57c649a1d6f070a9f7e6c3398149784a4c0441f27
[INFO] running `Command { std: "docker" "create" "-v" "/var/lib/crater-agent-workspace/builds/worker-7-tc2/target:/opt/rustwide/target:rw,Z" "-v" "/var/lib/crater-agent-workspace/builds/worker-7-tc2/source:/opt/rustwide/workdir:ro,Z" "-v" "/var/lib/crater-agent-workspace/cargo-home:/opt/rustwide/cargo-home:ro,Z" "-v" "/var/lib/crater-agent-workspace/rustup-home:/opt/rustwide/rustup-home:ro,Z" "-e" "SOURCE_DIR=/opt/rustwide/workdir" "-e" "CARGO_TARGET_DIR=/opt/rustwide/target" "-e" "CARGO_INCREMENTAL=0" "-e" "RUST_BACKTRACE=full" "-e" "RUSTFLAGS=--cap-lints=warn" "-e" "RUSTDOCFLAGS=--cap-lints=warn" "-e" "CARGO_HOME=/opt/rustwide/cargo-home" "-e" "RUSTUP_HOME=/opt/rustwide/rustup-home" "-w" "/opt/rustwide/workdir" "-m" "1610612736" "--user" "0:0" "--network" "none" "ghcr.io/rust-lang/crates-build-env/linux@sha256:97d61d7686bf65f8ecb15491ab51835e82dc9176a96a831f143a431b191fc501" "/opt/rustwide/cargo-home/bin/cargo" "+beta-2023-04-20" "build" "--frozen" "--message-format=json", kill_on_drop: false }`
[INFO] [stdout] 6eb11fe6b065b68ecd85e5bfbda0521309964cd57d945b1841fc6c3b08072872
[INFO] running `Command { std: "docker" "start" "-a" "6eb11fe6b065b68ecd85e5bfbda0521309964cd57d945b1841fc6c3b08072872", kill_on_drop: false }`
[INFO] [stderr]    Compiling proc-macro2 v1.0.56
[INFO] [stderr]    Compiling quote v1.0.26
[INFO] [stderr]    Compiling unicode-ident v1.0.8
[INFO] [stderr]    Compiling syn v1.0.109
[INFO] [stderr]    Compiling autocfg v1.1.0
[INFO] [stderr]    Compiling libc v0.2.142
[INFO] [stderr]    Compiling unicode-segmentation v1.10.1
[INFO] [stderr]    Compiling serde v1.0.160
[INFO] [stderr]    Compiling log v0.4.17
[INFO] [stderr]    Compiling heck v0.3.3
[INFO] [stderr]    Compiling indexmap v1.9.3
[INFO] [stderr]    Compiling hashbrown v0.12.3
[INFO] [stderr]    Compiling cfg-if v1.0.0
[INFO] [stderr]    Compiling fixedbitset v0.2.0
[INFO] [stderr]    Compiling rustc-hash v1.1.0
[INFO] [stderr]    Compiling smallvec v1.10.0
[INFO] [stderr]    Compiling lazy_static v1.4.0
[INFO] [stderr]    Compiling bitflags v1.3.2
[INFO] [stderr]    Compiling petgraph v0.5.1
[INFO] [stderr]    Compiling which v3.1.1
[INFO] [stderr]    Compiling smol_str v0.1.24
[INFO] [stderr]    Compiling rust_swig v0.5.1 (/opt/rustwide/workdir)
[INFO] [stderr]    Compiling strum_macros v0.18.0
[INFO] [stderr]    Compiling strum v0.18.0
[INFO] [stdout] warning: field `span` is never read
[INFO] [stdout]    --> src/types.rs:126:16
[INFO] [stdout]     |
[INFO] [stdout] 125 | pub(crate) struct FnDecl {
[INFO] [stdout]     |                   ------ field in this struct
[INFO] [stdout] 126 |     pub(crate) span: Span,
[INFO] [stdout]     |                ^^^^
[INFO] [stdout]     |
[INFO] [stdout]     = note: `FnDecl` has derived impls for the traits `Clone` and `Debug`, but these are intentionally ignored during dead code analysis
[INFO] [stdout]     = note: `#[warn(dead_code)]` on by default
[INFO] [stdout] 
[INFO] [stdout] 
[INFO] [stdout] warning: 1 warning emitted
[INFO] [stdout] 
[INFO] [stdout] 
[INFO] [stderr]     Finished dev [unoptimized + debuginfo] target(s) in 26.30s
[INFO] running `Command { std: "docker" "inspect" "6eb11fe6b065b68ecd85e5bfbda0521309964cd57d945b1841fc6c3b08072872", kill_on_drop: false }`
[INFO] running `Command { std: "docker" "rm" "-f" "6eb11fe6b065b68ecd85e5bfbda0521309964cd57d945b1841fc6c3b08072872", kill_on_drop: false }`
[INFO] [stdout] 6eb11fe6b065b68ecd85e5bfbda0521309964cd57d945b1841fc6c3b08072872
[INFO] running `Command { std: "docker" "create" "-v" "/var/lib/crater-agent-workspace/builds/worker-7-tc2/target:/opt/rustwide/target:rw,Z" "-v" "/var/lib/crater-agent-workspace/builds/worker-7-tc2/source:/opt/rustwide/workdir:ro,Z" "-v" "/var/lib/crater-agent-workspace/cargo-home:/opt/rustwide/cargo-home:ro,Z" "-v" "/var/lib/crater-agent-workspace/rustup-home:/opt/rustwide/rustup-home:ro,Z" "-e" "SOURCE_DIR=/opt/rustwide/workdir" "-e" "CARGO_TARGET_DIR=/opt/rustwide/target" "-e" "CARGO_INCREMENTAL=0" "-e" "RUST_BACKTRACE=full" "-e" "RUSTFLAGS=--cap-lints=warn" "-e" "RUSTDOCFLAGS=--cap-lints=warn" "-e" "CARGO_HOME=/opt/rustwide/cargo-home" "-e" "RUSTUP_HOME=/opt/rustwide/rustup-home" "-w" "/opt/rustwide/workdir" "-m" "1610612736" "--user" "0:0" "--network" "none" "ghcr.io/rust-lang/crates-build-env/linux@sha256:97d61d7686bf65f8ecb15491ab51835e82dc9176a96a831f143a431b191fc501" "/opt/rustwide/cargo-home/bin/cargo" "+beta-2023-04-20" "test" "--frozen" "--no-run" "--message-format=json", kill_on_drop: false }`
[INFO] [stdout] 01900ac887d80d7f18bdd0f1f4b04c2d064a5e9b98e8fad11c60c233c0f15ee1
[INFO] running `Command { std: "docker" "start" "-a" "01900ac887d80d7f18bdd0f1f4b04c2d064a5e9b98e8fad11c60c233c0f15ee1", kill_on_drop: false }`
[INFO] [stderr]    Compiling memchr v2.5.0
[INFO] [stderr]    Compiling io-lifetimes v1.0.10
[INFO] [stderr]    Compiling version_check v0.9.4
[INFO] [stderr]    Compiling rustix v0.37.18
[INFO] [stderr]    Compiling pulldown-cmark v0.7.2
[INFO] [stderr]    Compiling linux-raw-sys v0.3.6
[INFO] [stderr]    Compiling unicode-width v0.1.10
[INFO] [stderr]    Compiling regex-syntax v0.7.1
[INFO] [stderr]    Compiling quick-error v1.2.3
[INFO] [stderr]    Compiling humantime v1.3.0
[INFO] [stderr]    Compiling getopts v0.2.21
[INFO] [stderr]    Compiling unicase v2.6.0
[INFO] [stderr]    Compiling atty v0.2.14
[INFO] [stderr]    Compiling termcolor v1.2.0
[INFO] [stderr]    Compiling fastrand v1.9.0
[INFO] [stderr]    Compiling jni-sys v0.3.0
[INFO] [stderr]    Compiling aho-corasick v1.0.1
[INFO] [stdout] warning: field `span` is never read
[INFO] [stdout]    --> src/types.rs:126:16
[INFO] [stdout]     |
[INFO] [stdout] 125 | pub(crate) struct FnDecl {
[INFO] [stdout]     |                   ------ field in this struct
[INFO] [stdout] 126 |     pub(crate) span: Span,
[INFO] [stdout]     |                ^^^^
[INFO] [stdout]     |
[INFO] [stdout]     = note: `FnDecl` has derived impls for the traits `Clone` and `Debug`, but these are intentionally ignored during dead code analysis
[INFO] [stdout]     = note: `#[warn(dead_code)]` on by default
[INFO] [stdout] 
[INFO] [stdout] 
[INFO] [stdout] warning: 1 warning emitted
[INFO] [stdout] 
[INFO] [stdout] 
[INFO] [stderr]    Compiling regex v1.8.1
[INFO] [stderr]    Compiling tempfile v3.5.0
[INFO] [stderr]    Compiling env_logger v0.7.1
[INFO] [stderr]    Compiling rust_swig v0.5.1 (/opt/rustwide/workdir)
[INFO] [stdout] warning: fields `ignore`, `no_run`, `should_panic`, and `template` are never read
[INFO] [stdout]   --> tests/test_code_in_readme.rs:69:5
[INFO] [stdout]    |
[INFO] [stdout] 66 | struct Test {
[INFO] [stdout]    |        ---- fields in this struct
[INFO] [stdout] ...
[INFO] [stdout] 69 |     ignore: bool,
[INFO] [stdout]    |     ^^^^^^
[INFO] [stdout] 70 |     no_run: bool,
[INFO] [stdout]    |     ^^^^^^
[INFO] [stdout] 71 |     should_panic: bool,
[INFO] [stdout]    |     ^^^^^^^^^^^^
[INFO] [stdout] 72 |     template: Option<String>,
[INFO] [stdout]    |     ^^^^^^^^
[INFO] [stdout]    |
[INFO] [stdout]    = note: `Test` has a derived impl for the trait `Debug`, but this is intentionally ignored during dead code analysis
[INFO] [stdout]    = note: `#[warn(dead_code)]` on by default
[INFO] [stdout] 
[INFO] [stdout] 
[INFO] [stdout] warning: 1 warning emitted
[INFO] [stdout] 
[INFO] [stdout] 
[INFO] [stdout] warning: field `span` is never read
[INFO] [stdout]    --> src/types.rs:126:16
[INFO] [stdout]     |
[INFO] [stdout] 125 | pub(crate) struct FnDecl {
[INFO] [stdout]     |                   ------ field in this struct
[INFO] [stdout] 126 |     pub(crate) span: Span,
[INFO] [stdout]     |                ^^^^
[INFO] [stdout]     |
[INFO] [stdout]     = note: `FnDecl` has derived impls for the traits `Clone` and `Debug`, but these are intentionally ignored during dead code analysis
[INFO] [stdout]     = note: `#[warn(dead_code)]` on by default
[INFO] [stdout] 
[INFO] [stdout] 
[INFO] [stdout] warning: 1 warning emitted
[INFO] [stdout] 
[INFO] [stdout] 
[INFO] [stderr]     Finished test [unoptimized + debuginfo] target(s) in 25.54s
[INFO] running `Command { std: "docker" "inspect" "01900ac887d80d7f18bdd0f1f4b04c2d064a5e9b98e8fad11c60c233c0f15ee1", kill_on_drop: false }`
[INFO] running `Command { std: "docker" "rm" "-f" "01900ac887d80d7f18bdd0f1f4b04c2d064a5e9b98e8fad11c60c233c0f15ee1", kill_on_drop: false }`
[INFO] [stdout] 01900ac887d80d7f18bdd0f1f4b04c2d064a5e9b98e8fad11c60c233c0f15ee1
[INFO] running `Command { std: "docker" "create" "-v" "/var/lib/crater-agent-workspace/builds/worker-7-tc2/target:/opt/rustwide/target:rw,Z" "-v" "/var/lib/crater-agent-workspace/builds/worker-7-tc2/source:/opt/rustwide/workdir:ro,Z" "-v" "/var/lib/crater-agent-workspace/cargo-home:/opt/rustwide/cargo-home:ro,Z" "-v" "/var/lib/crater-agent-workspace/rustup-home:/opt/rustwide/rustup-home:ro,Z" "-e" "SOURCE_DIR=/opt/rustwide/workdir" "-e" "CARGO_TARGET_DIR=/opt/rustwide/target" "-e" "CARGO_INCREMENTAL=0" "-e" "RUST_BACKTRACE=full" "-e" "RUSTFLAGS=--cap-lints=warn" "-e" "RUSTDOCFLAGS=--cap-lints=warn" "-e" "CARGO_HOME=/opt/rustwide/cargo-home" "-e" "RUSTUP_HOME=/opt/rustwide/rustup-home" "-w" "/opt/rustwide/workdir" "-m" "1610612736" "--user" "0:0" "--network" "none" "ghcr.io/rust-lang/crates-build-env/linux@sha256:97d61d7686bf65f8ecb15491ab51835e82dc9176a96a831f143a431b191fc501" "/opt/rustwide/cargo-home/bin/cargo" "+beta-2023-04-20" "test" "--frozen", kill_on_drop: false }`
[INFO] [stdout] 37ae373a22018e4f015ba744c0510d23211d0a8e5aa54184b214104846bda88d
[INFO] running `Command { std: "docker" "start" "-a" "37ae373a22018e4f015ba744c0510d23211d0a8e5aa54184b214104846bda88d", kill_on_drop: false }`
[INFO] [stderr] warning: field `span` is never read
[INFO] [stderr]    --> src/types.rs:126:16
[INFO] [stderr]     |
[INFO] [stderr] 125 | pub(crate) struct FnDecl {
[INFO] [stderr]     |                   ------ field in this struct
[INFO] [stderr] 126 |     pub(crate) span: Span,
[INFO] [stderr]     |                ^^^^
[INFO] [stderr]     |
[INFO] [stderr]     = note: `FnDecl` has derived impls for the traits `Clone` and `Debug`, but these are intentionally ignored during dead code analysis
[INFO] [stderr]     = note: `#[warn(dead_code)]` on by default
[INFO] [stderr] 
[INFO] [stderr] warning: `rust_swig` (lib) generated 1 warning
[INFO] [stderr] warning: fields `ignore`, `no_run`, `should_panic`, and `template` are never read
[INFO] [stderr]   --> tests/test_code_in_readme.rs:69:5
[INFO] [stderr]    |
[INFO] [stderr] 66 | struct Test {
[INFO] [stderr]    |        ---- fields in this struct
[INFO] [stderr] ...
[INFO] [stderr] 69 |     ignore: bool,
[INFO] [stderr]    |     ^^^^^^
[INFO] [stderr] 70 |     no_run: bool,
[INFO] [stderr]    |     ^^^^^^
[INFO] [stderr] 71 |     should_panic: bool,
[INFO] [stderr]    |     ^^^^^^^^^^^^
[INFO] [stderr] 72 |     template: Option<String>,
[INFO] [stderr]    |     ^^^^^^^^
[INFO] [stderr]    |
[INFO] [stderr]    = note: `Test` has a derived impl for the trait `Debug`, but this is intentionally ignored during dead code analysis
[INFO] [stderr]    = note: `#[warn(dead_code)]` on by default
[INFO] [stderr] 
[INFO] [stderr] warning: `rust_swig` (test "test_code_in_readme") generated 1 warning
[INFO] [stderr] warning: `rust_swig` (lib test) generated 1 warning (1 duplicate)
[INFO] [stderr]     Finished test [unoptimized + debuginfo] target(s) in 0.08s
[INFO] [stderr]      Running unittests src/lib.rs (/opt/rustwide/target/debug/deps/rust_swig-384f651eadb0dfd2)
[INFO] [stdout] 
[INFO] [stdout] running 52 tests
[INFO] [stdout] test code_parse::tests::test_do_parse_foreigner_class ... ok
[INFO] [stdout] test code_parse::tests::test_parse_foreign_callback_simple ... ok
[INFO] [stdout] test code_parse::tests::test_parse_foreign_enum ... ok
[INFO] [stdout] test code_parse::tests::test_parse_foreign_callback_multi_traits ... ok
[INFO] [stdout] test typemap::ast::tests::test_is_second_subst_of_first_char_pointer ... ok
[INFO] [stdout] test typemap::ast::tests::test_is_second_subst_of_first_impl_fnonce_no_ret ... ok
[INFO] [stdout] test code_parse::tests::test_parse_foreign_class_with_copy_derive ... ok
[INFO] [stdout] test code_parse::tests::test_parse_foreign_callback_path ... ok
[INFO] [stdout] test typemap::ast::tests::test_is_second_subst_of_first_impl_fnonce_with_ret ... ok
[INFO] [stdout] test typemap::ast::tests::test_is_second_subst_of_first_extern_c_fn_ptr ... ok
[INFO] [stdout] test typemap::ast::tests::test_jlong_to_option_wrong_conv ... ok
[INFO] [stdout] test typemap::ast::tests::test_is_second_subst_of_first_span ... ok
[INFO] [stdout] test typemap::ast::tests::test_parse_type_spanned_macro ... ok
[INFO] [stdout] test typemap::ast::tests::test_replace_all_types_with ... ok
[INFO] [stdout] test typemap::ast::tests::test_work_with_option ... ok
[INFO] [stdout] test typemap::ast::tests::test_is_second_subst_of_first_pointer ... ok
[INFO] [stdout] test typemap::ast::tests::test_get_trait_bounds ... ok
[INFO] [stdout] test typemap::ast::tests::test_work_with_rc ... ok
[INFO] [stdout] test typemap::ast::tests::test_work_with_result ... ok
[INFO] [stdout] test typemap::merge::tests::test_merge ... ok
[INFO] [stdout] test typemap::ast::tests::test_list_lifetimes ... ok
[INFO] [stdout] test typemap::parse::tests::test_get_foreigner_hint_for_generic ... ok
[INFO] [stdout] test typemap::parse::tests::test_extract_trait_param_type ... ok
[INFO] [stdout] test typemap::parse::tests::test_my_syn_attrs_to_hashmap ... ok
[INFO] [stdout] test typemap::ast::tests::generic_type_conv_find ... ok
[INFO] [stdout] test typemap::parse::tests::test_double_map_err ... ok
[INFO] [stdout] test typemap::parse::tests::test_parse_deref ... ok
[INFO] [stdout] test typemap::parse::tests::test_parse_foreign_types_map_mod ... ok
[INFO] [stdout] test typemap::parse::tests::test_parse_macros_conv ... ok
[INFO] [stdout] test typemap::parse::tests::test_parsing_only_types_map_mod ... ok
[INFO] [stdout] test typemap::parse::tests::test_parse_conv_impl_with_type_params ... ok
[INFO] [stdout] test typemap::parse::tests::test_parse_cfg_target_width ... ok
[INFO] [stdout] test typemap::parse::tests::test_parse_trait_with_code ... ok
[INFO] [stdout] test typemap::typemap_macro::tests::test_foreign_typemap_callback_to_future ... ok
[INFO] [stdout] test typemap::ast::tests::test_normalize_ty ... FAILED
[INFO] [stdout] test typemap::typemap_macro::tests::test_foreign_typemap_bare_fn ... ok
[INFO] [stdout] test typemap::typemap_macro::tests::test_foreign_typemap_cpp_pair_expand ... ok
[INFO] [stdout] test typemap::parse::tests::test_unpack_first_associated_type ... FAILED
[INFO] [stdout] test typemap::typemap_macro::tests::test_expand_generic_type_with_ptr ... FAILED
[INFO] [stdout] test typemap::typemap_macro::tests::test_foreign_typemap_cpp_bool ... FAILED
[INFO] [stdout] test typemap::typemap_macro::tests::test_foreign_typemap_cpp_ruststring ... ok
[INFO] [stdout] test typemap::typemap_macro::tests::test_foreign_typemap_java_datetime ... ok
[INFO] [stdout] test typemap::typemap_macro::tests::test_foreign_typemap_cpp_str ... ok
[INFO] [stdout] test typemap::typemap_macro::tests::test_foreign_typemap_jboolean ... ok
[INFO] [stdout] test typemap::typemap_macro::tests::test_foreign_typemap_cpp_pair_syntax ... FAILED
[INFO] [stdout] test typemap::typemap_macro::tests::test_foreign_typemap_simple_generic ... ok
[INFO] [stdout] test typemap::typemap_macro::tests::test_foreign_typemap_qdatetime ... ok
[INFO] [stdout] test typemap::typemap_macro::tests::test_foreign_typemap_qstring ... ok
[INFO] [stdout] test typemap::typemap_macro::tests::test_foreign_typemap_unique_prefix ... ok
[INFO] [stdout] test typemap::typemap_macro::tests::test_foreign_typemap_simple_typemap ... ok
[INFO] [stdout] test typemap::tests::test_try_build_path ... ok
[INFO] [stdout] test typemap::parse::tests::test_parse_main_lang_typemaps ... ok
[INFO] [stdout] 
[INFO] [stdout] failures:
[INFO] [stdout] 
[INFO] [stdout] ---- typemap::ast::tests::test_normalize_ty stdout ----
[INFO] [stdout] thread 'typemap::ast::tests::test_normalize_ty' panicked at 'assertion failed: `(left == right)`
[INFO] [stdout]   left: `"()"`,
[INFO] [stdout]  right: `"( )"`', src/typemap/ast/tests.rs:12:5
[INFO] [stdout] stack backtrace:
[INFO] [stdout]    0:     0x56299a8801aa - std::backtrace_rs::backtrace::libunwind::trace::h2f05d0192276a8f6
[INFO] [stdout]                                at /rustc/1b7dd2252b99671ce5d1cb9664c5f8636329436d/library/std/src/../../backtrace/src/backtrace/libunwind.rs:93:5
[INFO] [stdout]    1:     0x56299a8801aa - std::backtrace_rs::backtrace::trace_unsynchronized::hedc23dff7a1af150
[INFO] [stdout]                                at /rustc/1b7dd2252b99671ce5d1cb9664c5f8636329436d/library/std/src/../../backtrace/src/backtrace/mod.rs:66:5
[INFO] [stdout]    2:     0x56299a8801aa - std::sys_common::backtrace::_print_fmt::h17541ef7592f3ce2
[INFO] [stdout]                                at /rustc/1b7dd2252b99671ce5d1cb9664c5f8636329436d/library/std/src/sys_common/backtrace.rs:65:5
[INFO] [stdout]    3:     0x56299a8801aa - <std::sys_common::backtrace::_print::DisplayBacktrace as core::fmt::Display>::fmt::h20f75df5ab0c0792
[INFO] [stdout]                                at /rustc/1b7dd2252b99671ce5d1cb9664c5f8636329436d/library/std/src/sys_common/backtrace.rs:44:22
[INFO] [stdout]    4:     0x56299a8a477f - core::fmt::write::h78109e6f466b3af6
[INFO] [stdout]                                at /rustc/1b7dd2252b99671ce5d1cb9664c5f8636329436d/library/core/src/fmt/mod.rs:1254:17
[INFO] [stdout]    5:     0x56299a87d4e5 - std::io::Write::write_fmt::hd24bfb68a1b35a25
[INFO] [stdout]                                at /rustc/1b7dd2252b99671ce5d1cb9664c5f8636329436d/library/std/src/io/mod.rs:1698:15
[INFO] [stdout]    6:     0x56299a87ff75 - std::sys_common::backtrace::_print::h8dac57a9f8fbf9a5
[INFO] [stdout]                                at /rustc/1b7dd2252b99671ce5d1cb9664c5f8636329436d/library/std/src/sys_common/backtrace.rs:47:5
[INFO] [stdout]    7:     0x56299a87ff75 - std::sys_common::backtrace::print::hf9ecbf41d1aa712f
[INFO] [stdout]                                at /rustc/1b7dd2252b99671ce5d1cb9664c5f8636329436d/library/std/src/sys_common/backtrace.rs:34:9
[INFO] [stdout]    8:     0x56299a881c2e - std::panicking::default_hook::{{closure}}::h04c07acfc84ca028
[INFO] [stdout]                                at /rustc/1b7dd2252b99671ce5d1cb9664c5f8636329436d/library/std/src/panicking.rs:269:22
[INFO] [stdout]    9:     0x56299a881961 - std::panicking::default_hook::h01f6bb23e1eceb2c
[INFO] [stdout]                                at /rustc/1b7dd2252b99671ce5d1cb9664c5f8636329436d/library/std/src/panicking.rs:285:9
[INFO] [stdout]   10:     0x56299a698d9b - <alloc::boxed::Box<F,A> as core::ops::function::Fn<Args>>::call::h87fe9f7b2fd49e4c
[INFO] [stdout]                                at /rustc/1b7dd2252b99671ce5d1cb9664c5f8636329436d/library/alloc/src/boxed.rs:1987:9
[INFO] [stdout]   11:     0x56299a698d9b - test::test_main::{{closure}}::he94d679243a7531b
[INFO] [stdout]                                at /rustc/1b7dd2252b99671ce5d1cb9664c5f8636329436d/library/test/src/lib.rs:134:21
[INFO] [stdout]   12:     0x56299a882314 - <alloc::boxed::Box<F,A> as core::ops::function::Fn<Args>>::call::h3f2d6d8b14c4769f
[INFO] [stdout]                                at /rustc/1b7dd2252b99671ce5d1cb9664c5f8636329436d/library/alloc/src/boxed.rs:1987:9
[INFO] [stdout]   13:     0x56299a882314 - std::panicking::rust_panic_with_hook::h2bb3722bbaf2f6df
[INFO] [stdout]                                at /rustc/1b7dd2252b99671ce5d1cb9664c5f8636329436d/library/std/src/panicking.rs:695:13
[INFO] [stdout]   14:     0x56299a882089 - std::panicking::begin_panic_handler::{{closure}}::h91bc7f36a4be011b
[INFO] [stdout]                                at /rustc/1b7dd2252b99671ce5d1cb9664c5f8636329436d/library/std/src/panicking.rs:582:13
[INFO] [stdout]   15:     0x56299a880616 - std::sys_common::backtrace::__rust_end_short_backtrace::h8b3d3717114f9e59
[INFO] [stdout]                                at /rustc/1b7dd2252b99671ce5d1cb9664c5f8636329436d/library/std/src/sys_common/backtrace.rs:150:18
[INFO] [stdout]   16:     0x56299a881de2 - rust_begin_unwind
[INFO] [stdout]                                at /rustc/1b7dd2252b99671ce5d1cb9664c5f8636329436d/library/std/src/panicking.rs:578:5
[INFO] [stdout]   17:     0x56299a297b53 - core::panicking::panic_fmt::hfd368e3fbdabea26
[INFO] [stdout]                                at /rustc/1b7dd2252b99671ce5d1cb9664c5f8636329436d/library/core/src/panicking.rs:67:14
[INFO] [stdout]   18:     0x56299a297f7f - core::panicking::assert_failed_inner::haef49168e1798a91
[INFO] [stdout]   19:     0x56299a43da1a - core::panicking::assert_failed::h3cdb27d91ff81f66
[INFO] [stdout]                                at /rustc/1b7dd2252b99671ce5d1cb9664c5f8636329436d/library/core/src/panicking.rs:228:5
[INFO] [stdout]   20:     0x56299a32aaf2 - rust_swig::typemap::ast::tests::test_normalize_ty::hff1dea0070558500
[INFO] [stdout]                                at /opt/rustwide/workdir/src/typemap/ast/tests.rs:12:5
[INFO] [stdout]   21:     0x56299a32a537 - rust_swig::typemap::ast::tests::test_normalize_ty::{{closure}}::he74c9e6a04d0a54d
[INFO] [stdout]                                at /opt/rustwide/workdir/src/typemap/ast/tests.rs:8:24
[INFO] [stdout]   22:     0x56299a2c1395 - core::ops::function::FnOnce::call_once::h7dbaae85fb8a3228
[INFO] [stdout]                                at /rustc/1b7dd2252b99671ce5d1cb9664c5f8636329436d/library/core/src/ops/function.rs:250:5
[INFO] [stdout]   23:     0x56299a69dc6f - core::ops::function::FnOnce::call_once::ha6a70e79f7481a7e
[INFO] [stdout]                                at /rustc/1b7dd2252b99671ce5d1cb9664c5f8636329436d/library/core/src/ops/function.rs:250:5
[INFO] [stdout]   24:     0x56299a69dc6f - test::__rust_begin_short_backtrace::hce33033019b61e69
[INFO] [stdout]                                at /rustc/1b7dd2252b99671ce5d1cb9664c5f8636329436d/library/test/src/lib.rs:655:18
[INFO] [stdout]   25:     0x56299a66b45c - test::run_test::{{closure}}::h858d3528838ae3e5
[INFO] [stdout]                                at /rustc/1b7dd2252b99671ce5d1cb9664c5f8636329436d/library/test/src/lib.rs:646:30
[INFO] [stdout]   26:     0x56299a66b45c - core::ops::function::FnOnce::call_once{{vtable.shim}}::he8ac2b00f01ae79e
[INFO] [stdout]                                at /rustc/1b7dd2252b99671ce5d1cb9664c5f8636329436d/library/core/src/ops/function.rs:250:5
[INFO] [stdout]   27:     0x56299a69cd46 - <alloc::boxed::Box<F,A> as core::ops::function::FnOnce<Args>>::call_once::h8093d25b522725ef
[INFO] [stdout]                                at /rustc/1b7dd2252b99671ce5d1cb9664c5f8636329436d/library/alloc/src/boxed.rs:1973:9
[INFO] [stdout]   28:     0x56299a69cd46 - <core::panic::unwind_safe::AssertUnwindSafe<F> as core::ops::function::FnOnce<()>>::call_once::h5c334c204e4a3913
[INFO] [stdout]                                at /rustc/1b7dd2252b99671ce5d1cb9664c5f8636329436d/library/core/src/panic/unwind_safe.rs:271:9
[INFO] [stdout]   29:     0x56299a69cd46 - std::panicking::try::do_call::ha8b740c7b9478074
[INFO] [stdout]                                at /rustc/1b7dd2252b99671ce5d1cb9664c5f8636329436d/library/std/src/panicking.rs:485:40
[INFO] [stdout]   30:     0x56299a69cd46 - std::panicking::try::h5d34f63d0e41b64e
[INFO] [stdout]                                at /rustc/1b7dd2252b99671ce5d1cb9664c5f8636329436d/library/std/src/panicking.rs:449:19
[INFO] [stdout]   31:     0x56299a69cd46 - std::panic::catch_unwind::hcfbb511e1aa7fc67
[INFO] [stdout]                                at /rustc/1b7dd2252b99671ce5d1cb9664c5f8636329436d/library/std/src/panic.rs:140:14
[INFO] [stdout]   32:     0x56299a69cd46 - test::run_test_in_process::h9abda90f802eaf21
[INFO] [stdout]                                at /rustc/1b7dd2252b99671ce5d1cb9664c5f8636329436d/library/test/src/lib.rs:678:27
[INFO] [stdout]   33:     0x56299a69cd46 - test::run_test::run_test_inner::{{closure}}::h0f058de91f6c6edf
[INFO] [stdout]                                at /rustc/1b7dd2252b99671ce5d1cb9664c5f8636329436d/library/test/src/lib.rs:572:39
[INFO] [stdout]   34:     0x56299a665c65 - test::run_test::run_test_inner::{{closure}}::h5ca48a4c59c6c1fb
[INFO] [stdout]                                at /rustc/1b7dd2252b99671ce5d1cb9664c5f8636329436d/library/test/src/lib.rs:599:37
[INFO] [stdout]   35:     0x56299a665c65 - std::sys_common::backtrace::__rust_begin_short_backtrace::h32bd51e1495d4a33
[INFO] [stdout]                                at /rustc/1b7dd2252b99671ce5d1cb9664c5f8636329436d/library/std/src/sys_common/backtrace.rs:134:18
[INFO] [stdout]   36:     0x56299a66b1a1 - std::thread::Builder::spawn_unchecked_::{{closure}}::{{closure}}::hc086fae9b128b2db
[INFO] [stdout]                                at /rustc/1b7dd2252b99671ce5d1cb9664c5f8636329436d/library/std/src/thread/mod.rs:526:17
[INFO] [stdout]   37:     0x56299a66b1a1 - <core::panic::unwind_safe::AssertUnwindSafe<F> as core::ops::function::FnOnce<()>>::call_once::hb66571888d270d43
[INFO] [stdout]                                at /rustc/1b7dd2252b99671ce5d1cb9664c5f8636329436d/library/core/src/panic/unwind_safe.rs:271:9
[INFO] [stdout]   38:     0x56299a66b1a1 - std::panicking::try::do_call::h4fa2ef4f6e51fecf
[INFO] [stdout]                                at /rustc/1b7dd2252b99671ce5d1cb9664c5f8636329436d/library/std/src/panicking.rs:485:40
[INFO] [stdout]   39:     0x56299a66b1a1 - std::panicking::try::h1e9e22b8584489b5
[INFO] [stdout]                                at /rustc/1b7dd2252b99671ce5d1cb9664c5f8636329436d/library/std/src/panicking.rs:449:19
[INFO] [stdout]   40:     0x56299a66b1a1 - std::panic::catch_unwind::h44698a3de0e0769e
[INFO] [stdout]                                at /rustc/1b7dd2252b99671ce5d1cb9664c5f8636329436d/library/std/src/panic.rs:140:14
[INFO] [stdout]   41:     0x56299a66b1a1 - std::thread::Builder::spawn_unchecked_::{{closure}}::h50153abde3fe239e
[INFO] [stdout]                                at /rustc/1b7dd2252b99671ce5d1cb9664c5f8636329436d/library/std/src/thread/mod.rs:525:30
[INFO] [stdout]   42:     0x56299a66b1a1 - core::ops::function::FnOnce::call_once{{vtable.shim}}::hbe5bbf6f38394364
[INFO] [stdout]                                at /rustc/1b7dd2252b99671ce5d1cb9664c5f8636329436d/library/core/src/ops/function.rs:250:5
[INFO] [stdout]   43:     0x56299a886875 - <alloc::boxed::Box<F,A> as core::ops::function::FnOnce<Args>>::call_once::h0d83cb2920a49046
[INFO] [stdout]                                at /rustc/1b7dd2252b99671ce5d1cb9664c5f8636329436d/library/alloc/src/boxed.rs:1973:9
[INFO] [stdout]   44:     0x56299a886875 - <alloc::boxed::Box<F,A> as core::ops::function::FnOnce<Args>>::call_once::hbe0a008aa7d9ef59
[INFO] [stdout]                                at /rustc/1b7dd2252b99671ce5d1cb9664c5f8636329436d/library/alloc/src/boxed.rs:1973:9
[INFO] [stdout]   45:     0x56299a886875 - std::sys::unix::thread::Thread::new::thread_start::h3a466996bdf6b1f9
[INFO] [stdout]                                at /rustc/1b7dd2252b99671ce5d1cb9664c5f8636329436d/library/std/src/sys/unix/thread.rs:108:17
[INFO] [stdout]   46:     0x7f9bdda95b43 - <unknown>
[INFO] [stdout]   47:     0x7f9bddb26bb4 - __clone
[INFO] [stdout]   48:                0x0 - <unknown>
[INFO] [stdout] 
[INFO] [stdout] ---- typemap::parse::tests::test_unpack_first_associated_type stdout ----
[INFO] [stdout] thread 'typemap::parse::tests::test_unpack_first_associated_type' panicked at 'assertion failed: `(left == right)`
[INFO] [stdout]   left: `"[ T ]"`,
[INFO] [stdout]  right: `"[T]"`', src/typemap/parse.rs:1074:9
[INFO] [stdout] stack backtrace:
[INFO] [stdout]    0:     0x56299a8801aa - std::backtrace_rs::backtrace::libunwind::trace::h2f05d0192276a8f6
[INFO] [stdout]                                at /rustc/1b7dd2252b99671ce5d1cb9664c5f8636329436d/library/std/src/../../backtrace/src/backtrace/libunwind.rs:93:5
[INFO] [stdout]    1:     0x56299a8801aa - std::backtrace_rs::backtrace::trace_unsynchronized::hedc23dff7a1af150
[INFO] [stdout]                                at /rustc/1b7dd2252b99671ce5d1cb9664c5f8636329436d/library/std/src/../../backtrace/src/backtrace/mod.rs:66:5
[INFO] [stdout]    2:     0x56299a8801aa - std::sys_common::backtrace::_print_fmt::h17541ef7592f3ce2
[INFO] [stdout]                                at /rustc/1b7dd2252b99671ce5d1cb9664c5f8636329436d/library/std/src/sys_common/backtrace.rs:65:5
[INFO] [stdout]    3:     0x56299a8801aa - <std::sys_common::backtrace::_print::DisplayBacktrace as core::fmt::Display>::fmt::h20f75df5ab0c0792
[INFO] [stdout]                                at /rustc/1b7dd2252b99671ce5d1cb9664c5f8636329436d/library/std/src/sys_common/backtrace.rs:44:22
[INFO] [stdout]    4:     0x56299a8a477f - core::fmt::write::h78109e6f466b3af6
[INFO] [stdout]                                at /rustc/1b7dd2252b99671ce5d1cb9664c5f8636329436d/library/core/src/fmt/mod.rs:1254:17
[INFO] [stdout]    5:     0x56299a87d4e5 - std::io::Write::write_fmt::hd24bfb68a1b35a25
[INFO] [stdout]                                at /rustc/1b7dd2252b99671ce5d1cb9664c5f8636329436d/library/std/src/io/mod.rs:1698:15
[INFO] [stdout]    6:     0x56299a87ff75 - std::sys_common::backtrace::_print::h8dac57a9f8fbf9a5
[INFO] [stdout]                                at /rustc/1b7dd2252b99671ce5d1cb9664c5f8636329436d/library/std/src/sys_common/backtrace.rs:47:5
[INFO] [stdout]    7:     0x56299a87ff75 - std::sys_common::backtrace::print::hf9ecbf41d1aa712f
[INFO] [stdout]                                at /rustc/1b7dd2252b99671ce5d1cb9664c5f8636329436d/library/std/src/sys_common/backtrace.rs:34:9
[INFO] [stdout]    8:     0x56299a881c2e - std::panicking::default_hook::{{closure}}::h04c07acfc84ca028
[INFO] [stdout]                                at /rustc/1b7dd2252b99671ce5d1cb9664c5f8636329436d/library/std/src/panicking.rs:269:22
[INFO] [stdout]    9:     0x56299a881961 - std::panicking::default_hook::h01f6bb23e1eceb2c
[INFO] [stdout]                                at /rustc/1b7dd2252b99671ce5d1cb9664c5f8636329436d/library/std/src/panicking.rs:285:9
[INFO] [stdout]   10:     0x56299a698d9b - <alloc::boxed::Box<F,A> as core::ops::function::Fn<Args>>::call::h87fe9f7b2fd49e4c
[INFO] [stdout]                                at /rustc/1b7dd2252b99671ce5d1cb9664c5f8636329436d/library/alloc/src/boxed.rs:1987:9
[INFO] [stdout]   11:     0x56299a698d9b - test::test_main::{{closure}}::he94d679243a7531b
[INFO] [stdout]                                at /rustc/1b7dd2252b99671ce5d1cb9664c5f8636329436d/library/test/src/lib.rs:134:21
[INFO] [stdout]   12:     0x56299a882314 - <alloc::boxed::Box<F,A> as core::ops::function::Fn<Args>>::call::h3f2d6d8b14c4769f
[INFO] [stdout]                                at /rustc/1b7dd2252b99671ce5d1cb9664c5f8636329436d/library/alloc/src/boxed.rs:1987:9
[INFO] [stdout]   13:     0x56299a882314 - std::panicking::rust_panic_with_hook::h2bb3722bbaf2f6df
[INFO] [stdout]                                at /rustc/1b7dd2252b99671ce5d1cb9664c5f8636329436d/library/std/src/panicking.rs:695:13
[INFO] [stdout]   14:     0x56299a882089 - std::panicking::begin_panic_handler::{{closure}}::h91bc7f36a4be011b
[INFO] [stdout]                                at /rustc/1b7dd2252b99671ce5d1cb9664c5f8636329436d/library/std/src/panicking.rs:582:13
[INFO] [stdout]   15:     0x56299a880616 - std::sys_common::backtrace::__rust_end_short_backtrace::h8b3d3717114f9e59
[INFO] [stdout]                                at /rustc/1b7dd2252b99671ce5d1cb9664c5f8636329436d/library/std/src/sys_common/backtrace.rs:150:18
[INFO] [stdout]   16:     0x56299a881de2 - rust_begin_unwind
[INFO] [stdout]                                at /rustc/1b7dd2252b99671ce5d1cb9664c5f8636329436d/library/std/src/panicking.rs:578:5
[INFO] [stdout]   17:     0x56299a297b53 - core::panicking::panic_fmt::hfd368e3fbdabea26
[INFO] [stdout]                                at /rustc/1b7dd2252b99671ce5d1cb9664c5f8636329436d/library/core/src/panicking.rs:67:14
[INFO] [stdout]   18:     0x56299a297f7f - core::panicking::assert_failed_inner::haef49168e1798a91
[INFO] [stdout]   19:     0x56299a43dfbe - core::panicking::assert_failed::hada2897b6a4d8481
[INFO] [stdout]                                at /rustc/1b7dd2252b99671ce5d1cb9664c5f8636329436d/library/core/src/panicking.rs:228:5
[INFO] [stdout]   20:     0x56299a42f02c - rust_swig::typemap::parse::tests::test_unpack_first_associated_type::hc4a63252a1cd1178
[INFO] [stdout]                                at /opt/rustwide/workdir/src/typemap/parse.rs:1074:9
[INFO] [stdout]   21:     0x56299a42e8f7 - rust_swig::typemap::parse::tests::test_unpack_first_associated_type::{{closure}}::hc5d9cf2fa0abe05a
[INFO] [stdout]                                at /opt/rustwide/workdir/src/typemap/parse.rs:1064:44
[INFO] [stdout]   22:     0x56299a2c0385 - core::ops::function::FnOnce::call_once::h14108ac5643f2283
[INFO] [stdout]                                at /rustc/1b7dd2252b99671ce5d1cb9664c5f8636329436d/library/core/src/ops/function.rs:250:5
[INFO] [stdout]   23:     0x56299a69dc6f - core::ops::function::FnOnce::call_once::ha6a70e79f7481a7e
[INFO] [stdout]                                at /rustc/1b7dd2252b99671ce5d1cb9664c5f8636329436d/library/core/src/ops/function.rs:250:5
[INFO] [stdout]   24:     0x56299a69dc6f - test::__rust_begin_short_backtrace::hce33033019b61e69
[INFO] [stdout]                                at /rustc/1b7dd2252b99671ce5d1cb9664c5f8636329436d/library/test/src/lib.rs:655:18
[INFO] [stdout]   25:     0x56299a66b45c - test::run_test::{{closure}}::h858d3528838ae3e5
[INFO] [stdout]                                at /rustc/1b7dd2252b99671ce5d1cb9664c5f8636329436d/library/test/src/lib.rs:646:30
[INFO] [stdout]   26:     0x56299a66b45c - core::ops::function::FnOnce::call_once{{vtable.shim}}::he8ac2b00f01ae79e
[INFO] [stdout]                                at /rustc/1b7dd2252b99671ce5d1cb9664c5f8636329436d/library/core/src/ops/function.rs:250:5
[INFO] [stdout]   27:     0x56299a69cd46 - <alloc::boxed::Box<F,A> as core::ops::function::FnOnce<Args>>::call_once::h8093d25b522725ef
[INFO] [stdout]                                at /rustc/1b7dd2252b99671ce5d1cb9664c5f8636329436d/library/alloc/src/boxed.rs:1973:9
[INFO] [stdout]   28:     0x56299a69cd46 - <core::panic::unwind_safe::AssertUnwindSafe<F> as core::ops::function::FnOnce<()>>::call_once::h5c334c204e4a3913
[INFO] [stdout]                                at /rustc/1b7dd2252b99671ce5d1cb9664c5f8636329436d/library/core/src/panic/unwind_safe.rs:271:9
[INFO] [stdout]   29:     0x56299a69cd46 - std::panicking::try::do_call::ha8b740c7b9478074
[INFO] [stdout]                                at /rustc/1b7dd2252b99671ce5d1cb9664c5f8636329436d/library/std/src/panicking.rs:485:40
[INFO] [stdout]   30:     0x56299a69cd46 - std::panicking::try::h5d34f63d0e41b64e
[INFO] [stdout]                                at /rustc/1b7dd2252b99671ce5d1cb9664c5f8636329436d/library/std/src/panicking.rs:449:19
[INFO] [stdout]   31:     0x56299a69cd46 - std::panic::catch_unwind::hcfbb511e1aa7fc67
[INFO] [stdout]                                at /rustc/1b7dd2252b99671ce5d1cb9664c5f8636329436d/library/std/src/panic.rs:140:14
[INFO] [stdout]   32:     0x56299a69cd46 - test::run_test_in_process::h9abda90f802eaf21
[INFO] [stdout]                                at /rustc/1b7dd2252b99671ce5d1cb9664c5f8636329436d/library/test/src/lib.rs:678:27
[INFO] [stdout]   33:     0x56299a69cd46 - test::run_test::run_test_inner::{{closure}}::h0f058de91f6c6edf
[INFO] [stdout]                                at /rustc/1b7dd2252b99671ce5d1cb9664c5f8636329436d/library/test/src/lib.rs:572:39
[INFO] [stdout]   34:     0x56299a665c65 - test::run_test::run_test_inner::{{closure}}::h5ca48a4c59c6c1fb
[INFO] [stdout]                                at /rustc/1b7dd2252b99671ce5d1cb9664c5f8636329436d/library/test/src/lib.rs:599:37
[INFO] [stdout]   35:     0x56299a665c65 - std::sys_common::backtrace::__rust_begin_short_backtrace::h32bd51e1495d4a33
[INFO] [stdout]                                at /rustc/1b7dd2252b99671ce5d1cb9664c5f8636329436d/library/std/src/sys_common/backtrace.rs:134:18
[INFO] [stdout]   36:     0x56299a66b1a1 - std::thread::Builder::spawn_unchecked_::{{closure}}::{{closure}}::hc086fae9b128b2db
[INFO] [stdout]                                at /rustc/1b7dd2252b99671ce5d1cb9664c5f8636329436d/library/std/src/thread/mod.rs:526:17
[INFO] [stdout]   37:     0x56299a66b1a1 - <core::panic::unwind_safe::AssertUnwindSafe<F> as core::ops::function::FnOnce<()>>::call_once::hb66571888d270d43
[INFO] [stdout]                                at /rustc/1b7dd2252b99671ce5d1cb9664c5f8636329436d/library/core/src/panic/unwind_safe.rs:271:9
[INFO] [stdout]   38:     0x56299a66b1a1 - std::panicking::try::do_call::h4fa2ef4f6e51fecf
[INFO] [stdout]                                at /rustc/1b7dd2252b99671ce5d1cb9664c5f8636329436d/library/std/src/panicking.rs:485:40
[INFO] [stdout]   39:     0x56299a66b1a1 - std::panicking::try::h1e9e22b8584489b5
[INFO] [stdout]                                at /rustc/1b7dd2252b99671ce5d1cb9664c5f8636329436d/library/std/src/panicking.rs:449:19
[INFO] [stdout]   40:     0x56299a66b1a1 - std::panic::catch_unwind::h44698a3de0e0769e
[INFO] [stdout]                                at /rustc/1b7dd2252b99671ce5d1cb9664c5f8636329436d/library/std/src/panic.rs:140:14
[INFO] [stdout]   41:     0x56299a66b1a1 - std::thread::Builder::spawn_unchecked_::{{closure}}::h50153abde3fe239e
[INFO] [stdout]                                at /rustc/1b7dd2252b99671ce5d1cb9664c5f8636329436d/library/std/src/thread/mod.rs:525:30
[INFO] [stdout]   42:     0x56299a66b1a1 - core::ops::function::FnOnce::call_once{{vtable.shim}}::hbe5bbf6f38394364
[INFO] [stdout]                                at /rustc/1b7dd2252b99671ce5d1cb9664c5f8636329436d/library/core/src/ops/function.rs:250:5
[INFO] [stdout]   43:     0x56299a886875 - <alloc::boxed::Box<F,A> as core::ops::function::FnOnce<Args>>::call_once::h0d83cb2920a49046
[INFO] [stdout]                                at /rustc/1b7dd2252b99671ce5d1cb9664c5f8636329436d/library/alloc/src/boxed.rs:1973:9
[INFO] [stdout]   44:     0x56299a886875 - <alloc::boxed::Box<F,A> as core::ops::function::FnOnce<Args>>::call_once::hbe0a008aa7d9ef59
[INFO] [stdout]                                at /rustc/1b7dd2252b99671ce5d1cb9664c5f8636329436d/library/alloc/src/boxed.rs:1973:9
[INFO] [stdout]   45:     0x56299a886875 - std::sys::unix::thread::Thread::new::thread_start::h3a466996bdf6b1f9
[INFO] [stdout]                                at /rustc/1b7dd2252b99671ce5d1cb9664c5f8636329436d/library/std/src/sys/unix/thread.rs:108:17
[INFO] [stdout]   46:     0x7f9bdda95b43 - <unknown>
[INFO] [stdout]   47:     0x7f9bddb26bb4 - __clone
[INFO] [stdout]   48:                0x0 - <unknown>
[INFO] [stdout] 
[INFO] [stdout] ---- typemap::typemap_macro::tests::test_expand_generic_type_with_ptr stdout ----
[INFO] [stdout] rule TypeMapConvRuleInfo { src_id: SourceId(None), span: bytes(169..175), rtype_generics: Some(Generics { lt_token: Some(Lt), params: [Type(TypeParam { attrs: [], ident: Ident { sym: T, span: bytes(179..180) }, colon_token: None, bounds: [], eq_token: None, default: None })], gt_token: Some(Gt), where_clause: None }), rtype_left_to_right: None, rtype_right_to_left: Some(RTypeConvRule { left_ty: Path(TypePath { qself: None, path: Path { leading_colon: None, segments: [PathSegment { ident: Ident { sym: Option, span: bytes(183..189) }, arguments: AngleBracketed(AngleBracketedGenericArguments { colon2_token: None, lt_token: Lt, args: [Type(Reference(TypeReference { and_token: And, lifetime: None, mutability: None, elem: Path(TypePath { qself: None, path: Path { leading_colon: None, segments: [PathSegment { ident: Ident { sym: T, span: bytes(194..195) }, arguments: None }] } }) }))], gt_token: Gt }) }] } }), right_ty: Some(Ptr(TypePtr { star_token: Star, const_token: Some(Const), mutability: None, elem: Macro(TypeMacro { mac: Macro { path: Path { leading_colon: None, segments: [PathSegment { ident: Ident { sym: swig_i_type, span: bytes(209..220) }, arguments: None }] }, bang_token: Bang, delimiter: Paren(Paren), tokens: TokenStream [Ident { sym: T, span: bytes(224..225) }] } }) })), code: Some(TypeConvCode { span: (SourceId(None), bytes(229..287)), code: "let mut {to_var}: {to_var_type} = if ! {from_var} . is_null () { Some (o) } else { None } ;", params: ["{to_var}", "{from_var}"] }) }), ftype_left_to_right: [], ftype_right_to_left: [FTypeConvRule { req_modules: [], cfg_option: None, left_right_ty: OnlyRight(FTypeName { name: "/*opt ref*/const swig_f_type!(T) *", sp: bytes(342..378) }), input_to_output: false, unique_prefix: Some(SpannedSmolStr { sp: bytes(324..337), value: "/*opt ref*/" }), code: Some(TypeConvCode { span: (SourceId(None), bytes(379..480)), code: "\n                {to_var_type} = ({from_var} != nullptr) ? static_cast<const swig_i_type!(T) *>(* {from_var}) : nullptr;\n", params: ["{from_var}", "{to_var_type}"] }) }], c_types: None, generic_c_types: None, f_code: [], generic_aliases: [] }
[INFO] [stdout] thread 'typemap::typemap_macro::tests::test_expand_generic_type_with_ptr' panicked at 'assertion failed: `(left == right)`
[INFO] [stdout]   left: `RTypeConvRule { left_ty: Path(TypePath { qself: None, path: Path { leading_colon: None, segments: [PathSegment { ident: Ident { sym: Option }, arguments: AngleBracketed(AngleBracketedGenericArguments { colon2_token: None, lt_token: Lt, args: [Type(Reference(TypeReference { and_token: And, lifetime: None, mutability: None, elem: Path(TypePath { qself: None, path: Path { leading_colon: None, segments: [PathSegment { ident: Ident { sym: u32 }, arguments: None }] } }) }))], gt_token: Gt }) }] } }), right_ty: Some(Ptr(TypePtr { star_token: Star, const_token: Some(Const), mutability: None, elem: Path(TypePath { qself: None, path: Path { leading_colon: None, segments: [PathSegment { ident: Ident { sym: u32 }, arguments: None }] } }) })), code: Some(TypeConvCode { span: (SourceId(None), bytes(0..0)), code: "let mut {to_var}: {to_var_type} = if ! {from_var} . is_null ( ) { Some ( o ) } else { None } ;", params: ["{to_var}", "{from_var}"] }) }`,
[INFO] [stdout]  right: `RTypeConvRule { left_ty: Path(TypePath { qself: None, path: Path { leading_colon: None, segments: [PathSegment { ident: Ident { sym: Option, span: bytes(183..189) }, arguments: AngleBracketed(AngleBracketedGenericArguments { colon2_token: None, lt_token: Lt, args: [Type(Reference(TypeReference { and_token: And, lifetime: None, mutability: None, elem: Path(TypePath { qself: None, path: Path { leading_colon: None, segments: [PathSegment { ident: Ident { sym: u32 }, arguments: None }] } }) }))], gt_token: Gt }) }] } }), right_ty: Some(Ptr(TypePtr { star_token: Star, const_token: Some(Const), mutability: None, elem: Path(TypePath { qself: None, path: Path { leading_colon: None, segments: [PathSegment { ident: Ident { sym: u32 }, arguments: None }] } }) })), code: Some(TypeConvCode { span: (SourceId(None), bytes(229..287)), code: "let mut {to_var}: {to_var_type} = if ! {from_var} . is_null () { Some (o) } else { None } ;", params: ["{to_var}", "{from_var}"] }) }`', src/typemap/typemap_macro/tests.rs:534:5
[INFO] [stdout] stack backtrace:
[INFO] [stdout]    0:     0x56299a8801aa - std::backtrace_rs::backtrace::libunwind::trace::h2f05d0192276a8f6
[INFO] [stdout]                                at /rustc/1b7dd2252b99671ce5d1cb9664c5f8636329436d/library/std/src/../../backtrace/src/backtrace/libunwind.rs:93:5
[INFO] [stdout]    1:     0x56299a8801aa - std::backtrace_rs::backtrace::trace_unsynchronized::hedc23dff7a1af150
[INFO] [stdout]                                at /rustc/1b7dd2252b99671ce5d1cb9664c5f8636329436d/library/std/src/../../backtrace/src/backtrace/mod.rs:66:5
[INFO] [stdout]    2:     0x56299a8801aa - std::sys_common::backtrace::_print_fmt::h17541ef7592f3ce2
[INFO] [stdout]                                at /rustc/1b7dd2252b99671ce5d1cb9664c5f8636329436d/library/std/src/sys_common/backtrace.rs:65:5
[INFO] [stdout]    3:     0x56299a8801aa - <std::sys_common::backtrace::_print::DisplayBacktrace as core::fmt::Display>::fmt::h20f75df5ab0c0792
[INFO] [stdout]                                at /rustc/1b7dd2252b99671ce5d1cb9664c5f8636329436d/library/std/src/sys_common/backtrace.rs:44:22
[INFO] [stdout]    4:     0x56299a8a477f - core::fmt::write::h78109e6f466b3af6
[INFO] [stdout]                                at /rustc/1b7dd2252b99671ce5d1cb9664c5f8636329436d/library/core/src/fmt/mod.rs:1254:17
[INFO] [stdout]    5:     0x56299a87d4e5 - std::io::Write::write_fmt::hd24bfb68a1b35a25
[INFO] [stdout]                                at /rustc/1b7dd2252b99671ce5d1cb9664c5f8636329436d/library/std/src/io/mod.rs:1698:15
[INFO] [stdout]    6:     0x56299a87ff75 - std::sys_common::backtrace::_print::h8dac57a9f8fbf9a5
[INFO] [stdout]                                at /rustc/1b7dd2252b99671ce5d1cb9664c5f8636329436d/library/std/src/sys_common/backtrace.rs:47:5
[INFO] [stdout]    7:     0x56299a87ff75 - std::sys_common::backtrace::print::hf9ecbf41d1aa712f
[INFO] [stdout]                                at /rustc/1b7dd2252b99671ce5d1cb9664c5f8636329436d/library/std/src/sys_common/backtrace.rs:34:9
[INFO] [stdout]    8:     0x56299a881c2e - std::panicking::default_hook::{{closure}}::h04c07acfc84ca028
[INFO] [stdout]                                at /rustc/1b7dd2252b99671ce5d1cb9664c5f8636329436d/library/std/src/panicking.rs:269:22
[INFO] [stdout]    9:     0x56299a881961 - std::panicking::default_hook::h01f6bb23e1eceb2c
[INFO] [stdout]                                at /rustc/1b7dd2252b99671ce5d1cb9664c5f8636329436d/library/std/src/panicking.rs:285:9
[INFO] [stdout]   10:     0x56299a698d9b - <alloc::boxed::Box<F,A> as core::ops::function::Fn<Args>>::call::h87fe9f7b2fd49e4c
[INFO] [stdout]                                at /rustc/1b7dd2252b99671ce5d1cb9664c5f8636329436d/library/alloc/src/boxed.rs:1987:9
[INFO] [stdout]   11:     0x56299a698d9b - test::test_main::{{closure}}::he94d679243a7531b
[INFO] [stdout]                                at /rustc/1b7dd2252b99671ce5d1cb9664c5f8636329436d/library/test/src/lib.rs:134:21
[INFO] [stdout]   12:     0x56299a882314 - <alloc::boxed::Box<F,A> as core::ops::function::Fn<Args>>::call::h3f2d6d8b14c4769f
[INFO] [stdout]                                at /rustc/1b7dd2252b99671ce5d1cb9664c5f8636329436d/library/alloc/src/boxed.rs:1987:9
[INFO] [stdout]   13:     0x56299a882314 - std::panicking::rust_panic_with_hook::h2bb3722bbaf2f6df
[INFO] [stdout]                                at /rustc/1b7dd2252b99671ce5d1cb9664c5f8636329436d/library/std/src/panicking.rs:695:13
[INFO] [stdout]   14:     0x56299a882089 - std::panicking::begin_panic_handler::{{closure}}::h91bc7f36a4be011b
[INFO] [stdout]                                at /rustc/1b7dd2252b99671ce5d1cb9664c5f8636329436d/library/std/src/panicking.rs:582:13
[INFO] [stdout]   15:     0x56299a880616 - std::sys_common::backtrace::__rust_end_short_backtrace::h8b3d3717114f9e59
[INFO] [stdout]                                at /rustc/1b7dd2252b99671ce5d1cb9664c5f8636329436d/library/std/src/sys_common/backtrace.rs:150:18
[INFO] [stdout]   16:     0x56299a881de2 - rust_begin_unwind
[INFO] [stdout]                                at /rustc/1b7dd2252b99671ce5d1cb9664c5f8636329436d/library/std/src/panicking.rs:578:5
[INFO] [stdout]   17:     0x56299a297b53 - core::panicking::panic_fmt::hfd368e3fbdabea26
[INFO] [stdout]                                at /rustc/1b7dd2252b99671ce5d1cb9664c5f8636329436d/library/core/src/panicking.rs:67:14
[INFO] [stdout]   18:     0x56299a297f7f - core::panicking::assert_failed_inner::haef49168e1798a91
[INFO] [stdout]   19:     0x56299a43ddda - core::panicking::assert_failed::h9173bcbf20d94a13
[INFO] [stdout]                                at /rustc/1b7dd2252b99671ce5d1cb9664c5f8636329436d/library/core/src/panicking.rs:228:5
[INFO] [stdout]   20:     0x56299a2fef3a - rust_swig::typemap::typemap_macro::tests::test_expand_generic_type_with_ptr::h5c544ade5130f2f3
[INFO] [stdout]                                at /opt/rustwide/workdir/src/typemap/typemap_macro/tests.rs:534:5
[INFO] [stdout]   21:     0x56299a2fd917 - rust_swig::typemap::typemap_macro::tests::test_expand_generic_type_with_ptr::{{closure}}::h5e4bb6f6d0706f89
[INFO] [stdout]                                at /opt/rustwide/workdir/src/typemap/typemap_macro/tests.rs:503:40
[INFO] [stdout]   22:     0x56299a2c2225 - core::ops::function::FnOnce::call_once::hcaa4ef1634dd5495
[INFO] [stdout]                                at /rustc/1b7dd2252b99671ce5d1cb9664c5f8636329436d/library/core/src/ops/function.rs:250:5
[INFO] [stdout]   23:     0x56299a69dc6f - core::ops::function::FnOnce::call_once::ha6a70e79f7481a7e
[INFO] [stdout]                                at /rustc/1b7dd2252b99671ce5d1cb9664c5f8636329436d/library/core/src/ops/function.rs:250:5
[INFO] [stdout]   24:     0x56299a69dc6f - test::__rust_begin_short_backtrace::hce33033019b61e69
[INFO] [stdout]                                at /rustc/1b7dd2252b99671ce5d1cb9664c5f8636329436d/library/test/src/lib.rs:655:18
[INFO] [stdout]   25:     0x56299a66b45c - test::run_test::{{closure}}::h858d3528838ae3e5
[INFO] [stdout]                                at /rustc/1b7dd2252b99671ce5d1cb9664c5f8636329436d/library/test/src/lib.rs:646:30
[INFO] [stdout]   26:     0x56299a66b45c - core::ops::function::FnOnce::call_once{{vtable.shim}}::he8ac2b00f01ae79e
[INFO] [stdout]                                at /rustc/1b7dd2252b99671ce5d1cb9664c5f8636329436d/library/core/src/ops/function.rs:250:5
[INFO] [stdout]   27:     0x56299a69cd46 - <alloc::boxed::Box<F,A> as core::ops::function::FnOnce<Args>>::call_once::h8093d25b522725ef
[INFO] [stdout]                                at /rustc/1b7dd2252b99671ce5d1cb9664c5f8636329436d/library/alloc/src/boxed.rs:1973:9
[INFO] [stdout]   28:     0x56299a69cd46 - <core::panic::unwind_safe::AssertUnwindSafe<F> as core::ops::function::FnOnce<()>>::call_once::h5c334c204e4a3913
[INFO] [stdout]                                at /rustc/1b7dd2252b99671ce5d1cb9664c5f8636329436d/library/core/src/panic/unwind_safe.rs:271:9
[INFO] [stdout]   29:     0x56299a69cd46 - std::panicking::try::do_call::ha8b740c7b9478074
[INFO] [stdout]                                at /rustc/1b7dd2252b99671ce5d1cb9664c5f8636329436d/library/std/src/panicking.rs:485:40
[INFO] [stdout]   30:     0x56299a69cd46 - std::panicking::try::h5d34f63d0e41b64e
[INFO] [stdout]                                at /rustc/1b7dd2252b99671ce5d1cb9664c5f8636329436d/library/std/src/panicking.rs:449:19
[INFO] [stdout]   31:     0x56299a69cd46 - std::panic::catch_unwind::hcfbb511e1aa7fc67
[INFO] [stdout]                                at /rustc/1b7dd2252b99671ce5d1cb9664c5f8636329436d/library/std/src/panic.rs:140:14
[INFO] [stdout]   32:     0x56299a69cd46 - test::run_test_in_process::h9abda90f802eaf21
[INFO] [stdout]                                at /rustc/1b7dd2252b99671ce5d1cb9664c5f8636329436d/library/test/src/lib.rs:678:27
[INFO] [stdout]   33:     0x56299a69cd46 - test::run_test::run_test_inner::{{closure}}::h0f058de91f6c6edf
[INFO] [stdout]                                at /rustc/1b7dd2252b99671ce5d1cb9664c5f8636329436d/library/test/src/lib.rs:572:39
[INFO] [stdout]   34:     0x56299a665c65 - test::run_test::run_test_inner::{{closure}}::h5ca48a4c59c6c1fb
[INFO] [stdout]                                at /rustc/1b7dd2252b99671ce5d1cb9664c5f8636329436d/library/test/src/lib.rs:599:37
[INFO] [stdout]   35:     0x56299a665c65 - std::sys_common::backtrace::__rust_begin_short_backtrace::h32bd51e1495d4a33
[INFO] [stdout]                                at /rustc/1b7dd2252b99671ce5d1cb9664c5f8636329436d/library/std/src/sys_common/backtrace.rs:134:18
[INFO] [stdout]   36:     0x56299a66b1a1 - std::thread::Builder::spawn_unchecked_::{{closure}}::{{closure}}::hc086fae9b128b2db
[INFO] [stdout]                                at /rustc/1b7dd2252b99671ce5d1cb9664c5f8636329436d/library/std/src/thread/mod.rs:526:17
[INFO] [stdout]   37:     0x56299a66b1a1 - <core::panic::unwind_safe::AssertUnwindSafe<F> as core::ops::function::FnOnce<()>>::call_once::hb66571888d270d43
[INFO] [stdout]                                at /rustc/1b7dd2252b99671ce5d1cb9664c5f8636329436d/library/core/src/panic/unwind_safe.rs:271:9
[INFO] [stdout]   38:     0x56299a66b1a1 - std::panicking::try::do_call::h4fa2ef4f6e51fecf
[INFO] [stdout]                                at /rustc/1b7dd2252b99671ce5d1cb9664c5f8636329436d/library/std/src/panicking.rs:485:40
[INFO] [stdout]   39:     0x56299a66b1a1 - std::panicking::try::h1e9e22b8584489b5
[INFO] [stdout]                                at /rustc/1b7dd2252b99671ce5d1cb9664c5f8636329436d/library/std/src/panicking.rs:449:19
[INFO] [stdout]   40:     0x56299a66b1a1 - std::panic::catch_unwind::h44698a3de0e0769e
[INFO] [stdout]                                at /rustc/1b7dd2252b99671ce5d1cb9664c5f8636329436d/library/std/src/panic.rs:140:14
[INFO] [stdout]   41:     0x56299a66b1a1 - std::thread::Builder::spawn_unchecked_::{{closure}}::h50153abde3fe239e
[INFO] [stdout]                                at /rustc/1b7dd2252b99671ce5d1cb9664c5f8636329436d/library/std/src/thread/mod.rs:525:30
[INFO] [stdout]   42:     0x56299a66b1a1 - core::ops::function::FnOnce::call_once{{vtable.shim}}::hbe5bbf6f38394364
[INFO] [stdout]                                at /rustc/1b7dd2252b99671ce5d1cb9664c5f8636329436d/library/core/src/ops/function.rs:250:5
[INFO] [stdout]   43:     0x56299a886875 - <alloc::boxed::Box<F,A> as core::ops::function::FnOnce<Args>>::call_once::h0d83cb2920a49046
[INFO] [stdout]                                at /rustc/1b7dd2252b99671ce5d1cb9664c5f8636329436d/library/alloc/src/boxed.rs:1973:9
[INFO] [stdout]   44:     0x56299a886875 - <alloc::boxed::Box<F,A> as core::ops::function::FnOnce<Args>>::call_once::hbe0a008aa7d9ef59
[INFO] [stdout]                                at /rustc/1b7dd2252b99671ce5d1cb9664c5f8636329436d/library/alloc/src/boxed.rs:1973:9
[INFO] [stdout]   45:     0x56299a886875 - std::sys::unix::thread::Thread::new::thread_start::h3a466996bdf6b1f9
[INFO] [stdout]                                at /rustc/1b7dd2252b99671ce5d1cb9664c5f8636329436d/library/std/src/sys/unix/thread.rs:108:17
[INFO] [stdout]   46:     0x7f9bdda95b43 - <unknown>
[INFO] [stdout]   47:     0x7f9bddb26bb4 - __clone
[INFO] [stdout]   48:                0x0 - <unknown>
[INFO] [stdout] 
[INFO] [stdout] ---- typemap::typemap_macro::tests::test_foreign_typemap_cpp_bool stdout ----
[INFO] [stdout] rule TypeMapConvRuleInfo { src_id: SourceId(None), span: bytes(91..97), rtype_generics: None, rtype_left_to_right: Some(RTypeConvRule { left_ty: Path(TypePath { qself: None, path: Path { leading_colon: None, segments: [PathSegment { ident: Ident { sym: bool, span: bytes(99..103) }, arguments: None }] } }), right_ty: Some(Path(TypePath { qself: None, path: Path { leading_colon: Some(Colon2), segments: [PathSegment { ident: Ident { sym: std, span: bytes(110..113) }, arguments: None }, Colon2, PathSegment { ident: Ident { sym: os, span: bytes(117..119) }, arguments: None }, Colon2, PathSegment { ident: Ident { sym: raw, span: bytes(123..126) }, arguments: None }, Colon2, PathSegment { ident: Ident { sym: c_char, span: bytes(130..136) }, arguments: None }] } })), code: Some(TypeConvCode { span: (SourceId(None), bytes(139..174)), code: "let mut {to_var}: {to_var_type} = if {from_var} { 1 } else { 0 } ;", params: ["{to_var}", "{from_var}"] }) }), rtype_right_to_left: Some(RTypeConvRule { left_ty: Path(TypePath { qself: None, path: Path { leading_colon: None, segments: [PathSegment { ident: Ident { sym: bool, span: bytes(247..251) }, arguments: None }] } }), right_ty: Some(Path(TypePath { qself: None, path: Path { leading_colon: Some(Colon2), segments: [PathSegment { ident: Ident { sym: std, span: bytes(258..261) }, arguments: None }, Colon2, PathSegment { ident: Ident { sym: os, span: bytes(265..267) }, arguments: None }, Colon2, PathSegment { ident: Ident { sym: raw, span: bytes(271..274) }, arguments: None }, Colon2, PathSegment { ident: Ident { sym: c_char, span: bytes(278..284) }, arguments: None }] } })), code: Some(TypeConvCode { span: (SourceId(None), bytes(287..309)), code: "let mut {to_var}: {to_var_type} = ({from_var} != 0) ;", params: ["{to_var}", "{from_var}"] }) }), ftype_left_to_right: [FTypeConvRule { req_modules: [], cfg_option: None, left_right_ty: OnlyRight(FTypeName { name: "bool", sp: bytes(199..205) }), input_to_output: false, unique_prefix: None, code: Some(TypeConvCode { span: (SourceId(None), bytes(206..227)), code: "{to_var_type} = ({from_var} != 0);", params: ["{from_var}", "{to_var_type}"] }) }], ftype_right_to_left: [FTypeConvRule { req_modules: [], cfg_option: None, left_right_ty: OnlyRight(FTypeName { name: "bool", sp: bytes(334..340) }), input_to_output: false, unique_prefix: None, code: Some(TypeConvCode { span: (SourceId(None), bytes(341..363)), code: "{to_var_type} = {from_var} ? 1 : 0;", params: ["{from_var}", "{to_var_type}"] }) }], c_types: None, generic_c_types: None, f_code: [], generic_aliases: [] }
[INFO] [stdout] thread 'typemap::typemap_macro::tests::test_foreign_typemap_cpp_bool' panicked at 'assertion failed: `(left == right)`
[INFO] [stdout]   left: `RTypeConvRule { left_ty: Path(TypePath { qself: None, path: Path { leading_colon: None, segments: [PathSegment { ident: Ident { sym: bool }, arguments: None }] } }), right_ty: Some(Path(TypePath { qself: None, path: Path { leading_colon: Some(Colon2), segments: [PathSegment { ident: Ident { sym: std }, arguments: None }, Colon2, PathSegment { ident: Ident { sym: os }, arguments: None }, Colon2, PathSegment { ident: Ident { sym: raw }, arguments: None }, Colon2, PathSegment { ident: Ident { sym: c_char }, arguments: None }] } })), code: Some(TypeConvCode { span: (SourceId(None), bytes(0..0)), code: "let mut {to_var}: {to_var_type} = ( {from_var} != 0 ) ;", params: ["{to_var}", "{from_var}"] }) }`,
[INFO] [stdout]  right: `RTypeConvRule { left_ty: Path(TypePath { qself: None, path: Path { leading_colon: None, segments: [PathSegment { ident: Ident { sym: bool, span: bytes(247..251) }, arguments: None }] } }), right_ty: Some(Path(TypePath { qself: None, path: Path { leading_colon: Some(Colon2), segments: [PathSegment { ident: Ident { sym: std, span: bytes(258..261) }, arguments: None }, Colon2, PathSegment { ident: Ident { sym: os, span: bytes(265..267) }, arguments: None }, Colon2, PathSegment { ident: Ident { sym: raw, span: bytes(271..274) }, arguments: None }, Colon2, PathSegment { ident: Ident { sym: c_char, span: bytes(278..284) }, arguments: None }] } })), code: Some(TypeConvCode { span: (SourceId(None), bytes(287..309)), code: "let mut {to_var}: {to_var_type} = ({from_var} != 0) ;", params: ["{to_var}", "{from_var}"] }) }`', src/typemap/typemap_macro/tests.rs:77:5
[INFO] [stdout] stack backtrace:
[INFO] [stdout]    0:     0x56299a8801aa - std::backtrace_rs::backtrace::libunwind::trace::h2f05d0192276a8f6
[INFO] [stdout]                                at /rustc/1b7dd2252b99671ce5d1cb9664c5f8636329436d/library/std/src/../../backtrace/src/backtrace/libunwind.rs:93:5
[INFO] [stdout]    1:     0x56299a8801aa - std::backtrace_rs::backtrace::trace_unsynchronized::hedc23dff7a1af150
[INFO] [stdout]                                at /rustc/1b7dd2252b99671ce5d1cb9664c5f8636329436d/library/std/src/../../backtrace/src/backtrace/mod.rs:66:5
[INFO] [stdout]    2:     0x56299a8801aa - std::sys_common::backtrace::_print_fmt::h17541ef7592f3ce2
[INFO] [stdout]                                at /rustc/1b7dd2252b99671ce5d1cb9664c5f8636329436d/library/std/src/sys_common/backtrace.rs:65:5
[INFO] [stdout]    3:     0x56299a8801aa - <std::sys_common::backtrace::_print::DisplayBacktrace as core::fmt::Display>::fmt::h20f75df5ab0c0792
[INFO] [stdout]                                at /rustc/1b7dd2252b99671ce5d1cb9664c5f8636329436d/library/std/src/sys_common/backtrace.rs:44:22
[INFO] [stdout]    4:     0x56299a8a477f - core::fmt::write::h78109e6f466b3af6
[INFO] [stdout]                                at /rustc/1b7dd2252b99671ce5d1cb9664c5f8636329436d/library/core/src/fmt/mod.rs:1254:17
[INFO] [stdout]    5:     0x56299a87d4e5 - std::io::Write::write_fmt::hd24bfb68a1b35a25
[INFO] [stdout]                                at /rustc/1b7dd2252b99671ce5d1cb9664c5f8636329436d/library/std/src/io/mod.rs:1698:15
[INFO] [stdout]    6:     0x56299a87ff75 - std::sys_common::backtrace::_print::h8dac57a9f8fbf9a5
[INFO] [stdout]                                at /rustc/1b7dd2252b99671ce5d1cb9664c5f8636329436d/library/std/src/sys_common/backtrace.rs:47:5
[INFO] [stdout]    7:     0x56299a87ff75 - std::sys_common::backtrace::print::hf9ecbf41d1aa712f
[INFO] [stdout]                                at /rustc/1b7dd2252b99671ce5d1cb9664c5f8636329436d/library/std/src/sys_common/backtrace.rs:34:9
[INFO] [stdout]    8:     0x56299a881c2e - std::panicking::default_hook::{{closure}}::h04c07acfc84ca028
[INFO] [stdout]                                at /rustc/1b7dd2252b99671ce5d1cb9664c5f8636329436d/library/std/src/panicking.rs:269:22
[INFO] [stdout]    9:     0x56299a881961 - std::panicking::default_hook::h01f6bb23e1eceb2c
[INFO] [stdout]                                at /rustc/1b7dd2252b99671ce5d1cb9664c5f8636329436d/library/std/src/panicking.rs:285:9
[INFO] [stdout]   10:     0x56299a698d9b - <alloc::boxed::Box<F,A> as core::ops::function::Fn<Args>>::call::h87fe9f7b2fd49e4c
[INFO] [stdout]                                at /rustc/1b7dd2252b99671ce5d1cb9664c5f8636329436d/library/alloc/src/boxed.rs:1987:9
[INFO] [stdout]   11:     0x56299a698d9b - test::test_main::{{closure}}::he94d679243a7531b
[INFO] [stdout]                                at /rustc/1b7dd2252b99671ce5d1cb9664c5f8636329436d/library/test/src/lib.rs:134:21
[INFO] [stdout]   12:     0x56299a882314 - <alloc::boxed::Box<F,A> as core::ops::function::Fn<Args>>::call::h3f2d6d8b14c4769f
[INFO] [stdout]                                at /rustc/1b7dd2252b99671ce5d1cb9664c5f8636329436d/library/alloc/src/boxed.rs:1987:9
[INFO] [stdout]   13:     0x56299a882314 - std::panicking::rust_panic_with_hook::h2bb3722bbaf2f6df
[INFO] [stdout]                                at /rustc/1b7dd2252b99671ce5d1cb9664c5f8636329436d/library/std/src/panicking.rs:695:13
[INFO] [stdout]   14:     0x56299a882089 - std::panicking::begin_panic_handler::{{closure}}::h91bc7f36a4be011b
[INFO] [stdout]                                at /rustc/1b7dd2252b99671ce5d1cb9664c5f8636329436d/library/std/src/panicking.rs:582:13
[INFO] [stdout]   15:     0x56299a880616 - std::sys_common::backtrace::__rust_end_short_backtrace::h8b3d3717114f9e59
[INFO] [stdout]                                at /rustc/1b7dd2252b99671ce5d1cb9664c5f8636329436d/library/std/src/sys_common/backtrace.rs:150:18
[INFO] [stdout]   16:     0x56299a881de2 - rust_begin_unwind
[INFO] [stdout]                                at /rustc/1b7dd2252b99671ce5d1cb9664c5f8636329436d/library/std/src/panicking.rs:578:5
[INFO] [stdout]   17:     0x56299a297b53 - core::panicking::panic_fmt::hfd368e3fbdabea26
[INFO] [stdout]                                at /rustc/1b7dd2252b99671ce5d1cb9664c5f8636329436d/library/core/src/panicking.rs:67:14
[INFO] [stdout]   18:     0x56299a297f7f - core::panicking::assert_failed_inner::haef49168e1798a91
[INFO] [stdout]   19:     0x56299a43ddda - core::panicking::assert_failed::h9173bcbf20d94a13
[INFO] [stdout]                                at /rustc/1b7dd2252b99671ce5d1cb9664c5f8636329436d/library/core/src/panicking.rs:228:5
[INFO] [stdout]   20:     0x56299a2f0e0d - rust_swig::typemap::typemap_macro::tests::test_foreign_typemap_cpp_bool::ha5ccdef4cb69eb54
[INFO] [stdout]                                at /opt/rustwide/workdir/src/typemap/typemap_macro/tests.rs:77:5
[INFO] [stdout]   21:     0x56299a2ef517 - rust_swig::typemap::typemap_macro::tests::test_foreign_typemap_cpp_bool::{{closure}}::h8c10733e274c4ec7
[INFO] [stdout]                                at /opt/rustwide/workdir/src/typemap/typemap_macro/tests.rs:47:36
[INFO] [stdout]   22:     0x56299a2c1bf5 - core::ops::function::FnOnce::call_once::ha981365900797026
[INFO] [stdout]                                at /rustc/1b7dd2252b99671ce5d1cb9664c5f8636329436d/library/core/src/ops/function.rs:250:5
[INFO] [stdout]   23:     0x56299a69dc6f - core::ops::function::FnOnce::call_once::ha6a70e79f7481a7e
[INFO] [stdout]                                at /rustc/1b7dd2252b99671ce5d1cb9664c5f8636329436d/library/core/src/ops/function.rs:250:5
[INFO] [stdout]   24:     0x56299a69dc6f - test::__rust_begin_short_backtrace::hce33033019b61e69
[INFO] [stdout]                                at /rustc/1b7dd2252b99671ce5d1cb9664c5f8636329436d/library/test/src/lib.rs:655:18
[INFO] [stdout]   25:     0x56299a66b45c - test::run_test::{{closure}}::h858d3528838ae3e5
[INFO] [stdout]                                at /rustc/1b7dd2252b99671ce5d1cb9664c5f8636329436d/library/test/src/lib.rs:646:30
[INFO] [stdout]   26:     0x56299a66b45c - core::ops::function::FnOnce::call_once{{vtable.shim}}::he8ac2b00f01ae79e
[INFO] [stdout]                                at /rustc/1b7dd2252b99671ce5d1cb9664c5f8636329436d/library/core/src/ops/function.rs:250:5
[INFO] [stdout]   27:     0x56299a69cd46 - <alloc::boxed::Box<F,A> as core::ops::function::FnOnce<Args>>::call_once::h8093d25b522725ef
[INFO] [stdout]                                at /rustc/1b7dd2252b99671ce5d1cb9664c5f8636329436d/library/alloc/src/boxed.rs:1973:9
[INFO] [stdout]   28:     0x56299a69cd46 - <core::panic::unwind_safe::AssertUnwindSafe<F> as core::ops::function::FnOnce<()>>::call_once::h5c334c204e4a3913
[INFO] [stdout]                                at /rustc/1b7dd2252b99671ce5d1cb9664c5f8636329436d/library/core/src/panic/unwind_safe.rs:271:9
[INFO] [stdout]   29:     0x56299a69cd46 - std::panicking::try::do_call::ha8b740c7b9478074
[INFO] [stdout]                                at /rustc/1b7dd2252b99671ce5d1cb9664c5f8636329436d/library/std/src/panicking.rs:485:40
[INFO] [stdout]   30:     0x56299a69cd46 - std::panicking::try::h5d34f63d0e41b64e
[INFO] [stdout]                                at /rustc/1b7dd2252b99671ce5d1cb9664c5f8636329436d/library/std/src/panicking.rs:449:19
[INFO] [stdout]   31:     0x56299a69cd46 - std::panic::catch_unwind::hcfbb511e1aa7fc67
[INFO] [stdout]                                at /rustc/1b7dd2252b99671ce5d1cb9664c5f8636329436d/library/std/src/panic.rs:140:14
[INFO] [stdout]   32:     0x56299a69cd46 - test::run_test_in_process::h9abda90f802eaf21
[INFO] [stdout]                                at /rustc/1b7dd2252b99671ce5d1cb9664c5f8636329436d/library/test/src/lib.rs:678:27
[INFO] [stdout]   33:     0x56299a69cd46 - test::run_test::run_test_inner::{{closure}}::h0f058de91f6c6edf
[INFO] [stdout]                                at /rustc/1b7dd2252b99671ce5d1cb9664c5f8636329436d/library/test/src/lib.rs:572:39
[INFO] [stdout]   34:     0x56299a665c65 - test::run_test::run_test_inner::{{closure}}::h5ca48a4c59c6c1fb
[INFO] [stdout]                                at /rustc/1b7dd2252b99671ce5d1cb9664c5f8636329436d/library/test/src/lib.rs:599:37
[INFO] [stdout]   35:     0x56299a665c65 - std::sys_common::backtrace::__rust_begin_short_backtrace::h32bd51e1495d4a33
[INFO] [stdout]                                at /rustc/1b7dd2252b99671ce5d1cb9664c5f8636329436d/library/std/src/sys_common/backtrace.rs:134:18
[INFO] [stdout]   36:     0x56299a66b1a1 - std::thread::Builder::spawn_unchecked_::{{closure}}::{{closure}}::hc086fae9b128b2db
[INFO] [stdout]                                at /rustc/1b7dd2252b99671ce5d1cb9664c5f8636329436d/library/std/src/thread/mod.rs:526:17
[INFO] [stdout]   37:     0x56299a66b1a1 - <core::panic::unwind_safe::AssertUnwindSafe<F> as core::ops::function::FnOnce<()>>::call_once::hb66571888d270d43
[INFO] [stdout]                                at /rustc/1b7dd2252b99671ce5d1cb9664c5f8636329436d/library/core/src/panic/unwind_safe.rs:271:9
[INFO] [stdout]   38:     0x56299a66b1a1 - std::panicking::try::do_call::h4fa2ef4f6e51fecf
[INFO] [stdout]                                at /rustc/1b7dd2252b99671ce5d1cb9664c5f8636329436d/library/std/src/panicking.rs:485:40
[INFO] [stdout]   39:     0x56299a66b1a1 - std::panicking::try::h1e9e22b8584489b5
[INFO] [stdout]                                at /rustc/1b7dd2252b99671ce5d1cb9664c5f8636329436d/library/std/src/panicking.rs:449:19
[INFO] [stdout]   40:     0x56299a66b1a1 - std::panic::catch_unwind::h44698a3de0e0769e
[INFO] [stdout]                                at /rustc/1b7dd2252b99671ce5d1cb9664c5f8636329436d/library/std/src/panic.rs:140:14
[INFO] [stdout]   41:     0x56299a66b1a1 - std::thread::Builder::spawn_unchecked_::{{closure}}::h50153abde3fe239e
[INFO] [stdout]                                at /rustc/1b7dd2252b99671ce5d1cb9664c5f8636329436d/library/std/src/thread/mod.rs:525:30
[INFO] [stdout]   42:     0x56299a66b1a1 - core::ops::function::FnOnce::call_once{{vtable.shim}}::hbe5bbf6f38394364
[INFO] [stdout]                                at /rustc/1b7dd2252b99671ce5d1cb9664c5f8636329436d/library/core/src/ops/function.rs:250:5
[INFO] [stdout]   43:     0x56299a886875 - <alloc::boxed::Box<F,A> as core::ops::function::FnOnce<Args>>::call_once::h0d83cb2920a49046
[INFO] [stdout]                                at /rustc/1b7dd2252b99671ce5d1cb9664c5f8636329436d/library/alloc/src/boxed.rs:1973:9
[INFO] [stdout]   44:     0x56299a886875 - <alloc::boxed::Box<F,A> as core::ops::function::FnOnce<Args>>::call_once::hbe0a008aa7d9ef59
[INFO] [stdout]                                at /rustc/1b7dd2252b99671ce5d1cb9664c5f8636329436d/library/alloc/src/boxed.rs:1973:9
[INFO] [stdout]   45:     0x56299a886875 - std::sys::unix::thread::Thread::new::thread_start::h3a466996bdf6b1f9
[INFO] [stdout]                                at /rustc/1b7dd2252b99671ce5d1cb9664c5f8636329436d/library/std/src/sys/unix/thread.rs:108:17
[INFO] [stdout]   46:     0x7f9bdda95b43 - <unknown>
[INFO] [stdout]   47:     0x7f9bddb26bb4 - __clone
[INFO] [stdout]   48:                0x0 - <unknown>
[INFO] [stdout] 
[INFO] [stdout] ---- typemap::typemap_macro::tests::test_foreign_typemap_cpp_pair_syntax stdout ----
[INFO] [stdout] rule!!!: TypeMapConvRuleInfo { src_id: SourceId(None), span: bytes(395..499), rtype_generics: Some(Generics { lt_token: Some(Lt), params: [Type(TypeParam { attrs: [], ident: Ident { sym: T1, span: bytes(667..669) }, colon_token: None, bounds: [], eq_token: None, default: None }), Comma, Type(TypeParam { attrs: [], ident: Ident { sym: T2, span: bytes(672..674) }, colon_token: None, bounds: [], eq_token: None, default: None })], gt_token: Some(Gt), where_clause: None }), rtype_left_to_right: Some(RTypeConvRule { left_ty: Tuple(TypeTuple { paren_token: Paren, elems: [Path(TypePath { qself: None, path: Path { leading_colon: None, segments: [PathSegment { ident: Ident { sym: T1, span: bytes(678..680) }, arguments: None }] } }), Comma, Path(TypePath { qself: None, path: Path { leading_colon: None, segments: [PathSegment { ident: Ident { sym: T2, span: bytes(683..685) }, arguments: None }] } })] }), right_ty: Some(Macro(TypeMacro { mac: Macro { path: Path { leading_colon: None, segments: [PathSegment { ident: Ident { sym: CRustPair, span: bytes(690..699) }, arguments: None }] }, bang_token: Bang, delimiter: Paren(Paren), tokens: TokenStream [] } })), code: Some(TypeConvCode { span: (SourceId(None), bytes(707..860)), code: "swig_from_rust_to_i_type ! (T1 , {from_var} . 0 , p0) ; swig_from_rust_to_i_type ! (T2 , {from_var} . 1 , p1) ; let mut {to_var}: {to_var_type} = CRustPair ! () { first : p0 , second : p1 , } ;", params: ["{to_var}", "{from_var}"] }) }), rtype_right_to_left: Some(RTypeConvRule { left_ty: Tuple(TypeTuple { paren_token: Paren, elems: [Path(TypePath { qself: None, path: Path { leading_colon: None, segments: [PathSegment { ident: Ident { sym: T1, span: bytes(893..895) }, arguments: None }] } }), Comma, Path(TypePath { qself: None, path: Path { leading_colon: None, segments: [PathSegment { ident: Ident { sym: T2, span: bytes(898..900) }, arguments: None }] } })] }), right_ty: Some(Macro(TypeMacro { mac: Macro { path: Path { leading_colon: None, segments: [PathSegment { ident: Ident { sym: CRustPair, span: bytes(905..914) }, arguments: None }] }, bang_token: Bang, delimiter: Paren(Paren), tokens: TokenStream [] } })), code: Some(TypeConvCode { span: (SourceId(None), bytes(922..1048)), code: "swig_from_i_type_to_rust ! (T1 , {from_var} . first , p0) ; swig_from_i_type_to_rust ! (T2 , {from_var} . second , p1) ; let mut {to_var}: {to_var_type} = (p0 , p1) ;", params: ["{to_var}", "{from_var}"] }) }), ftype_left_to_right: [FTypeConvRule { req_modules: [ModuleName { name: "\"rust_tuple.h\"", sp: bytes(1084..1102) }, ModuleName { name: "<utility>", sp: bytes(1105..1116) }], cfg_option: None, left_right_ty: OnlyRight(FTypeName { name: "std::pair<swig_f_type!(T1), swig_f_type!(T2)>", sp: bytes(1122..1169) }), input_to_output: false, unique_prefix: None, code: Some(TypeConvCode { span: (SourceId(None), bytes(1170..1269)), code: "std::make_pair(swig_foreign_from_i_type!(T1, {from_var}.first), swig_foreign_from_i_type!(T2, {from_var}.second))", params: ["{from_var}"] }) }], ftype_right_to_left: [FTypeConvRule { req_modules: [ModuleName { name: "\"rust_tuple.h\"", sp: bytes(1303..1321) }, ModuleName { name: "<utility>", sp: bytes(1324..1335) }], cfg_option: None, left_right_ty: OnlyRight(FTypeName { name: "std::pair<swig_f_type!(T1), swig_f_type!(T2)>", sp: bytes(1341..1388) }), input_to_output: false, unique_prefix: None, code: Some(TypeConvCode { span: (SourceId(None), bytes(1389..1485)), code: "CRustPair!() { swig_foreign_to_i_type!(T1, {from_var}.first), swig_foreign_to_i_type!(T2, {from_var}.second) }", params: ["{from_var}"] }) }], c_types: None, generic_c_types: Some(GenericCItems { header_name: ModuleName { name: "rust_tuple.h", sp: bytes(528..542) }, types: TokenStream [Punct { char: '#', spacing: Alone, span: bytes(545..546) }, Group { delimiter: Bracket, stream: TokenStream [Ident { sym: repr, span: bytes(548..552) }, Group { delimiter: Parenthesis, stream: TokenStream [Ident { sym: C, span: bytes(554..555) }], span: bytes(553..556) }], span: bytes(547..557) }, Ident { sym: pub, span: bytes(558..561) }, Ident { sym: struct, span: bytes(562..568) }, Ident { sym: CRustPair, span: bytes(569..578) }, Punct { char: '!', spacing: Alone, span: bytes(579..580) }, Group { delimiter: Parenthesis, stream: TokenStream [], span: bytes(581..583) }, Group { delimiter: Brace, stream: TokenStream [Ident { sym: first, span: bytes(586..591) }, Punct { char: ':', spacing: Alone, span: bytes(592..593) }, Ident { sym: swig_i_type, span: bytes(594..605) }, Punct { char: '!', spacing: Alone, span: bytes(606..607) }, Group { delimiter: Parenthesis, stream: TokenStream [Ident { sym: T1, span: bytes(609..611) }], span: bytes(608..612) }, Punct { char: ',', spacing: Alone, span: bytes(613..614) }, Ident { sym: second, span: bytes(615..621) }, Punct { char: ':', spacing: Alone, span: bytes(622..623) }, Ident { sym: swig_i_type, span: bytes(624..635) }, Punct { char: '!', spacing: Alone, span: bytes(636..637) }, Group { delimiter: Parenthesis, stream: TokenStream [Ident { sym: T2, span: bytes(639..641) }], span: bytes(638..642) }, Punct { char: ',', spacing: Alone, span: bytes(643..644) }], span: bytes(584..646) }] }), f_code: [], generic_aliases: [GenericAlias { alias: Ident { sym: CRustPair, span: bytes(412..421) }, value: TokenStream [Ident { sym: swig_concat_idents, span: bytes(424..442) }, Punct { char: '!', spacing: Alone, span: bytes(443..444) }, Group { delimiter: Parenthesis, stream: TokenStream [Ident { sym: CRustPair, span: bytes(446..455) }, Punct { char: ',', spacing: Alone, span: bytes(456..457) }, Ident { sym: swig_i_type, span: bytes(458..469) }, Punct { char: '!', spacing: Alone, span: bytes(470..471) }, Group { delimiter: Parenthesis, stream: TokenStream [Ident { sym: T1, span: bytes(473..475) }], span: bytes(472..476) }, Punct { char: ',', spacing: Alone, span: bytes(477..478) }, Ident { sym: swig_i_type, span: bytes(479..490) }, Punct { char: '!', spacing: Alone, span: bytes(491..492) }, Group { delimiter: Parenthesis, stream: TokenStream [Ident { sym: T2, span: bytes(494..496) }], span: bytes(493..497) }], span: bytes(445..498) }] }] }
[INFO] [stdout] thread 'typemap::typemap_macro::tests::test_foreign_typemap_cpp_pair_syntax' panicked at 'assertion failed: `(left == right)`
[INFO] [stdout]   left: `RTypeConvRule { left_ty: Tuple(TypeTuple { paren_token: Paren, elems: [Path(TypePath { qself: None, path: Path { leading_colon: None, segments: [PathSegment { ident: Ident { sym: T1 }, arguments: None }] } }), Comma, Path(TypePath { qself: None, path: Path { leading_colon: None, segments: [PathSegment { ident: Ident { sym: T2 }, arguments: None }] } })] }), right_ty: Some(Macro(TypeMacro { mac: Macro { path: Path { leading_colon: None, segments: [PathSegment { ident: Ident { sym: CRustPair }, arguments: None }] }, bang_token: Bang, delimiter: Paren(Paren), tokens: TokenStream [] } })), code: Some(TypeConvCode { span: (SourceId(None), bytes(0..0)), code: "swig_from_rust_to_i_type ! ( T1 , {from_var} . 0 , p0 ) ; swig_from_rust_to_i_type ! ( T2 , {from_var} . 1 , p1 ) ; let mut {to_var}: {to_var_type} = CRustPair ! ( ) { first : p0 , second : p1 , } ;", params: ["{to_var}", "{from_var}"] }) }`,
[INFO] [stdout]  right: `RTypeConvRule { left_ty: Tuple(TypeTuple { paren_token: Paren, elems: [Path(TypePath { qself: None, path: Path { leading_colon: None, segments: [PathSegment { ident: Ident { sym: T1, span: bytes(678..680) }, arguments: None }] } }), Comma, Path(TypePath { qself: None, path: Path { leading_colon: None, segments: [PathSegment { ident: Ident { sym: T2, span: bytes(683..685) }, arguments: None }] } })] }), right_ty: Some(Macro(TypeMacro { mac: Macro { path: Path { leading_colon: None, segments: [PathSegment { ident: Ident { sym: CRustPair, span: bytes(690..699) }, arguments: None }] }, bang_token: Bang, delimiter: Paren(Paren), tokens: TokenStream [] } })), code: Some(TypeConvCode { span: (SourceId(None), bytes(707..860)), code: "swig_from_rust_to_i_type ! (T1 , {from_var} . 0 , p0) ; swig_from_rust_to_i_type ! (T2 , {from_var} . 1 , p1) ; let mut {to_var}: {to_var_type} = CRustPair ! () { first : p0 , second : p1 , } ;", params: ["{to_var}", "{from_var}"] }) }`', src/typemap/typemap_macro/tests.rs:429:5
[INFO] [stdout] stack backtrace:
[INFO] [stdout]    0:     0x56299a8801aa - std::backtrace_rs::backtrace::libunwind::trace::h2f05d0192276a8f6
[INFO] [stdout]                                at /rustc/1b7dd2252b99671ce5d1cb9664c5f8636329436d/library/std/src/../../backtrace/src/backtrace/libunwind.rs:93:5
[INFO] [stdout]    1:     0x56299a8801aa - std::backtrace_rs::backtrace::trace_unsynchronized::hedc23dff7a1af150
[INFO] [stdout]                                at /rustc/1b7dd2252b99671ce5d1cb9664c5f8636329436d/library/std/src/../../backtrace/src/backtrace/mod.rs:66:5
[INFO] [stdout]    2:     0x56299a8801aa - std::sys_common::backtrace::_print_fmt::h17541ef7592f3ce2
[INFO] [stdout]                                at /rustc/1b7dd2252b99671ce5d1cb9664c5f8636329436d/library/std/src/sys_common/backtrace.rs:65:5
[INFO] [stdout]    3:     0x56299a8801aa - <std::sys_common::backtrace::_print::DisplayBacktrace as core::fmt::Display>::fmt::h20f75df5ab0c0792
[INFO] [stdout]                                at /rustc/1b7dd2252b99671ce5d1cb9664c5f8636329436d/library/std/src/sys_common/backtrace.rs:44:22
[INFO] [stdout]    4:     0x56299a8a477f - core::fmt::write::h78109e6f466b3af6
[INFO] [stdout]                                at /rustc/1b7dd2252b99671ce5d1cb9664c5f8636329436d/library/core/src/fmt/mod.rs:1254:17
[INFO] [stdout]    5:     0x56299a87d4e5 - std::io::Write::write_fmt::hd24bfb68a1b35a25
[INFO] [stdout]                                at /rustc/1b7dd2252b99671ce5d1cb9664c5f8636329436d/library/std/src/io/mod.rs:1698:15
[INFO] [stdout]    6:     0x56299a87ff75 - std::sys_common::backtrace::_print::h8dac57a9f8fbf9a5
[INFO] [stdout]                                at /rustc/1b7dd2252b99671ce5d1cb9664c5f8636329436d/library/std/src/sys_common/backtrace.rs:47:5
[INFO] [stdout]    7:     0x56299a87ff75 - std::sys_common::backtrace::print::hf9ecbf41d1aa712f
[INFO] [stdout]                                at /rustc/1b7dd2252b99671ce5d1cb9664c5f8636329436d/library/std/src/sys_common/backtrace.rs:34:9
[INFO] [stdout]    8:     0x56299a881c2e - std::panicking::default_hook::{{closure}}::h04c07acfc84ca028
[INFO] [stdout]                                at /rustc/1b7dd2252b99671ce5d1cb9664c5f8636329436d/library/std/src/panicking.rs:269:22
[INFO] [stdout]    9:     0x56299a881961 - std::panicking::default_hook::h01f6bb23e1eceb2c
[INFO] [stdout]                                at /rustc/1b7dd2252b99671ce5d1cb9664c5f8636329436d/library/std/src/panicking.rs:285:9
[INFO] [stdout]   10:     0x56299a698d9b - <alloc::boxed::Box<F,A> as core::ops::function::Fn<Args>>::call::h87fe9f7b2fd49e4c
[INFO] [stdout]                                at /rustc/1b7dd2252b99671ce5d1cb9664c5f8636329436d/library/alloc/src/boxed.rs:1987:9
[INFO] [stdout]   11:     0x56299a698d9b - test::test_main::{{closure}}::he94d679243a7531b
[INFO] [stdout]                                at /rustc/1b7dd2252b99671ce5d1cb9664c5f8636329436d/library/test/src/lib.rs:134:21
[INFO] [stdout]   12:     0x56299a882314 - <alloc::boxed::Box<F,A> as core::ops::function::Fn<Args>>::call::h3f2d6d8b14c4769f
[INFO] [stdout]                                at /rustc/1b7dd2252b99671ce5d1cb9664c5f8636329436d/library/alloc/src/boxed.rs:1987:9
[INFO] [stdout]   13:     0x56299a882314 - std::panicking::rust_panic_with_hook::h2bb3722bbaf2f6df
[INFO] [stdout]                                at /rustc/1b7dd2252b99671ce5d1cb9664c5f8636329436d/library/std/src/panicking.rs:695:13
[INFO] [stdout]   14:     0x56299a882089 - std::panicking::begin_panic_handler::{{closure}}::h91bc7f36a4be011b
[INFO] [stdout]                                at /rustc/1b7dd2252b99671ce5d1cb9664c5f8636329436d/library/std/src/panicking.rs:582:13
[INFO] [stdout]   15:     0x56299a880616 - std::sys_common::backtrace::__rust_end_short_backtrace::h8b3d3717114f9e59
[INFO] [stdout]                                at /rustc/1b7dd2252b99671ce5d1cb9664c5f8636329436d/library/std/src/sys_common/backtrace.rs:150:18
[INFO] [stdout]   16:     0x56299a881de2 - rust_begin_unwind
[INFO] [stdout]                                at /rustc/1b7dd2252b99671ce5d1cb9664c5f8636329436d/library/std/src/panicking.rs:578:5
[INFO] [stdout]   17:     0x56299a297b53 - core::panicking::panic_fmt::hfd368e3fbdabea26
[INFO] [stdout]                                at /rustc/1b7dd2252b99671ce5d1cb9664c5f8636329436d/library/core/src/panicking.rs:67:14
[INFO] [stdout]   18:     0x56299a297f7f - core::panicking::assert_failed_inner::haef49168e1798a91
[INFO] [stdout]   19:     0x56299a43ddda - core::panicking::assert_failed::h9173bcbf20d94a13
[INFO] [stdout]                                at /rustc/1b7dd2252b99671ce5d1cb9664c5f8636329436d/library/core/src/panicking.rs:228:5
[INFO] [stdout]   20:     0x56299a2fbcfc - rust_swig::typemap::typemap_macro::tests::test_foreign_typemap_cpp_pair_syntax::hdcb68b565a8e3164
[INFO] [stdout]                                at /opt/rustwide/workdir/src/typemap/typemap_macro/tests.rs:429:5
[INFO] [stdout]   21:     0x56299a2fb057 - rust_swig::typemap::typemap_macro::tests::test_foreign_typemap_cpp_pair_syntax::{{closure}}::h5bdc01576c0485f8
[INFO] [stdout]                                at /opt/rustwide/workdir/src/typemap/typemap_macro/tests.rs:413:43
[INFO] [stdout]   22:     0x56299a2c0805 - core::ops::function::FnOnce::call_once::h30869c8991057af3
[INFO] [stdout]                                at /rustc/1b7dd2252b99671ce5d1cb9664c5f8636329436d/library/core/src/ops/function.rs:250:5
[INFO] [stdout]   23:     0x56299a69dc6f - core::ops::function::FnOnce::call_once::ha6a70e79f7481a7e
[INFO] [stdout]                                at /rustc/1b7dd2252b99671ce5d1cb9664c5f8636329436d/library/core/src/ops/function.rs:250:5
[INFO] [stdout]   24:     0x56299a69dc6f - test::__rust_begin_short_backtrace::hce33033019b61e69
[INFO] [stdout]                                at /rustc/1b7dd2252b99671ce5d1cb9664c5f8636329436d/library/test/src/lib.rs:655:18
[INFO] [stdout]   25:     0x56299a66b45c - test::run_test::{{closure}}::h858d3528838ae3e5
[INFO] [stdout]                                at /rustc/1b7dd2252b99671ce5d1cb9664c5f8636329436d/library/test/src/lib.rs:646:30
[INFO] [stdout]   26:     0x56299a66b45c - core::ops::function::FnOnce::call_once{{vtable.shim}}::he8ac2b00f01ae79e
[INFO] [stdout]                                at /rustc/1b7dd2252b99671ce5d1cb9664c5f8636329436d/library/core/src/ops/function.rs:250:5
[INFO] [stdout]   27:     0x56299a69cd46 - <alloc::boxed::Box<F,A> as core::ops::function::FnOnce<Args>>::call_once::h8093d25b522725ef
[INFO] [stderr] error: test failed, to rerun pass `--lib`
[INFO] [stdout]                                at /rustc/1b7dd2252b99671ce5d1cb9664c5f8636329436d/library/alloc/src/boxed.rs:1973:9
[INFO] [stdout]   28:     0x56299a69cd46 - <core::panic::unwind_safe::AssertUnwindSafe<F> as core::ops::function::FnOnce<()>>::call_once::h5c334c204e4a3913
[INFO] [stdout]                                at /rustc/1b7dd2252b99671ce5d1cb9664c5f8636329436d/library/core/src/panic/unwind_safe.rs:271:9
[INFO] [stdout]   29:     0x56299a69cd46 - std::panicking::try::do_call::ha8b740c7b9478074
[INFO] [stdout]                                at /rustc/1b7dd2252b99671ce5d1cb9664c5f8636329436d/library/std/src/panicking.rs:485:40
[INFO] [stdout]   30:     0x56299a69cd46 - std::panicking::try::h5d34f63d0e41b64e
[INFO] [stdout]                                at /rustc/1b7dd2252b99671ce5d1cb9664c5f8636329436d/library/std/src/panicking.rs:449:19
[INFO] [stdout]   31:     0x56299a69cd46 - std::panic::catch_unwind::hcfbb511e1aa7fc67
[INFO] [stdout]                                at /rustc/1b7dd2252b99671ce5d1cb9664c5f8636329436d/library/std/src/panic.rs:140:14
[INFO] [stdout]   32:     0x56299a69cd46 - test::run_test_in_process::h9abda90f802eaf21
[INFO] [stdout]                                at /rustc/1b7dd2252b99671ce5d1cb9664c5f8636329436d/library/test/src/lib.rs:678:27
[INFO] [stdout]   33:     0x56299a69cd46 - test::run_test::run_test_inner::{{closure}}::h0f058de91f6c6edf
[INFO] [stdout]                                at /rustc/1b7dd2252b99671ce5d1cb9664c5f8636329436d/library/test/src/lib.rs:572:39
[INFO] [stdout]   34:     0x56299a665c65 - test::run_test::run_test_inner::{{closure}}::h5ca48a4c59c6c1fb
[INFO] [stdout]                                at /rustc/1b7dd2252b99671ce5d1cb9664c5f8636329436d/library/test/src/lib.rs:599:37
[INFO] [stdout]   35:     0x56299a665c65 - std::sys_common::backtrace::__rust_begin_short_backtrace::h32bd51e1495d4a33
[INFO] [stdout]                                at /rustc/1b7dd2252b99671ce5d1cb9664c5f8636329436d/library/std/src/sys_common/backtrace.rs:134:18
[INFO] [stdout]   36:     0x56299a66b1a1 - std::thread::Builder::spawn_unchecked_::{{closure}}::{{closure}}::hc086fae9b128b2db
[INFO] [stdout]                                at /rustc/1b7dd2252b99671ce5d1cb9664c5f8636329436d/library/std/src/thread/mod.rs:526:17
[INFO] [stdout]   37:     0x56299a66b1a1 - <core::panic::unwind_safe::AssertUnwindSafe<F> as core::ops::function::FnOnce<()>>::call_once::hb66571888d270d43
[INFO] [stdout]                                at /rustc/1b7dd2252b99671ce5d1cb9664c5f8636329436d/library/core/src/panic/unwind_safe.rs:271:9
[INFO] [stdout]   38:     0x56299a66b1a1 - std::panicking::try::do_call::h4fa2ef4f6e51fecf
[INFO] [stdout]                                at /rustc/1b7dd2252b99671ce5d1cb9664c5f8636329436d/library/std/src/panicking.rs:485:40
[INFO] [stdout]   39:     0x56299a66b1a1 - std::panicking::try::h1e9e22b8584489b5
[INFO] [stdout]                                at /rustc/1b7dd2252b99671ce5d1cb9664c5f8636329436d/library/std/src/panicking.rs:449:19
[INFO] [stdout]   40:     0x56299a66b1a1 - std::panic::catch_unwind::h44698a3de0e0769e
[INFO] [stdout]                                at /rustc/1b7dd2252b99671ce5d1cb9664c5f8636329436d/library/std/src/panic.rs:140:14
[INFO] [stdout]   41:     0x56299a66b1a1 - std::thread::Builder::spawn_unchecked_::{{closure}}::h50153abde3fe239e
[INFO] [stdout]                                at /rustc/1b7dd2252b99671ce5d1cb9664c5f8636329436d/library/std/src/thread/mod.rs:525:30
[INFO] [stdout]   42:     0x56299a66b1a1 - core::ops::function::FnOnce::call_once{{vtable.shim}}::hbe5bbf6f38394364
[INFO] [stdout]                                at /rustc/1b7dd2252b99671ce5d1cb9664c5f8636329436d/library/core/src/ops/function.rs:250:5
[INFO] [stdout]   43:     0x56299a886875 - <alloc::boxed::Box<F,A> as core::ops::function::FnOnce<Args>>::call_once::h0d83cb2920a49046
[INFO] [stdout]                                at /rustc/1b7dd2252b99671ce5d1cb9664c5f8636329436d/library/alloc/src/boxed.rs:1973:9
[INFO] [stdout]   44:     0x56299a886875 - <alloc::boxed::Box<F,A> as core::ops::function::FnOnce<Args>>::call_once::hbe0a008aa7d9ef59
[INFO] [stdout]                                at /rustc/1b7dd2252b99671ce5d1cb9664c5f8636329436d/library/alloc/src/boxed.rs:1973:9
[INFO] [stdout]   45:     0x56299a886875 - std::sys::unix::thread::Thread::new::thread_start::h3a466996bdf6b1f9
[INFO] [stdout]                                at /rustc/1b7dd2252b99671ce5d1cb9664c5f8636329436d/library/std/src/sys/unix/thread.rs:108:17
[INFO] [stdout]   46:     0x7f9bdda95b43 - <unknown>
[INFO] [stdout]   47:     0x7f9bddb26bb4 - __clone
[INFO] [stdout]   48:                0x0 - <unknown>
[INFO] [stdout] 
[INFO] [stdout] 
[INFO] [stdout] failures:
[INFO] [stdout]     typemap::ast::tests::test_normalize_ty
[INFO] [stdout]     typemap::parse::tests::test_unpack_first_associated_type
[INFO] [stdout]     typemap::typemap_macro::tests::test_expand_generic_type_with_ptr
[INFO] [stdout]     typemap::typemap_macro::tests::test_foreign_typemap_cpp_bool
[INFO] [stdout]     typemap::typemap_macro::tests::test_foreign_typemap_cpp_pair_syntax
[INFO] [stdout] 
[INFO] [stdout] test result: FAILED. 47 passed; 5 failed; 0 ignored; 0 measured; 0 filtered out; finished in 0.41s
[INFO] [stdout] 
[INFO] running `Command { std: "docker" "inspect" "37ae373a22018e4f015ba744c0510d23211d0a8e5aa54184b214104846bda88d", kill_on_drop: false }`
[INFO] running `Command { std: "docker" "rm" "-f" "37ae373a22018e4f015ba744c0510d23211d0a8e5aa54184b214104846bda88d", kill_on_drop: false }`
[INFO] [stdout] 37ae373a22018e4f015ba744c0510d23211d0a8e5aa54184b214104846bda88d
