[INFO] fetching crate rust_project_demo 0.1.0...
[INFO] testing rust_project_demo-0.1.0 against 1.69.0 for beta-1.70-1
[INFO] extracting crate rust_project_demo 0.1.0 into /workspace/builds/worker-5-tc1/source
[INFO] validating manifest of crates.io crate rust_project_demo 0.1.0 on toolchain 1.69.0
[INFO] running `Command { std: CARGO_HOME="/workspace/cargo-home" RUSTUP_HOME="/workspace/rustup-home" "/workspace/cargo-home/bin/cargo" "+1.69.0" "metadata" "--manifest-path" "Cargo.toml" "--no-deps", kill_on_drop: false }`
[INFO] started tweaking crates.io crate rust_project_demo 0.1.0
[INFO] finished tweaking crates.io crate rust_project_demo 0.1.0
[INFO] tweaked toml for crates.io crate rust_project_demo 0.1.0 written to /workspace/builds/worker-5-tc1/source/Cargo.toml
[INFO] crate crates.io crate rust_project_demo 0.1.0 already has a lockfile, it will not be regenerated
[INFO] running `Command { std: CARGO_HOME="/workspace/cargo-home" RUSTUP_HOME="/workspace/rustup-home" "/workspace/cargo-home/bin/cargo" "+1.69.0" "fetch" "--manifest-path" "Cargo.toml", kill_on_drop: false }`
[INFO] [stderr]  Downloading crates ...
[INFO] [stderr]   Downloaded rust_tutorials v0.1.0
[INFO] running `Command { std: "docker" "create" "-v" "/var/lib/crater-agent-workspace/builds/worker-5-tc1/target:/opt/rustwide/target:rw,Z" "-v" "/var/lib/crater-agent-workspace/builds/worker-5-tc1/source:/opt/rustwide/workdir:ro,Z" "-v" "/var/lib/crater-agent-workspace/cargo-home:/opt/rustwide/cargo-home:ro,Z" "-v" "/var/lib/crater-agent-workspace/rustup-home:/opt/rustwide/rustup-home:ro,Z" "-e" "SOURCE_DIR=/opt/rustwide/workdir" "-e" "CARGO_TARGET_DIR=/opt/rustwide/target" "-e" "CARGO_HOME=/opt/rustwide/cargo-home" "-e" "RUSTUP_HOME=/opt/rustwide/rustup-home" "-w" "/opt/rustwide/workdir" "-m" "1610612736" "--user" "0:0" "--network" "none" "ghcr.io/rust-lang/crates-build-env/linux@sha256:5ff2268d62e97bff2cde7d5815dd6ed5b47097566f13b8d0ca110b04b60e07ed" "/opt/rustwide/cargo-home/bin/cargo" "+1.69.0" "metadata" "--no-deps" "--format-version=1", kill_on_drop: false }`
[INFO] [stdout] a92e85b217efa28b94eb7c0514592bb687a4bbb32f7d537ceaa004fc5e03517a
[INFO] running `Command { std: "docker" "start" "-a" "a92e85b217efa28b94eb7c0514592bb687a4bbb32f7d537ceaa004fc5e03517a", kill_on_drop: false }`
[INFO] running `Command { std: "docker" "inspect" "a92e85b217efa28b94eb7c0514592bb687a4bbb32f7d537ceaa004fc5e03517a", kill_on_drop: false }`
[INFO] running `Command { std: "docker" "rm" "-f" "a92e85b217efa28b94eb7c0514592bb687a4bbb32f7d537ceaa004fc5e03517a", kill_on_drop: false }`
[INFO] [stdout] a92e85b217efa28b94eb7c0514592bb687a4bbb32f7d537ceaa004fc5e03517a
[INFO] running `Command { std: "docker" "create" "-v" "/var/lib/crater-agent-workspace/builds/worker-5-tc1/target:/opt/rustwide/target:rw,Z" "-v" "/var/lib/crater-agent-workspace/builds/worker-5-tc1/source:/opt/rustwide/workdir:ro,Z" "-v" "/var/lib/crater-agent-workspace/cargo-home:/opt/rustwide/cargo-home:ro,Z" "-v" "/var/lib/crater-agent-workspace/rustup-home:/opt/rustwide/rustup-home:ro,Z" "-e" "SOURCE_DIR=/opt/rustwide/workdir" "-e" "CARGO_TARGET_DIR=/opt/rustwide/target" "-e" "CARGO_INCREMENTAL=0" "-e" "RUST_BACKTRACE=full" "-e" "RUSTFLAGS=--cap-lints=warn" "-e" "RUSTDOCFLAGS=--cap-lints=warn" "-e" "CARGO_HOME=/opt/rustwide/cargo-home" "-e" "RUSTUP_HOME=/opt/rustwide/rustup-home" "-w" "/opt/rustwide/workdir" "-m" "1610612736" "--user" "0:0" "--network" "none" "ghcr.io/rust-lang/crates-build-env/linux@sha256:5ff2268d62e97bff2cde7d5815dd6ed5b47097566f13b8d0ca110b04b60e07ed" "/opt/rustwide/cargo-home/bin/cargo" "+1.69.0" "build" "--frozen" "--message-format=json", kill_on_drop: false }`
[INFO] [stdout] 7941a0d8a6eec0ee5e03f4a977f123e0585840a3bc0cc7fb7845a8dc91e19102
[INFO] running `Command { std: "docker" "start" "-a" "7941a0d8a6eec0ee5e03f4a977f123e0585840a3bc0cc7fb7845a8dc91e19102", kill_on_drop: false }`
[INFO] [stderr] warning: rust_project_demo v0.1.0 (/opt/rustwide/workdir) ignoring invalid dependency `rust_tutorials` which is missing a lib target
[INFO] [stderr]    Compiling libc v0.2.132
[INFO] [stderr]    Compiling getrandom v0.1.16
[INFO] [stderr]    Compiling cfg-if v1.0.0
[INFO] [stderr]    Compiling ppv-lite86 v0.2.16
[INFO] [stderr]    Compiling rand_core v0.5.1
[INFO] [stderr]    Compiling rand_chacha v0.2.2
[INFO] [stderr]    Compiling rand v0.7.3
[INFO] [stderr]    Compiling rust_project_demo v0.1.0 (/opt/rustwide/workdir)
[INFO] [stdout] warning: unused variable: `item2`
[INFO] [stdout]   --> src/lib.rs:53:32
[INFO] [stdout]    |
[INFO] [stdout] 53 | pub fn notify3<T, U>(item1: T, item2: U)
[INFO] [stdout]    |                                ^^^^^ help: if this is intentional, prefix it with an underscore: `_item2`
[INFO] [stdout]    |
[INFO] [stdout]    = note: `#[warn(unused_variables)]` on by default
[INFO] [stdout] 
[INFO] [stdout] 
[INFO] [stdout] warning: 1 warning emitted
[INFO] [stdout] 
[INFO] [stdout] 
[INFO] [stdout] warning: unused import: `std::fmt::format`
[INFO] [stdout]  --> src/string.rs:1:5
[INFO] [stdout]   |
[INFO] [stdout] 1 | use std::fmt::format;
[INFO] [stdout]   |     ^^^^^^^^^^^^^^^^
[INFO] [stdout]   |
[INFO] [stdout]   = note: `#[warn(unused_imports)]` on by default
[INFO] [stdout] 
[INFO] [stdout] 
[INFO] [stdout] warning: unused import: `std::error::Error`
[INFO] [stdout]  --> src/result_enum.rs:6:5
[INFO] [stdout]   |
[INFO] [stdout] 6 | use std::error::Error;
[INFO] [stdout]   |     ^^^^^^^^^^^^^^^^^
[INFO] [stdout] 
[INFO] [stdout] 
[INFO] [stdout] warning: unused import: `rust_project_demo::Summary`
[INFO] [stdout]   --> src/main.rs:16:5
[INFO] [stdout]    |
[INFO] [stdout] 16 | use rust_project_demo::Summary;
[INFO] [stdout]    |     ^^^^^^^^^^^^^^^^^^^^^^^^^^
[INFO] [stdout] 
[INFO] [stdout] 
[INFO] [stdout] warning: unused variable: `array`
[INFO] [stdout]  --> src/array_type.rs:4:9
[INFO] [stdout]   |
[INFO] [stdout] 4 |     let array: [i32; 5] = [1, 2, 3, 4, 5];
[INFO] [stdout]   |         ^^^^^ help: if this is intentional, prefix it with an underscore: `_array`
[INFO] [stdout]   |
[INFO] [stdout]   = note: `#[warn(unused_variables)]` on by default
[INFO] [stdout] 
[INFO] [stdout] 
[INFO] [stdout] warning: unused variable: `var`
[INFO] [stdout]   --> src/stack_heap.rs:13:9
[INFO] [stdout]    |
[INFO] [stdout] 13 |     let var = 5;
[INFO] [stdout]    |         ^^^ help: if this is intentional, prefix it with an underscore: `_var`
[INFO] [stdout] 
[INFO] [stdout] 
[INFO] [stdout] warning: unused variable: `y`
[INFO] [stdout]   --> src/stack_heap.rs:19:9
[INFO] [stdout]    |
[INFO] [stdout] 19 |     let y = x;
[INFO] [stdout]    |         ^ help: if this is intentional, prefix it with an underscore: `_y`
[INFO] [stdout] 
[INFO] [stdout] 
[INFO] [stdout] warning: unused variable: `res`
[INFO] [stdout]   --> src/struct.rs:54:9
[INFO] [stdout]    |
[INFO] [stdout] 54 |     let res=Rectangle::square(20);
[INFO] [stdout]    |         ^^^ help: if this is intentional, prefix it with an underscore: `_res`
[INFO] [stdout] 
[INFO] [stdout] 
[INFO] [stdout] warning: unused variable: `name`
[INFO] [stdout]    --> src/struct.rs:112:17
[INFO] [stdout]     |
[INFO] [stdout] 112 | pub fn greeting(name: &str) -> String {
[INFO] [stdout]     |                 ^^^^ help: if this is intentional, prefix it with an underscore: `_name`
[INFO] [stdout] 
[INFO] [stdout] 
[INFO] [stdout] warning: unused variable: `four`
[INFO] [stdout]   --> src/enum.rs:19:9
[INFO] [stdout]    |
[INFO] [stdout] 19 |     let four = Ipaddrtype::V4;
[INFO] [stdout]    |         ^^^^ help: if this is intentional, prefix it with an underscore: `_four`
[INFO] [stdout] 
[INFO] [stdout] 
[INFO] [stdout] warning: unused variable: `six`
[INFO] [stdout]   --> src/enum.rs:20:9
[INFO] [stdout]    |
[INFO] [stdout] 20 |     let six = Ipaddrtype::V6;
[INFO] [stdout]    |         ^^^ help: if this is intentional, prefix it with an underscore: `_six`
[INFO] [stdout] 
[INFO] [stdout] 
[INFO] [stdout] warning: unused variable: `Ipaddr6`
[INFO] [stdout]   --> src/enum.rs:27:9
[INFO] [stdout]    |
[INFO] [stdout] 27 |     let Ipaddr6 = Ipaddr {
[INFO] [stdout]    |         ^^^^^^^ help: if this is intentional, prefix it with an underscore: `_Ipaddr6`
[INFO] [stdout] 
[INFO] [stdout] 
[INFO] [stdout] warning: unused variable: `call`
[INFO] [stdout]   --> src/enum.rs:32:9
[INFO] [stdout]    |
[INFO] [stdout] 32 |     let call = Ipaddr4.iptype.call();
[INFO] [stdout]    |         ^^^^ help: if this is intentional, prefix it with an underscore: `_call`
[INFO] [stdout] 
[INFO] [stdout] 
[INFO] [stdout] warning: unused variable: `Ipaddri`
[INFO] [stdout]   --> src/enum.rs:59:14
[INFO] [stdout]    |
[INFO] [stdout] 59 |         Some(Ipaddri) => Some(a.unwrap() + 1),
[INFO] [stdout]    |              ^^^^^^^ help: if this is intentional, prefix it with an underscore: `_Ipaddri`
[INFO] [stdout] 
[INFO] [stdout] 
[INFO] [stdout] warning: unused variable: `row`
[INFO] [stdout]   --> src/vector.rs:44:9
[INFO] [stdout]    |
[INFO] [stdout] 44 |     let row=vec![
[INFO] [stdout]    |         ^^^ help: if this is intentional, prefix it with an underscore: `_row`
[INFO] [stdout] 
[INFO] [stdout] 
[INFO] [stdout] warning: unused variable: `hashmap`
[INFO] [stdout]  --> src/hashmap.rs:6:9
[INFO] [stdout]   |
[INFO] [stdout] 6 |     let hashmap: HashMap<_, _> = teams.iter().zip(scores.iter()).collect();
[INFO] [stdout]   |         ^^^^^^^ help: if this is intentional, prefix it with an underscore: `_hashmap`
[INFO] [stdout] 
[INFO] [stdout] 
[INFO] [stdout] warning: unused variable: `f`
[INFO] [stdout]   --> src/result_enum.rs:43:9
[INFO] [stdout]    |
[INFO] [stdout] 43 |     let f = File::open("hello.txt").unwrap_or_else(|error| {
[INFO] [stdout]    |         ^ help: if this is intentional, prefix it with an underscore: `_f`
[INFO] [stdout] 
[INFO] [stdout] 
[INFO] [stdout] warning: unused variable: `f`
[INFO] [stdout]   --> src/result_enum.rs:56:9
[INFO] [stdout]    |
[INFO] [stdout] 56 |     let f = match f {
[INFO] [stdout]    |         ^ help: if this is intentional, prefix it with an underscore: `_f`
[INFO] [stdout] 
[INFO] [stdout] 
[INFO] [stdout] warning: unused variable: `importantExcerpt`
[INFO] [stdout]   --> src/life_time.rs:10:9
[INFO] [stdout]    |
[INFO] [stdout] 10 |     let importantExcerpt = ImportantExcerpt {
[INFO] [stdout]    |         ^^^^^^^^^^^^^^^^ help: if this is intentional, prefix it with an underscore: `_importantExcerpt`
[INFO] [stdout] 
[INFO] [stdout] 
[INFO] [stdout] warning: unused variable: `s`
[INFO] [stdout]    --> src/function_closures.rs:126:9
[INFO] [stdout]     |
[INFO] [stdout] 126 |     let s = example_closure(String::from("hello"));
[INFO] [stdout]     |         ^ help: if this is intentional, prefix it with an underscore: `_s`
[INFO] [stdout] 
[INFO] [stdout] 
[INFO] [stdout] warning: variable does not need to be mutable
[INFO] [stdout]   --> src/reference_borrowing.rs:34:9
[INFO] [stdout]    |
[INFO] [stdout] 34 |     let mut s = String::from("hello");
[INFO] [stdout]    |         ----^
[INFO] [stdout]    |         |
[INFO] [stdout]    |         help: remove this `mut`
[INFO] [stdout]    |
[INFO] [stdout]    = note: `#[warn(unused_mut)]` on by default
[INFO] [stdout] 
[INFO] [stdout] 
[INFO] [stdout] warning: variable does not need to be mutable
[INFO] [stdout]   --> src/result_enum.rs:18:9
[INFO] [stdout]    |
[INFO] [stdout] 18 |     let mut array = vec![1, 20, 3, 4, 0];
[INFO] [stdout]    |         ----^^^^^
[INFO] [stdout]    |         |
[INFO] [stdout]    |         help: remove this `mut`
[INFO] [stdout] 
[INFO] [stdout] 
[INFO] [stdout] warning: variable does not need to be mutable
[INFO] [stdout]   --> src/result_enum.rs:22:9
[INFO] [stdout]    |
[INFO] [stdout] 22 |     let mut array = vec![10, 20, 30, 4, 100];
[INFO] [stdout]    |         ----^^^^^
[INFO] [stdout]    |         |
[INFO] [stdout]    |         help: remove this `mut`
[INFO] [stdout] 
[INFO] [stdout] 
[INFO] [stdout] warning: variable does not need to be mutable
[INFO] [stdout]   --> src/result_enum.rs:26:9
[INFO] [stdout]    |
[INFO] [stdout] 26 |     let mut array = vec![String::from("hello"),String::from("world")];
[INFO] [stdout]    |         ----^^^^^
[INFO] [stdout]    |         |
[INFO] [stdout]    |         help: remove this `mut`
[INFO] [stdout] 
[INFO] [stdout] 
[INFO] [stdout] warning: function `add_two` is never used
[INFO] [stdout]    --> src/struct.rs:108:8
[INFO] [stdout]     |
[INFO] [stdout] 108 | pub fn add_two(a: i32) -> i32 {
[INFO] [stdout]     |        ^^^^^^^
[INFO] [stdout]     |
[INFO] [stdout]     = note: `#[warn(dead_code)]` on by default
[INFO] [stdout] 
[INFO] [stdout] 
[INFO] [stdout] warning: function `greeting` is never used
[INFO] [stdout]    --> src/struct.rs:112:8
[INFO] [stdout]     |
[INFO] [stdout] 112 | pub fn greeting(name: &str) -> String {
[INFO] [stdout]     |        ^^^^^^^^
[INFO] [stdout] 
[INFO] [stdout] 
[INFO] [stdout] warning: field `address` is never read
[INFO] [stdout]   --> src/enum.rs:15:5
[INFO] [stdout]    |
[INFO] [stdout] 13 | struct Ipaddr {
[INFO] [stdout]    |        ------ field in this struct
[INFO] [stdout] 14 |     iptype: Ipaddrtype,
[INFO] [stdout] 15 |     address: String,
[INFO] [stdout]    |     ^^^^^^^
[INFO] [stdout]    |
[INFO] [stdout]    = note: `Ipaddr` has a derived impl for the trait `Debug`, but this is intentionally ignored during dead code analysis
[INFO] [stdout] 
[INFO] [stdout] 
[INFO] [stdout] warning: enum `SpreadsheetCell` is never used
[INFO] [stdout]   --> src/vector.rs:37:6
[INFO] [stdout]    |
[INFO] [stdout] 37 | enum SpreadsheetCell{
[INFO] [stdout]    |      ^^^^^^^^^^^^^^^
[INFO] [stdout] 
[INFO] [stdout] 
[INFO] [stdout] warning: function `vector_enum` is never used
[INFO] [stdout]   --> src/vector.rs:43:8
[INFO] [stdout]    |
[INFO] [stdout] 43 | pub fn vector_enum() {
[INFO] [stdout]    |        ^^^^^^^^^^^
[INFO] [stdout] 
[INFO] [stdout] 
[INFO] [stdout] warning: method `mix` is never used
[INFO] [stdout]   --> src/generic.rs:19:8
[INFO] [stdout]    |
[INFO] [stdout] 19 |     fn mix<V, W>(self, other: Point<V, W>) -> Point<T, W> {
[INFO] [stdout]    |        ^^^
[INFO] [stdout] 
[INFO] [stdout] 
[INFO] [stdout] warning: field `part` is never read
[INFO] [stdout]   --> src/life_time.rs:40:5
[INFO] [stdout]    |
[INFO] [stdout] 39 | struct ImportantExcerpt<'a> {
[INFO] [stdout]    |        ---------------- field in this struct
[INFO] [stdout] 40 |     part: &'a str,
[INFO] [stdout]    |     ^^^^
[INFO] [stdout] 
[INFO] [stdout] 
[INFO] [stdout] warning: function `longest_with_an_announcement` is never used
[INFO] [stdout]   --> src/life_time.rs:69:4
[INFO] [stdout]    |
[INFO] [stdout] 69 | fn longest_with_an_announcement<'a, T>(
[INFO] [stdout]    |    ^^^^^^^^^^^^^^^^^^^^^^^^^^^^
[INFO] [stdout] 
[INFO] [stdout] 
[INFO] [stdout] warning: method `level` is never used
[INFO] [stdout]   --> src/life_time.rs:45:8
[INFO] [stdout]    |
[INFO] [stdout] 45 |     fn level(&self) -> i32 {
[INFO] [stdout]    |        ^^^^^
[INFO] [stdout] 
[INFO] [stdout] 
[INFO] [stdout] warning: method `announce_and_return_part` is never used
[INFO] [stdout]   --> src/life_time.rs:49:8
[INFO] [stdout]    |
[INFO] [stdout] 49 |     fn announce_and_return_part(&self, announcement: &str) -> &str {
[INFO] [stdout]    |        ^^^^^^^^^^^^^^^^^^^^^^^^
[INFO] [stdout] 
[INFO] [stdout] 
[INFO] [stdout] warning: function `main` is never used
[INFO] [stdout]  --> src/accepting_command_line_arguments.rs:6:8
[INFO] [stdout]   |
[INFO] [stdout] 6 | pub fn main() {
[INFO] [stdout]   |        ^^^^
[INFO] [stdout] 
[INFO] [stdout] 
[INFO] [stdout] warning: function `run` is never used
[INFO] [stdout]   --> src/accepting_command_line_arguments.rs:26:4
[INFO] [stdout]    |
[INFO] [stdout] 26 | fn run(config: Config) -> Result<(), Box<dyn Error>> {
[INFO] [stdout]    |    ^^^
[INFO] [stdout] 
[INFO] [stdout] 
[INFO] [stdout] warning: struct `Config` is never constructed
[INFO] [stdout]   --> src/accepting_command_line_arguments.rs:41:8
[INFO] [stdout]    |
[INFO] [stdout] 41 | struct Config {
[INFO] [stdout]    |        ^^^^^^
[INFO] [stdout] 
[INFO] [stdout] 
[INFO] [stdout] warning: function `search` is never used
[INFO] [stdout]   --> src/accepting_command_line_arguments.rs:82:8
[INFO] [stdout]    |
[INFO] [stdout] 82 | pub fn search<'a>(query: &str, contents: &'a str) -> Vec<&'a str> {
[INFO] [stdout]    |        ^^^^^^
[INFO] [stdout] 
[INFO] [stdout] 
[INFO] [stdout] warning: function `search_case_insensitive` is never used
[INFO] [stdout]   --> src/accepting_command_line_arguments.rs:95:8
[INFO] [stdout]    |
[INFO] [stdout] 95 | pub fn search_case_insensitive<'a>(
[INFO] [stdout]    |        ^^^^^^^^^^^^^^^^^^^^^^^
[INFO] [stdout] 
[INFO] [stdout] 
[INFO] [stdout] warning: associated function `new` is never used
[INFO] [stdout]   --> src/accepting_command_line_arguments.rs:49:8
[INFO] [stdout]    |
[INFO] [stdout] 49 |     fn new(mut args: std::env::Args) -> Result<Config, &'static str> {
[INFO] [stdout]    |        ^^^
[INFO] [stdout] 
[INFO] [stdout] 
[INFO] [stdout] warning: fields `width` and `height` are never read
[INFO] [stdout]    --> src/function_closures.rs:177:5
[INFO] [stdout]     |
[INFO] [stdout] 176 | struct Rectangle {
[INFO] [stdout]     |        --------- fields in this struct
[INFO] [stdout] 177 |     width: u32,
[INFO] [stdout]     |     ^^^^^
[INFO] [stdout] 178 |     height: u32,
[INFO] [stdout]     |     ^^^^^^
[INFO] [stdout]     |
[INFO] [stdout]     = note: `Rectangle` has a derived impl for the trait `Debug`, but this is intentionally ignored during dead code analysis
[INFO] [stdout] 
[INFO] [stdout] 
[INFO] [stdout] warning: function `sort_by_key` is never used
[INFO] [stdout]    --> src/function_closures.rs:181:8
[INFO] [stdout]     |
[INFO] [stdout] 181 | pub fn sort_by_key() {
[INFO] [stdout]     |        ^^^^^^^^^^^
[INFO] [stdout] 
[INFO] [stdout] 
[INFO] [stdout] warning: function `produce_new_iterators` is never used
[INFO] [stdout]    --> src/function_closures.rs:272:8
[INFO] [stdout]     |
[INFO] [stdout] 272 | pub fn produce_new_iterators() {
[INFO] [stdout]     |        ^^^^^^^^^^^^^^^^^^^^^
[INFO] [stdout] 
[INFO] [stdout] 
[INFO] [stdout] warning: associated function `new` is never used
[INFO] [stdout]    --> src/function_closures.rs:287:8
[INFO] [stdout]     |
[INFO] [stdout] 287 |     fn new() -> Counter {
[INFO] [stdout]     |        ^^^
[INFO] [stdout] 
[INFO] [stdout] 
[INFO] [stdout] warning: variable `Ipaddr4` should have a snake case name
[INFO] [stdout]   --> src/enum.rs:22:9
[INFO] [stdout]    |
[INFO] [stdout] 22 |     let Ipaddr4 = Ipaddr {
[INFO] [stdout]    |         ^^^^^^^ help: convert the identifier to snake case (notice the capitalization): `ipaddr4`
[INFO] [stdout]    |
[INFO] [stdout]    = note: `#[warn(non_snake_case)]` on by default
[INFO] [stdout] 
[INFO] [stdout] 
[INFO] [stdout] warning: variable `Ipaddr6` should have a snake case name
[INFO] [stdout]   --> src/enum.rs:27:9
[INFO] [stdout]    |
[INFO] [stdout] 27 |     let Ipaddr6 = Ipaddr {
[INFO] [stdout]    |         ^^^^^^^ help: convert the identifier to snake case (notice the capitalization): `ipaddr6`
[INFO] [stdout] 
[INFO] [stdout] 
[INFO] [stdout] warning: variable `Ipaddri` should have a snake case name
[INFO] [stdout]   --> src/enum.rs:59:14
[INFO] [stdout]    |
[INFO] [stdout] 59 |         Some(Ipaddri) => Some(a.unwrap() + 1),
[INFO] [stdout]    |              ^^^^^^^ help: convert the identifier to snake case (notice the capitalization): `ipaddri`
[INFO] [stdout] 
[INFO] [stdout] 
[INFO] [stdout] warning: unused `Result` that must be used
[INFO] [stdout]   --> src/result_enum.rs:16:5
[INFO] [stdout]    |
[INFO] [stdout] 16 |     read_username_from_file();
[INFO] [stdout]    |     ^^^^^^^^^^^^^^^^^^^^^^^^^
[INFO] [stdout]    |
[INFO] [stdout]    = note: this `Result` may be an `Err` variant, which should be handled
[INFO] [stdout]    = note: `#[warn(unused_must_use)]` on by default
[INFO] [stdout] 
[INFO] [stdout] 
[INFO] [stdout] warning: variable `importantExcerpt` should have a snake case name
[INFO] [stdout]   --> src/life_time.rs:10:9
[INFO] [stdout]    |
[INFO] [stdout] 10 |     let importantExcerpt = ImportantExcerpt {
[INFO] [stdout]    |         ^^^^^^^^^^^^^^^^ help: convert the identifier to snake case: `important_excerpt`
[INFO] [stdout] 
[INFO] [stdout] 
[INFO] [stdout] warning: 48 warnings emitted
[INFO] [stdout] 
[INFO] [stdout] 
[INFO] [stderr]     Finished dev [optimized + debuginfo] target(s) in 6.56s
[INFO] running `Command { std: "docker" "inspect" "7941a0d8a6eec0ee5e03f4a977f123e0585840a3bc0cc7fb7845a8dc91e19102", kill_on_drop: false }`
[INFO] running `Command { std: "docker" "rm" "-f" "7941a0d8a6eec0ee5e03f4a977f123e0585840a3bc0cc7fb7845a8dc91e19102", kill_on_drop: false }`
[INFO] [stdout] 7941a0d8a6eec0ee5e03f4a977f123e0585840a3bc0cc7fb7845a8dc91e19102
[INFO] running `Command { std: "docker" "create" "-v" "/var/lib/crater-agent-workspace/builds/worker-5-tc1/target:/opt/rustwide/target:rw,Z" "-v" "/var/lib/crater-agent-workspace/builds/worker-5-tc1/source:/opt/rustwide/workdir:ro,Z" "-v" "/var/lib/crater-agent-workspace/cargo-home:/opt/rustwide/cargo-home:ro,Z" "-v" "/var/lib/crater-agent-workspace/rustup-home:/opt/rustwide/rustup-home:ro,Z" "-e" "SOURCE_DIR=/opt/rustwide/workdir" "-e" "CARGO_TARGET_DIR=/opt/rustwide/target" "-e" "CARGO_INCREMENTAL=0" "-e" "RUST_BACKTRACE=full" "-e" "RUSTFLAGS=--cap-lints=warn" "-e" "RUSTDOCFLAGS=--cap-lints=warn" "-e" "CARGO_HOME=/opt/rustwide/cargo-home" "-e" "RUSTUP_HOME=/opt/rustwide/rustup-home" "-w" "/opt/rustwide/workdir" "-m" "1610612736" "--user" "0:0" "--network" "none" "ghcr.io/rust-lang/crates-build-env/linux@sha256:5ff2268d62e97bff2cde7d5815dd6ed5b47097566f13b8d0ca110b04b60e07ed" "/opt/rustwide/cargo-home/bin/cargo" "+1.69.0" "test" "--frozen" "--no-run" "--message-format=json", kill_on_drop: false }`
[INFO] [stdout] 932c0f07920363d8b4bec3dc419bf0071b0aec1c26f53fee05384f1b2f1feabd
[INFO] running `Command { std: "docker" "start" "-a" "932c0f07920363d8b4bec3dc419bf0071b0aec1c26f53fee05384f1b2f1feabd", kill_on_drop: false }`
[INFO] [stderr] warning: rust_project_demo v0.1.0 (/opt/rustwide/workdir) ignoring invalid dependency `rust_tutorials` which is missing a lib target
[INFO] [stdout] warning: unused variable: `item2`
[INFO] [stdout]   --> src/lib.rs:53:32
[INFO] [stdout]    |
[INFO] [stdout] 53 | pub fn notify3<T, U>(item1: T, item2: U)
[INFO] [stdout]    |                                ^^^^^ help: if this is intentional, prefix it with an underscore: `_item2`
[INFO] [stdout]    |
[INFO] [stdout]    = note: `#[warn(unused_variables)]` on by default
[INFO] [stdout] 
[INFO] [stdout] 
[INFO] [stdout] warning: 1 warning emitted
[INFO] [stdout] 
[INFO] [stdout] 
[INFO] [stderr]    Compiling rust_project_demo v0.1.0 (/opt/rustwide/workdir)
[INFO] [stdout] warning: unused import: `std::fmt::format`
[INFO] [stdout]  --> src/string.rs:1:5
[INFO] [stdout]   |
[INFO] [stdout] 1 | use std::fmt::format;
[INFO] [stdout]   |     ^^^^^^^^^^^^^^^^
[INFO] [stdout]   |
[INFO] [stdout]   = note: `#[warn(unused_imports)]` on by default
[INFO] [stdout] 
[INFO] [stdout] 
[INFO] [stdout] warning: unused import: `std::error::Error`
[INFO] [stdout]  --> src/result_enum.rs:6:5
[INFO] [stdout]   |
[INFO] [stdout] 6 | use std::error::Error;
[INFO] [stdout]   |     ^^^^^^^^^^^^^^^^^
[INFO] [stdout] 
[INFO] [stdout] 
[INFO] [stdout] warning: unused import: `rust_project_demo::Summary`
[INFO] [stdout]   --> src/main.rs:16:5
[INFO] [stdout]    |
[INFO] [stdout] 16 | use rust_project_demo::Summary;
[INFO] [stdout]    |     ^^^^^^^^^^^^^^^^^^^^^^^^^^
[INFO] [stdout] 
[INFO] [stdout] 
[INFO] [stdout] warning: unused variable: `array`
[INFO] [stdout]  --> src/array_type.rs:4:9
[INFO] [stdout]   |
[INFO] [stdout] 4 |     let array: [i32; 5] = [1, 2, 3, 4, 5];
[INFO] [stdout]   |         ^^^^^ help: if this is intentional, prefix it with an underscore: `_array`
[INFO] [stdout]   |
[INFO] [stdout]   = note: `#[warn(unused_variables)]` on by default
[INFO] [stdout] 
[INFO] [stdout] 
[INFO] [stdout] warning: unused variable: `var`
[INFO] [stdout]   --> src/stack_heap.rs:13:9
[INFO] [stdout]    |
[INFO] [stdout] 13 |     let var = 5;
[INFO] [stdout]    |         ^^^ help: if this is intentional, prefix it with an underscore: `_var`
[INFO] [stdout] 
[INFO] [stdout] 
[INFO] [stdout] warning: unused variable: `y`
[INFO] [stdout]   --> src/stack_heap.rs:19:9
[INFO] [stdout]    |
[INFO] [stdout] 19 |     let y = x;
[INFO] [stdout]    |         ^ help: if this is intentional, prefix it with an underscore: `_y`
[INFO] [stdout] 
[INFO] [stdout] 
[INFO] [stdout] warning: unused variable: `res`
[INFO] [stdout]   --> src/struct.rs:54:9
[INFO] [stdout]    |
[INFO] [stdout] 54 |     let res=Rectangle::square(20);
[INFO] [stdout]    |         ^^^ help: if this is intentional, prefix it with an underscore: `_res`
[INFO] [stdout] 
[INFO] [stdout] 
[INFO] [stdout] warning: unused variable: `name`
[INFO] [stdout]    --> src/struct.rs:112:17
[INFO] [stdout]     |
[INFO] [stdout] 112 | pub fn greeting(name: &str) -> String {
[INFO] [stdout]     |                 ^^^^ help: if this is intentional, prefix it with an underscore: `_name`
[INFO] [stdout] 
[INFO] [stdout] 
[INFO] [stdout] warning: unused variable: `four`
[INFO] [stdout]   --> src/enum.rs:19:9
[INFO] [stdout]    |
[INFO] [stdout] 19 |     let four = Ipaddrtype::V4;
[INFO] [stdout]    |         ^^^^ help: if this is intentional, prefix it with an underscore: `_four`
[INFO] [stdout] 
[INFO] [stdout] 
[INFO] [stdout] warning: unused variable: `six`
[INFO] [stdout]   --> src/enum.rs:20:9
[INFO] [stdout]    |
[INFO] [stdout] 20 |     let six = Ipaddrtype::V6;
[INFO] [stdout]    |         ^^^ help: if this is intentional, prefix it with an underscore: `_six`
[INFO] [stdout] 
[INFO] [stdout] 
[INFO] [stdout] warning: unused variable: `Ipaddr6`
[INFO] [stdout]   --> src/enum.rs:27:9
[INFO] [stdout]    |
[INFO] [stdout] 27 |     let Ipaddr6 = Ipaddr {
[INFO] [stdout]    |         ^^^^^^^ help: if this is intentional, prefix it with an underscore: `_Ipaddr6`
[INFO] [stdout] 
[INFO] [stdout] 
[INFO] [stdout] warning: unused variable: `call`
[INFO] [stdout]   --> src/enum.rs:32:9
[INFO] [stdout]    |
[INFO] [stdout] 32 |     let call = Ipaddr4.iptype.call();
[INFO] [stdout]    |         ^^^^ help: if this is intentional, prefix it with an underscore: `_call`
[INFO] [stdout] 
[INFO] [stdout] 
[INFO] [stdout] warning: unused variable: `Ipaddri`
[INFO] [stdout]   --> src/enum.rs:59:14
[INFO] [stdout]    |
[INFO] [stdout] 59 |         Some(Ipaddri) => Some(a.unwrap() + 1),
[INFO] [stdout]    |              ^^^^^^^ help: if this is intentional, prefix it with an underscore: `_Ipaddri`
[INFO] [stdout] 
[INFO] [stdout] 
[INFO] [stdout] warning: unused variable: `row`
[INFO] [stdout]   --> src/vector.rs:44:9
[INFO] [stdout]    |
[INFO] [stdout] 44 |     let row=vec![
[INFO] [stdout]    |         ^^^ help: if this is intentional, prefix it with an underscore: `_row`
[INFO] [stdout] 
[INFO] [stdout] 
[INFO] [stdout] warning: unused variable: `hashmap`
[INFO] [stdout]  --> src/hashmap.rs:6:9
[INFO] [stdout]   |
[INFO] [stdout] 6 |     let hashmap: HashMap<_, _> = teams.iter().zip(scores.iter()).collect();
[INFO] [stdout]   |         ^^^^^^^ help: if this is intentional, prefix it with an underscore: `_hashmap`
[INFO] [stdout] 
[INFO] [stdout] 
[INFO] [stdout] warning: unused variable: `f`
[INFO] [stdout]   --> src/result_enum.rs:43:9
[INFO] [stdout]    |
[INFO] [stdout] 43 |     let f = File::open("hello.txt").unwrap_or_else(|error| {
[INFO] [stdout]    |         ^ help: if this is intentional, prefix it with an underscore: `_f`
[INFO] [stdout] 
[INFO] [stdout] 
[INFO] [stdout] warning: unused variable: `f`
[INFO] [stdout]   --> src/result_enum.rs:56:9
[INFO] [stdout]    |
[INFO] [stdout] 56 |     let f = match f {
[INFO] [stdout]    |         ^ help: if this is intentional, prefix it with an underscore: `_f`
[INFO] [stdout] 
[INFO] [stdout] 
[INFO] [stdout] warning: unused variable: `importantExcerpt`
[INFO] [stdout]   --> src/life_time.rs:10:9
[INFO] [stdout]    |
[INFO] [stdout] 10 |     let importantExcerpt = ImportantExcerpt {
[INFO] [stdout]    |         ^^^^^^^^^^^^^^^^ help: if this is intentional, prefix it with an underscore: `_importantExcerpt`
[INFO] [stdout] 
[INFO] [stdout] 
[INFO] [stdout] warning: unused variable: `s`
[INFO] [stdout]    --> src/function_closures.rs:126:9
[INFO] [stdout]     |
[INFO] [stdout] 126 |     let s = example_closure(String::from("hello"));
[INFO] [stdout]     |         ^ help: if this is intentional, prefix it with an underscore: `_s`
[INFO] [stdout] 
[INFO] [stdout] 
[INFO] [stdout] warning: variable does not need to be mutable
[INFO] [stdout]   --> src/reference_borrowing.rs:34:9
[INFO] [stdout]    |
[INFO] [stdout] 34 |     let mut s = String::from("hello");
[INFO] [stdout]    |         ----^
[INFO] [stdout]    |         |
[INFO] [stdout]    |         help: remove this `mut`
[INFO] [stdout]    |
[INFO] [stdout]    = note: `#[warn(unused_mut)]` on by default
[INFO] [stdout] 
[INFO] [stdout] 
[INFO] [stdout] warning: variable does not need to be mutable
[INFO] [stdout]   --> src/result_enum.rs:18:9
[INFO] [stdout]    |
[INFO] [stdout] 18 |     let mut array = vec![1, 20, 3, 4, 0];
[INFO] [stdout]    |         ----^^^^^
[INFO] [stdout]    |         |
[INFO] [stdout]    |         help: remove this `mut`
[INFO] [stdout] 
[INFO] [stdout] 
[INFO] [stdout] warning: variable does not need to be mutable
[INFO] [stdout]   --> src/result_enum.rs:22:9
[INFO] [stdout]    |
[INFO] [stdout] 22 |     let mut array = vec![10, 20, 30, 4, 100];
[INFO] [stdout]    |         ----^^^^^
[INFO] [stdout]    |         |
[INFO] [stdout]    |         help: remove this `mut`
[INFO] [stdout] 
[INFO] [stdout] 
[INFO] [stdout] warning: variable does not need to be mutable
[INFO] [stdout]   --> src/result_enum.rs:26:9
[INFO] [stdout]    |
[INFO] [stdout] 26 |     let mut array = vec![String::from("hello"),String::from("world")];
[INFO] [stdout]    |         ----^^^^^
[INFO] [stdout]    |         |
[INFO] [stdout]    |         help: remove this `mut`
[INFO] [stdout] 
[INFO] [stdout] 
[INFO] [stdout] warning: function `add_two` is never used
[INFO] [stdout]    --> src/struct.rs:108:8
[INFO] [stdout]     |
[INFO] [stdout] 108 | pub fn add_two(a: i32) -> i32 {
[INFO] [stdout]     |        ^^^^^^^
[INFO] [stdout]     |
[INFO] [stdout]     = note: `#[warn(dead_code)]` on by default
[INFO] [stdout] 
[INFO] [stdout] 
[INFO] [stdout] warning: function `greeting` is never used
[INFO] [stdout]    --> src/struct.rs:112:8
[INFO] [stdout]     |
[INFO] [stdout] 112 | pub fn greeting(name: &str) -> String {
[INFO] [stdout]     |        ^^^^^^^^
[INFO] [stdout] 
[INFO] [stdout] 
[INFO] [stdout] warning: field `address` is never read
[INFO] [stdout]   --> src/enum.rs:15:5
[INFO] [stdout]    |
[INFO] [stdout] 13 | struct Ipaddr {
[INFO] [stdout]    |        ------ field in this struct
[INFO] [stdout] 14 |     iptype: Ipaddrtype,
[INFO] [stdout] 15 |     address: String,
[INFO] [stdout]    |     ^^^^^^^
[INFO] [stdout]    |
[INFO] [stdout]    = note: `Ipaddr` has a derived impl for the trait `Debug`, but this is intentionally ignored during dead code analysis
[INFO] [stdout] 
[INFO] [stdout] 
[INFO] [stdout] warning: enum `SpreadsheetCell` is never used
[INFO] [stdout]   --> src/vector.rs:37:6
[INFO] [stdout]    |
[INFO] [stdout] 37 | enum SpreadsheetCell{
[INFO] [stdout]    |      ^^^^^^^^^^^^^^^
[INFO] [stdout] 
[INFO] [stdout] 
[INFO] [stdout] warning: function `vector_enum` is never used
[INFO] [stdout]   --> src/vector.rs:43:8
[INFO] [stdout]    |
[INFO] [stdout] 43 | pub fn vector_enum() {
[INFO] [stdout]    |        ^^^^^^^^^^^
[INFO] [stdout] 
[INFO] [stdout] 
[INFO] [stdout] warning: method `mix` is never used
[INFO] [stdout]   --> src/generic.rs:19:8
[INFO] [stdout]    |
[INFO] [stdout] 19 |     fn mix<V, W>(self, other: Point<V, W>) -> Point<T, W> {
[INFO] [stdout]    |        ^^^
[INFO] [stdout] 
[INFO] [stdout] 
[INFO] [stdout] warning: field `part` is never read
[INFO] [stdout]   --> src/life_time.rs:40:5
[INFO] [stdout]    |
[INFO] [stdout] 39 | struct ImportantExcerpt<'a> {
[INFO] [stdout]    |        ---------------- field in this struct
[INFO] [stdout] 40 |     part: &'a str,
[INFO] [stdout]    |     ^^^^
[INFO] [stdout] 
[INFO] [stdout] 
[INFO] [stdout] warning: function `longest_with_an_announcement` is never used
[INFO] [stdout]   --> src/life_time.rs:69:4
[INFO] [stdout]    |
[INFO] [stdout] 69 | fn longest_with_an_announcement<'a, T>(
[INFO] [stdout]    |    ^^^^^^^^^^^^^^^^^^^^^^^^^^^^
[INFO] [stdout] 
[INFO] [stdout] 
[INFO] [stdout] warning: method `level` is never used
[INFO] [stdout]   --> src/life_time.rs:45:8
[INFO] [stdout]    |
[INFO] [stdout] 45 |     fn level(&self) -> i32 {
[INFO] [stdout]    |        ^^^^^
[INFO] [stdout] 
[INFO] [stdout] 
[INFO] [stdout] warning: method `announce_and_return_part` is never used
[INFO] [stdout]   --> src/life_time.rs:49:8
[INFO] [stdout]    |
[INFO] [stdout] 49 |     fn announce_and_return_part(&self, announcement: &str) -> &str {
[INFO] [stdout]    |        ^^^^^^^^^^^^^^^^^^^^^^^^
[INFO] [stdout] 
[INFO] [stdout] 
[INFO] [stdout] warning: function `main` is never used
[INFO] [stdout]  --> src/accepting_command_line_arguments.rs:6:8
[INFO] [stdout]   |
[INFO] [stdout] 6 | pub fn main() {
[INFO] [stdout]   |        ^^^^
[INFO] [stdout] 
[INFO] [stdout] 
[INFO] [stdout] warning: function `run` is never used
[INFO] [stdout]   --> src/accepting_command_line_arguments.rs:26:4
[INFO] [stdout]    |
[INFO] [stdout] 26 | fn run(config: Config) -> Result<(), Box<dyn Error>> {
[INFO] [stdout]    |    ^^^
[INFO] [stdout] 
[INFO] [stdout] 
[INFO] [stdout] warning: struct `Config` is never constructed
[INFO] [stdout]   --> src/accepting_command_line_arguments.rs:41:8
[INFO] [stdout]    |
[INFO] [stdout] 41 | struct Config {
[INFO] [stdout]    |        ^^^^^^
[INFO] [stdout] 
[INFO] [stdout] 
[INFO] [stdout] warning: function `search` is never used
[INFO] [stdout]   --> src/accepting_command_line_arguments.rs:82:8
[INFO] [stdout]    |
[INFO] [stdout] 82 | pub fn search<'a>(query: &str, contents: &'a str) -> Vec<&'a str> {
[INFO] [stdout]    |        ^^^^^^
[INFO] [stdout] 
[INFO] [stdout] 
[INFO] [stdout] warning: function `search_case_insensitive` is never used
[INFO] [stdout]   --> src/accepting_command_line_arguments.rs:95:8
[INFO] [stdout]    |
[INFO] [stdout] 95 | pub fn search_case_insensitive<'a>(
[INFO] [stdout]    |        ^^^^^^^^^^^^^^^^^^^^^^^
[INFO] [stdout] 
[INFO] [stdout] 
[INFO] [stdout] warning: associated function `new` is never used
[INFO] [stdout]   --> src/accepting_command_line_arguments.rs:49:8
[INFO] [stdout]    |
[INFO] [stdout] 49 |     fn new(mut args: std::env::Args) -> Result<Config, &'static str> {
[INFO] [stdout]    |        ^^^
[INFO] [stdout] 
[INFO] [stdout] 
[INFO] [stdout] warning: fields `width` and `height` are never read
[INFO] [stdout]    --> src/function_closures.rs:177:5
[INFO] [stdout]     |
[INFO] [stdout] 176 | struct Rectangle {
[INFO] [stdout]     |        --------- fields in this struct
[INFO] [stdout] 177 |     width: u32,
[INFO] [stdout]     |     ^^^^^
[INFO] [stdout] 178 |     height: u32,
[INFO] [stdout]     |     ^^^^^^
[INFO] [stdout]     |
[INFO] [stdout]     = note: `Rectangle` has a derived impl for the trait `Debug`, but this is intentionally ignored during dead code analysis
[INFO] [stdout] 
[INFO] [stdout] 
[INFO] [stdout] warning: function `sort_by_key` is never used
[INFO] [stdout]    --> src/function_closures.rs:181:8
[INFO] [stdout]     |
[INFO] [stdout] 181 | pub fn sort_by_key() {
[INFO] [stdout]     |        ^^^^^^^^^^^
[INFO] [stdout] 
[INFO] [stdout] 
[INFO] [stdout] warning: function `produce_new_iterators` is never used
[INFO] [stdout]    --> src/function_closures.rs:272:8
[INFO] [stdout]     |
[INFO] [stdout] 272 | pub fn produce_new_iterators() {
[INFO] [stdout]     |        ^^^^^^^^^^^^^^^^^^^^^
[INFO] [stdout] 
[INFO] [stdout] 
[INFO] [stdout] warning: associated function `new` is never used
[INFO] [stdout]    --> src/function_closures.rs:287:8
[INFO] [stdout]     |
[INFO] [stdout] 287 |     fn new() -> Counter {
[INFO] [stdout]     |        ^^^
[INFO] [stdout] 
[INFO] [stdout] 
[INFO] [stdout] warning: variable `Ipaddr4` should have a snake case name
[INFO] [stdout]   --> src/enum.rs:22:9
[INFO] [stdout]    |
[INFO] [stdout] 22 |     let Ipaddr4 = Ipaddr {
[INFO] [stdout]    |         ^^^^^^^ help: convert the identifier to snake case (notice the capitalization): `ipaddr4`
[INFO] [stdout]    |
[INFO] [stdout]    = note: `#[warn(non_snake_case)]` on by default
[INFO] [stdout] 
[INFO] [stdout] 
[INFO] [stdout] warning: variable `Ipaddr6` should have a snake case name
[INFO] [stdout]   --> src/enum.rs:27:9
[INFO] [stdout]    |
[INFO] [stdout] 27 |     let Ipaddr6 = Ipaddr {
[INFO] [stdout]    |         ^^^^^^^ help: convert the identifier to snake case (notice the capitalization): `ipaddr6`
[INFO] [stdout] 
[INFO] [stdout] 
[INFO] [stdout] warning: variable `Ipaddri` should have a snake case name
[INFO] [stdout]   --> src/enum.rs:59:14
[INFO] [stdout]    |
[INFO] [stdout] 59 |         Some(Ipaddri) => Some(a.unwrap() + 1),
[INFO] [stdout]    |              ^^^^^^^ help: convert the identifier to snake case (notice the capitalization): `ipaddri`
[INFO] [stdout] 
[INFO] [stdout] 
[INFO] [stdout] warning: unused `Result` that must be used
[INFO] [stdout]   --> src/result_enum.rs:16:5
[INFO] [stdout]    |
[INFO] [stdout] 16 |     read_username_from_file();
[INFO] [stdout]    |     ^^^^^^^^^^^^^^^^^^^^^^^^^
[INFO] [stdout]    |
[INFO] [stdout]    = note: this `Result` may be an `Err` variant, which should be handled
[INFO] [stdout]    = note: `#[warn(unused_must_use)]` on by default
[INFO] [stdout] 
[INFO] [stdout] 
[INFO] [stdout] warning: variable `importantExcerpt` should have a snake case name
[INFO] [stdout]   --> src/life_time.rs:10:9
[INFO] [stdout]    |
[INFO] [stdout] 10 |     let importantExcerpt = ImportantExcerpt {
[INFO] [stdout]    |         ^^^^^^^^^^^^^^^^ help: convert the identifier to snake case: `important_excerpt`
[INFO] [stdout] 
[INFO] [stdout] 
[INFO] [stdout] warning: 48 warnings emitted
[INFO] [stdout] 
[INFO] [stdout] 
[INFO] [stdout] warning: unused import: `rust_project_demo`
[INFO] [stdout]  --> tests/another_integration_test.rs:1:5
[INFO] [stdout]   |
[INFO] [stdout] 1 | use rust_project_demo;
[INFO] [stdout]   |     ^^^^^^^^^^^^^^^^^
[INFO] [stdout]   |
[INFO] [stdout]   = note: `#[warn(unused_imports)]` on by default
[INFO] [stdout] 
[INFO] [stdout] 
[INFO] [stdout] warning: unused import: `rust_project_demo`
[INFO] [stdout]  --> tests/integration_test.rs:1:5
[INFO] [stdout]   |
[INFO] [stdout] 1 | use rust_project_demo;
[INFO] [stdout]   |     ^^^^^^^^^^^^^^^^^
[INFO] [stdout]   |
[INFO] [stdout]   = note: `#[warn(unused_imports)]` on by default
[INFO] [stdout] 
[INFO] [stdout] 
[INFO] [stdout] warning: field `value` is never read
[INFO] [stdout]   --> tests/result_test.rs:27:5
[INFO] [stdout]    |
[INFO] [stdout] 26 | pub struct Guess {
[INFO] [stdout]    |            ----- field in this struct
[INFO] [stdout] 27 |     value: i32,
[INFO] [stdout]    |     ^^^^^
[INFO] [stdout]    |
[INFO] [stdout]    = note: `#[warn(dead_code)]` on by default
[INFO] [stdout] 
[INFO] [stdout] 
[INFO] [stdout] warning: unused import: `std::fmt::format`
[INFO] [stdout]  --> src/string.rs:1:5
[INFO] [stdout]   |
[INFO] [stdout] 1 | use std::fmt::format;
[INFO] [stdout]   |     ^^^^^^^^^^^^^^^^
[INFO] [stdout]   |
[INFO] [stdout]   = note: `#[warn(unused_imports)]` on by default
[INFO] [stdout] 
[INFO] [stdout] 
[INFO] [stdout] warning: unused import: `std::error::Error`
[INFO] [stdout]  --> src/result_enum.rs:6:5
[INFO] [stdout]   |
[INFO] [stdout] 6 | use std::error::Error;
[INFO] [stdout]   |     ^^^^^^^^^^^^^^^^^
[INFO] [stdout] 
[INFO] [stdout] 
[INFO] [stdout] warning: unused import: `rust_project_demo::Summary`
[INFO] [stdout]   --> src/main.rs:16:5
[INFO] [stdout]    |
[INFO] [stdout] 16 | use rust_project_demo::Summary;
[INFO] [stdout]    |     ^^^^^^^^^^^^^^^^^^^^^^^^^^
[INFO] [stdout] 
[INFO] [stdout] 
[INFO] [stdout] warning: unused variable: `item2`
[INFO] [stdout]   --> src/lib.rs:53:32
[INFO] [stdout]    |
[INFO] [stdout] 53 | pub fn notify3<T, U>(item1: T, item2: U)
[INFO] [stdout]    |                                ^^^^^ help: if this is intentional, prefix it with an underscore: `_item2`
[INFO] [stdout]    |
[INFO] [stdout]    = note: `#[warn(unused_variables)]` on by default
[INFO] [stdout] 
[INFO] [stdout] 
[INFO] [stdout] warning: unused variable: `array`
[INFO] [stdout]  --> src/array_type.rs:4:9
[INFO] [stdout]   |
[INFO] [stdout] 4 |     let array: [i32; 5] = [1, 2, 3, 4, 5];
[INFO] [stdout]   |         ^^^^^ help: if this is intentional, prefix it with an underscore: `_array`
[INFO] [stdout]   |
[INFO] [stdout]   = note: `#[warn(unused_variables)]` on by default
[INFO] [stdout] 
[INFO] [stdout] 
[INFO] [stdout] warning: unused variable: `var`
[INFO] [stdout]   --> src/stack_heap.rs:13:9
[INFO] [stdout]    |
[INFO] [stdout] 13 |     let var = 5;
[INFO] [stdout]    |         ^^^ help: if this is intentional, prefix it with an underscore: `_var`
[INFO] [stdout] 
[INFO] [stdout] 
[INFO] [stdout] warning: unused variable: `y`
[INFO] [stdout]   --> src/stack_heap.rs:19:9
[INFO] [stdout]    |
[INFO] [stdout] 19 |     let y = x;
[INFO] [stdout]    |         ^ help: if this is intentional, prefix it with an underscore: `_y`
[INFO] [stdout] 
[INFO] [stdout] 
[INFO] [stdout] warning: unused variable: `res`
[INFO] [stdout]   --> src/struct.rs:54:9
[INFO] [stdout]    |
[INFO] [stdout] 54 |     let res=Rectangle::square(20);
[INFO] [stdout]    |         ^^^ help: if this is intentional, prefix it with an underscore: `_res`
[INFO] [stdout] 
[INFO] [stdout] 
[INFO] [stdout] warning: unused variable: `name`
[INFO] [stdout]    --> src/struct.rs:112:17
[INFO] [stdout]     |
[INFO] [stdout] 112 | pub fn greeting(name: &str) -> String {
[INFO] [stdout]     |                 ^^^^ help: if this is intentional, prefix it with an underscore: `_name`
[INFO] [stdout] 
[INFO] [stdout] 
[INFO] [stdout] warning: unused variable: `four`
[INFO] [stdout]   --> src/enum.rs:19:9
[INFO] [stdout]    |
[INFO] [stdout] 19 |     let four = Ipaddrtype::V4;
[INFO] [stdout]    |         ^^^^ help: if this is intentional, prefix it with an underscore: `_four`
[INFO] [stdout] 
[INFO] [stdout] 
[INFO] [stdout] warning: unused variable: `six`
[INFO] [stdout]   --> src/enum.rs:20:9
[INFO] [stdout]    |
[INFO] [stdout] 20 |     let six = Ipaddrtype::V6;
[INFO] [stdout]    |         ^^^ help: if this is intentional, prefix it with an underscore: `_six`
[INFO] [stdout] 
[INFO] [stdout] 
[INFO] [stdout] warning: unused variable: `Ipaddr6`
[INFO] [stdout]   --> src/enum.rs:27:9
[INFO] [stdout]    |
[INFO] [stdout] 27 |     let Ipaddr6 = Ipaddr {
[INFO] [stdout]    |         ^^^^^^^ help: if this is intentional, prefix it with an underscore: `_Ipaddr6`
[INFO] [stdout] 
[INFO] [stdout] 
[INFO] [stdout] warning: unused variable: `call`
[INFO] [stdout]   --> src/enum.rs:32:9
[INFO] [stdout]    |
[INFO] [stdout] 32 |     let call = Ipaddr4.iptype.call();
[INFO] [stdout]    |         ^^^^ help: if this is intentional, prefix it with an underscore: `_call`
[INFO] [stdout] 
[INFO] [stdout] 
[INFO] [stdout] warning: unused variable: `Ipaddri`
[INFO] [stdout]   --> src/enum.rs:59:14
[INFO] [stdout]    |
[INFO] [stdout] 59 |         Some(Ipaddri) => Some(a.unwrap() + 1),
[INFO] [stdout]    |              ^^^^^^^ help: if this is intentional, prefix it with an underscore: `_Ipaddri`
[INFO] [stdout] 
[INFO] [stdout] 
[INFO] [stdout] warning: unused variable: `row`
[INFO] [stdout]   --> src/vector.rs:44:9
[INFO] [stdout]    |
[INFO] [stdout] 44 |     let row=vec![
[INFO] [stdout]    |         ^^^ help: if this is intentional, prefix it with an underscore: `_row`
[INFO] [stdout] 
[INFO] [stdout] 
[INFO] [stdout] warning: unused variable: `hashmap`
[INFO] [stdout]  --> src/hashmap.rs:6:9
[INFO] [stdout]   |
[INFO] [stdout] 6 |     let hashmap: HashMap<_, _> = teams.iter().zip(scores.iter()).collect();
[INFO] [stdout]   |         ^^^^^^^ help: if this is intentional, prefix it with an underscore: `_hashmap`
[INFO] [stdout] 
[INFO] [stdout] 
[INFO] [stdout] warning: unused variable: `f`
[INFO] [stdout]   --> src/result_enum.rs:43:9
[INFO] [stdout]    |
[INFO] [stdout] 43 |     let f = File::open("hello.txt").unwrap_or_else(|error| {
[INFO] [stdout]    |         ^ help: if this is intentional, prefix it with an underscore: `_f`
[INFO] [stdout] 
[INFO] [stdout] 
[INFO] [stdout] warning: unused variable: `f`
[INFO] [stdout]   --> src/result_enum.rs:56:9
[INFO] [stdout]    |
[INFO] [stdout] 56 |     let f = match f {
[INFO] [stdout]    |         ^ help: if this is intentional, prefix it with an underscore: `_f`
[INFO] [stdout] 
[INFO] [stdout] 
[INFO] [stdout] warning: unused variable: `importantExcerpt`
[INFO] [stdout]   --> src/life_time.rs:10:9
[INFO] [stdout]    |
[INFO] [stdout] 10 |     let importantExcerpt = ImportantExcerpt {
[INFO] [stdout]    |         ^^^^^^^^^^^^^^^^ help: if this is intentional, prefix it with an underscore: `_importantExcerpt`
[INFO] [stdout] 
[INFO] [stdout] 
[INFO] [stdout] warning: unused variable: `s`
[INFO] [stdout]    --> src/function_closures.rs:126:9
[INFO] [stdout]     |
[INFO] [stdout] 126 |     let s = example_closure(String::from("hello"));
[INFO] [stdout]     |         ^ help: if this is intentional, prefix it with an underscore: `_s`
[INFO] [stdout] 
[INFO] [stdout] 
[INFO] [stdout] warning: variable does not need to be mutable
[INFO] [stdout]   --> src/reference_borrowing.rs:34:9
[INFO] [stdout]    |
[INFO] [stdout] 34 |     let mut s = String::from("hello");
[INFO] [stdout]    |         ----^
[INFO] [stdout]    |         |
[INFO] [stdout]    |         help: remove this `mut`
[INFO] [stdout]    |
[INFO] [stdout]    = note: `#[warn(unused_mut)]` on by default
[INFO] [stdout] 
[INFO] [stdout] 
[INFO] [stdout] warning: variable does not need to be mutable
[INFO] [stdout]   --> src/result_enum.rs:18:9
[INFO] [stdout]    |
[INFO] [stdout] 18 |     let mut array = vec![1, 20, 3, 4, 0];
[INFO] [stdout]    |         ----^^^^^
[INFO] [stdout]    |         |
[INFO] [stdout]    |         help: remove this `mut`
[INFO] [stdout] 
[INFO] [stdout] 
[INFO] [stdout] warning: variable does not need to be mutable
[INFO] [stdout]   --> src/result_enum.rs:22:9
[INFO] [stdout]    |
[INFO] [stdout] 22 |     let mut array = vec![10, 20, 30, 4, 100];
[INFO] [stdout]    |         ----^^^^^
[INFO] [stdout]    |         |
[INFO] [stdout]    |         help: remove this `mut`
[INFO] [stdout] 
[INFO] [stdout] 
[INFO] [stdout] warning: variable does not need to be mutable
[INFO] [stdout]   --> src/result_enum.rs:26:9
[INFO] [stdout]    |
[INFO] [stdout] 26 |     let mut array = vec![String::from("hello"),String::from("world")];
[INFO] [stdout]    |         ----^^^^^
[INFO] [stdout]    |         |
[INFO] [stdout]    |         help: remove this `mut`
[INFO] [stdout] 
[INFO] [stdout] 
[INFO] [stdout] warning: field `address` is never read
[INFO] [stdout]   --> src/enum.rs:15:5
[INFO] [stdout]    |
[INFO] [stdout] 13 | struct Ipaddr {
[INFO] [stdout]    |        ------ field in this struct
[INFO] [stdout] 14 |     iptype: Ipaddrtype,
[INFO] [stdout] 15 |     address: String,
[INFO] [stdout]    |     ^^^^^^^
[INFO] [stdout]    |
[INFO] [stdout]    = note: `Ipaddr` has a derived impl for the trait `Debug`, but this is intentionally ignored during dead code analysis
[INFO] [stdout]    = note: `#[warn(dead_code)]` on by default
[INFO] [stdout] 
[INFO] [stdout] 
[INFO] [stdout] warning: enum `SpreadsheetCell` is never used
[INFO] [stdout]   --> src/vector.rs:37:6
[INFO] [stdout]    |
[INFO] [stdout] 37 | enum SpreadsheetCell{
[INFO] [stdout]    |      ^^^^^^^^^^^^^^^
[INFO] [stdout] 
[INFO] [stdout] 
[INFO] [stdout] warning: function `vector_enum` is never used
[INFO] [stdout]   --> src/vector.rs:43:8
[INFO] [stdout]    |
[INFO] [stdout] 43 | pub fn vector_enum() {
[INFO] [stdout]    |        ^^^^^^^^^^^
[INFO] [stdout] 
[INFO] [stdout] 
[INFO] [stdout] warning: method `mix` is never used
[INFO] [stdout]   --> src/generic.rs:19:8
[INFO] [stdout]    |
[INFO] [stdout] 19 |     fn mix<V, W>(self, other: Point<V, W>) -> Point<T, W> {
[INFO] [stdout]    |        ^^^
[INFO] [stdout] 
[INFO] [stdout] 
[INFO] [stdout] warning: field `part` is never read
[INFO] [stdout]   --> src/life_time.rs:40:5
[INFO] [stdout]    |
[INFO] [stdout] 39 | struct ImportantExcerpt<'a> {
[INFO] [stdout]    |        ---------------- field in this struct
[INFO] [stdout] 40 |     part: &'a str,
[INFO] [stdout]    |     ^^^^
[INFO] [stdout] 
[INFO] [stdout] 
[INFO] [stdout] warning: function `longest_with_an_announcement` is never used
[INFO] [stdout]   --> src/life_time.rs:69:4
[INFO] [stdout]    |
[INFO] [stdout] 69 | fn longest_with_an_announcement<'a, T>(
[INFO] [stdout]    |    ^^^^^^^^^^^^^^^^^^^^^^^^^^^^
[INFO] [stdout] 
[INFO] [stdout] 
[INFO] [stdout] warning: method `level` is never used
[INFO] [stdout]   --> src/life_time.rs:45:8
[INFO] [stdout]    |
[INFO] [stdout] 45 |     fn level(&self) -> i32 {
[INFO] [stdout]    |        ^^^^^
[INFO] [stdout] 
[INFO] [stdout] 
[INFO] [stdout] warning: method `announce_and_return_part` is never used
[INFO] [stdout]   --> src/life_time.rs:49:8
[INFO] [stdout]    |
[INFO] [stdout] 49 |     fn announce_and_return_part(&self, announcement: &str) -> &str {
[INFO] [stdout]    |        ^^^^^^^^^^^^^^^^^^^^^^^^
[INFO] [stdout] 
[INFO] [stdout] 
[INFO] [stdout] warning: function `main` is never used
[INFO] [stdout]  --> src/accepting_command_line_arguments.rs:6:8
[INFO] [stdout]   |
[INFO] [stdout] 6 | pub fn main() {
[INFO] [stdout]   |        ^^^^
[INFO] [stdout] 
[INFO] [stdout] 
[INFO] [stdout] warning: function `run` is never used
[INFO] [stdout]   --> src/accepting_command_line_arguments.rs:26:4
[INFO] [stdout]    |
[INFO] [stdout] 26 | fn run(config: Config) -> Result<(), Box<dyn Error>> {
[INFO] [stdout]    |    ^^^
[INFO] [stdout] 
[INFO] [stdout] 
[INFO] [stdout] warning: struct `Config` is never constructed
[INFO] [stdout]   --> src/accepting_command_line_arguments.rs:41:8
[INFO] [stdout]    |
[INFO] [stdout] 41 | struct Config {
[INFO] [stdout]    |        ^^^^^^
[INFO] [stdout] 
[INFO] [stdout] 
[INFO] [stdout] warning: function `search_case_insensitive` is never used
[INFO] [stdout]   --> src/accepting_command_line_arguments.rs:95:8
[INFO] [stdout]    |
[INFO] [stdout] 95 | pub fn search_case_insensitive<'a>(
[INFO] [stdout]    |        ^^^^^^^^^^^^^^^^^^^^^^^
[INFO] [stdout] 
[INFO] [stdout] 
[INFO] [stdout] warning: associated function `new` is never used
[INFO] [stdout]   --> src/accepting_command_line_arguments.rs:49:8
[INFO] [stdout]    |
[INFO] [stdout] 49 |     fn new(mut args: std::env::Args) -> Result<Config, &'static str> {
[INFO] [stdout]    |        ^^^
[INFO] [stdout] 
[INFO] [stdout] 
[INFO] [stdout] warning: fields `width` and `height` are never read
[INFO] [stdout]    --> src/function_closures.rs:177:5
[INFO] [stdout]     |
[INFO] [stdout] 176 | struct Rectangle {
[INFO] [stdout]     |        --------- fields in this struct
[INFO] [stdout] 177 |     width: u32,
[INFO] [stdout]     |     ^^^^^
[INFO] [stdout] 178 |     height: u32,
[INFO] [stdout]     |     ^^^^^^
[INFO] [stdout]     |
[INFO] [stdout]     = note: `Rectangle` has a derived impl for the trait `Debug`, but this is intentionally ignored during dead code analysis
[INFO] [stdout] 
[INFO] [stdout] 
[INFO] [stdout] warning: function `sort_by_key` is never used
[INFO] [stdout]    --> src/function_closures.rs:181:8
[INFO] [stdout]     |
[INFO] [stdout] 181 | pub fn sort_by_key() {
[INFO] [stdout]     |        ^^^^^^^^^^^
[INFO] [stdout] 
[INFO] [stdout] 
[INFO] [stdout] warning: function `produce_new_iterators` is never used
[INFO] [stdout]    --> src/function_closures.rs:272:8
[INFO] [stdout]     |
[INFO] [stdout] 272 | pub fn produce_new_iterators() {
[INFO] [stdout]     |        ^^^^^^^^^^^^^^^^^^^^^
[INFO] [stdout] 
[INFO] [stdout] 
[INFO] [stdout] warning: function `use_iterators` is never used
[INFO] [stdout]    --> src/function_closures.rs:207:12
[INFO] [stdout]     |
[INFO] [stdout] 207 |     pub fn use_iterators() {
[INFO] [stdout]     |            ^^^^^^^^^^^^^
[INFO] [stdout] 
[INFO] [stdout] 
[INFO] [stdout] warning: variable `Ipaddr4` should have a snake case name
[INFO] [stdout]   --> src/enum.rs:22:9
[INFO] [stdout]    |
[INFO] [stdout] 22 |     let Ipaddr4 = Ipaddr {
[INFO] [stdout]    |         ^^^^^^^ help: convert the identifier to snake case (notice the capitalization): `ipaddr4`
[INFO] [stdout]    |
[INFO] [stdout]    = note: `#[warn(non_snake_case)]` on by default
[INFO] [stdout] 
[INFO] [stdout] 
[INFO] [stdout] warning: variable `Ipaddr6` should have a snake case name
[INFO] [stdout]   --> src/enum.rs:27:9
[INFO] [stdout]    |
[INFO] [stdout] 27 |     let Ipaddr6 = Ipaddr {
[INFO] [stdout]    |         ^^^^^^^ help: convert the identifier to snake case (notice the capitalization): `ipaddr6`
[INFO] [stdout] 
[INFO] [stdout] 
[INFO] [stdout] warning: variable `Ipaddri` should have a snake case name
[INFO] [stdout]   --> src/enum.rs:59:14
[INFO] [stdout]    |
[INFO] [stdout] 59 |         Some(Ipaddri) => Some(a.unwrap() + 1),
[INFO] [stdout]    |              ^^^^^^^ help: convert the identifier to snake case (notice the capitalization): `ipaddri`
[INFO] [stdout] 
[INFO] [stdout] 
[INFO] [stdout] warning: unused `Result` that must be used
[INFO] [stdout]   --> src/result_enum.rs:16:5
[INFO] [stdout]    |
[INFO] [stdout] 16 |     read_username_from_file();
[INFO] [stdout]    |     ^^^^^^^^^^^^^^^^^^^^^^^^^
[INFO] [stdout]    |
[INFO] [stdout]    = note: this `Result` may be an `Err` variant, which should be handled
[INFO] [stdout]    = note: `#[warn(unused_must_use)]` on by default
[INFO] [stdout] 
[INFO] [stdout] 
[INFO] [stdout] warning: variable `importantExcerpt` should have a snake case name
[INFO] [stdout]   --> src/life_time.rs:10:9
[INFO] [stdout]    |
[INFO] [stdout] 10 |     let importantExcerpt = ImportantExcerpt {
[INFO] [stdout]    |         ^^^^^^^^^^^^^^^^ help: convert the identifier to snake case: `important_excerpt`
[INFO] [stdout] 
[INFO] [stdout] 
[INFO] [stdout] warning: 1 warning emitted
[INFO] [stdout] 
[INFO] [stdout] 
[INFO] [stdout] warning: 1 warning emitted
[INFO] [stdout] 
[INFO] [stdout] 
[INFO] [stdout] warning: 1 warning emitted
[INFO] [stdout] 
[INFO] [stdout] 
[INFO] [stdout] warning: 1 warning emitted
[INFO] [stdout] 
[INFO] [stdout] 
[INFO] [stdout] warning: 45 warnings emitted
[INFO] [stdout] 
[INFO] [stdout] 
[INFO] [stderr]     Finished test [optimized + debuginfo] target(s) in 1.82s
[INFO] running `Command { std: "docker" "inspect" "932c0f07920363d8b4bec3dc419bf0071b0aec1c26f53fee05384f1b2f1feabd", kill_on_drop: false }`
[INFO] running `Command { std: "docker" "rm" "-f" "932c0f07920363d8b4bec3dc419bf0071b0aec1c26f53fee05384f1b2f1feabd", kill_on_drop: false }`
[INFO] [stdout] 932c0f07920363d8b4bec3dc419bf0071b0aec1c26f53fee05384f1b2f1feabd
[INFO] running `Command { std: "docker" "create" "-v" "/var/lib/crater-agent-workspace/builds/worker-5-tc1/target:/opt/rustwide/target:rw,Z" "-v" "/var/lib/crater-agent-workspace/builds/worker-5-tc1/source:/opt/rustwide/workdir:ro,Z" "-v" "/var/lib/crater-agent-workspace/cargo-home:/opt/rustwide/cargo-home:ro,Z" "-v" "/var/lib/crater-agent-workspace/rustup-home:/opt/rustwide/rustup-home:ro,Z" "-e" "SOURCE_DIR=/opt/rustwide/workdir" "-e" "CARGO_TARGET_DIR=/opt/rustwide/target" "-e" "CARGO_INCREMENTAL=0" "-e" "RUST_BACKTRACE=full" "-e" "RUSTFLAGS=--cap-lints=warn" "-e" "RUSTDOCFLAGS=--cap-lints=warn" "-e" "CARGO_HOME=/opt/rustwide/cargo-home" "-e" "RUSTUP_HOME=/opt/rustwide/rustup-home" "-w" "/opt/rustwide/workdir" "-m" "1610612736" "--user" "0:0" "--network" "none" "ghcr.io/rust-lang/crates-build-env/linux@sha256:5ff2268d62e97bff2cde7d5815dd6ed5b47097566f13b8d0ca110b04b60e07ed" "/opt/rustwide/cargo-home/bin/cargo" "+1.69.0" "test" "--frozen", kill_on_drop: false }`
[INFO] [stdout] e6f18ca423c96c9a6570f6f757949761076f317e576703075041786e4747b453
[INFO] running `Command { std: "docker" "start" "-a" "e6f18ca423c96c9a6570f6f757949761076f317e576703075041786e4747b453", kill_on_drop: false }`
[INFO] [stderr] warning: rust_project_demo v0.1.0 (/opt/rustwide/workdir) ignoring invalid dependency `rust_tutorials` which is missing a lib target
[INFO] [stderr] warning: unused variable: `item2`
[INFO] [stderr]   --> src/lib.rs:53:32
[INFO] [stderr]    |
[INFO] [stderr] 53 | pub fn notify3<T, U>(item1: T, item2: U)
[INFO] [stderr]    |                                ^^^^^ help: if this is intentional, prefix it with an underscore: `_item2`
[INFO] [stderr]    |
[INFO] [stderr]    = note: `#[warn(unused_variables)]` on by default
[INFO] [stderr] 
[INFO] [stderr] warning: `rust_project_demo` (lib) generated 1 warning (run `cargo fix --lib -p rust_project_demo` to apply 1 suggestion)
[INFO] [stderr] warning: `rust_project_demo` (lib test) generated 1 warning (1 duplicate)
[INFO] [stderr] warning: field `value` is never read
[INFO] [stderr]   --> tests/result_test.rs:27:5
[INFO] [stderr]    |
[INFO] [stderr] 26 | pub struct Guess {
[INFO] [stderr]    |            ----- field in this struct
[INFO] [stderr] 27 |     value: i32,
[INFO] [stderr]    |     ^^^^^
[INFO] [stderr]    |
[INFO] [stderr]    = note: `#[warn(dead_code)]` on by default
[INFO] [stderr] 
[INFO] [stderr] warning: unused import: `std::fmt::format`
[INFO] [stderr]  --> src/string.rs:1:5
[INFO] [stderr]   |
[INFO] [stderr] 1 | use std::fmt::format;
[INFO] [stderr]   |     ^^^^^^^^^^^^^^^^
[INFO] [stderr]   |
[INFO] [stderr]   = note: `#[warn(unused_imports)]` on by default
[INFO] [stderr] 
[INFO] [stderr] warning: unused import: `std::error::Error`
[INFO] [stderr]  --> src/result_enum.rs:6:5
[INFO] [stderr]   |
[INFO] [stderr] 6 | use std::error::Error;
[INFO] [stderr]   |     ^^^^^^^^^^^^^^^^^
[INFO] [stderr] 
[INFO] [stderr] warning: unused import: `rust_project_demo::Summary`
[INFO] [stderr]   --> src/main.rs:16:5
[INFO] [stderr]    |
[INFO] [stderr] 16 | use rust_project_demo::Summary;
[INFO] [stderr]    |     ^^^^^^^^^^^^^^^^^^^^^^^^^^
[INFO] [stderr] 
[INFO] [stderr] warning: unused variable: `array`
[INFO] [stderr]  --> src/array_type.rs:4:9
[INFO] [stderr]   |
[INFO] [stderr] 4 |     let array: [i32; 5] = [1, 2, 3, 4, 5];
[INFO] [stderr]   |         ^^^^^ help: if this is intentional, prefix it with an underscore: `_array`
[INFO] [stderr]   |
[INFO] [stderr]   = note: `#[warn(unused_variables)]` on by default
[INFO] [stderr] 
[INFO] [stderr] warning: unused variable: `var`
[INFO] [stderr]   --> src/stack_heap.rs:13:9
[INFO] [stderr]    |
[INFO] [stderr] 13 |     let var = 5;
[INFO] [stderr]    |         ^^^ help: if this is intentional, prefix it with an underscore: `_var`
[INFO] [stderr] 
[INFO] [stderr] warning: unused variable: `y`
[INFO] [stderr]   --> src/stack_heap.rs:19:9
[INFO] [stderr]    |
[INFO] [stderr] 19 |     let y = x;
[INFO] [stderr]    |         ^ help: if this is intentional, prefix it with an underscore: `_y`
[INFO] [stderr] 
[INFO] [stderr] warning: unused variable: `res`
[INFO] [stderr]   --> src/struct.rs:54:9
[INFO] [stderr]    |
[INFO] [stderr] 54 |     let res=Rectangle::square(20);
[INFO] [stderr]    |         ^^^ help: if this is intentional, prefix it with an underscore: `_res`
[INFO] [stderr] 
[INFO] [stderr] warning: unused variable: `name`
[INFO] [stderr]    --> src/struct.rs:112:17
[INFO] [stderr]     |
[INFO] [stderr] 112 | pub fn greeting(name: &str) -> String {
[INFO] [stderr]     |                 ^^^^ help: if this is intentional, prefix it with an underscore: `_name`
[INFO] [stderr] 
[INFO] [stderr] warning: unused variable: `four`
[INFO] [stderr]   --> src/enum.rs:19:9
[INFO] [stderr]    |
[INFO] [stderr] 19 |     let four = Ipaddrtype::V4;
[INFO] [stderr]    |         ^^^^ help: if this is intentional, prefix it with an underscore: `_four`
[INFO] [stderr] 
[INFO] [stderr] warning: unused variable: `six`
[INFO] [stderr]   --> src/enum.rs:20:9
[INFO] [stderr]    |
[INFO] [stderr] 20 |     let six = Ipaddrtype::V6;
[INFO] [stderr]    |         ^^^ help: if this is intentional, prefix it with an underscore: `_six`
[INFO] [stderr] 
[INFO] [stderr] warning: unused variable: `Ipaddr6`
[INFO] [stderr]   --> src/enum.rs:27:9
[INFO] [stderr]    |
[INFO] [stderr] 27 |     let Ipaddr6 = Ipaddr {
[INFO] [stderr]    |         ^^^^^^^ help: if this is intentional, prefix it with an underscore: `_Ipaddr6`
[INFO] [stderr] 
[INFO] [stderr] warning: unused variable: `call`
[INFO] [stderr]   --> src/enum.rs:32:9
[INFO] [stderr]    |
[INFO] [stderr] 32 |     let call = Ipaddr4.iptype.call();
[INFO] [stderr]    |         ^^^^ help: if this is intentional, prefix it with an underscore: `_call`
[INFO] [stderr] 
[INFO] [stderr] warning: unused variable: `Ipaddri`
[INFO] [stderr]   --> src/enum.rs:59:14
[INFO] [stderr]    |
[INFO] [stderr] 59 |         Some(Ipaddri) => Some(a.unwrap() + 1),
[INFO] [stderr]    |              ^^^^^^^ help: if this is intentional, prefix it with an underscore: `_Ipaddri`
[INFO] [stderr] 
[INFO] [stderr] warning: unused variable: `row`
[INFO] [stderr]   --> src/vector.rs:44:9
[INFO] [stderr]    |
[INFO] [stderr] 44 |     let row=vec![
[INFO] [stderr]    |         ^^^ help: if this is intentional, prefix it with an underscore: `_row`
[INFO] [stderr] 
[INFO] [stderr] warning: unused variable: `hashmap`
[INFO] [stderr]  --> src/hashmap.rs:6:9
[INFO] [stderr]   |
[INFO] [stderr] 6 |     let hashmap: HashMap<_, _> = teams.iter().zip(scores.iter()).collect();
[INFO] [stderr]   |         ^^^^^^^ help: if this is intentional, prefix it with an underscore: `_hashmap`
[INFO] [stderr] 
[INFO] [stderr] warning: unused variable: `f`
[INFO] [stderr]   --> src/result_enum.rs:43:9
[INFO] [stderr]    |
[INFO] [stderr] 43 |     let f = File::open("hello.txt").unwrap_or_else(|error| {
[INFO] [stderr]    |         ^ help: if this is intentional, prefix it with an underscore: `_f`
[INFO] [stderr] 
[INFO] [stderr] warning: unused variable: `f`
[INFO] [stderr]   --> src/result_enum.rs:56:9
[INFO] [stderr]    |
[INFO] [stderr] 56 |     let f = match f {
[INFO] [stderr]    |         ^ help: if this is intentional, prefix it with an underscore: `_f`
[INFO] [stderr] 
[INFO] [stderr] warning: unused variable: `importantExcerpt`
[INFO] [stderr]   --> src/life_time.rs:10:9
[INFO] [stderr]    |
[INFO] [stderr] 10 |     let importantExcerpt = ImportantExcerpt {
[INFO] [stderr]    |         ^^^^^^^^^^^^^^^^ help: if this is intentional, prefix it with an underscore: `_importantExcerpt`
[INFO] [stderr] 
[INFO] [stderr] warning: unused variable: `s`
[INFO] [stderr]    --> src/function_closures.rs:126:9
[INFO] [stderr]     |
[INFO] [stderr] 126 |     let s = example_closure(String::from("hello"));
[INFO] [stderr]     |         ^ help: if this is intentional, prefix it with an underscore: `_s`
[INFO] [stderr] 
[INFO] [stderr] warning: variable does not need to be mutable
[INFO] [stderr]   --> src/reference_borrowing.rs:34:9
[INFO] [stderr]    |
[INFO] [stderr] 34 |     let mut s = String::from("hello");
[INFO] [stderr]    |         ----^
[INFO] [stderr]    |         |
[INFO] [stderr]    |         help: remove this `mut`
[INFO] [stderr]    |
[INFO] [stderr]    = note: `#[warn(unused_mut)]` on by default
[INFO] [stderr] 
[INFO] [stderr] warning: variable does not need to be mutable
[INFO] [stderr]   --> src/result_enum.rs:18:9
[INFO] [stderr]    |
[INFO] [stderr] 18 |     let mut array = vec![1, 20, 3, 4, 0];
[INFO] [stderr]    |         ----^^^^^
[INFO] [stderr]    |         |
[INFO] [stderr]    |         help: remove this `mut`
[INFO] [stderr] 
[INFO] [stderr] warning: variable does not need to be mutable
[INFO] [stderr]   --> src/result_enum.rs:22:9
[INFO] [stderr]    |
[INFO] [stderr] 22 |     let mut array = vec![10, 20, 30, 4, 100];
[INFO] [stderr]    |         ----^^^^^
[INFO] [stderr]    |         |
[INFO] [stderr]    |         help: remove this `mut`
[INFO] [stderr] 
[INFO] [stderr] warning: variable does not need to be mutable
[INFO] [stderr]   --> src/result_enum.rs:26:9
[INFO] [stderr]    |
[INFO] [stderr] 26 |     let mut array = vec![String::from("hello"),String::from("world")];
[INFO] [stderr]    |         ----^^^^^
[INFO] [stderr]    |         |
[INFO] [stderr]    |         help: remove this `mut`
[INFO] [stderr] 
[INFO] [stderr] warning: field `address` is never read
[INFO] [stderr]   --> src/enum.rs:15:5
[INFO] [stderr]    |
[INFO] [stderr] 13 | struct Ipaddr {
[INFO] [stderr]    |        ------ field in this struct
[INFO] [stderr] 14 |     iptype: Ipaddrtype,
[INFO] [stderr] 15 |     address: String,
[INFO] [stderr]    |     ^^^^^^^
[INFO] [stderr]    |
[INFO] [stderr]    = note: `Ipaddr` has a derived impl for the trait `Debug`, but this is intentionally ignored during dead code analysis
[INFO] [stderr]    = note: `#[warn(dead_code)]` on by default
[INFO] [stderr] 
[INFO] [stderr] warning: enum `SpreadsheetCell` is never used
[INFO] [stderr]   --> src/vector.rs:37:6
[INFO] [stderr]    |
[INFO] [stderr] 37 | enum SpreadsheetCell{
[INFO] [stderr]    |      ^^^^^^^^^^^^^^^
[INFO] [stderr] 
[INFO] [stderr] warning: function `vector_enum` is never used
[INFO] [stderr]   --> src/vector.rs:43:8
[INFO] [stderr]    |
[INFO] [stderr] 43 | pub fn vector_enum() {
[INFO] [stderr]    |        ^^^^^^^^^^^
[INFO] [stderr] 
[INFO] [stderr] warning: method `mix` is never used
[INFO] [stderr]   --> src/generic.rs:19:8
[INFO] [stderr]    |
[INFO] [stderr] 19 |     fn mix<V, W>(self, other: Point<V, W>) -> Point<T, W> {
[INFO] [stderr]    |        ^^^
[INFO] [stderr] 
[INFO] [stderr] warning: field `part` is never read
[INFO] [stderr]   --> src/life_time.rs:40:5
[INFO] [stderr]    |
[INFO] [stderr] 39 | struct ImportantExcerpt<'a> {
[INFO] [stderr]    |        ---------------- field in this struct
[INFO] [stderr] 40 |     part: &'a str,
[INFO] [stderr]    |     ^^^^
[INFO] [stderr] 
[INFO] [stderr] warning: function `longest_with_an_announcement` is never used
[INFO] [stderr]   --> src/life_time.rs:69:4
[INFO] [stderr]    |
[INFO] [stderr] 69 | fn longest_with_an_announcement<'a, T>(
[INFO] [stderr]    |    ^^^^^^^^^^^^^^^^^^^^^^^^^^^^
[INFO] [stderr] 
[INFO] [stderr] warning: method `level` is never used
[INFO] [stderr]   --> src/life_time.rs:45:8
[INFO] [stderr]    |
[INFO] [stderr] 45 |     fn level(&self) -> i32 {
[INFO] [stderr]    |        ^^^^^
[INFO] [stderr] 
[INFO] [stderr] warning: method `announce_and_return_part` is never used
[INFO] [stderr]   --> src/life_time.rs:49:8
[INFO] [stderr]    |
[INFO] [stderr] 49 |     fn announce_and_return_part(&self, announcement: &str) -> &str {
[INFO] [stderr]    |        ^^^^^^^^^^^^^^^^^^^^^^^^
[INFO] [stderr] 
[INFO] [stderr] warning: function `main` is never used
[INFO] [stderr]  --> src/accepting_command_line_arguments.rs:6:8
[INFO] [stderr]   |
[INFO] [stderr] 6 | pub fn main() {
[INFO] [stderr]   |        ^^^^
[INFO] [stderr] 
[INFO] [stderr] warning: function `run` is never used
[INFO] [stderr]   --> src/accepting_command_line_arguments.rs:26:4
[INFO] [stderr]    |
[INFO] [stderr] 26 | fn run(config: Config) -> Result<(), Box<dyn Error>> {
[INFO] [stderr]    |    ^^^
[INFO] [stderr] 
[INFO] [stderr] warning: struct `Config` is never constructed
[INFO] [stderr]   --> src/accepting_command_line_arguments.rs:41:8
[INFO] [stderr]    |
[INFO] [stderr] 41 | struct Config {
[INFO] [stderr]    |        ^^^^^^
[INFO] [stderr] 
[INFO] [stderr] warning: function `search_case_insensitive` is never used
[INFO] [stderr]   --> src/accepting_command_line_arguments.rs:95:8
[INFO] [stderr]    |
[INFO] [stderr] 95 | pub fn search_case_insensitive<'a>(
[INFO] [stderr]    |        ^^^^^^^^^^^^^^^^^^^^^^^
[INFO] [stderr] 
[INFO] [stderr] warning: associated function `new` is never used
[INFO] [stderr]   --> src/accepting_command_line_arguments.rs:49:8
[INFO] [stderr]    |
[INFO] [stderr] 49 |     fn new(mut args: std::env::Args) -> Result<Config, &'static str> {
[INFO] [stderr]    |        ^^^
[INFO] [stderr] 
[INFO] [stderr] warning: fields `width` and `height` are never read
[INFO] [stderr]    --> src/function_closures.rs:177:5
[INFO] [stderr]     |
[INFO] [stderr] 176 | struct Rectangle {
[INFO] [stderr]     |        --------- fields in this struct
[INFO] [stderr] 177 |     width: u32,
[INFO] [stderr]     |     ^^^^^
[INFO] [stderr] 178 |     height: u32,
[INFO] [stderr]     |     ^^^^^^
[INFO] [stderr]     |
[INFO] [stderr]     = note: `Rectangle` has a derived impl for the trait `Debug`, but this is intentionally ignored during dead code analysis
[INFO] [stderr] 
[INFO] [stderr] warning: function `sort_by_key` is never used
[INFO] [stderr]    --> src/function_closures.rs:181:8
[INFO] [stderr]     |
[INFO] [stderr] 181 | pub fn sort_by_key() {
[INFO] [stderr]     |        ^^^^^^^^^^^
[INFO] [stderr] 
[INFO] [stderr] warning: function `produce_new_iterators` is never used
[INFO] [stderr]    --> src/function_closures.rs:272:8
[INFO] [stderr]     |
[INFO] [stderr] 272 | pub fn produce_new_iterators() {
[INFO] [stderr]     |        ^^^^^^^^^^^^^^^^^^^^^
[INFO] [stderr] 
[INFO] [stderr] warning: function `use_iterators` is never used
[INFO] [stderr]    --> src/function_closures.rs:207:12
[INFO] [stderr]     |
[INFO] [stderr] 207 |     pub fn use_iterators() {
[INFO] [stderr]     |            ^^^^^^^^^^^^^
[INFO] [stderr] 
[INFO] [stderr] warning: variable `Ipaddr4` should have a snake case name
[INFO] [stderr]   --> src/enum.rs:22:9
[INFO] [stderr]    |
[INFO] [stderr] 22 |     let Ipaddr4 = Ipaddr {
[INFO] [stderr]    |         ^^^^^^^ help: convert the identifier to snake case (notice the capitalization): `ipaddr4`
[INFO] [stderr]    |
[INFO] [stderr]    = note: `#[warn(non_snake_case)]` on by default
[INFO] [stderr] 
[INFO] [stderr] warning: variable `Ipaddr6` should have a snake case name
[INFO] [stderr]   --> src/enum.rs:27:9
[INFO] [stderr]    |
[INFO] [stderr] 27 |     let Ipaddr6 = Ipaddr {
[INFO] [stderr]    |         ^^^^^^^ help: convert the identifier to snake case (notice the capitalization): `ipaddr6`
[INFO] [stderr] 
[INFO] [stderr] warning: variable `Ipaddri` should have a snake case name
[INFO] [stderr]   --> src/enum.rs:59:14
[INFO] [stderr]    |
[INFO] [stderr] 59 |         Some(Ipaddri) => Some(a.unwrap() + 1),
[INFO] [stderr]    |              ^^^^^^^ help: convert the identifier to snake case (notice the capitalization): `ipaddri`
[INFO] [stderr] 
[INFO] [stderr] warning: unused `Result` that must be used
[INFO] [stderr]   --> src/result_enum.rs:16:5
[INFO] [stderr]    |
[INFO] [stderr] 16 |     read_username_from_file();
[INFO] [stderr]    |     ^^^^^^^^^^^^^^^^^^^^^^^^^
[INFO] [stderr]    |
[INFO] [stderr]    = note: this `Result` may be an `Err` variant, which should be handled
[INFO] [stderr]    = note: `#[warn(unused_must_use)]` on by default
[INFO] [stderr] 
[INFO] [stderr] warning: variable `importantExcerpt` should have a snake case name
[INFO] [stderr]   --> src/life_time.rs:10:9
[INFO] [stderr]    |
[INFO] [stderr] 10 |     let importantExcerpt = ImportantExcerpt {
[INFO] [stderr]    |         ^^^^^^^^^^^^^^^^ help: convert the identifier to snake case: `important_excerpt`
[INFO] [stderr] 
[INFO] [stderr] warning: unused import: `rust_project_demo`
[INFO] [stderr]  --> tests/integration_test.rs:1:5
[INFO] [stderr]   |
[INFO] [stderr] 1 | use rust_project_demo;
[INFO] [stderr]   |     ^^^^^^^^^^^^^^^^^
[INFO] [stderr]   |
[INFO] [stderr]   = note: `#[warn(unused_imports)]` on by default
[INFO] [stderr] 
[INFO] [stderr] warning: function `add_two` is never used
[INFO] [stderr]    --> src/struct.rs:108:8
[INFO] [stderr]     |
[INFO] [stderr] 108 | pub fn add_two(a: i32) -> i32 {
[INFO] [stderr]     |        ^^^^^^^
[INFO] [stderr]     |
[INFO] [stderr]     = note: `#[warn(dead_code)]` on by default
[INFO] [stderr] 
[INFO] [stderr] warning: function `greeting` is never used
[INFO] [stderr]    --> src/struct.rs:112:8
[INFO] [stderr]     |
[INFO] [stderr] 112 | pub fn greeting(name: &str) -> String {
[INFO] [stderr]     |        ^^^^^^^^
[INFO] [stderr] 
[INFO] [stderr] warning: field `address` is never read
[INFO] [stderr]   --> src/enum.rs:15:5
[INFO] [stderr]    |
[INFO] [stderr] 13 | struct Ipaddr {
[INFO] [stderr]    |        ------ field in this struct
[INFO] [stderr] 14 |     iptype: Ipaddrtype,
[INFO] [stderr] 15 |     address: String,
[INFO] [stderr]    |     ^^^^^^^
[INFO] [stderr]    |
[INFO] [stderr]    = note: `Ipaddr` has a derived impl for the trait `Debug`, but this is intentionally ignored during dead code analysis
[INFO] [stderr] 
[INFO] [stderr] warning: function `search` is never used
[INFO] [stderr]   --> src/accepting_command_line_arguments.rs:82:8
[INFO] [stderr]    |
[INFO] [stderr] 82 | pub fn search<'a>(query: &str, contents: &'a str) -> Vec<&'a str> {
[INFO] [stderr]    |        ^^^^^^
[INFO] [stderr] 
[INFO] [stderr] warning: associated function `new` is never used
[INFO] [stderr]    --> src/function_closures.rs:287:8
[INFO] [stderr]     |
[INFO] [stderr] 287 |     fn new() -> Counter {
[INFO] [stderr]     |        ^^^
[INFO] [stderr] 
[INFO] [stderr] warning: unused import: `rust_project_demo`
[INFO] [stderr]  --> tests/another_integration_test.rs:1:5
[INFO] [stderr]   |
[INFO] [stderr] 1 | use rust_project_demo;
[INFO] [stderr]   |     ^^^^^^^^^^^^^^^^^
[INFO] [stderr]   |
[INFO] [stderr]   = note: `#[warn(unused_imports)]` on by default
[INFO] [stderr] 
[INFO] [stderr] warning: `rust_project_demo` (test "result_test") generated 1 warning
[INFO] [stderr] warning: `rust_project_demo` (bin "rust_project_demo" test) generated 45 warnings (run `cargo fix --bin "rust_project_demo" --tests` to apply 23 suggestions)
[INFO] [stderr] warning: `rust_project_demo` (test "integration_test") generated 1 warning (run `cargo fix --test "integration_test"` to apply 1 suggestion)
[INFO] [stderr] warning: `rust_project_demo` (bin "rust_project_demo") generated 48 warnings (43 duplicates)
[INFO] [stderr] warning: `rust_project_demo` (test "another_integration_test") generated 1 warning (run `cargo fix --test "another_integration_test"` to apply 1 suggestion)
[INFO] [stderr]     Finished test [optimized + debuginfo] target(s) in 0.03s
[INFO] [stderr]      Running unittests src/lib.rs (/opt/rustwide/target/debug/deps/rust_project_demo-f918b7699e971aaf)
[INFO] [stdout] 
[INFO] [stdout] running 0 tests
[INFO] [stdout] 
[INFO] [stdout] test result: ok. 0 passed; 0 failed; 0 ignored; 0 measured; 0 filtered out; finished in 0.00s
[INFO] [stdout] 
[INFO] [stderr]      Running unittests src/main.rs (/opt/rustwide/target/debug/deps/rust_project_demo-3c9f86410e8e2349)
[INFO] [stdout] 
[INFO] [stdout] running 11 tests
[INFO] [stdout] test function_closures::tests::iterator_sum ... ok
[INFO] [stdout] test function_closures::tests::using_iterator_trait_method ... ok
[INFO] [stdout] test r#struct::tests::it_works ... ok
[INFO] [stdout] test r#struct::tests::larger_can_hold_smaller ... ignored
[INFO] [stdout] test accepting_command_line_arguments::tests::one_result ... ok
[INFO] [stdout] test function_closures::tests::consumer_iterator ... ok
[INFO] [stdout] test function_closures::tests::call_with_different_vaules ... ok
[INFO] [stdout] test r#struct::tests::it_adds_two ... ok
[INFO] [stdout] test function_closures::tests::iterator_demonstration ... ok
[INFO] [stdout] test r#struct::tests::another ... FAILED
[INFO] [stdout] test r#struct::tests::greeting_contains_name ... FAILED
[INFO] [stdout] 
[INFO] [stdout] failures:
[INFO] [stdout] 
[INFO] [stdout] ---- r#struct::tests::another stdout ----
[INFO] [stdout] thread 'r#struct::tests::another' panicked at 'Make this test fail', src/struct.rs:69:9
[INFO] [stdout] stack backtrace:
[INFO] [stdout]    0:     0x559124fc54aa - std::backtrace_rs::backtrace::libunwind::trace::ha9053a9a07ca49cb
[INFO] [stdout]                                at /rustc/84c898d65adf2f39a5a98507f1fe0ce10a2b8dbc/library/std/src/../../backtrace/src/backtrace/libunwind.rs:93:5
[INFO] [stdout]    1:     0x559124fc54aa - std::backtrace_rs::backtrace::trace_unsynchronized::h9c2852a457ad564e
[INFO] [stdout]                                at /rustc/84c898d65adf2f39a5a98507f1fe0ce10a2b8dbc/library/std/src/../../backtrace/src/backtrace/mod.rs:66:5
[INFO] [stdout]    2:     0x559124fc54aa - std::sys_common::backtrace::_print_fmt::h457936fbfaa0070f
[INFO] [stdout]                                at /rustc/84c898d65adf2f39a5a98507f1fe0ce10a2b8dbc/library/std/src/sys_common/backtrace.rs:65:5
[INFO] [stdout]    3:     0x559124fc54aa - <std::sys_common::backtrace::_print::DisplayBacktrace as core::fmt::Display>::fmt::h5779d7bf7f70cb0c
[INFO] [stdout]                                at /rustc/84c898d65adf2f39a5a98507f1fe0ce10a2b8dbc/library/std/src/sys_common/backtrace.rs:44:22
[INFO] [stdout]    4:     0x559124fe8b3e - core::fmt::write::h5a4baaff1bcd3eb5
[INFO] [stdout]                                at /rustc/84c898d65adf2f39a5a98507f1fe0ce10a2b8dbc/library/core/src/fmt/mod.rs:1232:17
[INFO] [stdout]    5:     0x559124fc2925 - std::io::Write::write_fmt::h478f79c628ef31d1
[INFO] [stdout]                                at /rustc/84c898d65adf2f39a5a98507f1fe0ce10a2b8dbc/library/std/src/io/mod.rs:1684:15
[INFO] [stdout]    6:     0x559124fc5275 - std::sys_common::backtrace::_print::h5fcdc36060f177e8
[INFO] [stdout]                                at /rustc/84c898d65adf2f39a5a98507f1fe0ce10a2b8dbc/library/std/src/sys_common/backtrace.rs:47:5
[INFO] [stdout]    7:     0x559124fc5275 - std::sys_common::backtrace::print::h54ca9458b876c8bf
[INFO] [stdout]                                at /rustc/84c898d65adf2f39a5a98507f1fe0ce10a2b8dbc/library/std/src/sys_common/backtrace.rs:34:9
[INFO] [stdout]    8:     0x559124fc703f - std::panicking::default_hook::{{closure}}::hbe471161c7664ed6
[INFO] [stdout]                                at /rustc/84c898d65adf2f39a5a98507f1fe0ce10a2b8dbc/library/std/src/panicking.rs:271:22
[INFO] [stdout]    9:     0x559124fc6cff - std::panicking::default_hook::ha3500da57aa4ac4f
[INFO] [stdout]                                at /rustc/84c898d65adf2f39a5a98507f1fe0ce10a2b8dbc/library/std/src/panicking.rs:287:9
[INFO] [stdout]   10:     0x559124f997c7 - <alloc::boxed::Box<F,A> as core::ops::function::Fn<Args>>::call::hdf1b89dd137ece34
[INFO] [stdout]                                at /rustc/84c898d65adf2f39a5a98507f1fe0ce10a2b8dbc/library/alloc/src/boxed.rs:2001:9
[INFO] [stdout]   11:     0x559124f997c7 - test::test_main::{{closure}}::h9081a79f20e75698
[INFO] [stdout]                                at /rustc/84c898d65adf2f39a5a98507f1fe0ce10a2b8dbc/library/test/src/lib.rs:135:21
[INFO] [stdout]   12:     0x559124fc776d - <alloc::boxed::Box<F,A> as core::ops::function::Fn<Args>>::call::h6507bddc3eebb4a5
[INFO] [stdout]                                at /rustc/84c898d65adf2f39a5a98507f1fe0ce10a2b8dbc/library/alloc/src/boxed.rs:2001:9
[INFO] [stdout]   13:     0x559124fc776d - std::panicking::rust_panic_with_hook::h50c09d000dc561d2
[INFO] [stdout]                                at /rustc/84c898d65adf2f39a5a98507f1fe0ce10a2b8dbc/library/std/src/panicking.rs:696:13
[INFO] [stdout]   14:     0x559124fc74a2 - std::panicking::begin_panic_handler::{{closure}}::h9e2b2176e00e0d9c
[INFO] [stdout]                                at /rustc/84c898d65adf2f39a5a98507f1fe0ce10a2b8dbc/library/std/src/panicking.rs:581:13
[INFO] [stdout]   15:     0x559124fc5916 - std::sys_common::backtrace::__rust_end_short_backtrace::h5739b8e512c09d02
[INFO] [stdout]                                at /rustc/84c898d65adf2f39a5a98507f1fe0ce10a2b8dbc/library/std/src/sys_common/backtrace.rs:150:18
[INFO] [stdout]   16:     0x559124fc71f2 - rust_begin_unwind
[INFO] [stdout]                                at /rustc/84c898d65adf2f39a5a98507f1fe0ce10a2b8dbc/library/std/src/panicking.rs:579:5
[INFO] [stdout]   17:     0x559124f67f13 - core::panicking::panic_fmt::hf33a1475b4dc5c3e
[INFO] [stdout]                                at /rustc/84c898d65adf2f39a5a98507f1fe0ce10a2b8dbc/library/core/src/panicking.rs:64:14
[INFO] [stdout]   18:     0x559124f69ea9 - rust_project_demo::struct::tests::another::h600bc119db0cf592
[INFO] [stdout]                                at /opt/rustwide/workdir/src/struct.rs:69:9
[INFO] [stdout]   19:     0x559124f68c96 - rust_project_demo::struct::tests::another::{{closure}}::hc7dd1d0cf3c2e924
[INFO] [stdout]                                at /opt/rustwide/workdir/src/struct.rs:68:18
[INFO] [stdout]   20:     0x559124f68c96 - core::ops::function::FnOnce::call_once::h7d7579b7e14efd38
[INFO] [stdout]                                at /rustc/84c898d65adf2f39a5a98507f1fe0ce10a2b8dbc/library/core/src/ops/function.rs:250:5
[INFO] [stdout]   21:     0x559124f9ebaf - core::ops::function::FnOnce::call_once::h7d969581be7d0075
[INFO] [stdout]                                at /rustc/84c898d65adf2f39a5a98507f1fe0ce10a2b8dbc/library/core/src/ops/function.rs:250:5
[INFO] [stdout]   22:     0x559124f9ebaf - test::__rust_begin_short_backtrace::hca25a52684e56655
[INFO] [stdout]                                at /rustc/84c898d65adf2f39a5a98507f1fe0ce10a2b8dbc/library/test/src/lib.rs:656:18
[INFO] [stdout]   23:     0x559124f701cc - test::run_test::{{closure}}::ha8ac744c4af1a4bb
[INFO] [stdout]                                at /rustc/84c898d65adf2f39a5a98507f1fe0ce10a2b8dbc/library/test/src/lib.rs:647:30
[INFO] [stdout]   24:     0x559124f701cc - core::ops::function::FnOnce::call_once{{vtable.shim}}::h7b411a9ed45bdecf
[INFO] [stdout]                                at /rustc/84c898d65adf2f39a5a98507f1fe0ce10a2b8dbc/library/core/src/ops/function.rs:250:5
[INFO] [stdout]   25:     0x559124f9db76 - <alloc::boxed::Box<F,A> as core::ops::function::FnOnce<Args>>::call_once::hd05328869a8ed200
[INFO] [stdout]                                at /rustc/84c898d65adf2f39a5a98507f1fe0ce10a2b8dbc/library/alloc/src/boxed.rs:1987:9
[INFO] [stdout]   26:     0x559124f9db76 - <core::panic::unwind_safe::AssertUnwindSafe<F> as core::ops::function::FnOnce<()>>::call_once::h0c601ce20bd5b2be
[INFO] [stdout]                                at /rustc/84c898d65adf2f39a5a98507f1fe0ce10a2b8dbc/library/core/src/panic/unwind_safe.rs:271:9
[INFO] [stdout]   27:     0x559124f9db76 - std::panicking::try::do_call::ha4be5c164fe30854
[INFO] [stdout]                                at /rustc/84c898d65adf2f39a5a98507f1fe0ce10a2b8dbc/library/std/src/panicking.rs:487:40
[INFO] [stdout]   28:     0x559124f9db76 - std::panicking::try::h604546f3609af05f
[INFO] [stdout]                                at /rustc/84c898d65adf2f39a5a98507f1fe0ce10a2b8dbc/library/std/src/panicking.rs:451:19
[INFO] [stdout]   29:     0x559124f9db76 - std::panic::catch_unwind::h5bfa8afe44c9c2f9
[INFO] [stdout]                                at /rustc/84c898d65adf2f39a5a98507f1fe0ce10a2b8dbc/library/std/src/panic.rs:140:14
[INFO] [stdout]   30:     0x559124f9db76 - test::run_test_in_process::hd50dee55dd63e6aa
[INFO] [stdout]                                at /rustc/84c898d65adf2f39a5a98507f1fe0ce10a2b8dbc/library/test/src/lib.rs:679:27
[INFO] [stdout]   31:     0x559124f9db76 - test::run_test::run_test_inner::{{closure}}::h4aa0f433aa85cea8
[INFO] [stdout]                                at /rustc/84c898d65adf2f39a5a98507f1fe0ce10a2b8dbc/library/test/src/lib.rs:573:39
[INFO] [stdout]   32:     0x559124f6a841 - test::run_test::run_test_inner::{{closure}}::had56431adf24b4d6
[INFO] [stdout]                                at /rustc/84c898d65adf2f39a5a98507f1fe0ce10a2b8dbc/library/test/src/lib.rs:600:37
[INFO] [stdout]   33:     0x559124f6a841 - std::sys_common::backtrace::__rust_begin_short_backtrace::ha8d9890e0c73bf13
[INFO] [stdout]                                at /rustc/84c898d65adf2f39a5a98507f1fe0ce10a2b8dbc/library/std/src/sys_common/backtrace.rs:134:18
[INFO] [stdout]   34:     0x559124f7025b - std::thread::Builder::spawn_unchecked_::{{closure}}::{{closure}}::h251832bcb4a95327
[INFO] [stdout]                                at /rustc/84c898d65adf2f39a5a98507f1fe0ce10a2b8dbc/library/std/src/thread/mod.rs:560:17
[INFO] [stdout]   35:     0x559124f7025b - <core::panic::unwind_safe::AssertUnwindSafe<F> as core::ops::function::FnOnce<()>>::call_once::h8fdff598fa414831
[INFO] [stdout]                                at /rustc/84c898d65adf2f39a5a98507f1fe0ce10a2b8dbc/library/core/src/panic/unwind_safe.rs:271:9
[INFO] [stdout]   36:     0x559124f7025b - std::panicking::try::do_call::h455dd2f7764a950f
[INFO] [stdout]                                at /rustc/84c898d65adf2f39a5a98507f1fe0ce10a2b8dbc/library/std/src/panicking.rs:487:40
[INFO] [stdout]   37:     0x559124f7025b - std::panicking::try::had6f23b7b73ae72a
[INFO] [stdout]                                at /rustc/84c898d65adf2f39a5a98507f1fe0ce10a2b8dbc/library/std/src/panicking.rs:451:19
[INFO] [stdout]   38:     0x559124f7025b - std::panic::catch_unwind::ha6a5ca3915b4dad0
[INFO] [stdout]                                at /rustc/84c898d65adf2f39a5a98507f1fe0ce10a2b8dbc/library/std/src/panic.rs:140:14
[INFO] [stdout]   39:     0x559124f7025b - std::thread::Builder::spawn_unchecked_::{{closure}}::h883b72ef75da6231
[INFO] [stdout]                                at /rustc/84c898d65adf2f39a5a98507f1fe0ce10a2b8dbc/library/std/src/thread/mod.rs:559:30
[INFO] [stdout]   40:     0x559124f7025b - core::ops::function::FnOnce::call_once{{vtable.shim}}::hb7dff73dc8bd2ccb
[INFO] [stdout]                                at /rustc/84c898d65adf2f39a5a98507f1fe0ce10a2b8dbc/library/core/src/ops/function.rs:250:5
[INFO] [stdout]   41:     0x559124fcbad3 - <alloc::boxed::Box<F,A> as core::ops::function::FnOnce<Args>>::call_once::h39990b24eedef2ab
[INFO] [stdout]                                at /rustc/84c898d65adf2f39a5a98507f1fe0ce10a2b8dbc/library/alloc/src/boxed.rs:1987:9
[INFO] [stdout]   42:     0x559124fcbad3 - <alloc::boxed::Box<F,A> as core::ops::function::FnOnce<Args>>::call_once::h01a027258444143b
[INFO] [stdout]                                at /rustc/84c898d65adf2f39a5a98507f1fe0ce10a2b8dbc/library/alloc/src/boxed.rs:1987:9
[INFO] [stdout]   43:     0x559124fcbad3 - std::sys::unix::thread::Thread::new::thread_start::ha4f1cdd9c25884ba
[INFO] [stdout]                                at /rustc/84c898d65adf2f39a5a98507f1fe0ce10a2b8dbc/library/std/src/sys/unix/thread.rs:108:17
[INFO] [stdout]   44:     0x7fe56cd69b43 - <unknown>
[INFO] [stdout]   45:     0x7fe56cdfabb4 - __clone
[INFO] [stdout]   46:                0x0 - <unknown>
[INFO] [stdout] 
[INFO] [stdout] ---- r#struct::tests::greeting_contains_name stdout ----
[INFO] [stdout] thread 'r#struct::tests::greeting_contains_name' panicked at 'Greeting did not contain name, value was `Hello!`', src/struct.rs:100:9
[INFO] [stdout] stack backtrace:
[INFO] [stdout]    0:     0x559124fc54aa - std::backtrace_rs::backtrace::libunwind::trace::ha9053a9a07ca49cb
[INFO] [stdout]                                at /rustc/84c898d65adf2f39a5a98507f1fe0ce10a2b8dbc/library/std/src/../../backtrace/src/backtrace/libunwind.rs:93:5
[INFO] [stdout]    1:     0x559124fc54aa - std::backtrace_rs::backtrace::trace_unsynchronized::h9c2852a457ad564e
[INFO] [stdout]                                at /rustc/84c898d65adf2f39a5a98507f1fe0ce10a2b8dbc/library/std/src/../../backtrace/src/backtrace/mod.rs:66:5
[INFO] [stdout]    2:     0x559124fc54aa - std::sys_common::backtrace::_print_fmt::h457936fbfaa0070f
[INFO] [stdout]                                at /rustc/84c898d65adf2f39a5a98507f1fe0ce10a2b8dbc/library/std/src/sys_common/backtrace.rs:65:5
[INFO] [stdout]    3:     0x559124fc54aa - <std::sys_common::backtrace::_print::DisplayBacktrace as core::fmt::Display>::fmt::h5779d7bf7f70cb0c
[INFO] [stdout]                                at /rustc/84c898d65adf2f39a5a98507f1fe0ce10a2b8dbc/library/std/src/sys_common/backtrace.rs:44:22
[INFO] [stdout]    4:     0x559124fe8b3e - core::fmt::write::h5a4baaff1bcd3eb5
[INFO] [stdout]                                at /rustc/84c898d65adf2f39a5a98507f1fe0ce10a2b8dbc/library/core/src/fmt/mod.rs:1232:17
[INFO] [stdout]    5:     0x559124fc2925 - std::io::Write::write_fmt::h478f79c628ef31d1
[INFO] [stdout]                                at /rustc/84c898d65adf2f39a5a98507f1fe0ce10a2b8dbc/library/std/src/io/mod.rs:1684:15
[INFO] [stdout]    6:     0x559124fc5275 - std::sys_common::backtrace::_print::h5fcdc36060f177e8
[INFO] [stdout]                                at /rustc/84c898d65adf2f39a5a98507f1fe0ce10a2b8dbc/library/std/src/sys_common/backtrace.rs:47:5
[INFO] [stdout]    7:     0x559124fc5275 - std::sys_common::backtrace::print::h54ca9458b876c8bf
[INFO] [stdout]                                at /rustc/84c898d65adf2f39a5a98507f1fe0ce10a2b8dbc/library/std/src/sys_common/backtrace.rs:34:9
[INFO] [stdout]    8:     0x559124fc703f - std::panicking::default_hook::{{closure}}::hbe471161c7664ed6
[INFO] [stdout]                                at /rustc/84c898d65adf2f39a5a98507f1fe0ce10a2b8dbc/library/std/src/panicking.rs:271:22
[INFO] [stdout]    9:     0x559124fc6cff - std::panicking::default_hook::ha3500da57aa4ac4f
[INFO] [stdout]                                at /rustc/84c898d65adf2f39a5a98507f1fe0ce10a2b8dbc/library/std/src/panicking.rs:287:9
[INFO] [stdout]   10:     0x559124f997c7 - <alloc::boxed::Box<F,A> as core::ops::function::Fn<Args>>::call::hdf1b89dd137ece34
[INFO] [stdout]                                at /rustc/84c898d65adf2f39a5a98507f1fe0ce10a2b8dbc/library/alloc/src/boxed.rs:2001:9
[INFO] [stdout]   11:     0x559124f997c7 - test::test_main::{{closure}}::h9081a79f20e75698
[INFO] [stdout]                                at /rustc/84c898d65adf2f39a5a98507f1fe0ce10a2b8dbc/library/test/src/lib.rs:135:21
[INFO] [stdout]   12:     0x559124fc776d - <alloc::boxed::Box<F,A> as core::ops::function::Fn<Args>>::call::h6507bddc3eebb4a5
[INFO] [stdout]                                at /rustc/84c898d65adf2f39a5a98507f1fe0ce10a2b8dbc/library/alloc/src/boxed.rs:2001:9
[INFO] [stdout]   13:     0x559124fc776d - std::panicking::rust_panic_with_hook::h50c09d000dc561d2
[INFO] [stdout]                                at /rustc/84c898d65adf2f39a5a98507f1fe0ce10a2b8dbc/library/std/src/panicking.rs:696:13
[INFO] [stdout]   14:     0x559124fc74e9 - std::panicking::begin_panic_handler::{{closure}}::h9e2b2176e00e0d9c
[INFO] [stdout]                                at /rustc/84c898d65adf2f39a5a98507f1fe0ce10a2b8dbc/library/std/src/panicking.rs:583:13
[INFO] [stdout]   15:     0x559124fc5916 - std::sys_common::backtrace::__rust_end_short_backtrace::h5739b8e512c09d02
[INFO] [stdout]                                at /rustc/84c898d65adf2f39a5a98507f1fe0ce10a2b8dbc/library/std/src/sys_common/backtrace.rs:150:18
[INFO] [stdout]   16:     0x559124fc71f2 - rust_begin_unwind
[INFO] [stdout]                                at /rustc/84c898d65adf2f39a5a98507f1fe0ce10a2b8dbc/library/std/src/panicking.rs:579:5
[INFO] [stdout]   17:     0x559124f67f13 - core::panicking::panic_fmt::hf33a1475b4dc5c3e
[INFO] [stdout]                                at /rustc/84c898d65adf2f39a5a98507f1fe0ce10a2b8dbc/library/core/src/panicking.rs:64:14
[INFO] [stdout]   18:     0x559124f6a33e - rust_project_demo::struct::tests::greeting_contains_name::hdd880098a6f7cc41
[INFO] [stdout]                                at /opt/rustwide/workdir/src/struct.rs:100:9
[INFO] [stdout]   19:     0x559124f68c39 - rust_project_demo::struct::tests::greeting_contains_name::{{closure}}::h70c72085a7988d21
[INFO] [stdout]                                at /opt/rustwide/workdir/src/struct.rs:98:33
[INFO] [stdout]   20:     0x559124f68c39 - core::ops::function::FnOnce::call_once::h39bbd84282effefe
[INFO] [stdout]                                at /rustc/84c898d65adf2f39a5a98507f1fe0ce10a2b8dbc/library/core/src/ops/function.rs:250:5
[INFO] [stdout]   21:     0x559124f9ebaf - core::ops::function::FnOnce::call_once::h7d969581be7d0075
[INFO] [stdout]                                at /rustc/84c898d65adf2f39a5a98507f1fe0ce10a2b8dbc/library/core/src/ops/function.rs:250:5
[INFO] [stdout]   22:     0x559124f9ebaf - test::__rust_begin_short_backtrace::hca25a52684e56655
[INFO] [stdout]                                at /rustc/84c898d65adf2f39a5a98507f1fe0ce10a2b8dbc/library/test/src/lib.rs:656:18
[INFO] [stdout]   23:     0x559124f701cc - test::run_test::{{closure}}::ha8ac744c4af1a4bb
[INFO] [stdout]                                at /rustc/84c898d65adf2f39a5a98507f1fe0ce10a2b8dbc/library/test/src/lib.rs:647:30
[INFO] [stdout]   24:     0x559124f701cc - core::ops::function::FnOnce::call_once{{vtable.shim}}::h7b411a9ed45bdecf
[INFO] [stdout]                                at /rustc/84c898d65adf2f39a5a98507f1fe0ce10a2b8dbc/library/core/src/ops/function.rs:250:5
[INFO] [stdout]   25:     0x559124f9db76 - <alloc::boxed::Box<F,A> as core::ops::function::FnOnce<Args>>::call_once::hd05328869a8ed200
[INFO] [stdout]                                at /rustc/84c898d65adf2f39a5a98507f1fe0ce10a2b8dbc/library/alloc/src/boxed.rs:1987:9
[INFO] [stdout]   26:     0x559124f9db76 - <core::panic::unwind_safe::AssertUnwindSafe<F> as core::ops::function::FnOnce<()>>::call_once::h0c601ce20bd5b2be
[INFO] [stdout]                                at /rustc/84c898d65adf2f39a5a98507f1fe0ce10a2b8dbc/library/core/src/panic/unwind_safe.rs:271:9
[INFO] [stdout]   27:     0x559124f9db76 - std::panicking::try::do_call::ha4be5c164fe30854
[INFO] [stdout]                                at /rustc/84c898d65adf2f39a5a98507f1fe0ce10a2b8dbc/library/std/src/panicking.rs:487:40
[INFO] [stdout]   28:     0x559124f9db76 - std::panicking::try::h604546f3609af05f
[INFO] [stdout]                                at /rustc/84c898d65adf2f39a5a98507f1fe0ce10a2b8dbc/library/std/src/panicking.rs:451:19
[INFO] [stdout]   29:     0x559124f9db76 - std::panic::catch_unwind::h5bfa8afe44c9c2f9
[INFO] [stdout]                                at /rustc/84c898d65adf2f39a5a98507f1fe0ce10a2b8dbc/library/std/src/panic.rs:140:14
[INFO] [stdout]   30:     0x559124f9db76 - test::run_test_in_process::hd50dee55dd63e6aa
[INFO] [stdout]                                at /rustc/84c898d65adf2f39a5a98507f1fe0ce10a2b8dbc/library/test/src/lib.rs:679:27
[INFO] [stdout]   31:     0x559124f9db76 - test::run_test::run_test_inner::{{closure}}::h4aa0f433aa85cea8
[INFO] [stdout]                                at /rustc/84c898d65adf2f39a5a98507f1fe0ce10a2b8dbc/library/test/src/lib.rs:573:39
[INFO] [stdout]   32:     0x559124f6a841 - test::run_test::run_test_inner::{{closure}}::had56431adf24b4d6
[INFO] [stdout]                                at /rustc/84c898d65adf2f39a5a98507f1fe0ce10a2b8dbc/library/test/src/lib.rs:600:37
[INFO] [stdout]   33:     0x559124f6a841 - std::sys_common::backtrace::__rust_begin_short_backtrace::ha8d9890e0c73bf13
[INFO] [stdout]                                at /rustc/84c898d65adf2f39a5a98507f1fe0ce10a2b8dbc/library/std/src/sys_common/backtrace.rs:134:18
[INFO] [stdout]   34:     0x559124f7025b - std::thread::Builder::spawn_unchecked_::{{closure}}::{{closure}}::h251832bcb4a95327
[INFO] [stdout]                                at /rustc/84c898d65adf2f39a5a98507f1fe0ce10a2b8dbc/library/std/src/thread/mod.rs:560:17
[INFO] [stdout]   35:     0x559124f7025b - <core::panic::unwind_safe::AssertUnwindSafe<F> as core::ops::function::FnOnce<()>>::call_once::h8fdff598fa414831
[INFO] [stdout]                                at /rustc/84c898d65adf2f39a5a98507f1fe0ce10a2b8dbc/library/core/src/panic/unwind_safe.rs:271:9
[INFO] [stdout]   36:     0x559124f7025b - std::panicking::try::do_call::h455dd2f7764a950f
[INFO] [stdout]                                at /rustc/84c898d65adf2f39a5a98507f1fe0ce10a2b8dbc/library/std/src/panicking.rs:487:40
[INFO] [stdout]   37:     0x559124f7025b - std::panicking::try::had6f23b7b73ae72a
[INFO] [stdout]                                at /rustc/84c898d65adf2f39a5a98507f1fe0ce10a2b8dbc/library/std/src/panicking.rs:451:19
[INFO] [stdout]   38:     0x559124f7025b - std::panic::catch_unwind::ha6a5ca3915b4dad0
[INFO] [stdout]                                at /rustc/84c898d65adf2f39a5a98507f1fe0ce10a2b8dbc/library/std/src/panic.rs:140:14
[INFO] [stdout]   39:     0x559124f7025b - std::thread::Builder::spawn_unchecked_::{{closure}}::h883b72ef75da6231
[INFO] [stdout]                                at /rustc/84c898d65adf2f39a5a98507f1fe0ce10a2b8dbc/library/std/src/thread/mod.rs:559:30
[INFO] [stdout]   40:     0x559124f7025b - core::ops::function::FnOnce::call_once{{vtable.shim}}::hb7dff73dc8bd2ccb
[INFO] [stdout]                                at /rustc/84c898d65adf2f39a5a98507f1fe0ce10a2b8dbc/library/core/src/ops/function.rs:250:5
[INFO] [stdout]   41:     0x559124fcbad3 - <alloc::boxed::Box<F,A> as core::ops::function::FnOnce<Args>>::call_once::h39990b24eedef2ab
[INFO] [stdout]                                at /rustc/84c898d65adf2f39a5a98507f1fe0ce10a2b8dbc/library/alloc/src/boxed.rs:1987:9
[INFO] [stdout]   42:     0x559124fcbad3 - <alloc::boxed::Box<F,A> as core::ops::function::FnOnce<Args>>::call_once::h01a027258444143b
[INFO] [stdout]                                at /rustc/84c898d65adf2f39a5a98507f1fe0ce10a2b8dbc/library/alloc/src/boxed.rs:1987:9
[INFO] [stdout]   43:     0x559124fcbad3 - std::sys::unix::thread::Thread::new::thread_start::ha4f1cdd9c25884ba
[INFO] [stdout]                                at /rustc/84c898d65adf2f39a5a98507f1fe0ce10a2b8dbc/library/std/src/sys/unix/thread.rs:108:17
[INFO] [stdout]   44:     0x7fe56cd69b43 - <unknown>
[INFO] [stdout]   45:     0x7fe56cdfabb4 - __clone
[INFO] [stdout]   46:                0x0 - <unknown>
[INFO] [stdout] 
[INFO] [stdout] 
[INFO] [stdout] failures:
[INFO] [stdout]     r#struct::tests::another
[INFO] [stdout]     r#struct::tests::greeting_contains_name
[INFO] [stdout] 
[INFO] [stdout] test result: FAILED. 8 passed; 2 failed; 1 ignored; 0 measured; 0 filtered out; finished in 0.04s
[INFO] [stdout] 
[INFO] [stderr] error: test failed, to rerun pass `--bin rust_project_demo`
[INFO] running `Command { std: "docker" "inspect" "e6f18ca423c96c9a6570f6f757949761076f317e576703075041786e4747b453", kill_on_drop: false }`
[INFO] running `Command { std: "docker" "rm" "-f" "e6f18ca423c96c9a6570f6f757949761076f317e576703075041786e4747b453", kill_on_drop: false }`
[INFO] [stdout] e6f18ca423c96c9a6570f6f757949761076f317e576703075041786e4747b453
