[INFO] fetching crate rust_ga 0.1.8...
[INFO] testing rust_ga-0.1.8 against beta-2023-04-20 for beta-1.70-1
[INFO] extracting crate rust_ga 0.1.8 into /workspace/builds/worker-2-tc2/source
[INFO] validating manifest of crates.io crate rust_ga 0.1.8 on toolchain beta-2023-04-20
[INFO] running `Command { std: CARGO_HOME="/workspace/cargo-home" RUSTUP_HOME="/workspace/rustup-home" "/workspace/cargo-home/bin/cargo" "+beta-2023-04-20" "metadata" "--manifest-path" "Cargo.toml" "--no-deps", kill_on_drop: false }`
[INFO] started tweaking crates.io crate rust_ga 0.1.8
[INFO] finished tweaking crates.io crate rust_ga 0.1.8
[INFO] tweaked toml for crates.io crate rust_ga 0.1.8 written to /workspace/builds/worker-2-tc2/source/Cargo.toml
[INFO] running `Command { std: CARGO_HOME="/workspace/cargo-home" RUSTUP_HOME="/workspace/rustup-home" __CARGO_TEST_CHANNEL_OVERRIDE_DO_NOT_USE_THIS="nightly" "/workspace/cargo-home/bin/cargo" "+beta-2023-04-20" "generate-lockfile" "--manifest-path" "Cargo.toml" "-Zno-index-update", kill_on_drop: false }`
[INFO] running `Command { std: CARGO_HOME="/workspace/cargo-home" RUSTUP_HOME="/workspace/rustup-home" "/workspace/cargo-home/bin/cargo" "+beta-2023-04-20" "fetch" "--manifest-path" "Cargo.toml", kill_on_drop: false }`
[INFO] running `Command { std: "docker" "create" "-v" "/var/lib/crater-agent-workspace/builds/worker-2-tc2/target:/opt/rustwide/target:rw,Z" "-v" "/var/lib/crater-agent-workspace/builds/worker-2-tc2/source:/opt/rustwide/workdir:ro,Z" "-v" "/var/lib/crater-agent-workspace/cargo-home:/opt/rustwide/cargo-home:ro,Z" "-v" "/var/lib/crater-agent-workspace/rustup-home:/opt/rustwide/rustup-home:ro,Z" "-e" "SOURCE_DIR=/opt/rustwide/workdir" "-e" "CARGO_TARGET_DIR=/opt/rustwide/target" "-e" "CARGO_HOME=/opt/rustwide/cargo-home" "-e" "RUSTUP_HOME=/opt/rustwide/rustup-home" "-w" "/opt/rustwide/workdir" "-m" "1610612736" "--user" "0:0" "--network" "none" "ghcr.io/rust-lang/crates-build-env/linux@sha256:5ff2268d62e97bff2cde7d5815dd6ed5b47097566f13b8d0ca110b04b60e07ed" "/opt/rustwide/cargo-home/bin/cargo" "+beta-2023-04-20" "metadata" "--no-deps" "--format-version=1", kill_on_drop: false }`
[INFO] [stdout] e602a88ee0ee85b18a902f6fb30864e0153951b2a529a8921a0ef29f2e6d6e3d
[INFO] running `Command { std: "docker" "start" "-a" "e602a88ee0ee85b18a902f6fb30864e0153951b2a529a8921a0ef29f2e6d6e3d", kill_on_drop: false }`
[INFO] running `Command { std: "docker" "inspect" "e602a88ee0ee85b18a902f6fb30864e0153951b2a529a8921a0ef29f2e6d6e3d", kill_on_drop: false }`
[INFO] running `Command { std: "docker" "rm" "-f" "e602a88ee0ee85b18a902f6fb30864e0153951b2a529a8921a0ef29f2e6d6e3d", kill_on_drop: false }`
[INFO] [stdout] e602a88ee0ee85b18a902f6fb30864e0153951b2a529a8921a0ef29f2e6d6e3d
[INFO] running `Command { std: "docker" "create" "-v" "/var/lib/crater-agent-workspace/builds/worker-2-tc2/target:/opt/rustwide/target:rw,Z" "-v" "/var/lib/crater-agent-workspace/builds/worker-2-tc2/source:/opt/rustwide/workdir:ro,Z" "-v" "/var/lib/crater-agent-workspace/cargo-home:/opt/rustwide/cargo-home:ro,Z" "-v" "/var/lib/crater-agent-workspace/rustup-home:/opt/rustwide/rustup-home:ro,Z" "-e" "SOURCE_DIR=/opt/rustwide/workdir" "-e" "CARGO_TARGET_DIR=/opt/rustwide/target" "-e" "CARGO_INCREMENTAL=0" "-e" "RUST_BACKTRACE=full" "-e" "RUSTFLAGS=--cap-lints=warn" "-e" "RUSTDOCFLAGS=--cap-lints=warn" "-e" "CARGO_HOME=/opt/rustwide/cargo-home" "-e" "RUSTUP_HOME=/opt/rustwide/rustup-home" "-w" "/opt/rustwide/workdir" "-m" "1610612736" "--user" "0:0" "--network" "none" "ghcr.io/rust-lang/crates-build-env/linux@sha256:5ff2268d62e97bff2cde7d5815dd6ed5b47097566f13b8d0ca110b04b60e07ed" "/opt/rustwide/cargo-home/bin/cargo" "+beta-2023-04-20" "build" "--frozen" "--message-format=json", kill_on_drop: false }`
[INFO] [stdout] acfe37789df936197843efda590131e08dda21b63b33c913b312b46c29ad2946
[INFO] running `Command { std: "docker" "start" "-a" "acfe37789df936197843efda590131e08dda21b63b33c913b312b46c29ad2946", kill_on_drop: false }`
[INFO] [stderr]    Compiling libc v0.2.142
[INFO] [stderr]    Compiling getrandom v0.1.16
[INFO] [stderr]    Compiling ppv-lite86 v0.2.17
[INFO] [stderr]    Compiling rand_core v0.5.1
[INFO] [stderr]    Compiling rand_chacha v0.2.2
[INFO] [stderr]    Compiling rand v0.7.3
[INFO] [stderr]    Compiling rust_ga v0.1.8 (/opt/rustwide/workdir)
[INFO] [stderr]     Finished dev [unoptimized + debuginfo] target(s) in 3.31s
[INFO] running `Command { std: "docker" "inspect" "acfe37789df936197843efda590131e08dda21b63b33c913b312b46c29ad2946", kill_on_drop: false }`
[INFO] running `Command { std: "docker" "rm" "-f" "acfe37789df936197843efda590131e08dda21b63b33c913b312b46c29ad2946", kill_on_drop: false }`
[INFO] [stdout] acfe37789df936197843efda590131e08dda21b63b33c913b312b46c29ad2946
[INFO] running `Command { std: "docker" "create" "-v" "/var/lib/crater-agent-workspace/builds/worker-2-tc2/target:/opt/rustwide/target:rw,Z" "-v" "/var/lib/crater-agent-workspace/builds/worker-2-tc2/source:/opt/rustwide/workdir:ro,Z" "-v" "/var/lib/crater-agent-workspace/cargo-home:/opt/rustwide/cargo-home:ro,Z" "-v" "/var/lib/crater-agent-workspace/rustup-home:/opt/rustwide/rustup-home:ro,Z" "-e" "SOURCE_DIR=/opt/rustwide/workdir" "-e" "CARGO_TARGET_DIR=/opt/rustwide/target" "-e" "CARGO_INCREMENTAL=0" "-e" "RUST_BACKTRACE=full" "-e" "RUSTFLAGS=--cap-lints=warn" "-e" "RUSTDOCFLAGS=--cap-lints=warn" "-e" "CARGO_HOME=/opt/rustwide/cargo-home" "-e" "RUSTUP_HOME=/opt/rustwide/rustup-home" "-w" "/opt/rustwide/workdir" "-m" "1610612736" "--user" "0:0" "--network" "none" "ghcr.io/rust-lang/crates-build-env/linux@sha256:5ff2268d62e97bff2cde7d5815dd6ed5b47097566f13b8d0ca110b04b60e07ed" "/opt/rustwide/cargo-home/bin/cargo" "+beta-2023-04-20" "test" "--frozen" "--no-run" "--message-format=json", kill_on_drop: false }`
[INFO] [stdout] 4ad009635d1bbe9e25511eeb866311ffa161ff31262f2ac9d40a0a1e92a25e2d
[INFO] running `Command { std: "docker" "start" "-a" "4ad009635d1bbe9e25511eeb866311ffa161ff31262f2ac9d40a0a1e92a25e2d", kill_on_drop: false }`
[INFO] [stderr]    Compiling rust_ga v0.1.8 (/opt/rustwide/workdir)
[INFO] [stderr]     Finished test [unoptimized + debuginfo] target(s) in 0.60s
[INFO] running `Command { std: "docker" "inspect" "4ad009635d1bbe9e25511eeb866311ffa161ff31262f2ac9d40a0a1e92a25e2d", kill_on_drop: false }`
[INFO] running `Command { std: "docker" "rm" "-f" "4ad009635d1bbe9e25511eeb866311ffa161ff31262f2ac9d40a0a1e92a25e2d", kill_on_drop: false }`
[INFO] [stdout] 4ad009635d1bbe9e25511eeb866311ffa161ff31262f2ac9d40a0a1e92a25e2d
[INFO] running `Command { std: "docker" "create" "-v" "/var/lib/crater-agent-workspace/builds/worker-2-tc2/target:/opt/rustwide/target:rw,Z" "-v" "/var/lib/crater-agent-workspace/builds/worker-2-tc2/source:/opt/rustwide/workdir:ro,Z" "-v" "/var/lib/crater-agent-workspace/cargo-home:/opt/rustwide/cargo-home:ro,Z" "-v" "/var/lib/crater-agent-workspace/rustup-home:/opt/rustwide/rustup-home:ro,Z" "-e" "SOURCE_DIR=/opt/rustwide/workdir" "-e" "CARGO_TARGET_DIR=/opt/rustwide/target" "-e" "CARGO_INCREMENTAL=0" "-e" "RUST_BACKTRACE=full" "-e" "RUSTFLAGS=--cap-lints=warn" "-e" "RUSTDOCFLAGS=--cap-lints=warn" "-e" "CARGO_HOME=/opt/rustwide/cargo-home" "-e" "RUSTUP_HOME=/opt/rustwide/rustup-home" "-w" "/opt/rustwide/workdir" "-m" "1610612736" "--user" "0:0" "--network" "none" "ghcr.io/rust-lang/crates-build-env/linux@sha256:5ff2268d62e97bff2cde7d5815dd6ed5b47097566f13b8d0ca110b04b60e07ed" "/opt/rustwide/cargo-home/bin/cargo" "+beta-2023-04-20" "test" "--frozen", kill_on_drop: false }`
[INFO] [stdout] 9afe4152e0147c3cbe7a0bf2b7380f6206abe4a6fabf929b4938c4245b357a08
[INFO] running `Command { std: "docker" "start" "-a" "9afe4152e0147c3cbe7a0bf2b7380f6206abe4a6fabf929b4938c4245b357a08", kill_on_drop: false }`
[INFO] [stderr]     Finished test [unoptimized + debuginfo] target(s) in 0.01s
[INFO] [stderr]      Running unittests src/lib.rs (/opt/rustwide/target/debug/deps/rust_ga-f97b52ea7944f12d)
[INFO] [stdout] 
[INFO] [stdout] running 1 test
[INFO] [stdout] test tests::test_shakespear ... ok
[INFO] [stdout] 
[INFO] [stdout] test result: ok. 1 passed; 0 failed; 0 ignored; 0 measured; 0 filtered out; finished in 2.89s
[INFO] [stdout] 
[INFO] [stderr]    Doc-tests rust_ga
[INFO] [stdout] 
[INFO] [stdout] running 2 tests
[INFO] [stdout] test src/ga.rs - ga::Population<T>::new (line 29) ... FAILED
[INFO] [stdout] test src/ga.rs - ga::Population<T>::next_generation (line 84) ... FAILED
[INFO] [stdout] 
[INFO] [stdout] failures:
[INFO] [stdout] 
[INFO] [stdout] ---- src/ga.rs - ga::Population<T>::new (line 29) stdout ----
[INFO] [stdout] error[E0412]: cannot find type `Population` in this scope
[INFO] [stdout]  --> src/ga.rs:31:21
[INFO] [stdout]   |
[INFO] [stdout] 4 | let mut population: Population<Gene> = Population::new(size);
[INFO] [stdout]   |                     ^^^^^^^^^^ not found in this scope
[INFO] [stdout]   |
[INFO] [stdout] help: consider importing this struct
[INFO] [stdout]   |
[INFO] [stdout] 3 + use rust_ga::Population;
[INFO] [stdout]   |
[INFO] [stdout] 
[INFO] [stdout] error[E0412]: cannot find type `Gene` in this scope
[INFO] [stdout]  --> src/ga.rs:31:32
[INFO] [stdout]   |
[INFO] [stdout] 4 | let mut population: Population<Gene> = Population::new(size);
[INFO] [stdout]   |                                ^^^^ not found in this scope
[INFO] [stdout]   |
[INFO] [stdout] help: you might be missing a type parameter
[INFO] [stdout]   |
[INFO] [stdout] 3 | fn main() { #[allow(non_snake_case)] fn _doctest_main_src_ga_rs_29_0<Gene>() {
[INFO] [stdout]   |                                                                     ++++++
[INFO] [stdout] 
[INFO] [stdout] error[E0433]: failed to resolve: use of undeclared type `Population`
[INFO] [stdout]  --> src/ga.rs:31:40
[INFO] [stdout]   |
[INFO] [stdout] 4 | let mut population: Population<Gene> = Population::new(size);
[INFO] [stdout]   |                                        ^^^^^^^^^^ use of undeclared type `Population`
[INFO] [stdout]   |
[INFO] [stdout] help: consider importing this struct
[INFO] [stdout]   |
[INFO] [stdout] 3 + use rust_ga::Population;
[INFO] [stdout]   |
[INFO] [stdout] 
[INFO] [stdout] error[E0425]: cannot find value `size` in this scope
[INFO] [stdout]  --> src/ga.rs:31:56
[INFO] [stdout]   |
[INFO] [stdout] 4 | let mut population: Population<Gene> = Population::new(size);
[INFO] [stdout]   |                                                        ^^^^ not found in this scope
[INFO] [stdout] 
[INFO] [stdout] error: aborting due to 4 previous errors
[INFO] [stdout] 
[INFO] [stdout] Some errors have detailed explanations: E0412, E0425, E0433.
[INFO] [stdout] For more information about an error, try `rustc --explain E0412`.
[INFO] [stdout] Couldn't compile the test.
[INFO] [stdout] ---- src/ga.rs - ga::Population<T>::next_generation (line 84) stdout ----
[INFO] [stdout] error[E0425]: cannot find value `num_generations` in this scope
[INFO] [stdout]  --> src/ga.rs:85:13
[INFO] [stdout]   |
[INFO] [stdout] 3 | for _ in 0..num_generations {
[INFO] [stdout]   |             ^^^^^^^^^^^^^^^ not found in this scope
[INFO] [stdout]   |
[INFO] [stdout] help: you might have meant to write `.` instead of `..`
[INFO] [stdout]   |
[INFO] [stdout] 3 - for _ in 0..num_generations {
[INFO] [stdout] 3 + for _ in 0.num_generations {
[INFO] [stdout]   |
[INFO] [stdout] 
[INFO] [stdout] error[E0425]: cannot find value `population` in this scope
[INFO] [stdout]  --> src/ga.rs:86:5
[INFO] [stdout]   |
[INFO] [stdout] 4 |     population.live();
[INFO] [stdout]   |     ^^^^^^^^^^ not found in this scope
[INFO] [stdout] 
[INFO] [stdout] error[E0425]: cannot find value `population` in this scope
[INFO] [stdout]  --> src/ga.rs:87:5
[INFO] [stdout]   |
[INFO] [stdout] 5 |     population.next_generation();
[INFO] [stdout]   |     ^^^^^^^^^^ not found in this scope
[INFO] [stdout] 
[INFO] [stdout] error: aborting due to 3 previous errors
[INFO] [stdout] 
[INFO] [stdout] For more information about this error, try `rustc --explain E0425`.
[INFO] [stdout] Couldn't compile the test.
[INFO] [stdout] 
[INFO] [stdout] failures:
[INFO] [stdout]     src/ga.rs - ga::Population<T>::new (line 29)
[INFO] [stdout]     src/ga.rs - ga::Population<T>::next_generation (line 84)
[INFO] [stdout] 
[INFO] [stdout] test result: FAILED. 0 passed; 2 failed; 0 ignored; 0 measured; 0 filtered out; finished in 0.10s
[INFO] [stdout] 
[INFO] [stderr] error: doctest failed, to rerun pass `--doc`
[INFO] running `Command { std: "docker" "inspect" "9afe4152e0147c3cbe7a0bf2b7380f6206abe4a6fabf929b4938c4245b357a08", kill_on_drop: false }`
[INFO] running `Command { std: "docker" "rm" "-f" "9afe4152e0147c3cbe7a0bf2b7380f6206abe4a6fabf929b4938c4245b357a08", kill_on_drop: false }`
[INFO] [stdout] 9afe4152e0147c3cbe7a0bf2b7380f6206abe4a6fabf929b4938c4245b357a08
