[INFO] fetching crate rust-easy-router 0.1.1...
[INFO] testing rust-easy-router-0.1.1 against beta-2023-04-20 for beta-1.70-1
[INFO] extracting crate rust-easy-router 0.1.1 into /workspace/builds/worker-2-tc2/source
[INFO] validating manifest of crates.io crate rust-easy-router 0.1.1 on toolchain beta-2023-04-20
[INFO] running `Command { std: CARGO_HOME="/workspace/cargo-home" RUSTUP_HOME="/workspace/rustup-home" "/workspace/cargo-home/bin/cargo" "+beta-2023-04-20" "metadata" "--manifest-path" "Cargo.toml" "--no-deps", kill_on_drop: false }`
[INFO] started tweaking crates.io crate rust-easy-router 0.1.1
[INFO] finished tweaking crates.io crate rust-easy-router 0.1.1
[INFO] tweaked toml for crates.io crate rust-easy-router 0.1.1 written to /workspace/builds/worker-2-tc2/source/Cargo.toml
[INFO] running `Command { std: CARGO_HOME="/workspace/cargo-home" RUSTUP_HOME="/workspace/rustup-home" __CARGO_TEST_CHANNEL_OVERRIDE_DO_NOT_USE_THIS="nightly" "/workspace/cargo-home/bin/cargo" "+beta-2023-04-20" "generate-lockfile" "--manifest-path" "Cargo.toml" "-Zno-index-update", kill_on_drop: false }`
[INFO] running `Command { std: CARGO_HOME="/workspace/cargo-home" RUSTUP_HOME="/workspace/rustup-home" "/workspace/cargo-home/bin/cargo" "+beta-2023-04-20" "fetch" "--manifest-path" "Cargo.toml", kill_on_drop: false }`
[INFO] running `Command { std: "docker" "create" "-v" "/var/lib/crater-agent-workspace/builds/worker-2-tc2/target:/opt/rustwide/target:rw,Z" "-v" "/var/lib/crater-agent-workspace/builds/worker-2-tc2/source:/opt/rustwide/workdir:ro,Z" "-v" "/var/lib/crater-agent-workspace/cargo-home:/opt/rustwide/cargo-home:ro,Z" "-v" "/var/lib/crater-agent-workspace/rustup-home:/opt/rustwide/rustup-home:ro,Z" "-e" "SOURCE_DIR=/opt/rustwide/workdir" "-e" "CARGO_TARGET_DIR=/opt/rustwide/target" "-e" "CARGO_HOME=/opt/rustwide/cargo-home" "-e" "RUSTUP_HOME=/opt/rustwide/rustup-home" "-w" "/opt/rustwide/workdir" "-m" "1610612736" "--user" "0:0" "--network" "none" "ghcr.io/rust-lang/crates-build-env/linux@sha256:5ff2268d62e97bff2cde7d5815dd6ed5b47097566f13b8d0ca110b04b60e07ed" "/opt/rustwide/cargo-home/bin/cargo" "+beta-2023-04-20" "metadata" "--no-deps" "--format-version=1", kill_on_drop: false }`
[INFO] [stdout] 7fb941ee594c289068cafa602b5b9f29171cf07a0f92f207a1b7fc2c6aac8cd1
[INFO] running `Command { std: "docker" "start" "-a" "7fb941ee594c289068cafa602b5b9f29171cf07a0f92f207a1b7fc2c6aac8cd1", kill_on_drop: false }`
[INFO] running `Command { std: "docker" "inspect" "7fb941ee594c289068cafa602b5b9f29171cf07a0f92f207a1b7fc2c6aac8cd1", kill_on_drop: false }`
[INFO] running `Command { std: "docker" "rm" "-f" "7fb941ee594c289068cafa602b5b9f29171cf07a0f92f207a1b7fc2c6aac8cd1", kill_on_drop: false }`
[INFO] [stdout] 7fb941ee594c289068cafa602b5b9f29171cf07a0f92f207a1b7fc2c6aac8cd1
[INFO] running `Command { std: "docker" "create" "-v" "/var/lib/crater-agent-workspace/builds/worker-2-tc2/target:/opt/rustwide/target:rw,Z" "-v" "/var/lib/crater-agent-workspace/builds/worker-2-tc2/source:/opt/rustwide/workdir:ro,Z" "-v" "/var/lib/crater-agent-workspace/cargo-home:/opt/rustwide/cargo-home:ro,Z" "-v" "/var/lib/crater-agent-workspace/rustup-home:/opt/rustwide/rustup-home:ro,Z" "-e" "SOURCE_DIR=/opt/rustwide/workdir" "-e" "CARGO_TARGET_DIR=/opt/rustwide/target" "-e" "CARGO_INCREMENTAL=0" "-e" "RUST_BACKTRACE=full" "-e" "RUSTFLAGS=--cap-lints=warn" "-e" "RUSTDOCFLAGS=--cap-lints=warn" "-e" "CARGO_HOME=/opt/rustwide/cargo-home" "-e" "RUSTUP_HOME=/opt/rustwide/rustup-home" "-w" "/opt/rustwide/workdir" "-m" "1610612736" "--user" "0:0" "--network" "none" "ghcr.io/rust-lang/crates-build-env/linux@sha256:5ff2268d62e97bff2cde7d5815dd6ed5b47097566f13b8d0ca110b04b60e07ed" "/opt/rustwide/cargo-home/bin/cargo" "+beta-2023-04-20" "build" "--frozen" "--message-format=json", kill_on_drop: false }`
[INFO] [stdout] b4339e8f3a5bd3e63541fc8c477b04dd3a3b63159aeb38eb6deb412af938f496
[INFO] running `Command { std: "docker" "start" "-a" "b4339e8f3a5bd3e63541fc8c477b04dd3a3b63159aeb38eb6deb412af938f496", kill_on_drop: false }`
[INFO] [stderr]    Compiling rand_core v0.4.2
[INFO] [stderr]    Compiling libc v0.2.142
[INFO] [stderr]    Compiling version_check v0.1.5
[INFO] [stderr]    Compiling siphasher v0.2.3
[INFO] [stderr]    Compiling log v0.4.17
[INFO] [stderr]    Compiling rand_chacha v0.1.1
[INFO] [stderr]    Compiling rand_pcg v0.1.2
[INFO] [stderr]    Compiling rand v0.6.5
[INFO] [stderr]    Compiling traitobject v0.1.0
[INFO] [stderr]    Compiling rand_core v0.3.1
[INFO] [stderr]    Compiling rand_isaac v0.1.1
[INFO] [stderr]    Compiling rand_hc v0.1.0
[INFO] [stderr]    Compiling rand_xorshift v0.1.1
[INFO] [stderr]    Compiling rand_jitter v0.1.4
[INFO] [stderr]    Compiling unicase v1.4.2
[INFO] [stderr]    Compiling unsafe-any v0.4.2
[INFO] [stderr]    Compiling safemem v0.3.3
[INFO] [stderr]    Compiling typeable v0.1.2
[INFO] [stderr]    Compiling typemap v0.3.3
[INFO] [stderr]    Compiling language-tags v0.2.2
[INFO] [stderr]    Compiling modifier v0.1.0
[INFO] [stderr]    Compiling base64 v0.9.3
[INFO] [stderr]    Compiling plugin v0.2.6
[INFO] [stderr]    Compiling log v0.3.9
[INFO] [stderr]    Compiling mime v0.2.6
[INFO] [stderr]    Compiling rand_os v0.1.3
[INFO] [stderr]    Compiling phf_shared v0.7.24
[INFO] [stderr]    Compiling num_cpus v1.15.0
[INFO] [stderr]    Compiling time v0.1.45
[INFO] [stderr]    Compiling phf v0.7.24
[INFO] [stderr]    Compiling hyper v0.10.16
[INFO] [stderr]    Compiling phf_generator v0.7.24
[INFO] [stderr]    Compiling phf_codegen v0.7.24
[INFO] [stderr]    Compiling mime_guess v1.8.8
[INFO] [stderr]    Compiling iron v0.6.1
[INFO] [stderr]    Compiling rust-easy-router v0.1.1 (/opt/rustwide/workdir)
[INFO] [stderr]     Finished dev [unoptimized + debuginfo] target(s) in 9.40s
[INFO] [stderr] warning: the following packages contain code that will be rejected by a future version of Rust: traitobject v0.1.0
[INFO] [stderr] note: to see what the problems were, use the option `--future-incompat-report`, or run `cargo report future-incompatibilities --id 2`
[INFO] running `Command { std: "docker" "inspect" "b4339e8f3a5bd3e63541fc8c477b04dd3a3b63159aeb38eb6deb412af938f496", kill_on_drop: false }`
[INFO] running `Command { std: "docker" "rm" "-f" "b4339e8f3a5bd3e63541fc8c477b04dd3a3b63159aeb38eb6deb412af938f496", kill_on_drop: false }`
[INFO] [stdout] b4339e8f3a5bd3e63541fc8c477b04dd3a3b63159aeb38eb6deb412af938f496
[INFO] running `Command { std: "docker" "create" "-v" "/var/lib/crater-agent-workspace/builds/worker-2-tc2/target:/opt/rustwide/target:rw,Z" "-v" "/var/lib/crater-agent-workspace/builds/worker-2-tc2/source:/opt/rustwide/workdir:ro,Z" "-v" "/var/lib/crater-agent-workspace/cargo-home:/opt/rustwide/cargo-home:ro,Z" "-v" "/var/lib/crater-agent-workspace/rustup-home:/opt/rustwide/rustup-home:ro,Z" "-e" "SOURCE_DIR=/opt/rustwide/workdir" "-e" "CARGO_TARGET_DIR=/opt/rustwide/target" "-e" "CARGO_INCREMENTAL=0" "-e" "RUST_BACKTRACE=full" "-e" "RUSTFLAGS=--cap-lints=warn" "-e" "RUSTDOCFLAGS=--cap-lints=warn" "-e" "CARGO_HOME=/opt/rustwide/cargo-home" "-e" "RUSTUP_HOME=/opt/rustwide/rustup-home" "-w" "/opt/rustwide/workdir" "-m" "1610612736" "--user" "0:0" "--network" "none" "ghcr.io/rust-lang/crates-build-env/linux@sha256:5ff2268d62e97bff2cde7d5815dd6ed5b47097566f13b8d0ca110b04b60e07ed" "/opt/rustwide/cargo-home/bin/cargo" "+beta-2023-04-20" "test" "--frozen" "--no-run" "--message-format=json", kill_on_drop: false }`
[INFO] [stdout] 7017898f5328b682a59c9ef9601f099b2ead0c49fdca3eaf7966365c531670ec
[INFO] running `Command { std: "docker" "start" "-a" "7017898f5328b682a59c9ef9601f099b2ead0c49fdca3eaf7966365c531670ec", kill_on_drop: false }`
[INFO] [stderr]    Compiling rust-easy-router v0.1.1 (/opt/rustwide/workdir)
[INFO] [stdout] warning: unused variable: `res`
[INFO] [stdout]   --> src/lib.rs:91:13
[INFO] [stdout]    |
[INFO] [stdout] 91 |         let res = body.read_to_string(&mut buf);
[INFO] [stdout]    |             ^^^ help: if this is intentional, prefix it with an underscore: `_res`
[INFO] [stdout]    |
[INFO] [stdout]    = note: `#[warn(unused_variables)]` on by default
[INFO] [stdout] 
[INFO] [stdout] 
[INFO] [stdout] warning: unused variable: `handle`
[INFO] [stdout]    --> src/lib.rs:108:13
[INFO] [stdout]     |
[INFO] [stdout] 108 |         let handle = move |_req: &mut Request| -> IronResult<Response> {
[INFO] [stdout]     |             ^^^^^^ help: if this is intentional, prefix it with an underscore: `_handle`
[INFO] [stdout] 
[INFO] [stdout] 
[INFO] [stdout] warning: 2 warnings emitted
[INFO] [stdout] 
[INFO] [stdout] 
[INFO] [stderr]     Finished test [unoptimized + debuginfo] target(s) in 0.92s
[INFO] [stderr] warning: the following packages contain code that will be rejected by a future version of Rust: traitobject v0.1.0
[INFO] [stderr] note: to see what the problems were, use the option `--future-incompat-report`, or run `cargo report future-incompatibilities --id 2`
[INFO] running `Command { std: "docker" "inspect" "7017898f5328b682a59c9ef9601f099b2ead0c49fdca3eaf7966365c531670ec", kill_on_drop: false }`
[INFO] running `Command { std: "docker" "rm" "-f" "7017898f5328b682a59c9ef9601f099b2ead0c49fdca3eaf7966365c531670ec", kill_on_drop: false }`
[INFO] [stdout] 7017898f5328b682a59c9ef9601f099b2ead0c49fdca3eaf7966365c531670ec
[INFO] running `Command { std: "docker" "create" "-v" "/var/lib/crater-agent-workspace/builds/worker-2-tc2/target:/opt/rustwide/target:rw,Z" "-v" "/var/lib/crater-agent-workspace/builds/worker-2-tc2/source:/opt/rustwide/workdir:ro,Z" "-v" "/var/lib/crater-agent-workspace/cargo-home:/opt/rustwide/cargo-home:ro,Z" "-v" "/var/lib/crater-agent-workspace/rustup-home:/opt/rustwide/rustup-home:ro,Z" "-e" "SOURCE_DIR=/opt/rustwide/workdir" "-e" "CARGO_TARGET_DIR=/opt/rustwide/target" "-e" "CARGO_INCREMENTAL=0" "-e" "RUST_BACKTRACE=full" "-e" "RUSTFLAGS=--cap-lints=warn" "-e" "RUSTDOCFLAGS=--cap-lints=warn" "-e" "CARGO_HOME=/opt/rustwide/cargo-home" "-e" "RUSTUP_HOME=/opt/rustwide/rustup-home" "-w" "/opt/rustwide/workdir" "-m" "1610612736" "--user" "0:0" "--network" "none" "ghcr.io/rust-lang/crates-build-env/linux@sha256:5ff2268d62e97bff2cde7d5815dd6ed5b47097566f13b8d0ca110b04b60e07ed" "/opt/rustwide/cargo-home/bin/cargo" "+beta-2023-04-20" "test" "--frozen", kill_on_drop: false }`
[INFO] [stdout] 05a2c5ccf18e36c7dd6156d2bc069580d2024aeacfe83efbac3cdf0f7b15dba9
[INFO] running `Command { std: "docker" "start" "-a" "05a2c5ccf18e36c7dd6156d2bc069580d2024aeacfe83efbac3cdf0f7b15dba9", kill_on_drop: false }`
[INFO] [stderr] warning: unused variable: `res`
[INFO] [stderr]   --> src/lib.rs:91:13
[INFO] [stderr]    |
[INFO] [stderr] 91 |         let res = body.read_to_string(&mut buf);
[INFO] [stderr]    |             ^^^ help: if this is intentional, prefix it with an underscore: `_res`
[INFO] [stderr]    |
[INFO] [stderr]    = note: `#[warn(unused_variables)]` on by default
[INFO] [stderr] 
[INFO] [stderr] warning: unused variable: `handle`
[INFO] [stderr]    --> src/lib.rs:108:13
[INFO] [stderr]     |
[INFO] [stderr] 108 |         let handle = move |_req: &mut Request| -> IronResult<Response> {
[INFO] [stderr]     |             ^^^^^^ help: if this is intentional, prefix it with an underscore: `_handle`
[INFO] [stderr] 
[INFO] [stderr] warning: `rust-easy-router` (lib test) generated 2 warnings (run `cargo fix --lib -p rust-easy-router --tests` to apply 2 suggestions)
[INFO] [stderr]     Finished test [unoptimized + debuginfo] target(s) in 0.04s
[INFO] [stderr] warning: the following packages contain code that will be rejected by a future version of Rust: traitobject v0.1.0
[INFO] [stderr] note: to see what the problems were, use the option `--future-incompat-report`, or run `cargo report future-incompatibilities --id 2`
[INFO] [stderr]      Running unittests src/lib.rs (/opt/rustwide/target/debug/deps/rust_easy_router-71bb848c67c2c42f)
[INFO] [stdout] 
[INFO] [stderr]    Doc-tests rust-easy-router
[INFO] [stdout] running 1 test
[INFO] [stdout] test tests::test_router ... ok
[INFO] [stdout] 
[INFO] [stdout] test result: ok. 1 passed; 0 failed; 0 ignored; 0 measured; 0 filtered out; finished in 0.00s
[INFO] [stdout] 
[INFO] [stdout] 
[INFO] [stdout] running 3 tests
[INFO] [stdout] test src/lib.rs - (line 8) ... FAILED
[INFO] [stdout] test src/lib.rs - Router::get (line 247) ... FAILED
[INFO] [stderr] error: doctest failed, to rerun pass `--doc`
[INFO] [stdout] test src/lib.rs - MatchableUrl::new (line 153) ... FAILED
[INFO] [stdout] 
[INFO] [stdout] failures:
[INFO] [stdout] 
[INFO] [stdout] ---- src/lib.rs - (line 8) stdout ----
[INFO] [stdout] error: crate name using dashes are not valid in `extern crate` statements
[INFO] [stdout]  --> src/lib.rs:8:14
[INFO] [stdout]   |
[INFO] [stdout] 2 | extern crate rust-easy-router;
[INFO] [stdout]   |              ^^^^^^^^^^^^^^^^ dash-separated idents are not valid
[INFO] [stdout]   |
[INFO] [stdout] help: if the original crate name uses dashes you need to use underscores in the code
[INFO] [stdout]   |
[INFO] [stdout] 2 | extern crate rust_easy_router;
[INFO] [stdout]   |                  ~    ~
[INFO] [stdout] 
[INFO] [stdout] error: expected one of `::`, `;`, or `as`, found `-`
[INFO] [stdout]  --> src/lib.rs:11:9
[INFO] [stdout]   |
[INFO] [stdout] 5 | use rust-easy-router::*;
[INFO] [stdout]   |         ^ expected one of `::`, `;`, or `as`
[INFO] [stdout] 
[INFO] [stdout] error: aborting due to 2 previous errors
[INFO] [stdout] 
[INFO] [stdout] Couldn't compile the test.
[INFO] [stdout] ---- src/lib.rs - Router::get (line 247) stdout ----
[INFO] [stdout] error[E0425]: cannot find value `router` in this scope
[INFO] [stdout]  --> src/lib.rs:248:1
[INFO] [stdout]   |
[INFO] [stdout] 3 | router.get("/user/:id/:album/:image");
[INFO] [stdout]   | ^^^^^^ not found in this scope
[INFO] [stdout] 
[INFO] [stdout] error: aborting due to previous error
[INFO] [stdout] 
[INFO] [stdout] For more information about this error, try `rustc --explain E0425`.
[INFO] [stdout] Couldn't compile the test.
[INFO] [stdout] ---- src/lib.rs - MatchableUrl::new (line 153) stdout ----
[INFO] [stdout] error[E0433]: failed to resolve: use of undeclared type `MatchableUrl`
[INFO] [stdout]  --> src/lib.rs:154:9
[INFO] [stdout]   |
[INFO] [stdout] 3 | let m = MatchableUrl::new("/user/:id");
[INFO] [stdout]   |         ^^^^^^^^^^^^ use of undeclared type `MatchableUrl`
[INFO] [stdout] 
[INFO] [stdout] error: aborting due to previous error
[INFO] [stdout] 
[INFO] [stdout] For more information about this error, try `rustc --explain E0433`.
[INFO] [stdout] Couldn't compile the test.
[INFO] [stdout] 
[INFO] [stdout] failures:
[INFO] [stdout]     src/lib.rs - (line 8)
[INFO] [stdout]     src/lib.rs - MatchableUrl::new (line 153)
[INFO] [stdout]     src/lib.rs - Router::get (line 247)
[INFO] [stdout] 
[INFO] [stdout] test result: FAILED. 0 passed; 3 failed; 0 ignored; 0 measured; 0 filtered out; finished in 0.08s
[INFO] [stdout] 
[INFO] running `Command { std: "docker" "inspect" "05a2c5ccf18e36c7dd6156d2bc069580d2024aeacfe83efbac3cdf0f7b15dba9", kill_on_drop: false }`
[INFO] running `Command { std: "docker" "rm" "-f" "05a2c5ccf18e36c7dd6156d2bc069580d2024aeacfe83efbac3cdf0f7b15dba9", kill_on_drop: false }`
[INFO] [stdout] 05a2c5ccf18e36c7dd6156d2bc069580d2024aeacfe83efbac3cdf0f7b15dba9
