[INFO] fetching crate rulex 0.4.4...
[INFO] testing rulex-0.4.4 against beta-2023-04-20 for beta-1.70-1
[INFO] extracting crate rulex 0.4.4 into /workspace/builds/worker-3-tc2/source
[INFO] validating manifest of crates.io crate rulex 0.4.4 on toolchain beta-2023-04-20
[INFO] running `Command { std: CARGO_HOME="/workspace/cargo-home" RUSTUP_HOME="/workspace/rustup-home" "/workspace/cargo-home/bin/cargo" "+beta-2023-04-20" "metadata" "--manifest-path" "Cargo.toml" "--no-deps", kill_on_drop: false }`
[INFO] started tweaking crates.io crate rulex 0.4.4
[INFO] removed 1 missing tests
[INFO] finished tweaking crates.io crate rulex 0.4.4
[INFO] tweaked toml for crates.io crate rulex 0.4.4 written to /workspace/builds/worker-3-tc2/source/Cargo.toml
[INFO] running `Command { std: CARGO_HOME="/workspace/cargo-home" RUSTUP_HOME="/workspace/rustup-home" __CARGO_TEST_CHANNEL_OVERRIDE_DO_NOT_USE_THIS="nightly" "/workspace/cargo-home/bin/cargo" "+beta-2023-04-20" "generate-lockfile" "--manifest-path" "Cargo.toml" "-Zno-index-update", kill_on_drop: false }`
[INFO] running `Command { std: CARGO_HOME="/workspace/cargo-home" RUSTUP_HOME="/workspace/rustup-home" "/workspace/cargo-home/bin/cargo" "+beta-2023-04-20" "fetch" "--manifest-path" "Cargo.toml", kill_on_drop: false }`
[INFO] [stderr]  Downloading crates ...
[INFO] [stderr]   Downloaded miette-derive v4.7.1
[INFO] [stderr]   Downloaded miette v4.7.1
[INFO] [stderr]   Downloaded derive_arbitrary v1.3.0
[INFO] running `Command { std: "docker" "create" "-v" "/var/lib/crater-agent-workspace/builds/worker-3-tc2/target:/opt/rustwide/target:rw,Z" "-v" "/var/lib/crater-agent-workspace/builds/worker-3-tc2/source:/opt/rustwide/workdir:ro,Z" "-v" "/var/lib/crater-agent-workspace/cargo-home:/opt/rustwide/cargo-home:ro,Z" "-v" "/var/lib/crater-agent-workspace/rustup-home:/opt/rustwide/rustup-home:ro,Z" "-e" "SOURCE_DIR=/opt/rustwide/workdir" "-e" "CARGO_TARGET_DIR=/opt/rustwide/target" "-e" "CARGO_HOME=/opt/rustwide/cargo-home" "-e" "RUSTUP_HOME=/opt/rustwide/rustup-home" "-w" "/opt/rustwide/workdir" "-m" "1610612736" "--user" "0:0" "--network" "none" "ghcr.io/rust-lang/crates-build-env/linux@sha256:5ff2268d62e97bff2cde7d5815dd6ed5b47097566f13b8d0ca110b04b60e07ed" "/opt/rustwide/cargo-home/bin/cargo" "+beta-2023-04-20" "metadata" "--no-deps" "--format-version=1", kill_on_drop: false }`
[INFO] [stdout] b34243edac745d9b2fe4678965c322ef0f9168ddc849d1d14dbb43b26b15d4e2
[INFO] running `Command { std: "docker" "start" "-a" "b34243edac745d9b2fe4678965c322ef0f9168ddc849d1d14dbb43b26b15d4e2", kill_on_drop: false }`
[INFO] running `Command { std: "docker" "inspect" "b34243edac745d9b2fe4678965c322ef0f9168ddc849d1d14dbb43b26b15d4e2", kill_on_drop: false }`
[INFO] running `Command { std: "docker" "rm" "-f" "b34243edac745d9b2fe4678965c322ef0f9168ddc849d1d14dbb43b26b15d4e2", kill_on_drop: false }`
[INFO] [stdout] b34243edac745d9b2fe4678965c322ef0f9168ddc849d1d14dbb43b26b15d4e2
[INFO] running `Command { std: "docker" "create" "-v" "/var/lib/crater-agent-workspace/builds/worker-3-tc2/target:/opt/rustwide/target:rw,Z" "-v" "/var/lib/crater-agent-workspace/builds/worker-3-tc2/source:/opt/rustwide/workdir:ro,Z" "-v" "/var/lib/crater-agent-workspace/cargo-home:/opt/rustwide/cargo-home:ro,Z" "-v" "/var/lib/crater-agent-workspace/rustup-home:/opt/rustwide/rustup-home:ro,Z" "-e" "SOURCE_DIR=/opt/rustwide/workdir" "-e" "CARGO_TARGET_DIR=/opt/rustwide/target" "-e" "CARGO_INCREMENTAL=0" "-e" "RUST_BACKTRACE=full" "-e" "RUSTFLAGS=--cap-lints=warn" "-e" "RUSTDOCFLAGS=--cap-lints=warn" "-e" "CARGO_HOME=/opt/rustwide/cargo-home" "-e" "RUSTUP_HOME=/opt/rustwide/rustup-home" "-w" "/opt/rustwide/workdir" "-m" "1610612736" "--user" "0:0" "--network" "none" "ghcr.io/rust-lang/crates-build-env/linux@sha256:5ff2268d62e97bff2cde7d5815dd6ed5b47097566f13b8d0ca110b04b60e07ed" "/opt/rustwide/cargo-home/bin/cargo" "+beta-2023-04-20" "build" "--frozen" "--message-format=json", kill_on_drop: false }`
[INFO] [stdout] 5a80111c4d6226241dead461935d8bfa834c56e068b3c5a54bbcfdb449742abd
[INFO] running `Command { std: "docker" "start" "-a" "5a80111c4d6226241dead461935d8bfa834c56e068b3c5a54bbcfdb449742abd", kill_on_drop: false }`
[INFO] [stderr]    Compiling proc-macro2 v1.0.56
[INFO] [stderr]    Compiling unicode-ident v1.0.8
[INFO] [stderr]    Compiling quote v1.0.26
[INFO] [stderr]    Compiling thiserror v1.0.40
[INFO] [stderr]    Compiling syn v2.0.15
[INFO] [stderr]    Compiling thiserror-impl v1.0.40
[INFO] [stderr]    Compiling rulex v0.4.4 (/opt/rustwide/workdir)
[INFO] [stdout] warning: use of deprecated struct `Rulex`: This entire crate is deprecated. Use the `pomsky` crate instead.
[INFO] [stdout]   --> src/lib.rs:89:10
[INFO] [stdout]    |
[INFO] [stdout] 89 | impl<'i> Rulex<'i> {
[INFO] [stdout]    |          ^^^^^
[INFO] [stdout]    |
[INFO] [stdout]    = note: `#[warn(deprecated)]` on by default
[INFO] [stdout] 
[INFO] [stdout] 
[INFO] [stdout] warning: use of deprecated tuple struct `Rulex`: This entire crate is deprecated. Use the `pomsky` crate instead.
[INFO] [stdout]   --> src/lib.rs:97:12
[INFO] [stdout]    |
[INFO] [stdout] 97 |         Ok(Rulex(rule))
[INFO] [stdout]    |            ^^^^^
[INFO] [stdout] 
[INFO] [stdout] 
[INFO] [stdout] warning: use of deprecated field `Rulex::0`: This entire crate is deprecated. Use the `pomsky` crate instead.
[INFO] [stdout]    --> src/lib.rs:104:9
[INFO] [stdout]     |
[INFO] [stdout] 104 |         self.0.get_capturing_groups(&mut groups_count, &mut used_names, false)?;
[INFO] [stdout]     |         ^^^^^^
[INFO] [stdout] 
[INFO] [stdout] 
[INFO] [stdout] warning: use of deprecated field `Rulex::0`: This entire crate is deprecated. Use the `pomsky` crate instead.
[INFO] [stdout]    --> src/lib.rs:130:24
[INFO] [stdout]     |
[INFO] [stdout] 130 |         let compiled = self.0.comp(options, &mut state)?;
[INFO] [stdout]     |                        ^^^^^^
[INFO] [stdout] 
[INFO] [stdout] 
[INFO] [stdout] warning: 4 warnings emitted
[INFO] [stdout] 
[INFO] [stdout] 
[INFO] [stderr]     Finished dev [unoptimized + debuginfo] target(s) in 5.67s
[INFO] running `Command { std: "docker" "inspect" "5a80111c4d6226241dead461935d8bfa834c56e068b3c5a54bbcfdb449742abd", kill_on_drop: false }`
[INFO] running `Command { std: "docker" "rm" "-f" "5a80111c4d6226241dead461935d8bfa834c56e068b3c5a54bbcfdb449742abd", kill_on_drop: false }`
[INFO] [stdout] 5a80111c4d6226241dead461935d8bfa834c56e068b3c5a54bbcfdb449742abd
[INFO] running `Command { std: "docker" "create" "-v" "/var/lib/crater-agent-workspace/builds/worker-3-tc2/target:/opt/rustwide/target:rw,Z" "-v" "/var/lib/crater-agent-workspace/builds/worker-3-tc2/source:/opt/rustwide/workdir:ro,Z" "-v" "/var/lib/crater-agent-workspace/cargo-home:/opt/rustwide/cargo-home:ro,Z" "-v" "/var/lib/crater-agent-workspace/rustup-home:/opt/rustwide/rustup-home:ro,Z" "-e" "SOURCE_DIR=/opt/rustwide/workdir" "-e" "CARGO_TARGET_DIR=/opt/rustwide/target" "-e" "CARGO_INCREMENTAL=0" "-e" "RUST_BACKTRACE=full" "-e" "RUSTFLAGS=--cap-lints=warn" "-e" "RUSTDOCFLAGS=--cap-lints=warn" "-e" "CARGO_HOME=/opt/rustwide/cargo-home" "-e" "RUSTUP_HOME=/opt/rustwide/rustup-home" "-w" "/opt/rustwide/workdir" "-m" "1610612736" "--user" "0:0" "--network" "none" "ghcr.io/rust-lang/crates-build-env/linux@sha256:5ff2268d62e97bff2cde7d5815dd6ed5b47097566f13b8d0ca110b04b60e07ed" "/opt/rustwide/cargo-home/bin/cargo" "+beta-2023-04-20" "test" "--frozen" "--no-run" "--message-format=json", kill_on_drop: false }`
[INFO] [stdout] 0af1b6f164b8810151b3096ac53819d2b65659165c6c21b2ec290b19fc3d1751
[INFO] running `Command { std: "docker" "start" "-a" "0af1b6f164b8810151b3096ac53819d2b65659165c6c21b2ec290b19fc3d1751", kill_on_drop: false }`
[INFO] [stderr]    Compiling memchr v2.5.0
[INFO] [stderr]    Compiling libc v0.2.142
[INFO] [stderr]    Compiling regex-syntax v0.7.1
[INFO] [stderr]    Compiling once_cell v1.17.1
[INFO] [stderr]    Compiling nom v7.1.3
[INFO] [stderr]    Compiling aho-corasick v1.0.1
[INFO] [stderr]    Compiling atty v0.2.14
[INFO] [stderr]    Compiling regex v1.8.1
[INFO] [stderr]    Compiling rulex v0.4.4 (/opt/rustwide/workdir)
[INFO] [stdout] warning: use of deprecated struct `Rulex`: This entire crate is deprecated. Use the `pomsky` crate instead.
[INFO] [stdout]   --> src/lib.rs:89:10
[INFO] [stdout]    |
[INFO] [stdout] 89 | impl<'i> Rulex<'i> {
[INFO] [stdout]    |          ^^^^^
[INFO] [stdout]    |
[INFO] [stdout]    = note: `#[warn(deprecated)]` on by default
[INFO] [stdout] 
[INFO] [stdout] 
[INFO] [stdout] warning: use of deprecated tuple struct `Rulex`: This entire crate is deprecated. Use the `pomsky` crate instead.
[INFO] [stdout]   --> src/lib.rs:97:12
[INFO] [stdout]    |
[INFO] [stdout] 97 |         Ok(Rulex(rule))
[INFO] [stdout]    |            ^^^^^
[INFO] [stdout] 
[INFO] [stdout] 
[INFO] [stdout] warning: use of deprecated field `Rulex::0`: This entire crate is deprecated. Use the `pomsky` crate instead.
[INFO] [stdout]    --> src/lib.rs:104:9
[INFO] [stdout]     |
[INFO] [stdout] 104 |         self.0.get_capturing_groups(&mut groups_count, &mut used_names, false)?;
[INFO] [stdout]     |         ^^^^^^
[INFO] [stdout] 
[INFO] [stdout] 
[INFO] [stdout] warning: use of deprecated field `Rulex::0`: This entire crate is deprecated. Use the `pomsky` crate instead.
[INFO] [stdout]    --> src/lib.rs:130:24
[INFO] [stdout]     |
[INFO] [stdout] 130 |         let compiled = self.0.comp(options, &mut state)?;
[INFO] [stdout]     |                        ^^^^^^
[INFO] [stdout] 
[INFO] [stdout] 
[INFO] [stdout] warning: 4 warnings emitted
[INFO] [stdout] 
[INFO] [stdout] 
[INFO] [stdout] warning: use of deprecated struct `Rulex`: This entire crate is deprecated. Use the `pomsky` crate instead.
[INFO] [stdout]   --> src/lib.rs:89:10
[INFO] [stdout]    |
[INFO] [stdout] 89 | impl<'i> Rulex<'i> {
[INFO] [stdout]    |          ^^^^^
[INFO] [stdout]    |
[INFO] [stdout]    = note: `#[warn(deprecated)]` on by default
[INFO] [stdout] 
[INFO] [stdout] 
[INFO] [stdout] warning: use of deprecated tuple struct `Rulex`: This entire crate is deprecated. Use the `pomsky` crate instead.
[INFO] [stdout]   --> src/lib.rs:97:12
[INFO] [stdout]    |
[INFO] [stdout] 97 |         Ok(Rulex(rule))
[INFO] [stdout]    |            ^^^^^
[INFO] [stdout] 
[INFO] [stdout] 
[INFO] [stdout] warning: use of deprecated field `Rulex::0`: This entire crate is deprecated. Use the `pomsky` crate instead.
[INFO] [stdout]    --> src/lib.rs:104:9
[INFO] [stdout]     |
[INFO] [stdout] 104 |         self.0.get_capturing_groups(&mut groups_count, &mut used_names, false)?;
[INFO] [stdout]     |         ^^^^^^
[INFO] [stdout] 
[INFO] [stdout] 
[INFO] [stdout] warning: use of deprecated field `Rulex::0`: This entire crate is deprecated. Use the `pomsky` crate instead.
[INFO] [stdout]    --> src/lib.rs:130:24
[INFO] [stdout]     |
[INFO] [stdout] 130 |         let compiled = self.0.comp(options, &mut state)?;
[INFO] [stdout]     |                        ^^^^^^
[INFO] [stdout] 
[INFO] [stdout] 
[INFO] [stdout] warning: 4 warnings emitted
[INFO] [stdout] 
[INFO] [stdout] 
[INFO] [stderr]     Finished test [unoptimized + debuginfo] target(s) in 5.66s
[INFO] running `Command { std: "docker" "inspect" "0af1b6f164b8810151b3096ac53819d2b65659165c6c21b2ec290b19fc3d1751", kill_on_drop: false }`
[INFO] running `Command { std: "docker" "rm" "-f" "0af1b6f164b8810151b3096ac53819d2b65659165c6c21b2ec290b19fc3d1751", kill_on_drop: false }`
[INFO] [stdout] 0af1b6f164b8810151b3096ac53819d2b65659165c6c21b2ec290b19fc3d1751
[INFO] running `Command { std: "docker" "create" "-v" "/var/lib/crater-agent-workspace/builds/worker-3-tc2/target:/opt/rustwide/target:rw,Z" "-v" "/var/lib/crater-agent-workspace/builds/worker-3-tc2/source:/opt/rustwide/workdir:ro,Z" "-v" "/var/lib/crater-agent-workspace/cargo-home:/opt/rustwide/cargo-home:ro,Z" "-v" "/var/lib/crater-agent-workspace/rustup-home:/opt/rustwide/rustup-home:ro,Z" "-e" "SOURCE_DIR=/opt/rustwide/workdir" "-e" "CARGO_TARGET_DIR=/opt/rustwide/target" "-e" "CARGO_INCREMENTAL=0" "-e" "RUST_BACKTRACE=full" "-e" "RUSTFLAGS=--cap-lints=warn" "-e" "RUSTDOCFLAGS=--cap-lints=warn" "-e" "CARGO_HOME=/opt/rustwide/cargo-home" "-e" "RUSTUP_HOME=/opt/rustwide/rustup-home" "-w" "/opt/rustwide/workdir" "-m" "1610612736" "--user" "0:0" "--network" "none" "ghcr.io/rust-lang/crates-build-env/linux@sha256:5ff2268d62e97bff2cde7d5815dd6ed5b47097566f13b8d0ca110b04b60e07ed" "/opt/rustwide/cargo-home/bin/cargo" "+beta-2023-04-20" "test" "--frozen", kill_on_drop: false }`
[INFO] [stdout] 86c3adf3eb0b8a694c6de254bdbedc75d977619e53c82861eec4ebff0b6271c9
[INFO] running `Command { std: "docker" "start" "-a" "86c3adf3eb0b8a694c6de254bdbedc75d977619e53c82861eec4ebff0b6271c9", kill_on_drop: false }`
[INFO] [stderr] warning: use of deprecated struct `Rulex`: This entire crate is deprecated. Use the `pomsky` crate instead.
[INFO] [stderr]   --> src/lib.rs:89:10
[INFO] [stderr]    |
[INFO] [stderr] 89 | impl<'i> Rulex<'i> {
[INFO] [stderr]    |          ^^^^^
[INFO] [stderr]    |
[INFO] [stderr]    = note: `#[warn(deprecated)]` on by default
[INFO] [stderr] 
[INFO] [stderr] warning: use of deprecated tuple struct `Rulex`: This entire crate is deprecated. Use the `pomsky` crate instead.
[INFO] [stderr]   --> src/lib.rs:97:12
[INFO] [stderr]    |
[INFO] [stderr] 97 |         Ok(Rulex(rule))
[INFO] [stderr]    |            ^^^^^
[INFO] [stderr] 
[INFO] [stderr] warning: use of deprecated field `Rulex::0`: This entire crate is deprecated. Use the `pomsky` crate instead.
[INFO] [stderr]    --> src/lib.rs:104:9
[INFO] [stderr]     |
[INFO] [stderr] 104 |         self.0.get_capturing_groups(&mut groups_count, &mut used_names, false)?;
[INFO] [stderr]     |         ^^^^^^
[INFO] [stderr] 
[INFO] [stderr] warning: use of deprecated field `Rulex::0`: This entire crate is deprecated. Use the `pomsky` crate instead.
[INFO] [stderr]    --> src/lib.rs:130:24
[INFO] [stderr]     |
[INFO] [stderr] 130 |         let compiled = self.0.comp(options, &mut state)?;
[INFO] [stderr]     |                        ^^^^^^
[INFO] [stderr] 
[INFO] [stderr] warning: `rulex` (lib) generated 4 warnings
[INFO] [stderr] warning: `rulex` (lib test) generated 4 warnings (4 duplicates)
[INFO] [stderr]     Finished test [unoptimized + debuginfo] target(s) in 0.03s
[INFO] [stderr]      Running unittests src/lib.rs (/opt/rustwide/target/debug/deps/rulex-3e2ec77e985c2574)
[INFO] [stderr]    Doc-tests rulex
[INFO] [stdout] 
[INFO] [stdout] running 0 tests
[INFO] [stdout] 
[INFO] [stdout] test result: ok. 0 passed; 0 failed; 0 ignored; 0 measured; 0 filtered out; finished in 0.00s
[INFO] [stdout] 
[INFO] [stdout] 
[INFO] [stdout] running 3 tests
[INFO] [stdout] test src/lib.rs - (line 32) ... FAILED
[INFO] [stdout] test src/features.rs - features::RulexFeatures (line 13) ... ok
[INFO] [stderr] error: doctest failed, to rerun pass `--doc`
[INFO] [stdout] test src/lib.rs - (line 15) ... ok
[INFO] [stdout] 
[INFO] [stdout] failures:
[INFO] [stdout] 
[INFO] [stdout] ---- src/lib.rs - (line 32) stdout ----
[INFO] [stdout] error[E0433]: failed to resolve: use of undeclared crate or module `miette`
[INFO] [stdout]  --> src/lib.rs:37:32
[INFO] [stdout]   |
[INFO] [stdout] 8 | pub fn compile(input: &str) -> miette::Result<String> {
[INFO] [stdout]   |                                ^^^^^^ use of undeclared crate or module `miette`
[INFO] [stdout] 
[INFO] [stdout] warning: use of deprecated struct `rulex::Rulex`: This entire crate is deprecated. Use the `pomsky` crate instead.
[INFO] [stdout]  --> src/lib.rs:33:12
[INFO] [stdout]   |
[INFO] [stdout] 4 | use rulex::Rulex;
[INFO] [stdout]   |            ^^^^^
[INFO] [stdout]   |
[INFO] [stdout]   = note: `#[warn(deprecated)]` on by default
[INFO] [stdout] 
[INFO] [stdout] warning: use of deprecated struct `rulex::Rulex`: This entire crate is deprecated. Use the `pomsky` crate instead.
[INFO] [stdout]   --> src/lib.rs:39:28
[INFO] [stdout]    |
[INFO] [stdout] 10 |     let compiled: String = Rulex::parse_and_compile(input, Default::default(), options)
[INFO] [stdout]    |                            ^^^^^
[INFO] [stdout] 
[INFO] [stdout] error: aborting due to previous error; 2 warnings emitted
[INFO] [stdout] 
[INFO] [stdout] For more information about this error, try `rustc --explain E0433`.
[INFO] [stdout] Couldn't compile the test.
[INFO] [stdout] 
[INFO] [stdout] failures:
[INFO] [stdout]     src/lib.rs - (line 32)
[INFO] [stdout] 
[INFO] [stdout] test result: FAILED. 2 passed; 1 failed; 0 ignored; 0 measured; 0 filtered out; finished in 0.36s
[INFO] [stdout] 
[INFO] running `Command { std: "docker" "inspect" "86c3adf3eb0b8a694c6de254bdbedc75d977619e53c82861eec4ebff0b6271c9", kill_on_drop: false }`
[INFO] running `Command { std: "docker" "rm" "-f" "86c3adf3eb0b8a694c6de254bdbedc75d977619e53c82861eec4ebff0b6271c9", kill_on_drop: false }`
[INFO] [stdout] 86c3adf3eb0b8a694c6de254bdbedc75d977619e53c82861eec4ebff0b6271c9
