[INFO] fetching crate ruint-macro 1.0.2...
[INFO] testing ruint-macro-1.0.2 against 1.69.0 for beta-1.70-1
[INFO] extracting crate ruint-macro 1.0.2 into /workspace/builds/worker-5-tc1/source
[INFO] validating manifest of crates.io crate ruint-macro 1.0.2 on toolchain 1.69.0
[INFO] running `Command { std: CARGO_HOME="/workspace/cargo-home" RUSTUP_HOME="/workspace/rustup-home" "/workspace/cargo-home/bin/cargo" "+1.69.0" "metadata" "--manifest-path" "Cargo.toml" "--no-deps", kill_on_drop: false }`
[INFO] removed /workspace/builds/worker-5-tc1/source/.cargo/config.toml
[INFO] started tweaking crates.io crate ruint-macro 1.0.2
[INFO] finished tweaking crates.io crate ruint-macro 1.0.2
[INFO] tweaked toml for crates.io crate ruint-macro 1.0.2 written to /workspace/builds/worker-5-tc1/source/Cargo.toml
[INFO] running `Command { std: CARGO_HOME="/workspace/cargo-home" RUSTUP_HOME="/workspace/rustup-home" __CARGO_TEST_CHANNEL_OVERRIDE_DO_NOT_USE_THIS="nightly" "/workspace/cargo-home/bin/cargo" "+1.69.0" "generate-lockfile" "--manifest-path" "Cargo.toml" "-Zno-index-update", kill_on_drop: false }`
[INFO] running `Command { std: CARGO_HOME="/workspace/cargo-home" RUSTUP_HOME="/workspace/rustup-home" "/workspace/cargo-home/bin/cargo" "+1.69.0" "fetch" "--manifest-path" "Cargo.toml", kill_on_drop: false }`
[INFO] running `Command { std: "docker" "create" "-v" "/var/lib/crater-agent-workspace/builds/worker-5-tc1/target:/opt/rustwide/target:rw,Z" "-v" "/var/lib/crater-agent-workspace/builds/worker-5-tc1/source:/opt/rustwide/workdir:ro,Z" "-v" "/var/lib/crater-agent-workspace/cargo-home:/opt/rustwide/cargo-home:ro,Z" "-v" "/var/lib/crater-agent-workspace/rustup-home:/opt/rustwide/rustup-home:ro,Z" "-e" "SOURCE_DIR=/opt/rustwide/workdir" "-e" "CARGO_TARGET_DIR=/opt/rustwide/target" "-e" "CARGO_HOME=/opt/rustwide/cargo-home" "-e" "RUSTUP_HOME=/opt/rustwide/rustup-home" "-w" "/opt/rustwide/workdir" "-m" "1610612736" "--user" "0:0" "--network" "none" "ghcr.io/rust-lang/crates-build-env/linux@sha256:5ff2268d62e97bff2cde7d5815dd6ed5b47097566f13b8d0ca110b04b60e07ed" "/opt/rustwide/cargo-home/bin/cargo" "+1.69.0" "metadata" "--no-deps" "--format-version=1", kill_on_drop: false }`
[INFO] [stdout] 95983ffb1fc91ffcf4631a3c7468456eeeacfa7cbe534dfadf21934666cdbf80
[INFO] running `Command { std: "docker" "start" "-a" "95983ffb1fc91ffcf4631a3c7468456eeeacfa7cbe534dfadf21934666cdbf80", kill_on_drop: false }`
[INFO] running `Command { std: "docker" "inspect" "95983ffb1fc91ffcf4631a3c7468456eeeacfa7cbe534dfadf21934666cdbf80", kill_on_drop: false }`
[INFO] running `Command { std: "docker" "rm" "-f" "95983ffb1fc91ffcf4631a3c7468456eeeacfa7cbe534dfadf21934666cdbf80", kill_on_drop: false }`
[INFO] [stdout] 95983ffb1fc91ffcf4631a3c7468456eeeacfa7cbe534dfadf21934666cdbf80
[INFO] running `Command { std: "docker" "create" "-v" "/var/lib/crater-agent-workspace/builds/worker-5-tc1/target:/opt/rustwide/target:rw,Z" "-v" "/var/lib/crater-agent-workspace/builds/worker-5-tc1/source:/opt/rustwide/workdir:ro,Z" "-v" "/var/lib/crater-agent-workspace/cargo-home:/opt/rustwide/cargo-home:ro,Z" "-v" "/var/lib/crater-agent-workspace/rustup-home:/opt/rustwide/rustup-home:ro,Z" "-e" "SOURCE_DIR=/opt/rustwide/workdir" "-e" "CARGO_TARGET_DIR=/opt/rustwide/target" "-e" "CARGO_INCREMENTAL=0" "-e" "RUST_BACKTRACE=full" "-e" "RUSTFLAGS=--cap-lints=warn" "-e" "RUSTDOCFLAGS=--cap-lints=warn" "-e" "CARGO_HOME=/opt/rustwide/cargo-home" "-e" "RUSTUP_HOME=/opt/rustwide/rustup-home" "-w" "/opt/rustwide/workdir" "-m" "1610612736" "--user" "0:0" "--network" "none" "ghcr.io/rust-lang/crates-build-env/linux@sha256:5ff2268d62e97bff2cde7d5815dd6ed5b47097566f13b8d0ca110b04b60e07ed" "/opt/rustwide/cargo-home/bin/cargo" "+1.69.0" "build" "--frozen" "--message-format=json", kill_on_drop: false }`
[INFO] [stdout] a5812ef8d5b9c6bf6cd81d37cbd6625d4a0c2435c91c3dedbe713f060f3bcfcc
[INFO] running `Command { std: "docker" "start" "-a" "a5812ef8d5b9c6bf6cd81d37cbd6625d4a0c2435c91c3dedbe713f060f3bcfcc", kill_on_drop: false }`
[INFO] [stderr]    Compiling ruint-macro v1.0.2 (/opt/rustwide/workdir)
[INFO] [stderr]     Finished dev [unoptimized + debuginfo] target(s) in 0.82s
[INFO] running `Command { std: "docker" "inspect" "a5812ef8d5b9c6bf6cd81d37cbd6625d4a0c2435c91c3dedbe713f060f3bcfcc", kill_on_drop: false }`
[INFO] running `Command { std: "docker" "rm" "-f" "a5812ef8d5b9c6bf6cd81d37cbd6625d4a0c2435c91c3dedbe713f060f3bcfcc", kill_on_drop: false }`
[INFO] [stdout] a5812ef8d5b9c6bf6cd81d37cbd6625d4a0c2435c91c3dedbe713f060f3bcfcc
[INFO] running `Command { std: "docker" "create" "-v" "/var/lib/crater-agent-workspace/builds/worker-5-tc1/target:/opt/rustwide/target:rw,Z" "-v" "/var/lib/crater-agent-workspace/builds/worker-5-tc1/source:/opt/rustwide/workdir:ro,Z" "-v" "/var/lib/crater-agent-workspace/cargo-home:/opt/rustwide/cargo-home:ro,Z" "-v" "/var/lib/crater-agent-workspace/rustup-home:/opt/rustwide/rustup-home:ro,Z" "-e" "SOURCE_DIR=/opt/rustwide/workdir" "-e" "CARGO_TARGET_DIR=/opt/rustwide/target" "-e" "CARGO_INCREMENTAL=0" "-e" "RUST_BACKTRACE=full" "-e" "RUSTFLAGS=--cap-lints=warn" "-e" "RUSTDOCFLAGS=--cap-lints=warn" "-e" "CARGO_HOME=/opt/rustwide/cargo-home" "-e" "RUSTUP_HOME=/opt/rustwide/rustup-home" "-w" "/opt/rustwide/workdir" "-m" "1610612736" "--user" "0:0" "--network" "none" "ghcr.io/rust-lang/crates-build-env/linux@sha256:5ff2268d62e97bff2cde7d5815dd6ed5b47097566f13b8d0ca110b04b60e07ed" "/opt/rustwide/cargo-home/bin/cargo" "+1.69.0" "test" "--frozen" "--no-run" "--message-format=json", kill_on_drop: false }`
[INFO] [stdout] 8759ddf57edfc5d2525038e1cb1496710fb6fe1cc8866dafe3074cd30fcbe16a
[INFO] running `Command { std: "docker" "start" "-a" "8759ddf57edfc5d2525038e1cb1496710fb6fe1cc8866dafe3074cd30fcbe16a", kill_on_drop: false }`
[INFO] [stderr]    Compiling ruint-macro v1.0.2 (/opt/rustwide/workdir)
[INFO] [stderr]     Finished test [unoptimized + debuginfo] target(s) in 0.87s
[INFO] running `Command { std: "docker" "inspect" "8759ddf57edfc5d2525038e1cb1496710fb6fe1cc8866dafe3074cd30fcbe16a", kill_on_drop: false }`
[INFO] running `Command { std: "docker" "rm" "-f" "8759ddf57edfc5d2525038e1cb1496710fb6fe1cc8866dafe3074cd30fcbe16a", kill_on_drop: false }`
[INFO] [stdout] 8759ddf57edfc5d2525038e1cb1496710fb6fe1cc8866dafe3074cd30fcbe16a
[INFO] running `Command { std: "docker" "create" "-v" "/var/lib/crater-agent-workspace/builds/worker-5-tc1/target:/opt/rustwide/target:rw,Z" "-v" "/var/lib/crater-agent-workspace/builds/worker-5-tc1/source:/opt/rustwide/workdir:ro,Z" "-v" "/var/lib/crater-agent-workspace/cargo-home:/opt/rustwide/cargo-home:ro,Z" "-v" "/var/lib/crater-agent-workspace/rustup-home:/opt/rustwide/rustup-home:ro,Z" "-e" "SOURCE_DIR=/opt/rustwide/workdir" "-e" "CARGO_TARGET_DIR=/opt/rustwide/target" "-e" "CARGO_INCREMENTAL=0" "-e" "RUST_BACKTRACE=full" "-e" "RUSTFLAGS=--cap-lints=warn" "-e" "RUSTDOCFLAGS=--cap-lints=warn" "-e" "CARGO_HOME=/opt/rustwide/cargo-home" "-e" "RUSTUP_HOME=/opt/rustwide/rustup-home" "-w" "/opt/rustwide/workdir" "-m" "1610612736" "--user" "0:0" "--network" "none" "ghcr.io/rust-lang/crates-build-env/linux@sha256:5ff2268d62e97bff2cde7d5815dd6ed5b47097566f13b8d0ca110b04b60e07ed" "/opt/rustwide/cargo-home/bin/cargo" "+1.69.0" "test" "--frozen", kill_on_drop: false }`
[INFO] [stdout] d06a9e5b378f30ab07363b9315ad32d965bef6c4dde3f0ba570081e2960d5951
[INFO] running `Command { std: "docker" "start" "-a" "d06a9e5b378f30ab07363b9315ad32d965bef6c4dde3f0ba570081e2960d5951", kill_on_drop: false }`
[INFO] [stderr]     Finished test [unoptimized + debuginfo] target(s) in 0.00s
[INFO] [stderr]      Running unittests src/lib.rs (/opt/rustwide/target/debug/deps/ruint_macro-db341875912d262a)
[INFO] [stdout] 
[INFO] [stdout] running 3 tests
[INFO] [stdout] test tests::test_overflow_during_parsing ... ok
[INFO] [stdout] test tests::test_zero_size ... ok
[INFO] [stdout] test tests::test_bases ... ok
[INFO] [stdout] 
[INFO] [stdout] test result: ok. 3 passed; 0 failed; 0 ignored; 0 measured; 0 filtered out; finished in 0.00s
[INFO] [stdout] 
[INFO] [stderr]    Doc-tests ruint-macro
[INFO] [stdout] 
[INFO] [stdout] running 10 tests
[INFO] [stdout] test src/lib.rs - (line 13) ... FAILED
[INFO] [stdout] test src/lib.rs - (line 19) ... FAILED
[INFO] [stdout] test src/lib.rs - (line 28) ... FAILED
[INFO] [stdout] test src/lib.rs - (line 51) - compile fail ... ok
[INFO] [stdout] test src/lib.rs - uint (line 188) ... FAILED
[INFO] [stdout] test src/lib.rs - uint (line 182) ... FAILED
[INFO] [stdout] test src/lib.rs - uint (line 208) ... FAILED
[INFO] [stdout] test src/lib.rs - (line 39) ... FAILED
[INFO] [stdout] test src/lib.rs - uint (line 220) - compile fail ... ok
[INFO] [stdout] test src/lib.rs - uint (line 197) ... FAILED
[INFO] [stdout] 
[INFO] [stdout] failures:
[INFO] [stdout] 
[INFO] [stdout] ---- src/lib.rs - (line 13) stdout ----
[INFO] [stdout] error[E0432]: unresolved import `ruint`
[INFO] [stdout]  --> src/lib.rs:14:5
[INFO] [stdout]   |
[INFO] [stdout] 3 | use ruint::uint;
[INFO] [stdout]   |     ^^^^^ use of undeclared crate or module `ruint`
[INFO] [stdout] 
[INFO] [stdout] error: aborting due to previous error
[INFO] [stdout] 
[INFO] [stdout] For more information about this error, try `rustc --explain E0432`.
[INFO] [stdout] Couldn't compile the test.
[INFO] [stdout] ---- src/lib.rs - (line 19) stdout ----
[INFO] [stdout] error[E0432]: unresolved import `ruint`
[INFO] [stdout]  --> src/lib.rs:20:5
[INFO] [stdout]   |
[INFO] [stdout] 3 | use ruint::uint;
[INFO] [stdout]   |     ^^^^^ use of undeclared crate or module `ruint`
[INFO] [stdout] 
[INFO] [stdout] error: cannot determine resolution for the macro `uint`
[INFO] [stdout]  --> src/lib.rs:23:14
[INFO] [stdout]   |
[INFO] [stdout] 6 | let bender = uint!(0b1010011010_U10);
[INFO] [stdout]   |              ^^^^
[INFO] [stdout]   |
[INFO] [stdout]   = note: import resolution is stuck, try simplifying macro imports
[INFO] [stdout] 
[INFO] [stdout] error: cannot determine resolution for the macro `uint`
[INFO] [stdout]  --> src/lib.rs:22:15
[INFO] [stdout]   |
[INFO] [stderr] error: doctest failed, to rerun pass `--doc`
[INFO] [stdout] 5 | let cow_key = uint!(0xee79b5f6e221356af78cf4c36f4f7885a11b67dfcc81c34d80249947330c0f82_U256);
[INFO] [stdout]   |               ^^^^
[INFO] [stdout]   |
[INFO] [stdout]   = note: import resolution is stuck, try simplifying macro imports
[INFO] [stdout] 
[INFO] [stdout] error: cannot determine resolution for the macro `uint`
[INFO] [stdout]  --> src/lib.rs:21:16
[INFO] [stdout]   |
[INFO] [stdout] 4 | let avogadro = uint!(602_214_076_000_000_000_000_000_U256);
[INFO] [stdout]   |                ^^^^
[INFO] [stdout]   |
[INFO] [stdout]   = note: import resolution is stuck, try simplifying macro imports
[INFO] [stdout] 
[INFO] [stdout] error: aborting due to 4 previous errors
[INFO] [stdout] 
[INFO] [stdout] For more information about this error, try `rustc --explain E0432`.
[INFO] [stdout] Couldn't compile the test.
[INFO] [stdout] ---- src/lib.rs - (line 28) stdout ----
[INFO] [stdout] error[E0432]: unresolved import `ruint`
[INFO] [stdout]  --> src/lib.rs:29:5
[INFO] [stdout]   |
[INFO] [stdout] 3 | use ruint::uint;
[INFO] [stdout]   |     ^^^^^ use of undeclared crate or module `ruint`
[INFO] [stdout] 
[INFO] [stdout] error: cannot determine resolution for the macro `uint`
[INFO] [stdout]  --> src/lib.rs:30:1
[INFO] [stdout]   |
[INFO] [stdout] 4 | uint!{
[INFO] [stdout]   | ^^^^
[INFO] [stdout]   |
[INFO] [stdout]   = note: import resolution is stuck, try simplifying macro imports
[INFO] [stdout] 
[INFO] [stdout] error: aborting due to 2 previous errors
[INFO] [stdout] 
[INFO] [stdout] For more information about this error, try `rustc --explain E0432`.
[INFO] [stdout] Couldn't compile the test.
[INFO] [stdout] ---- src/lib.rs - uint (line 188) stdout ----
[INFO] [stdout] error[E0432]: unresolved import `ruint`
[INFO] [stdout]  --> src/lib.rs:189:5
[INFO] [stdout]   |
[INFO] [stdout] 3 | use ruint::uint;
[INFO] [stdout]   |     ^^^^^ use of undeclared crate or module `ruint`
[INFO] [stdout] 
[INFO] [stdout] error: cannot determine resolution for the macro `uint`
[INFO] [stdout]  --> src/lib.rs:192:14
[INFO] [stdout]   |
[INFO] [stdout] 6 | let bender = uint!(0b1010011010_U10);
[INFO] [stdout]   |              ^^^^
[INFO] [stdout]   |
[INFO] [stdout]   = note: import resolution is stuck, try simplifying macro imports
[INFO] [stdout] 
[INFO] [stdout] error: cannot determine resolution for the macro `uint`
[INFO] [stdout]  --> src/lib.rs:191:15
[INFO] [stdout]   |
[INFO] [stdout] 5 | let cow_key = uint!(0xee79b5f6e221356af78cf4c36f4f7885a11b67dfcc81c34d80249947330c0f82_U256);
[INFO] [stdout]   |               ^^^^
[INFO] [stdout]   |
[INFO] [stdout]   = note: import resolution is stuck, try simplifying macro imports
[INFO] [stdout] 
[INFO] [stdout] error: cannot determine resolution for the macro `uint`
[INFO] [stdout]  --> src/lib.rs:190:16
[INFO] [stdout]   |
[INFO] [stdout] 4 | let avogadro = uint!(602_214_076_000_000_000_000_000_U256);
[INFO] [stdout]   |                ^^^^
[INFO] [stdout]   |
[INFO] [stdout]   = note: import resolution is stuck, try simplifying macro imports
[INFO] [stdout] 
[INFO] [stdout] error: aborting due to 4 previous errors
[INFO] [stdout] 
[INFO] [stdout] For more information about this error, try `rustc --explain E0432`.
[INFO] [stdout] Couldn't compile the test.
[INFO] [stdout] ---- src/lib.rs - uint (line 182) stdout ----
[INFO] [stdout] error[E0432]: unresolved import `ruint`
[INFO] [stdout]  --> src/lib.rs:183:5
[INFO] [stdout]   |
[INFO] [stdout] 3 | use ruint::uint;
[INFO] [stdout]   |     ^^^^^ use of undeclared crate or module `ruint`
[INFO] [stdout] 
[INFO] [stdout] error: aborting due to previous error
[INFO] [stdout] 
[INFO] [stdout] For more information about this error, try `rustc --explain E0432`.
[INFO] [stdout] Couldn't compile the test.
[INFO] [stdout] ---- src/lib.rs - uint (line 208) stdout ----
[INFO] [stdout] error[E0432]: unresolved import `ruint`
[INFO] [stdout]  --> src/lib.rs:209:5
[INFO] [stdout]   |
[INFO] [stdout] 3 | use ruint::{Uint, uint};
[INFO] [stdout]   |     ^^^^^ use of undeclared crate or module `ruint`
[INFO] [stdout] 
[INFO] [stdout] error: cannot determine resolution for the macro `uint`
[INFO] [stdout]  --> src/lib.rs:210:35
[INFO] [stdout]   |
[INFO] [stdout] 4 | const PRIMES: [Uint<128, 2>; 3] = uint!([
[INFO] [stdout]   |                                   ^^^^
[INFO] [stdout]   |
[INFO] [stdout]   = note: import resolution is stuck, try simplifying macro imports
[INFO] [stdout] 
[INFO] [stdout] error: aborting due to 2 previous errors
[INFO] [stdout] 
[INFO] [stdout] For more information about this error, try `rustc --explain E0432`.
[INFO] [stdout] Couldn't compile the test.
[INFO] [stdout] ---- src/lib.rs - (line 39) stdout ----
[INFO] [stdout] error[E0432]: unresolved import `ruint`
[INFO] [stdout]  --> src/lib.rs:40:5
[INFO] [stdout]   |
[INFO] [stdout] 3 | use ruint::{Uint, uint};
[INFO] [stdout]   |     ^^^^^ use of undeclared crate or module `ruint`
[INFO] [stdout] 
[INFO] [stdout] error: cannot determine resolution for the macro `uint`
[INFO] [stdout]  --> src/lib.rs:41:35
[INFO] [stdout]   |
[INFO] [stdout] 4 | const PRIMES: [Uint<128, 2>; 3] = uint!([
[INFO] [stdout]   |                                   ^^^^
[INFO] [stdout]   |
[INFO] [stdout]   = note: import resolution is stuck, try simplifying macro imports
[INFO] [stdout] 
[INFO] [stdout] error: aborting due to 2 previous errors
[INFO] [stdout] 
[INFO] [stdout] For more information about this error, try `rustc --explain E0432`.
[INFO] [stdout] Couldn't compile the test.
[INFO] [stdout] ---- src/lib.rs - uint (line 197) stdout ----
[INFO] [stdout] error[E0432]: unresolved import `ruint`
[INFO] [stdout]  --> src/lib.rs:198:5
[INFO] [stdout]   |
[INFO] [stdout] 3 | use ruint::uint;
[INFO] [stdout]   |     ^^^^^ use of undeclared crate or module `ruint`
[INFO] [stdout] 
[INFO] [stdout] error: cannot determine resolution for the macro `uint`
[INFO] [stdout]  --> src/lib.rs:199:1
[INFO] [stdout]   |
[INFO] [stdout] 4 | uint!{
[INFO] [stdout]   | ^^^^
[INFO] [stdout]   |
[INFO] [stdout]   = note: import resolution is stuck, try simplifying macro imports
[INFO] [stdout] 
[INFO] [stdout] error: aborting due to 2 previous errors
[INFO] [stdout] 
[INFO] [stdout] For more information about this error, try `rustc --explain E0432`.
[INFO] [stdout] Couldn't compile the test.
[INFO] [stdout] 
[INFO] [stdout] failures:
[INFO] [stdout]     src/lib.rs - (line 13)
[INFO] [stdout]     src/lib.rs - (line 19)
[INFO] [stdout]     src/lib.rs - (line 28)
[INFO] [stdout]     src/lib.rs - (line 39)
[INFO] [stdout]     src/lib.rs - uint (line 182)
[INFO] [stdout]     src/lib.rs - uint (line 188)
[INFO] [stdout]     src/lib.rs - uint (line 197)
[INFO] [stdout]     src/lib.rs - uint (line 208)
[INFO] [stdout] 
[INFO] [stdout] test result: FAILED. 2 passed; 8 failed; 0 ignored; 0 measured; 0 filtered out; finished in 0.24s
[INFO] [stdout] 
[INFO] running `Command { std: "docker" "inspect" "d06a9e5b378f30ab07363b9315ad32d965bef6c4dde3f0ba570081e2960d5951", kill_on_drop: false }`
[INFO] running `Command { std: "docker" "rm" "-f" "d06a9e5b378f30ab07363b9315ad32d965bef6c4dde3f0ba570081e2960d5951", kill_on_drop: false }`
[INFO] [stdout] d06a9e5b378f30ab07363b9315ad32d965bef6c4dde3f0ba570081e2960d5951
