[INFO] fetching crate rucron 0.1.4...
[INFO] testing rucron-0.1.4 against beta-2023-04-20 for beta-1.70-1
[INFO] extracting crate rucron 0.1.4 into /workspace/builds/worker-7-tc2/source
[INFO] validating manifest of crates.io crate rucron 0.1.4 on toolchain beta-2023-04-20
[INFO] running `Command { std: CARGO_HOME="/workspace/cargo-home" RUSTUP_HOME="/workspace/rustup-home" "/workspace/cargo-home/bin/cargo" "+beta-2023-04-20" "metadata" "--manifest-path" "Cargo.toml" "--no-deps", kill_on_drop: false }`
[INFO] started tweaking crates.io crate rucron 0.1.4
[INFO] removed 0 missing examples
[INFO] finished tweaking crates.io crate rucron 0.1.4
[INFO] tweaked toml for crates.io crate rucron 0.1.4 written to /workspace/builds/worker-7-tc2/source/Cargo.toml
[INFO] crate crates.io crate rucron 0.1.4 already has a lockfile, it will not be regenerated
[INFO] running `Command { std: CARGO_HOME="/workspace/cargo-home" RUSTUP_HOME="/workspace/rustup-home" "/workspace/cargo-home/bin/cargo" "+beta-2023-04-20" "fetch" "--manifest-path" "Cargo.toml", kill_on_drop: false }`
[INFO] [stderr]  Downloading crates ...
[INFO] [stderr]   Downloaded dashmap v5.2.0
[INFO] running `Command { std: "docker" "create" "-v" "/var/lib/crater-agent-workspace/builds/worker-7-tc2/target:/opt/rustwide/target:rw,Z" "-v" "/var/lib/crater-agent-workspace/builds/worker-7-tc2/source:/opt/rustwide/workdir:ro,Z" "-v" "/var/lib/crater-agent-workspace/cargo-home:/opt/rustwide/cargo-home:ro,Z" "-v" "/var/lib/crater-agent-workspace/rustup-home:/opt/rustwide/rustup-home:ro,Z" "-e" "SOURCE_DIR=/opt/rustwide/workdir" "-e" "CARGO_TARGET_DIR=/opt/rustwide/target" "-e" "CARGO_HOME=/opt/rustwide/cargo-home" "-e" "RUSTUP_HOME=/opt/rustwide/rustup-home" "-w" "/opt/rustwide/workdir" "-m" "1610612736" "--user" "0:0" "--network" "none" "ghcr.io/rust-lang/crates-build-env/linux@sha256:5ff2268d62e97bff2cde7d5815dd6ed5b47097566f13b8d0ca110b04b60e07ed" "/opt/rustwide/cargo-home/bin/cargo" "+beta-2023-04-20" "metadata" "--no-deps" "--format-version=1", kill_on_drop: false }`
[INFO] [stdout] 70c5280d82e8f9aa5af40c5eb7df02b07848ea8c96435b751c77250d51558248
[INFO] running `Command { std: "docker" "start" "-a" "70c5280d82e8f9aa5af40c5eb7df02b07848ea8c96435b751c77250d51558248", kill_on_drop: false }`
[INFO] running `Command { std: "docker" "inspect" "70c5280d82e8f9aa5af40c5eb7df02b07848ea8c96435b751c77250d51558248", kill_on_drop: false }`
[INFO] running `Command { std: "docker" "rm" "-f" "70c5280d82e8f9aa5af40c5eb7df02b07848ea8c96435b751c77250d51558248", kill_on_drop: false }`
[INFO] [stdout] 70c5280d82e8f9aa5af40c5eb7df02b07848ea8c96435b751c77250d51558248
[INFO] running `Command { std: "docker" "create" "-v" "/var/lib/crater-agent-workspace/builds/worker-7-tc2/target:/opt/rustwide/target:rw,Z" "-v" "/var/lib/crater-agent-workspace/builds/worker-7-tc2/source:/opt/rustwide/workdir:ro,Z" "-v" "/var/lib/crater-agent-workspace/cargo-home:/opt/rustwide/cargo-home:ro,Z" "-v" "/var/lib/crater-agent-workspace/rustup-home:/opt/rustwide/rustup-home:ro,Z" "-e" "SOURCE_DIR=/opt/rustwide/workdir" "-e" "CARGO_TARGET_DIR=/opt/rustwide/target" "-e" "CARGO_INCREMENTAL=0" "-e" "RUST_BACKTRACE=full" "-e" "RUSTFLAGS=--cap-lints=warn" "-e" "RUSTDOCFLAGS=--cap-lints=warn" "-e" "CARGO_HOME=/opt/rustwide/cargo-home" "-e" "RUSTUP_HOME=/opt/rustwide/rustup-home" "-w" "/opt/rustwide/workdir" "-m" "1610612736" "--user" "0:0" "--network" "none" "ghcr.io/rust-lang/crates-build-env/linux@sha256:5ff2268d62e97bff2cde7d5815dd6ed5b47097566f13b8d0ca110b04b60e07ed" "/opt/rustwide/cargo-home/bin/cargo" "+beta-2023-04-20" "build" "--frozen" "--message-format=json", kill_on_drop: false }`
[INFO] [stdout] 1d66db095ab56a5dda6a409a474aa9f4ed7d2cc920aa6ae5060fcf6197c785f9
[INFO] running `Command { std: "docker" "start" "-a" "1d66db095ab56a5dda6a409a474aa9f4ed7d2cc920aa6ae5060fcf6197c785f9", kill_on_drop: false }`
[INFO] [stderr]    Compiling proc-macro2 v1.0.36
[INFO] [stderr]    Compiling unicode-xid v0.2.2
[INFO] [stderr]    Compiling libc v0.2.121
[INFO] [stderr]    Compiling syn v1.0.90
[INFO] [stderr]    Compiling cfg-if v1.0.0
[INFO] [stderr]    Compiling scopeguard v1.1.0
[INFO] [stderr]    Compiling crossbeam-utils v0.8.8
[INFO] [stderr]    Compiling memoffset v0.6.5
[INFO] [stderr]    Compiling lazy_static v1.4.0
[INFO] [stderr]    Compiling memchr v2.4.1
[INFO] [stderr]    Compiling futures-core v0.3.21
[INFO] [stderr]    Compiling lock_api v0.4.7
[INFO] [stderr]    Compiling crossbeam-epoch v0.9.8
[INFO] [stderr]    Compiling parking_lot_core v0.9.2
[INFO] [stderr]    Compiling futures-task v0.3.21
[INFO] [stderr]    Compiling futures-channel v0.3.21
[INFO] [stderr]    Compiling num-traits v0.2.14
[INFO] [stderr]    Compiling futures-sink v0.3.21
[INFO] [stderr]    Compiling log v0.4.16
[INFO] [stderr]    Compiling serde_derive v1.0.136
[INFO] [stderr]    Compiling smallvec v1.8.0
[INFO] [stderr]    Compiling rayon-core v1.9.1
[INFO] [stderr]    Compiling futures-util v0.3.21
[INFO] [stderr]    Compiling pin-project-lite v0.2.8
[INFO] [stderr]    Compiling num-integer v0.1.44
[INFO] [stderr]    Compiling futures-io v0.3.21
[INFO] [stderr]    Compiling pin-utils v0.1.0
[INFO] [stderr]    Compiling slab v0.4.5
[INFO] [stderr]    Compiling serde v1.0.136
[INFO] [stderr]    Compiling rayon v1.5.1
[INFO] [stderr]    Compiling bytes v1.1.0
[INFO] [stderr]    Compiling async-trait v0.1.53
[INFO] [stderr]    Compiling signal-hook v0.3.13
[INFO] [stderr]    Compiling itoa v1.0.1
[INFO] [stderr]    Compiling serde_json v1.0.79
[INFO] [stderr]    Compiling either v1.6.1
[INFO] [stderr]    Compiling once_cell v1.10.0
[INFO] [stderr]    Compiling fnv v1.0.7
[INFO] [stderr]    Compiling ryu v1.0.9
[INFO] [stderr]    Compiling crossbeam-channel v0.5.4
[INFO] [stderr]    Compiling quote v1.0.17
[INFO] [stderr]    Compiling http v0.2.6
[INFO] [stderr]    Compiling crossbeam-deque v0.8.1
[INFO] [stderr]    Compiling num_cpus v1.13.1
[INFO] [stderr]    Compiling signal-hook-registry v1.4.0
[INFO] [stderr]    Compiling mio v0.8.2
[INFO] [stderr]    Compiling time v0.1.44
[INFO] [stderr]    Compiling socket2 v0.4.4
[INFO] [stderr]    Compiling parking_lot v0.12.0
[INFO] [stderr]    Compiling dashmap v5.2.0
[INFO] [stderr]    Compiling chrono v0.4.19
[INFO] [stderr]    Compiling futures-macro v0.3.21
[INFO] [stderr]    Compiling thiserror-impl v1.0.30
[INFO] [stderr]    Compiling tokio-macros v1.7.0
[INFO] [stderr]    Compiling tokio v1.17.0
[INFO] [stderr]    Compiling thiserror v1.0.30
[INFO] [stderr]    Compiling futures-executor v0.3.21
[INFO] [stderr]    Compiling futures v0.3.21
[INFO] [stderr]    Compiling rucron v0.1.4 (/opt/rustwide/workdir)
[INFO] [stderr]     Finished dev [unoptimized + debuginfo] target(s) in 31.22s
[INFO] running `Command { std: "docker" "inspect" "1d66db095ab56a5dda6a409a474aa9f4ed7d2cc920aa6ae5060fcf6197c785f9", kill_on_drop: false }`
[INFO] running `Command { std: "docker" "rm" "-f" "1d66db095ab56a5dda6a409a474aa9f4ed7d2cc920aa6ae5060fcf6197c785f9", kill_on_drop: false }`
[INFO] [stdout] 1d66db095ab56a5dda6a409a474aa9f4ed7d2cc920aa6ae5060fcf6197c785f9
[INFO] running `Command { std: "docker" "create" "-v" "/var/lib/crater-agent-workspace/builds/worker-7-tc2/target:/opt/rustwide/target:rw,Z" "-v" "/var/lib/crater-agent-workspace/builds/worker-7-tc2/source:/opt/rustwide/workdir:ro,Z" "-v" "/var/lib/crater-agent-workspace/cargo-home:/opt/rustwide/cargo-home:ro,Z" "-v" "/var/lib/crater-agent-workspace/rustup-home:/opt/rustwide/rustup-home:ro,Z" "-e" "SOURCE_DIR=/opt/rustwide/workdir" "-e" "CARGO_TARGET_DIR=/opt/rustwide/target" "-e" "CARGO_INCREMENTAL=0" "-e" "RUST_BACKTRACE=full" "-e" "RUSTFLAGS=--cap-lints=warn" "-e" "RUSTDOCFLAGS=--cap-lints=warn" "-e" "CARGO_HOME=/opt/rustwide/cargo-home" "-e" "RUSTUP_HOME=/opt/rustwide/rustup-home" "-w" "/opt/rustwide/workdir" "-m" "1610612736" "--user" "0:0" "--network" "none" "ghcr.io/rust-lang/crates-build-env/linux@sha256:5ff2268d62e97bff2cde7d5815dd6ed5b47097566f13b8d0ca110b04b60e07ed" "/opt/rustwide/cargo-home/bin/cargo" "+beta-2023-04-20" "test" "--frozen" "--no-run" "--message-format=json", kill_on_drop: false }`
[INFO] [stdout] 0ca285bc24b138f231d2050c4ac3c2703de37a0bde8431453295f7fae229c6f1
[INFO] running `Command { std: "docker" "start" "-a" "0ca285bc24b138f231d2050c4ac3c2703de37a0bde8431453295f7fae229c6f1", kill_on_drop: false }`
[INFO] [stderr]    Compiling memchr v2.4.1
[INFO] [stderr]    Compiling tinyvec_macros v0.1.0
[INFO] [stderr]    Compiling matches v0.1.9
[INFO] [stderr]    Compiling getrandom v0.2.6
[INFO] [stderr]    Compiling percent-encoding v2.1.0
[INFO] [stderr]    Compiling unicode-bidi v0.3.7
[INFO] [stderr]    Compiling ppv-lite86 v0.2.16
[INFO] [stderr]    Compiling sha1_smol v1.0.0
[INFO] [stderr]    Compiling dtoa v0.4.8
[INFO] [stderr]    Compiling itoa v0.4.8
[INFO] [stderr]    Compiling tinyvec v1.5.1
[INFO] [stderr]    Compiling rand_core v0.6.3
[INFO] [stderr]    Compiling sha1 v0.6.1
[INFO] [stderr]    Compiling form_urlencoded v1.0.1
[INFO] [stderr]    Compiling rand_chacha v0.3.1
[INFO] [stderr]    Compiling rand v0.8.5
[INFO] [stderr]    Compiling futures-util v0.3.21
[INFO] [stderr]    Compiling tokio v1.17.0
[INFO] [stderr]    Compiling combine v4.6.3
[INFO] [stderr]    Compiling unicode-normalization v0.1.19
[INFO] [stderr]    Compiling idna v0.2.3
[INFO] [stderr]    Compiling url v2.2.2
[INFO] [stderr]    Compiling futures-executor v0.3.21
[INFO] [stderr]    Compiling futures v0.3.21
[INFO] [stderr]    Compiling rucron v0.1.4 (/opt/rustwide/workdir)
[INFO] [stderr]    Compiling redis v0.21.5
[INFO] [stderr]     Finished test [unoptimized + debuginfo] target(s) in 46.84s
[INFO] running `Command { std: "docker" "inspect" "0ca285bc24b138f231d2050c4ac3c2703de37a0bde8431453295f7fae229c6f1", kill_on_drop: false }`
[INFO] running `Command { std: "docker" "rm" "-f" "0ca285bc24b138f231d2050c4ac3c2703de37a0bde8431453295f7fae229c6f1", kill_on_drop: false }`
[INFO] [stdout] 0ca285bc24b138f231d2050c4ac3c2703de37a0bde8431453295f7fae229c6f1
[INFO] running `Command { std: "docker" "create" "-v" "/var/lib/crater-agent-workspace/builds/worker-7-tc2/target:/opt/rustwide/target:rw,Z" "-v" "/var/lib/crater-agent-workspace/builds/worker-7-tc2/source:/opt/rustwide/workdir:ro,Z" "-v" "/var/lib/crater-agent-workspace/cargo-home:/opt/rustwide/cargo-home:ro,Z" "-v" "/var/lib/crater-agent-workspace/rustup-home:/opt/rustwide/rustup-home:ro,Z" "-e" "SOURCE_DIR=/opt/rustwide/workdir" "-e" "CARGO_TARGET_DIR=/opt/rustwide/target" "-e" "CARGO_INCREMENTAL=0" "-e" "RUST_BACKTRACE=full" "-e" "RUSTFLAGS=--cap-lints=warn" "-e" "RUSTDOCFLAGS=--cap-lints=warn" "-e" "CARGO_HOME=/opt/rustwide/cargo-home" "-e" "RUSTUP_HOME=/opt/rustwide/rustup-home" "-w" "/opt/rustwide/workdir" "-m" "1610612736" "--user" "0:0" "--network" "none" "ghcr.io/rust-lang/crates-build-env/linux@sha256:5ff2268d62e97bff2cde7d5815dd6ed5b47097566f13b8d0ca110b04b60e07ed" "/opt/rustwide/cargo-home/bin/cargo" "+beta-2023-04-20" "test" "--frozen", kill_on_drop: false }`
[INFO] [stdout] 4a6b319cc3cf8806362c610fcbc33229787af0a97cfc4e2767f28a03599d1ed1
[INFO] running `Command { std: "docker" "start" "-a" "4a6b319cc3cf8806362c610fcbc33229787af0a97cfc4e2767f28a03599d1ed1", kill_on_drop: false }`
[INFO] [stderr]     Blocking waiting for file lock on package cache
[INFO] [stderr]     Finished test [unoptimized + debuginfo] target(s) in 0.73s
[INFO] [stderr]      Running unittests src/lib.rs (/opt/rustwide/target/debug/deps/rucron-52d978e5b7bfa80e)
[INFO] [stdout] 
[INFO] [stdout] running 0 tests
[INFO] [stdout] 
[INFO] [stdout] test result: ok. 0 passed; 0 failed; 0 ignored; 0 measured; 0 filtered out; finished in 0.00s
[INFO] [stdout] 
[INFO] [stderr]      Running tests/rucron.rs (/opt/rustwide/target/debug/deps/rucron-bdb824b2a0dbda43)
[INFO] [stdout] 
[INFO] [stdout] running 36 tests
[INFO] [stdout] test test_every_day_job ... ok
[INFO] [stdout] test test_at_week_job ... ok
[INFO] [stdout] test test_debug_scheduler ... ok
[INFO] [stdout] test test_at_day_job ... ok
[INFO] [stdout] test test_every_time_unit ... ok
[INFO] [stdout] test test_every_week_job ... ok
[INFO] [stdout] test test_get_job_names ... ok
[INFO] [stdout] test test_idle_seconds ... ok
[INFO] [stdout] test test_last_run ... ok
[INFO] [stdout] test test_is_scheduled ... ok
[INFO] [stdout] test test_at_time_unit ... ok
[INFO] [stdout] test test_length ... ok
[INFO] [stdout] test test_is_at - should panic ... ok
[INFO] [stdout] test test_by_with_args ... ok
[INFO] [stdout] test test_next_run ... ok
[INFO] [stdout] test test_next_run_with_name ... ok
[INFO] [stdout] test test_n_threads ... FAILED
[INFO] [stdout] test synchronous::test_sync_set_age ... ok
[INFO] [stdout] test synchronous::test_synronous_func ... ok
[INFO] [stdout] test synchronous::test_mix_async ... FAILED
[INFO] [stdout] test test_weekday_with_name ... ok
[INFO] [stdout] test synchronous::test_multiple_job ... FAILED
[INFO] [stdout] test test_panic_job_with_arguments ... FAILED
[INFO] [stdout] test test_second_interval ... FAILED
[INFO] [stdout] test test_start_without_unlock ... ok
[INFO] [stdout] test test_by has been running for over 60 seconds
[INFO] [stdout] test test_by_immediately_run has been running for over 60 seconds
[INFO] [stdout] test test_by_need_locker has been running for over 60 seconds
[INFO] [stdout] test test_error_job has been running for over 60 seconds
[INFO] [stdout] test test_fail_to_lock has been running for over 60 seconds
[INFO] [stdout] test test_immediately_run has been running for over 60 seconds
[INFO] [stdout] test test_job_with_arguments has been running for over 60 seconds
[INFO] [stdout] test test_locker_ok has been running for over 60 seconds
[INFO] [stdout] test test_metric has been running for over 60 seconds
[INFO] [stdout] test test_minute_interval has been running for over 60 seconds
[INFO] [stdout] test test_record_locker_false has been running for over 60 seconds
[ERROR] error running command: no output for 300 seconds
[INFO] running `Command { std: "docker" "inspect" "4a6b319cc3cf8806362c610fcbc33229787af0a97cfc4e2767f28a03599d1ed1", kill_on_drop: false }`
[INFO] running `Command { std: "docker" "rm" "-f" "4a6b319cc3cf8806362c610fcbc33229787af0a97cfc4e2767f28a03599d1ed1", kill_on_drop: false }`
[INFO] [stdout] 4a6b319cc3cf8806362c610fcbc33229787af0a97cfc4e2767f28a03599d1ed1
