[INFO] fetching crate rtimelog 0.51.0...
[INFO] testing rtimelog-0.51.0 against beta-2023-04-20 for beta-1.70-1
[INFO] extracting crate rtimelog 0.51.0 into /workspace/builds/worker-5-tc2/source
[INFO] validating manifest of crates.io crate rtimelog 0.51.0 on toolchain beta-2023-04-20
[INFO] running `Command { std: CARGO_HOME="/workspace/cargo-home" RUSTUP_HOME="/workspace/rustup-home" "/workspace/cargo-home/bin/cargo" "+beta-2023-04-20" "metadata" "--manifest-path" "Cargo.toml" "--no-deps", kill_on_drop: false }`
[INFO] started tweaking crates.io crate rtimelog 0.51.0
[INFO] finished tweaking crates.io crate rtimelog 0.51.0
[INFO] tweaked toml for crates.io crate rtimelog 0.51.0 written to /workspace/builds/worker-5-tc2/source/Cargo.toml
[INFO] crate crates.io crate rtimelog 0.51.0 already has a lockfile, it will not be regenerated
[INFO] running `Command { std: CARGO_HOME="/workspace/cargo-home" RUSTUP_HOME="/workspace/rustup-home" "/workspace/cargo-home/bin/cargo" "+beta-2023-04-20" "fetch" "--manifest-path" "Cargo.toml", kill_on_drop: false }`
[INFO] [stderr]     Updating crates.io index
[INFO] [stderr]  Downloading crates ...
[INFO] [stderr]   Downloaded configparser v3.0.2
[INFO] [stderr]   Downloaded tilde-expand v0.1.1
[INFO] running `Command { std: "docker" "create" "-v" "/var/lib/crater-agent-workspace/builds/worker-5-tc2/target:/opt/rustwide/target:rw,Z" "-v" "/var/lib/crater-agent-workspace/builds/worker-5-tc2/source:/opt/rustwide/workdir:ro,Z" "-v" "/var/lib/crater-agent-workspace/cargo-home:/opt/rustwide/cargo-home:ro,Z" "-v" "/var/lib/crater-agent-workspace/rustup-home:/opt/rustwide/rustup-home:ro,Z" "-e" "SOURCE_DIR=/opt/rustwide/workdir" "-e" "CARGO_TARGET_DIR=/opt/rustwide/target" "-e" "CARGO_HOME=/opt/rustwide/cargo-home" "-e" "RUSTUP_HOME=/opt/rustwide/rustup-home" "-w" "/opt/rustwide/workdir" "-m" "1610612736" "--user" "0:0" "--network" "none" "ghcr.io/rust-lang/crates-build-env/linux@sha256:5ff2268d62e97bff2cde7d5815dd6ed5b47097566f13b8d0ca110b04b60e07ed" "/opt/rustwide/cargo-home/bin/cargo" "+beta-2023-04-20" "metadata" "--no-deps" "--format-version=1", kill_on_drop: false }`
[INFO] [stdout] 0c29bd24d31e7befea22f17c2aae651dfbc1ad434a646158538c2fe1669a8f11
[INFO] running `Command { std: "docker" "start" "-a" "0c29bd24d31e7befea22f17c2aae651dfbc1ad434a646158538c2fe1669a8f11", kill_on_drop: false }`
[INFO] running `Command { std: "docker" "inspect" "0c29bd24d31e7befea22f17c2aae651dfbc1ad434a646158538c2fe1669a8f11", kill_on_drop: false }`
[INFO] running `Command { std: "docker" "rm" "-f" "0c29bd24d31e7befea22f17c2aae651dfbc1ad434a646158538c2fe1669a8f11", kill_on_drop: false }`
[INFO] [stdout] 0c29bd24d31e7befea22f17c2aae651dfbc1ad434a646158538c2fe1669a8f11
[INFO] running `Command { std: "docker" "create" "-v" "/var/lib/crater-agent-workspace/builds/worker-5-tc2/target:/opt/rustwide/target:rw,Z" "-v" "/var/lib/crater-agent-workspace/builds/worker-5-tc2/source:/opt/rustwide/workdir:ro,Z" "-v" "/var/lib/crater-agent-workspace/cargo-home:/opt/rustwide/cargo-home:ro,Z" "-v" "/var/lib/crater-agent-workspace/rustup-home:/opt/rustwide/rustup-home:ro,Z" "-e" "SOURCE_DIR=/opt/rustwide/workdir" "-e" "CARGO_TARGET_DIR=/opt/rustwide/target" "-e" "CARGO_INCREMENTAL=0" "-e" "RUST_BACKTRACE=full" "-e" "RUSTFLAGS=--cap-lints=warn" "-e" "RUSTDOCFLAGS=--cap-lints=warn" "-e" "CARGO_HOME=/opt/rustwide/cargo-home" "-e" "RUSTUP_HOME=/opt/rustwide/rustup-home" "-w" "/opt/rustwide/workdir" "-m" "1610612736" "--user" "0:0" "--network" "none" "ghcr.io/rust-lang/crates-build-env/linux@sha256:5ff2268d62e97bff2cde7d5815dd6ed5b47097566f13b8d0ca110b04b60e07ed" "/opt/rustwide/cargo-home/bin/cargo" "+beta-2023-04-20" "build" "--frozen" "--message-format=json", kill_on_drop: false }`
[INFO] [stdout] d69584385229abd1ce93e64fa38965ee601ba2874b80665680ca1ab50623a84f
[INFO] running `Command { std: "docker" "start" "-a" "d69584385229abd1ce93e64fa38965ee601ba2874b80665680ca1ab50623a84f", kill_on_drop: false }`
[INFO] [stderr]    Compiling proc-macro2 v1.0.49
[INFO] [stderr]    Compiling libc v0.2.139
[INFO] [stderr]    Compiling unicode-ident v1.0.6
[INFO] [stderr]    Compiling syn v1.0.107
[INFO] [stderr]    Compiling io-lifetimes v1.0.4
[INFO] [stderr]    Compiling rustix v0.36.6
[INFO] [stderr]    Compiling linux-raw-sys v0.1.4
[INFO] [stderr]    Compiling thiserror v1.0.38
[INFO] [stderr]    Compiling heck v0.4.0
[INFO] [stderr]    Compiling os_str_bytes v6.4.1
[INFO] [stderr]    Compiling iana-time-zone v0.1.53
[INFO] [stderr]    Compiling proc-macro-error-attr v1.0.4
[INFO] [stderr]    Compiling proc-macro-error v1.0.4
[INFO] [stderr]    Compiling aho-corasick v0.7.20
[INFO] [stderr]    Compiling termcolor v1.2.0
[INFO] [stderr]    Compiling once_cell v1.17.0
[INFO] [stderr]    Compiling regex-syntax v0.6.28
[INFO] [stderr]    Compiling clap_lex v0.3.1
[INFO] [stderr]    Compiling xml-rs v0.8.4
[INFO] [stderr]    Compiling configparser v3.0.2
[INFO] [stderr]    Compiling quote v1.0.23
[INFO] [stderr]    Compiling time v0.1.45
[INFO] [stderr]    Compiling tilde-expand v0.1.1
[INFO] [stderr]    Compiling chrono v0.4.23
[INFO] [stderr]    Compiling regex v1.7.1
[INFO] [stderr]    Compiling is-terminal v0.4.2
[INFO] [stderr]    Compiling terminal_size v0.2.3
[INFO] [stderr]    Compiling clap_derive v4.0.21
[INFO] [stderr]    Compiling thiserror-impl v1.0.38
[INFO] [stderr]    Compiling clap v4.0.32
[INFO] [stderr]    Compiling rtimelog v0.51.0 (/opt/rustwide/workdir)
[INFO] [stderr]     Finished dev [unoptimized + debuginfo] target(s) in 12.11s
[INFO] running `Command { std: "docker" "inspect" "d69584385229abd1ce93e64fa38965ee601ba2874b80665680ca1ab50623a84f", kill_on_drop: false }`
[INFO] running `Command { std: "docker" "rm" "-f" "d69584385229abd1ce93e64fa38965ee601ba2874b80665680ca1ab50623a84f", kill_on_drop: false }`
[INFO] [stdout] d69584385229abd1ce93e64fa38965ee601ba2874b80665680ca1ab50623a84f
[INFO] running `Command { std: "docker" "create" "-v" "/var/lib/crater-agent-workspace/builds/worker-5-tc2/target:/opt/rustwide/target:rw,Z" "-v" "/var/lib/crater-agent-workspace/builds/worker-5-tc2/source:/opt/rustwide/workdir:ro,Z" "-v" "/var/lib/crater-agent-workspace/cargo-home:/opt/rustwide/cargo-home:ro,Z" "-v" "/var/lib/crater-agent-workspace/rustup-home:/opt/rustwide/rustup-home:ro,Z" "-e" "SOURCE_DIR=/opt/rustwide/workdir" "-e" "CARGO_TARGET_DIR=/opt/rustwide/target" "-e" "CARGO_INCREMENTAL=0" "-e" "RUST_BACKTRACE=full" "-e" "RUSTFLAGS=--cap-lints=warn" "-e" "RUSTDOCFLAGS=--cap-lints=warn" "-e" "CARGO_HOME=/opt/rustwide/cargo-home" "-e" "RUSTUP_HOME=/opt/rustwide/rustup-home" "-w" "/opt/rustwide/workdir" "-m" "1610612736" "--user" "0:0" "--network" "none" "ghcr.io/rust-lang/crates-build-env/linux@sha256:5ff2268d62e97bff2cde7d5815dd6ed5b47097566f13b8d0ca110b04b60e07ed" "/opt/rustwide/cargo-home/bin/cargo" "+beta-2023-04-20" "test" "--frozen" "--no-run" "--message-format=json", kill_on_drop: false }`
[INFO] [stdout] d1182da152281d84ffa8a02796876a088503147177eca5d5df4129e117726a69
[INFO] running `Command { std: "docker" "start" "-a" "d1182da152281d84ffa8a02796876a088503147177eca5d5df4129e117726a69", kill_on_drop: false }`
[INFO] [stderr]    Compiling rustc-serialize v0.3.24
[INFO] [stderr]    Compiling num-traits v0.2.15
[INFO] [stderr]    Compiling num-integer v0.1.45
[INFO] [stderr]    Compiling num-iter v0.1.43
[INFO] [stderr]    Compiling rand v0.4.6
[INFO] [stderr]    Compiling remove_dir_all v0.5.3
[INFO] [stderr]    Compiling fastrand v1.8.0
[INFO] [stderr]    Compiling tempfile v3.3.0
[INFO] [stderr]    Compiling num-complex v0.1.43
[INFO] [stderr]    Compiling num-bigint v0.1.44
[INFO] [stderr]    Compiling chrono v0.4.23
[INFO] [stderr]    Compiling num-rational v0.1.42
[INFO] [stderr]    Compiling num v0.1.42
[INFO] [stderr]    Compiling spectral v0.6.0
[INFO] [stderr]    Compiling rtimelog v0.51.0 (/opt/rustwide/workdir)
[INFO] [stderr]     Finished test [unoptimized + debuginfo] target(s) in 6.88s
[INFO] [stderr] warning: the following packages contain code that will be rejected by a future version of Rust: rustc-serialize v0.3.24
[INFO] [stderr] note: to see what the problems were, use the option `--future-incompat-report`, or run `cargo report future-incompatibilities --id 1`
[INFO] running `Command { std: "docker" "inspect" "d1182da152281d84ffa8a02796876a088503147177eca5d5df4129e117726a69", kill_on_drop: false }`
[INFO] running `Command { std: "docker" "rm" "-f" "d1182da152281d84ffa8a02796876a088503147177eca5d5df4129e117726a69", kill_on_drop: false }`
[INFO] [stdout] d1182da152281d84ffa8a02796876a088503147177eca5d5df4129e117726a69
[INFO] running `Command { std: "docker" "create" "-v" "/var/lib/crater-agent-workspace/builds/worker-5-tc2/target:/opt/rustwide/target:rw,Z" "-v" "/var/lib/crater-agent-workspace/builds/worker-5-tc2/source:/opt/rustwide/workdir:ro,Z" "-v" "/var/lib/crater-agent-workspace/cargo-home:/opt/rustwide/cargo-home:ro,Z" "-v" "/var/lib/crater-agent-workspace/rustup-home:/opt/rustwide/rustup-home:ro,Z" "-e" "SOURCE_DIR=/opt/rustwide/workdir" "-e" "CARGO_TARGET_DIR=/opt/rustwide/target" "-e" "CARGO_INCREMENTAL=0" "-e" "RUST_BACKTRACE=full" "-e" "RUSTFLAGS=--cap-lints=warn" "-e" "RUSTDOCFLAGS=--cap-lints=warn" "-e" "CARGO_HOME=/opt/rustwide/cargo-home" "-e" "RUSTUP_HOME=/opt/rustwide/rustup-home" "-w" "/opt/rustwide/workdir" "-m" "1610612736" "--user" "0:0" "--network" "none" "ghcr.io/rust-lang/crates-build-env/linux@sha256:5ff2268d62e97bff2cde7d5815dd6ed5b47097566f13b8d0ca110b04b60e07ed" "/opt/rustwide/cargo-home/bin/cargo" "+beta-2023-04-20" "test" "--frozen", kill_on_drop: false }`
[INFO] [stdout] f53382fcd33f2dd9f7f263f93eff8e8ba6125bf237d54ed79d7e3564b0304c66
[INFO] running `Command { std: "docker" "start" "-a" "f53382fcd33f2dd9f7f263f93eff8e8ba6125bf237d54ed79d7e3564b0304c66", kill_on_drop: false }`
[INFO] [stderr]     Finished test [unoptimized + debuginfo] target(s) in 0.03s
[INFO] [stderr] warning: the following packages contain code that will be rejected by a future version of Rust: rustc-serialize v0.3.24
[INFO] [stderr] note: to see what the problems were, use the option `--future-incompat-report`, or run `cargo report future-incompatibilities --id 1`
[INFO] [stderr]      Running unittests src/lib.rs (/opt/rustwide/target/debug/deps/timelog-f098818d361a8a29)
[INFO] [stdout] 
[INFO] [stdout] running 240 tests
[INFO] [stdout] test archive::tests::test_archive_filepath ... ok
[INFO] [stdout] test chart::colors::tests::color_map_few ... ok
[INFO] [stdout] test archive::tests::test_new ... ok
[INFO] [stdout] test chart::colors::tests::color_map_with_default ... ok
[INFO] [stdout] test chart::colors::tests::color_map_many ... ok
[INFO] [stdout] test chart::colors::tests::limit_percents_few ... ok
[INFO] [stdout] test chart::colors::tests::limit_percents_many ... ok
[INFO] [stdout] test chart::colors::tests::test_color_iter_base ... ok
[INFO] [stdout] test chart::colors::tests::test_color_iter_tail ... ok
[INFO] [stdout] test chart::colors::tests::test_new ... ok
[INFO] [stdout] test chart::colors::tests::test_new_iter ... ok
[INFO] [stdout] test chart::day::tests::test_hour_add_overflow ... ok
[INFO] [stdout] test chart::day::tests::test_hour_add_overflow_remain ... ok
[INFO] [stdout] test chart::day::tests::test_hour_add_partial ... ok
[INFO] [stdout] test chart::day::tests::test_hour_add_partial_again ... ok
[INFO] [stdout] test chart::day::tests::test_hour_add_partial_again_remain ... ok
[INFO] [stdout] test chart::day::tests::test_hour_add_partial_remain ... ok
[INFO] [stdout] test chart::day::tests::test_hour_new ... ok
[INFO] [stdout] test chart::histogram::tests::test_new ... ok
[INFO] [stdout] test chart::legend::tests::test_new ... ok
[INFO] [stdout] test chart::pie::tests::test_new ... ok
[INFO] [stdout] test chart::legend::tests::test_fmt_line ... ok
[INFO] [stdout] test chart::pie_data::tests::test_add_secs_multiple ... ok
[INFO] [stdout] test chart::tag_percent::tests::test_accessors ... ok
[INFO] [stdout] test chart::pie::tests::test_pie_one_slice ... ok
[INFO] [stdout] test chart::pie_data::tests::test_default ... ok
[INFO] [stdout] test chart::tag_percent::tests::test_new ... ok
[INFO] [stdout] test chart::tag_percent::tests::test_display_label ... ok
[INFO] [stdout] test chart::pie_data::tests::test_add_secs ... ok
[INFO] [stdout] test chart::histogram::tests::test_write_histogram ... ok
[INFO] [stdout] test chart::pie::tests::test_pie_multiple_slices ... ok
[INFO] [stdout] test chart::tag_percent::tests::test_new_zero ... ok
[INFO] [stdout] test chart::tag_percent::tests::test_new_too_large ... ok
[INFO] [stdout] test chart::tag_percent::tests::test_new_negative ... ok
[INFO] [stdout] test chart::tests::test_format_coord ... ok
[INFO] [stdout] test chart::tag_percent::tests::test_order_by_percentage_same_label ... ok
[INFO] [stdout] test chart::tag_percent::tests::test_order_by_label_same_percentage ... ok
[INFO] [stdout] test cli::args::tests::test_dates_both_dates ... ok
[INFO] [stdout] test cli::args::tests::test_dates_just_one_date ... ok
[INFO] [stdout] test cli::args::tests::test_filter_just_one_date ... ok
[INFO] [stdout] test cli::args::tests::test_dates_no_args ... ok
[INFO] [stdout] test cli::args::tests::test_filter_just_two_dates ... ok
[INFO] [stdout] test cli::args::tests::test_filter_no_args ... ok
[INFO] [stdout] test config::tests::test_default ... ok
[INFO] [stdout] test config::tests::test_new ... ok
[INFO] [stdout] test config::tests::test_from_file_dir_only ... ok
[INFO] [stdout] test config::tests::test_from_file_aliases ... ok
[INFO] [stdout] test chart::tag_percent::tests::test_order_by_percentage_diff_label ... ok
[INFO] [stdout] test config::tests::test_from_file_base ... ok
[INFO] [stdout] test date::parse::tests::test_date_parse_today ... ok
[INFO] [stdout] test date::parse::tests::test_date_parse_weekdays ... ok
[INFO] [stdout] test cli::args::tests::test_filter_both_dates_and_project ... ok
[INFO] [stdout] test cli::args::tests::test_filter_just_project ... ok
[INFO] [stdout] test date::parse::tests::test_dates_both_dates ... ok
[INFO] [stdout] test cli::args::tests::test_filter_start_and_project ... ok
[INFO] [stdout] test date::parse::tests::test_dates_both_dates_desc ... ok
[INFO] [stdout] test date::parse::tests::test_date_parse_yesterday ... ok
[INFO] [stdout] test date::parse::tests::test_last_week ... ok
[INFO] [stdout] test date::parse::tests::test_last_year ... ok
[INFO] [stdout] test cli::args::tests::test_filter_just_multiple_projects ... ok
[INFO] [stdout] test date::parse::tests::test_last_month ... ok
[INFO] [stdout] test date::parse::tests::test_month_name ... ok
[INFO] [stdout] test date::parse::tests::test_parse_dayname ... ok
[INFO] [stdout] test date::parse::tests::test_parse_date ... ok
[INFO] [stdout] test date::parse::tests::test_parse_new ... ok
[INFO] [stdout] test date::parse::tests::test_parse_default ... ok
[INFO] [stdout] test date::parse::tests::test_parse_today ... ok
[INFO] [stdout] test date::parse::tests::test_parse_yesterday ... ok
[INFO] [stdout] test date::parse::tests::test_this_month ... ok
[INFO] [stdout] test date::parse::tests::test_parse_later_dayname ... ok
[INFO] [stdout] test date::parse::tests::test_this_week ... ok
[INFO] [stdout] test date::parse::tests::test_ytd ... ok
[INFO] [stdout] test date::parse::tests::test_this_year ... ok
[INFO] [stdout] test archive::tests::test_archive_this_year ... ok
[INFO] [stdout] test archive::tests::test_archive_this_year_with_comments ... ok
[INFO] [stdout] test archive::tests::test_archive_prev_year ... ok
[INFO] [stdout] test date::tests::test_date_day_end ... ok
[INFO] [stdout] test date::tests::test_date_day_start ... ok
[INFO] [stdout] test date::tests::test_date_new ... ok
[INFO] [stdout] test date::tests::test_date_range_default ... ok
[INFO] [stdout] test date::tests::test_date_range_from_date ... ok
[INFO] [stdout] test date::tests::test_date_new_bad_day ... ok
[INFO] [stdout] test date::tests::test_date_new_bad_month ... ok
[INFO] [stdout] test date::tests::test_date_range_new_backwards ... ok
[INFO] [stdout] test date::tests::test_date_range_new ... ok
[INFO] [stdout] test date::tests::test_date_pred ... ok
[INFO] [stdout] test date::tests::test_date_succ ... ok
[INFO] [stdout] test date::tests::test_date_range_new_opt_empty ... ok
[INFO] [stdout] test date::tests::test_date_try_from ... ok
[INFO] [stdout] test date::tests::test_date_range_new_empty ... ok
[INFO] [stdout] test date::tests::test_date_try_from_bad ... ok
[INFO] [stdout] test date::tests::test_date_range_new_opt ... ok
[INFO] [stdout] test date::tests::test_date_week_start ... ok
[INFO] [stdout] test date::tests::test_date_week_start_no_change ... ok
[INFO] [stdout] test date::tests::test_date_year_start ... ok
[INFO] [stdout] test date::tests::test_datetime_add_days ... ok
[INFO] [stdout] test date::tests::test_datetime_add_time ... ok
[INFO] [stdout] test date::tests::test_date_range_new_opt_backwards ... ok
[INFO] [stdout] test date::tests::test_date_year_end ... ok
[INFO] [stdout] test date::tests::test_date_week_end ... ok
[INFO] [stdout] test date::tests::test_datetime_new_bad_time ... ok
[INFO] [stdout] test date::tests::test_datetime_try_from_bad ... ok
[INFO] [stdout] test date::tests::test_datetime_try_from ... ok
[INFO] [stdout] test date::tests::test_datetime_diff_bad ... ok
[INFO] [stdout] test date::tests::test_date_week_end_no_change ... ok
[INFO] [stdout] test date::tests::test_datetime_new ... ok
[INFO] [stdout] test date::tests::test_datetime_hhmm ... ok
[INFO] [stdout] test date::tests::test_datetime_diff ... ok
[INFO] [stdout] test date::tests::test_datetime_new_bad_date ... ok
[INFO] [stdout] test date::tests::test_month_end ... ok
[INFO] [stdout] test date::tests::test_month_end_leap_year ... ok
[INFO] [stdout] test date::tests::test_month_start ... ok
[INFO] [stdout] test day::report::tests::test_detail_report_empty ... ok
[INFO] [stdout] test day::report::tests::test_hours_report_empty ... ok
[INFO] [stdout] test day::report::tests::test_summary_report_empty ... ok
[INFO] [stdout] test archive::tests::test_archive_split_years_with_comments ... ok
[INFO] [stdout] test archive::tests::test_archive_split_years ... ok
[INFO] [stdout] test day::report::tests::test_summary_report_events_only ... ok
[INFO] [stdout] test day::report::tests::test_summary_report_tasks ... ok
[INFO] [stdout] test day::report::tests::test_hours_report_tasks ... ok
[INFO] [stdout] test day::report::tests::test_detail_report_events_only ... ok
[INFO] [stdout] test day::tests::test_format_dur ... ok
[INFO] [stdout] test day::report::tests::test_compact_events_report ... ok
[INFO] [stdout] test day::tests::test_new_invalid_stamp ... ok
[INFO] [stdout] test day::tests::test_entries ... ok
[INFO] [stdout] test day::tests::test_new_empty ... ok
[INFO] [stdout] test day::report::tests::test_project_percentages ... ok
[INFO] [stdout] test day::tests::test_new_empty_stamp ... ok
[INFO] [stdout] test day::tests::test_update_dur ... ok
[INFO] [stdout] test entry::kind::tests::char_from_kind ... ok
[INFO] [stdout] test day::report::tests::test_events_report ... ok
[INFO] [stdout] test day::report::tests::test_hours_report_events_only ... ok
[INFO] [stdout] test entry::kind::tests::try_new_fails ... ok
[INFO] [stdout] test entry::kind::tests::try_new_successes ... ok
[INFO] [stdout] test entry::kind::tests::new_never_fails ... ok
[INFO] [stdout] test day::tests::test_add_entry ... ok
[INFO] [stdout] test day::report::tests::test_detail_report_tasks ... ok
[INFO] [stdout] test entry::tests::from_line_error_if_empty ... ok
[INFO] [stdout] test day::tests::test_task_percentages ... ok
[INFO] [stdout] test entry::tests::from_line_event_entry ... ok
[INFO] [stdout] test entry::tests::compare_entry ... ok
[INFO] [stdout] test day::report::tests::test_day_crossing ... ok
[INFO] [stdout] test entry::tests::from_line_canonical_entry ... ok
[INFO] [stdout] test archive::tests::test_archive_split_years_task_crosses_with_comments ... ok
[INFO] [stdout] test day::report::tests::test_detail_report_with_one ... ok
[INFO] [stdout] test entry::tests::is_comment_on_entry ... ok
[INFO] [stdout] test entry::tests::is_comment_on_comment ... ok
[INFO] [stdout] test entry::tests::from_line_no_entry_text ... ok
[INFO] [stdout] test entry::tests::from_line_stop_entry ... ok
[INFO] [stdout] test archive::tests::test_archive_split_years_task_crosses ... ok
[INFO] [stdout] test entry::tests::is_comment_on_empty ... ok
[INFO] [stdout] test entry::tests::test_change_date_time_start ... ok
[INFO] [stdout] test entry::tests::test_change_date_time_event ... ok
[INFO] [stdout] test entry::tests::test_change_date_time_ignored ... ok
[INFO] [stdout] test entry::tests::from_line_no_detail_entry ... ok
[INFO] [stdout] test entry::tests::new_canonical_entry ... ok
[INFO] [stdout] test entry::tests::new_ignored_entry ... ok
[INFO] [stdout] test entry::tests::new_stop_entry ... ok
[INFO] [stdout] test entry::tests::test_change_text_event ... ok
[INFO] [stdout] test entry::tests::new_event_entry ... ok
[INFO] [stdout] test entry::tests::from_line_no_task_entry ... ok
[INFO] [stdout] test entry::tests::test_change_date_time_stop ... ok
[INFO] [stdout] test entry::tests::from_line_ignored_entry ... ok
[INFO] [stdout] test entry::tests::test_change_text_ignored ... ok
[INFO] [stdout] test entry::tests::test_change_text_start ... ok
[INFO] [stdout] test entry::tests::test_date_from_empty_line ... ok
[INFO] [stdout] test entry::tests::test_date_from_commented_line ... ok
[INFO] [stdout] test entry::tests::test_datetime_from_empty_line ... ok
[INFO] [stdout] test entry::tests::test_datetime_from_commented_line ... ok
[INFO] [stdout] test entry::tests::test_date_from_ignored_line ... ok
[INFO] [stdout] test entry::tests::test_date_from_line ... ok
[INFO] [stdout] test entry::tests::test_extract_year ... ok
[INFO] [stdout] test entry::tests::test_datetime_from_ignored_line ... ok
[INFO] [stdout] test entry::tests::test_change_text_stop ... ok
[INFO] [stdout] test entry::tests::test_datetime_from_line ... ok
[INFO] [stdout] test entry::tests::test_extract_year_fail ... ok
[INFO] [stdout] test logfile::tests::test_exists_false ... ok
[INFO] [stdout] test logfile::tests::test_add_comment ... ok
[INFO] [stdout] test logfile::tests::test_exists_true ... ok
[INFO] [stdout] test logfile::tests::test_last_line_empty ... ok
[INFO] [stdout] test logfile::tests::test_last_entry ... ok
[INFO] [stdout] test logfile::tests::test_new ... ok
[INFO] [stdout] test entry::tests::from_line_error_if_not_entry ... ok
[INFO] [stdout] test logfile::tests::test_new_bad_path ... ok
[INFO] [stdout] test logfile::tests::test_new_empty_name ... ok
[INFO] [stdout] test logfile::tests::test_problems_all_good ... ok
[INFO] [stdout] test logfile::tests::test_problems_all_good_with_comments ... ok
[INFO] [stdout] test logfile::tests::test_problems_bad_date ... ok
[INFO] [stdout] test logfile::tests::test_problems_bad_time ... ok
[INFO] [stdout] test logfile::tests::test_problems_entry_unordered ... ok
[INFO] [stdout] test logfile::tests::test_problems_blank_line ... ok
[INFO] [stdout] test logfile::tests::test_problems_missing_timestamp ... ok
[INFO] [stdout] test logfile::tests::test_add_entry ... ok
[INFO] [stdout] test logfile::tests::test_problems_no_task ... ok
[INFO] [stdout] test logfile::tests::test_problems_open_ended ... ok
[INFO] [stdout] test logfile::tests::test_problems_unknown_marker ... ok
[INFO] [stdout] test entry::kind::tests::from_entry_line_on_start ... ok
[INFO] [stdout] test stack::tests::test_clear ... ok
[INFO] [stdout] test entry::kind::tests::from_entry_line_on_ignored ... ok
[INFO] [stdout] test stack::tests::test_drop_0 ... ok
[INFO] [stdout] test logfile::tests::test_last_line_missing ... ok
[INFO] [stdout] test entry::kind::tests::from_entry_line_on_pin ... ok
[INFO] [stdout] test logfile::tests::test_reset_last_entry ... ok
[INFO] [stdout] test entry::kind::tests::get_line_entry_kind_on_comment ... ok
[INFO] [stdout] test logfile::tests::test_rewind_last_entry ... ok
[INFO] [stdout] test logfile::tests::test_retime_last_entry ... ok
[INFO] [stdout] test stack::tests::test_new ... ok
[INFO] [stdout] test logfile::tests::test_last_entry_lines ... ok
[INFO] [stdout] test stack::tests::test_drop_1 ... ok
[INFO] [stdout] test logfile::tests::test_last_line_lines ... ok
[INFO] [stdout] test stack::tests::test_list ... ok
[INFO] [stdout] test logfile::tests::test_discard_line ... ok
[INFO] [stdout] test logfile::tests::test_rewrite_last_entry ... ok
[INFO] [stdout] test stack::tests::test_new_missing_file ... ok
[INFO] [stdout] test stack::tests::test_drop_2 ... ok
[INFO] [stdout] test task::tests::test_new_without_project ... ok
[INFO] [stdout] test task::tests::test_second_offset ... ok
[INFO] [stdout] test task::tests::test_add_dur ... ok
[INFO] [stdout] test day::report::tests::test_project_filter_regex ... ok
[INFO] [stdout] test task::tests::test_split ... ok
[INFO] [stdout] test stack::tests::test_pop ... ok
[INFO] [stdout] test stack::tests::test_top ... ok
[INFO] [stdout] test stack::tests::test_new_bad_path ... ok
[INFO] [stdout] test stack::tests::test_top_empty ... ok
[INFO] [stdout] test stack::tests::test_push ... ok
[INFO] [stdout] test logfile::tests::test_add_line ... ok
[INFO] [stdout] test task::tests::test_new_with_project ... ok
[INFO] [stdout] test logfile::tests::test_add_event ... ok
[INFO] [stdout] test task_line_iter::tests::test_end_in_gap ... ok
[INFO] [stdout] test task_line_iter::tests::test_new_bad_start ... ok
[INFO] [stdout] test task_line_iter::tests::test_new_bad_end ... ok
[INFO] [stdout] test task_line_iter::tests::test_successful_new ... ok
[INFO] [stdout] test task_line_iter::tests::test_skip_beginning ... ok
[INFO] [stdout] test task_line_iter::tests::test_start_in_gap ... ok
[INFO] [stdout] test task_line_iter::tests::test_multiple_days ... ok
[INFO] [stdout] test task_line_iter::tests::test_missing_in_range ... ok
[INFO] [stdout] test task_line_iter::tests::test_new_wrong_order ... ok
[INFO] [stdout] test task_line_iter::tests::test_after_tasks ... ok
[INFO] [stdout] test task_line_iter::tests::test_to_end ... ok
[INFO] [stdout] test task_line_iter::tests::test_before_tasks ... ok
[INFO] [stdout] 
[INFO] [stdout] test result: ok. 240 passed; 0 failed; 0 ignored; 0 measured; 0 filtered out; finished in 0.03s
[INFO] [stdout] 
[INFO] [stderr]      Running unittests src/bin/rtimelog.rs (/opt/rustwide/target/debug/deps/rtimelog-68f47e4b309c5c63)
[INFO] [stdout] 
[INFO] [stdout] running 0 tests
[INFO] [stdout] 
[INFO] [stdout] test result: ok. 0 passed; 0 failed; 0 ignored; 0 measured; 0 filtered out; finished in 0.00s
[INFO] [stdout] 
[INFO] [stderr]    Doc-tests timelog
[INFO] [stdout] 
[INFO] [stdout] running 16 tests
[INFO] [stdout] test src/cli/mod.rs - cli (line 5) - compile ... ok
[INFO] [stdout] test src/day.rs - day (line 5) - compile ... ok
[INFO] [stdout] test src/day/report.rs - day::report (line 5) - compile ... ok
[INFO] [stdout] test src/chart/pie.rs - chart::pie (line 5) - compile ... ok
[INFO] [stdout] test src/task_line_iter.rs - task_line_iter (line 9) - compile ... ok
[INFO] [stdout] test src/chart/legend.rs - chart::legend (line 5) - compile ... ok
[INFO] [stdout] test src/macros.rs - macros::emit_xml (line 23) - compile ... ok
[INFO] [stdout] test src/entry.rs - entry (line 5) ... ok
[INFO] [stdout] test src/task.rs - task (line 5) ... ok
[INFO] [stdout] test src/date/parse.rs - date::parse (line 5) ... ok
[INFO] [stdout] test src/stack.rs - stack (line 5) ... FAILED
[INFO] [stdout] test src/date.rs - date (line 5) ... ok
[INFO] [stdout] test src/chart/tag_percent.rs - chart::tag_percent (line 5) ... ok
[INFO] [stdout] test src/config.rs - config (line 5) ... FAILED
[INFO] [stdout] test src/entry/kind.rs - entry::kind (line 5) ... ok
[INFO] [stdout] test src/logfile.rs - logfile (line 5) ... FAILED
[INFO] [stdout] 
[INFO] [stdout] failures:
[INFO] [stdout] 
[INFO] [stdout] ---- src/stack.rs - stack (line 5) stdout ----
[INFO] [stdout] Test executable failed (exit status: 101).
[INFO] [stdout] 
[INFO] [stdout] stderr:
[INFO] [stdout] thread 'main' panicked at 'Can't pop task', src/stack.rs:8:24
[INFO] [stdout] stack backtrace:
[INFO] [stdout]    0:     0x5565b200ceca - std::backtrace_rs::backtrace::libunwind::trace::h2f05d0192276a8f6
[INFO] [stdout]                                at /rustc/1b7dd2252b99671ce5d1cb9664c5f8636329436d/library/std/src/../../backtrace/src/backtrace/libunwind.rs:93:5
[INFO] [stdout]    1:     0x5565b200ceca - std::backtrace_rs::backtrace::trace_unsynchronized::hedc23dff7a1af150
[INFO] [stdout]                                at /rustc/1b7dd2252b99671ce5d1cb9664c5f8636329436d/library/std/src/../../backtrace/src/backtrace/mod.rs:66:5
[INFO] [stdout]    2:     0x5565b200ceca - std::sys_common::backtrace::_print_fmt::h17541ef7592f3ce2
[INFO] [stdout]                                at /rustc/1b7dd2252b99671ce5d1cb9664c5f8636329436d/library/std/src/sys_common/backtrace.rs:65:5
[INFO] [stdout]    3:     0x5565b200ceca - <std::sys_common::backtrace::_print::DisplayBacktrace as core::fmt::Display>::fmt::h20f75df5ab0c0792
[INFO] [stdout]                                at /rustc/1b7dd2252b99671ce5d1cb9664c5f8636329436d/library/std/src/sys_common/backtrace.rs:44:22
[INFO] [stdout]    4:     0x5565b202740f - core::fmt::write::h78109e6f466b3af6
[INFO] [stdout]                                at /rustc/1b7dd2252b99671ce5d1cb9664c5f8636329436d/library/core/src/fmt/mod.rs:1254:17
[INFO] [stdout]    5:     0x5565b200a9b5 - std::io::Write::write_fmt::hc59e1b02dd273c8a
[INFO] [stdout]                                at /rustc/1b7dd2252b99671ce5d1cb9664c5f8636329436d/library/std/src/io/mod.rs:1698:15
[INFO] [stdout]    6:     0x5565b200cc95 - std::sys_common::backtrace::_print::h8dac57a9f8fbf9a5
[INFO] [stdout]                                at /rustc/1b7dd2252b99671ce5d1cb9664c5f8636329436d/library/std/src/sys_common/backtrace.rs:47:5
[INFO] [stdout]    7:     0x5565b200cc95 - std::sys_common::backtrace::print::hf9ecbf41d1aa712f
[INFO] [stdout]                                at /rustc/1b7dd2252b99671ce5d1cb9664c5f8636329436d/library/std/src/sys_common/backtrace.rs:34:9
[INFO] [stdout]    8:     0x5565b200e21e - std::panicking::default_hook::{{closure}}::h04c07acfc84ca028
[INFO] [stdout]                                at /rustc/1b7dd2252b99671ce5d1cb9664c5f8636329436d/library/std/src/panicking.rs:269:22
[INFO] [stdout]    9:     0x5565b200dfc5 - std::panicking::default_hook::h01f6bb23e1eceb2c
[INFO] [stdout]                                at /rustc/1b7dd2252b99671ce5d1cb9664c5f8636329436d/library/std/src/panicking.rs:288:9
[INFO] [stdout]   10:     0x5565b200e77e - std::panicking::rust_panic_with_hook::h2bb3722bbaf2f6df
[INFO] [stdout]                                at /rustc/1b7dd2252b99671ce5d1cb9664c5f8636329436d/library/std/src/panicking.rs:691:13
[INFO] [stdout]   11:     0x5565b200e679 - std::panicking::begin_panic_handler::{{closure}}::h91bc7f36a4be011b
[INFO] [stdout]                                at /rustc/1b7dd2252b99671ce5d1cb9664c5f8636329436d/library/std/src/panicking.rs:582:13
[INFO] [stdout]   12:     0x5565b200d336 - std::sys_common::backtrace::__rust_end_short_backtrace::h8b3d3717114f9e59
[INFO] [stdout]                                at /rustc/1b7dd2252b99671ce5d1cb9664c5f8636329436d/library/std/src/sys_common/backtrace.rs:150:18
[INFO] [stdout]   13:     0x5565b200e3d2 - rust_begin_unwind
[INFO] [stdout]                                at /rustc/1b7dd2252b99671ce5d1cb9664c5f8636329436d/library/std/src/panicking.rs:578:5
[INFO] [stdout]   14:     0x5565b1fe63b3 - core::panicking::panic_fmt::hfd368e3fbdabea26
[INFO] [stdout]                                at /rustc/1b7dd2252b99671ce5d1cb9664c5f8636329436d/library/core/src/panicking.rs:67:14
[INFO] [stdout]   15:     0x5565b1fe6373 - core::panicking::panic_display::h6a6fc60a178acd86
[INFO] [stdout]                                at /rustc/1b7dd2252b99671ce5d1cb9664c5f8636329436d/library/core/src/panicking.rs:150:5
[INFO] [stdout]   16:     0x5565b1fe6373 - core::panicking::panic_str::h8ce4cc97de8b14bf
[INFO] [stdout]                                at /rustc/1b7dd2252b99671ce5d1cb9664c5f8636329436d/library/core/src/panicking.rs:134:5
[INFO] [stdout]   17:     0x5565b1fe6373 - core::option::expect_failed::hc18eca070520249e
[INFO] [stdout]                                at /rustc/1b7dd2252b99671ce5d1cb9664c5f8636329436d/library/core/src/option.rs:2025:5
[INFO] [stdout]   18:     0x5565b1fe6d33 - core::option::Option<T>::expect::h5ec0d8f2ebc03e6c
[INFO] [stdout]   19:     0x5565b1fe703d - rust_out::main::h76474cbef6fc0287
[INFO] [stdout]   20:     0x5565b1fe6c4e - core::ops::function::FnOnce::call_once::h74ede14c4396822d
[INFO] [stdout]   21:     0x5565b1fe6a0d - std::sys_common::backtrace::__rust_begin_short_backtrace::h023b48726fe11439
[INFO] [stdout]   22:     0x5565b1fe6a71 - std::rt::lang_start::{{closure}}::hf7ce16f4a6c60ced
[INFO] [stdout]   23:     0x5565b2007dde - core::ops::function::impls::<impl core::ops::function::FnOnce<A> for &F>::call_once::h2eb19b8ce4148df4
[INFO] [stdout]                                at /rustc/1b7dd2252b99671ce5d1cb9664c5f8636329436d/library/core/src/ops/function.rs:287:13
[INFO] [stdout]   24:     0x5565b2007dde - std::panicking::try::do_call::h2e900feff5d504c5
[INFO] [stdout]                                at /rustc/1b7dd2252b99671ce5d1cb9664c5f8636329436d/library/std/src/panicking.rs:485:40
[INFO] [stdout]   25:     0x5565b2007dde - std::panicking::try::h8854836cb85aa9f2
[INFO] [stdout]                                at /rustc/1b7dd2252b99671ce5d1cb9664c5f8636329436d/library/std/src/panicking.rs:449:19
[INFO] [stdout]   26:     0x5565b2007dde - std::panic::catch_unwind::h706025dd4c48f64b
[INFO] [stdout]                                at /rustc/1b7dd2252b99671ce5d1cb9664c5f8636329436d/library/std/src/panic.rs:140:14
[INFO] [stdout]   27:     0x5565b2007dde - std::rt::lang_start_internal::{{closure}}::h7be5b97f4a07a91a
[INFO] [stdout]                                at /rustc/1b7dd2252b99671ce5d1cb9664c5f8636329436d/library/std/src/rt.rs:148:48
[INFO] [stdout]   28:     0x5565b2007dde - std::panicking::try::do_call::h59847e9d0a176965
[INFO] [stdout]                                at /rustc/1b7dd2252b99671ce5d1cb9664c5f8636329436d/library/std/src/panicking.rs:485:40
[INFO] [stdout]   29:     0x5565b2007dde - std::panicking::try::h399a918ba8522823
[INFO] [stdout]                                at /rustc/1b7dd2252b99671ce5d1cb9664c5f8636329436d/library/std/src/panicking.rs:449:19
[INFO] [stdout]   30:     0x5565b2007dde - std::panic::catch_unwind::hca7ca6c55b2a2e26
[INFO] [stdout]                                at /rustc/1b7dd2252b99671ce5d1cb9664c5f8636329436d/library/std/src/panic.rs:140:14
[INFO] [stdout]   31:     0x5565b2007dde - std::rt::lang_start_internal::h2c807a81560459eb
[INFO] [stdout]                                at /rustc/1b7dd2252b99671ce5d1cb9664c5f8636329436d/library/std/src/rt.rs:148:20
[INFO] [stdout]   32:     0x5565b1fe6a47 - std::rt::lang_start::h5b727537b12fd61f
[INFO] [stdout]   33:     0x5565b1fe7165 - main
[INFO] [stdout]   34:     0x7faf55a75d90 - <unknown>
[INFO] [stdout]   35:     0x7faf55a75e40 - __libc_start_main
[INFO] [stdout]   36:     0x5565b1fe6935 - _start
[INFO] [stdout]   37:                0x0 - <unknown>
[INFO] [stdout] 
[INFO] [stdout] 
[INFO] [stdout] ---- src/config.rs - config (line 5) stdout ----
[INFO] [stdout] Test executable failed (exit status: 1).
[INFO] [stdout] 
[INFO] [stdout] stderr:
[INFO] [stdout] Error: PathError { source: FileAccess("/root/.timelogrc", "couldn't read /root/.timelogrc: No such file or directory (os error 2)") }
[INFO] [stdout] 
[INFO] [stdout] 
[INFO] [stdout] ---- src/logfile.rs - logfile (line 5) stdout ----
[INFO] [stdout] Test executable failed (exit status: 101).
[INFO] [stdout] 
[INFO] [stdout] stdout:
[INFO] [stdout] None
[INFO] [stdout] 
[INFO] [stdout] stderr:
[INFO] [stdout] thread 'main' panicked at 'Oops: Os { code: 30, kind: ReadOnlyFilesystem, message: "Read-only file system" }', src/logfile.rs:11:46
[INFO] [stdout] stack backtrace:
[INFO] [stdout]    0:     0x560b7d6388ca - std::backtrace_rs::backtrace::libunwind::trace::h2f05d0192276a8f6
[INFO] [stdout]                                at /rustc/1b7dd2252b99671ce5d1cb9664c5f8636329436d/library/std/src/../../backtrace/src/backtrace/libunwind.rs:93:5
[INFO] [stdout]    1:     0x560b7d6388ca - std::backtrace_rs::backtrace::trace_unsynchronized::hedc23dff7a1af150
[INFO] [stdout]                                at /rustc/1b7dd2252b99671ce5d1cb9664c5f8636329436d/library/std/src/../../backtrace/src/backtrace/mod.rs:66:5
[INFO] [stdout]    2:     0x560b7d6388ca - std::sys_common::backtrace::_print_fmt::h17541ef7592f3ce2
[INFO] [stdout]                                at /rustc/1b7dd2252b99671ce5d1cb9664c5f8636329436d/library/std/src/sys_common/backtrace.rs:65:5
[INFO] [stdout]    3:     0x560b7d6388ca - <std::sys_common::backtrace::_print::DisplayBacktrace as core::fmt::Display>::fmt::h20f75df5ab0c0792
[INFO] [stdout]                                at /rustc/1b7dd2252b99671ce5d1cb9664c5f8636329436d/library/std/src/sys_common/backtrace.rs:44:22
[INFO] [stdout]    4:     0x560b7d653f7f - core::fmt::write::h78109e6f466b3af6
[INFO] [stdout]                                at /rustc/1b7dd2252b99671ce5d1cb9664c5f8636329436d/library/core/src/fmt/mod.rs:1254:17
[INFO] [stdout]    5:     0x560b7d6361e5 - std::io::Write::write_fmt::hc59e1b02dd273c8a
[INFO] [stdout]                                at /rustc/1b7dd2252b99671ce5d1cb9664c5f8636329436d/library/std/src/io/mod.rs:1698:15
[INFO] [stdout]    6:     0x560b7d638695 - std::sys_common::backtrace::_print::h8dac57a9f8fbf9a5
[INFO] [stdout]                                at /rustc/1b7dd2252b99671ce5d1cb9664c5f8636329436d/library/std/src/sys_common/backtrace.rs:47:5
[INFO] [stdout]    7:     0x560b7d638695 - std::sys_common::backtrace::print::hf9ecbf41d1aa712f
[INFO] [stdout]                                at /rustc/1b7dd2252b99671ce5d1cb9664c5f8636329436d/library/std/src/sys_common/backtrace.rs:34:9
[INFO] [stdout]    8:     0x560b7d639c1e - std::panicking::default_hook::{{closure}}::h04c07acfc84ca028
[INFO] [stdout]                                at /rustc/1b7dd2252b99671ce5d1cb9664c5f8636329436d/library/std/src/panicking.rs:269:22
[INFO] [stdout]    9:     0x560b7d6399c5 - std::panicking::default_hook::h01f6bb23e1eceb2c
[INFO] [stdout]                                at /rustc/1b7dd2252b99671ce5d1cb9664c5f8636329436d/library/std/src/panicking.rs:288:9
[INFO] [stdout]   10:     0x560b7d63a17e - std::panicking::rust_panic_with_hook::h2bb3722bbaf2f6df
[INFO] [stdout]                                at /rustc/1b7dd2252b99671ce5d1cb9664c5f8636329436d/library/std/src/panicking.rs:691:13
[INFO] [stdout]   11:     0x560b7d63a079 - std::panicking::begin_panic_handler::{{closure}}::h91bc7f36a4be011b
[INFO] [stdout]                                at /rustc/1b7dd2252b99671ce5d1cb9664c5f8636329436d/library/std/src/panicking.rs:582:13
[INFO] [stdout]   12:     0x560b7d638d36 - std::sys_common::backtrace::__rust_end_short_backtrace::h8b3d3717114f9e59
[INFO] [stdout]                                at /rustc/1b7dd2252b99671ce5d1cb9664c5f8636329436d/library/std/src/sys_common/backtrace.rs:150:18
[INFO] [stdout]   13:     0x560b7d639dd2 - rust_begin_unwind
[INFO] [stdout]                                at /rustc/1b7dd2252b99671ce5d1cb9664c5f8636329436d/library/std/src/panicking.rs:578:5
[INFO] [stdout]   14:     0x560b7d462b43 - core::panicking::panic_fmt::hfd368e3fbdabea26
[INFO] [stdout]                                at /rustc/1b7dd2252b99671ce5d1cb9664c5f8636329436d/library/core/src/panicking.rs:67:14
[INFO] [stdout]   15:     0x560b7d463083 - core::result::unwrap_failed::he54eb4b2f125b26f
[INFO] [stdout]                                at /rustc/1b7dd2252b99671ce5d1cb9664c5f8636329436d/library/core/src/result.rs:1687:5
[INFO] [stdout]   16:     0x560b7d4636e3 - core::result::Result<T,E>::expect::h760c968068de51c2
[INFO] [stdout]   17:     0x560b7d463a70 - rust_out::main::h76474cbef6fc0287
[INFO] [stdout]   18:     0x560b7d4635ee - core::ops::function::FnOnce::call_once::h74ede14c4396822d
[INFO] [stdout]   19:     0x560b7d46333d - std::sys_common::backtrace::__rust_begin_short_backtrace::h023b48726fe11439
[INFO] [stdout]   20:     0x560b7d463421 - std::rt::lang_start::{{closure}}::hf7ce16f4a6c60ced
[INFO] [stdout]   21:     0x560b7d6328ae - core::ops::function::impls::<impl core::ops::function::FnOnce<A> for &F>::call_once::h2eb19b8ce4148df4
[INFO] [stdout]                                at /rustc/1b7dd2252b99671ce5d1cb9664c5f8636329436d/library/core/src/ops/function.rs:287:13
[INFO] [stdout]   22:     0x560b7d6328ae - std::panicking::try::do_call::h2e900feff5d504c5
[INFO] [stdout]                                at /rustc/1b7dd2252b99671ce5d1cb9664c5f8636329436d/library/std/src/panicking.rs:485:40
[INFO] [stdout]   23:     0x560b7d6328ae - std::panicking::try::h8854836cb85aa9f2
[INFO] [stdout]                                at /rustc/1b7dd2252b99671ce5d1cb9664c5f8636329436d/library/std/src/panicking.rs:449:19
[INFO] [stdout]   24:     0x560b7d6328ae - std::panic::catch_unwind::h706025dd4c48f64b
[INFO] [stdout]                                at /rustc/1b7dd2252b99671ce5d1cb9664c5f8636329436d/library/std/src/panic.rs:140:14
[INFO] [stdout]   25:     0x560b7d6328ae - std::rt::lang_start_internal::{{closure}}::h7be5b97f4a07a91a
[INFO] [stdout]                                at /rustc/1b7dd2252b99671ce5d1cb9664c5f8636329436d/library/std/src/rt.rs:148:48
[INFO] [stdout]   26:     0x560b7d6328ae - std::panicking::try::do_call::h59847e9d0a176965
[INFO] [stdout]                                at /rustc/1b7dd2252b99671ce5d1cb9664c5f8636329436d/library/std/src/panicking.rs:485:40
[INFO] [stdout]   27:     0x560b7d6328ae - std::panicking::try::h399a918ba8522823
[INFO] [stdout]                                at /rustc/1b7dd2252b99671ce5d1cb9664c5f8636329436d/library/std/src/panicking.rs:449:19
[INFO] [stdout]   28:     0x560b7d6328ae - std::panic::catch_unwind::hca7ca6c55b2a2e26
[INFO] [stdout]                                at /rustc/1b7dd2252b99671ce5d1cb9664c5f8636329436d/library/std/src/panic.rs:140:14
[INFO] [stdout]   29:     0x560b7d6328ae - std::rt::lang_start_internal::h2c807a81560459eb
[INFO] [stdout]                                at /rustc/1b7dd2252b99671ce5d1cb9664c5f8636329436d/library/std/src/rt.rs:148:20
[INFO] [stdout]   30:     0x560b7d4633f7 - std::rt::lang_start::h5b727537b12fd61f
[INFO] [stdout]   31:     0x560b7d463ad5 - main
[INFO] [stdout]   32:     0x7ffa60977d90 - <unknown>
[INFO] [stdout]   33:     0x7ffa60977e40 - __libc_start_main
[INFO] [stdout]   34:     0x560b7d463265 - _start
[INFO] [stdout]   35:                0x0 - <unknown>
[INFO] [stdout] 
[INFO] [stdout] 
[INFO] [stdout] 
[INFO] [stdout] failures:
[INFO] [stdout]     src/config.rs - config (line 5)
[INFO] [stdout]     src/logfile.rs - logfile (line 5)
[INFO] [stdout]     src/stack.rs - stack (line 5)
[INFO] [stdout] 
[INFO] [stdout] test result: FAILED. 13 passed; 3 failed; 0 ignored; 0 measured; 0 filtered out; finished in 2.16s
[INFO] [stdout] 
[INFO] [stderr] error: doctest failed, to rerun pass `--doc`
[INFO] running `Command { std: "docker" "inspect" "f53382fcd33f2dd9f7f263f93eff8e8ba6125bf237d54ed79d7e3564b0304c66", kill_on_drop: false }`
[INFO] running `Command { std: "docker" "rm" "-f" "f53382fcd33f2dd9f7f263f93eff8e8ba6125bf237d54ed79d7e3564b0304c66", kill_on_drop: false }`
[INFO] [stdout] f53382fcd33f2dd9f7f263f93eff8e8ba6125bf237d54ed79d7e3564b0304c66
