[INFO] fetching crate rstk 0.1.0...
[INFO] testing rstk-0.1.0 against beta-2023-04-20 for beta-1.70-1
[INFO] extracting crate rstk 0.1.0 into /workspace/builds/worker-0-tc2/source
[INFO] validating manifest of crates.io crate rstk 0.1.0 on toolchain beta-2023-04-20
[INFO] running `Command { std: CARGO_HOME="/workspace/cargo-home" RUSTUP_HOME="/workspace/rustup-home" "/workspace/cargo-home/bin/cargo" "+beta-2023-04-20" "metadata" "--manifest-path" "Cargo.toml" "--no-deps", kill_on_drop: false }`
[INFO] started tweaking crates.io crate rstk 0.1.0
[INFO] finished tweaking crates.io crate rstk 0.1.0
[INFO] tweaked toml for crates.io crate rstk 0.1.0 written to /workspace/builds/worker-0-tc2/source/Cargo.toml
[INFO] crate crates.io crate rstk 0.1.0 already has a lockfile, it will not be regenerated
[INFO] running `Command { std: CARGO_HOME="/workspace/cargo-home" RUSTUP_HOME="/workspace/rustup-home" "/workspace/cargo-home/bin/cargo" "+beta-2023-04-20" "fetch" "--manifest-path" "Cargo.toml", kill_on_drop: false }`
[INFO] running `Command { std: "docker" "create" "-v" "/var/lib/crater-agent-workspace/builds/worker-0-tc2/target:/opt/rustwide/target:rw,Z" "-v" "/var/lib/crater-agent-workspace/builds/worker-0-tc2/source:/opt/rustwide/workdir:ro,Z" "-v" "/var/lib/crater-agent-workspace/cargo-home:/opt/rustwide/cargo-home:ro,Z" "-v" "/var/lib/crater-agent-workspace/rustup-home:/opt/rustwide/rustup-home:ro,Z" "-e" "SOURCE_DIR=/opt/rustwide/workdir" "-e" "CARGO_TARGET_DIR=/opt/rustwide/target" "-e" "CARGO_HOME=/opt/rustwide/cargo-home" "-e" "RUSTUP_HOME=/opt/rustwide/rustup-home" "-w" "/opt/rustwide/workdir" "-m" "1610612736" "--user" "0:0" "--network" "none" "ghcr.io/rust-lang/crates-build-env/linux@sha256:5ff2268d62e97bff2cde7d5815dd6ed5b47097566f13b8d0ca110b04b60e07ed" "/opt/rustwide/cargo-home/bin/cargo" "+beta-2023-04-20" "metadata" "--no-deps" "--format-version=1", kill_on_drop: false }`
[INFO] [stdout] 83e4d2517c70fba65cdb4a7aa76a0afb32e0a5ffc79ed36090e1defee920de76
[INFO] running `Command { std: "docker" "start" "-a" "83e4d2517c70fba65cdb4a7aa76a0afb32e0a5ffc79ed36090e1defee920de76", kill_on_drop: false }`
[INFO] running `Command { std: "docker" "inspect" "83e4d2517c70fba65cdb4a7aa76a0afb32e0a5ffc79ed36090e1defee920de76", kill_on_drop: false }`
[INFO] running `Command { std: "docker" "rm" "-f" "83e4d2517c70fba65cdb4a7aa76a0afb32e0a5ffc79ed36090e1defee920de76", kill_on_drop: false }`
[INFO] [stdout] 83e4d2517c70fba65cdb4a7aa76a0afb32e0a5ffc79ed36090e1defee920de76
[INFO] running `Command { std: "docker" "create" "-v" "/var/lib/crater-agent-workspace/builds/worker-0-tc2/target:/opt/rustwide/target:rw,Z" "-v" "/var/lib/crater-agent-workspace/builds/worker-0-tc2/source:/opt/rustwide/workdir:ro,Z" "-v" "/var/lib/crater-agent-workspace/cargo-home:/opt/rustwide/cargo-home:ro,Z" "-v" "/var/lib/crater-agent-workspace/rustup-home:/opt/rustwide/rustup-home:ro,Z" "-e" "SOURCE_DIR=/opt/rustwide/workdir" "-e" "CARGO_TARGET_DIR=/opt/rustwide/target" "-e" "CARGO_INCREMENTAL=0" "-e" "RUST_BACKTRACE=full" "-e" "RUSTFLAGS=--cap-lints=warn" "-e" "RUSTDOCFLAGS=--cap-lints=warn" "-e" "CARGO_HOME=/opt/rustwide/cargo-home" "-e" "RUSTUP_HOME=/opt/rustwide/rustup-home" "-w" "/opt/rustwide/workdir" "-m" "1610612736" "--user" "0:0" "--network" "none" "ghcr.io/rust-lang/crates-build-env/linux@sha256:5ff2268d62e97bff2cde7d5815dd6ed5b47097566f13b8d0ca110b04b60e07ed" "/opt/rustwide/cargo-home/bin/cargo" "+beta-2023-04-20" "build" "--frozen" "--message-format=json", kill_on_drop: false }`
[INFO] [stdout] 7e5bf40a72a065c8b348b66441436b55f1da163d602fcf782dbaac262f83ef00
[INFO] running `Command { std: "docker" "start" "-a" "7e5bf40a72a065c8b348b66441436b55f1da163d602fcf782dbaac262f83ef00", kill_on_drop: false }`
[INFO] [stderr]    Compiling once_cell v1.7.2
[INFO] [stderr]    Compiling rstk v0.1.0 (/opt/rustwide/workdir)
[INFO] [stdout] warning: field `message` is never read
[INFO] [stdout]    --> src/wish.rs:103:5
[INFO] [stdout]     |
[INFO] [stdout] 102 | pub struct TkError {
[INFO] [stdout]     |            ------- field in this struct
[INFO] [stdout] 103 |     message: String,
[INFO] [stdout]     |     ^^^^^^^
[INFO] [stdout]     |
[INFO] [stdout]     = note: `TkError` has a derived impl for the trait `Debug`, but this is intentionally ignored during dead code analysis
[INFO] [stdout]     = note: `#[warn(dead_code)]` on by default
[INFO] [stdout] 
[INFO] [stdout] 
[INFO] [stdout] warning: 1 warning emitted
[INFO] [stdout] 
[INFO] [stdout] 
[INFO] [stderr]     Finished dev [unoptimized + debuginfo] target(s) in 1.57s
[INFO] running `Command { std: "docker" "inspect" "7e5bf40a72a065c8b348b66441436b55f1da163d602fcf782dbaac262f83ef00", kill_on_drop: false }`
[INFO] running `Command { std: "docker" "rm" "-f" "7e5bf40a72a065c8b348b66441436b55f1da163d602fcf782dbaac262f83ef00", kill_on_drop: false }`
[INFO] [stdout] 7e5bf40a72a065c8b348b66441436b55f1da163d602fcf782dbaac262f83ef00
[INFO] running `Command { std: "docker" "create" "-v" "/var/lib/crater-agent-workspace/builds/worker-0-tc2/target:/opt/rustwide/target:rw,Z" "-v" "/var/lib/crater-agent-workspace/builds/worker-0-tc2/source:/opt/rustwide/workdir:ro,Z" "-v" "/var/lib/crater-agent-workspace/cargo-home:/opt/rustwide/cargo-home:ro,Z" "-v" "/var/lib/crater-agent-workspace/rustup-home:/opt/rustwide/rustup-home:ro,Z" "-e" "SOURCE_DIR=/opt/rustwide/workdir" "-e" "CARGO_TARGET_DIR=/opt/rustwide/target" "-e" "CARGO_INCREMENTAL=0" "-e" "RUST_BACKTRACE=full" "-e" "RUSTFLAGS=--cap-lints=warn" "-e" "RUSTDOCFLAGS=--cap-lints=warn" "-e" "CARGO_HOME=/opt/rustwide/cargo-home" "-e" "RUSTUP_HOME=/opt/rustwide/rustup-home" "-w" "/opt/rustwide/workdir" "-m" "1610612736" "--user" "0:0" "--network" "none" "ghcr.io/rust-lang/crates-build-env/linux@sha256:5ff2268d62e97bff2cde7d5815dd6ed5b47097566f13b8d0ca110b04b60e07ed" "/opt/rustwide/cargo-home/bin/cargo" "+beta-2023-04-20" "test" "--frozen" "--no-run" "--message-format=json", kill_on_drop: false }`
[INFO] [stdout] 23bb7e3b5869404c52ebac1b11cdacf2cf905f56833a98d1cfdabde03ac20e1a
[INFO] running `Command { std: "docker" "start" "-a" "23bb7e3b5869404c52ebac1b11cdacf2cf905f56833a98d1cfdabde03ac20e1a", kill_on_drop: false }`
[INFO] [stderr]     Blocking waiting for file lock on package cache
[INFO] [stderr]    Compiling rstk v0.1.0 (/opt/rustwide/workdir)
[INFO] [stdout] warning: field `message` is never read
[INFO] [stdout]    --> src/wish.rs:103:5
[INFO] [stdout]     |
[INFO] [stdout] 102 | pub struct TkError {
[INFO] [stdout]     |            ------- field in this struct
[INFO] [stdout] 103 |     message: String,
[INFO] [stdout]     |     ^^^^^^^
[INFO] [stdout]     |
[INFO] [stdout]     = note: `TkError` has a derived impl for the trait `Debug`, but this is intentionally ignored during dead code analysis
[INFO] [stdout]     = note: `#[warn(dead_code)]` on by default
[INFO] [stdout] 
[INFO] [stdout] 
[INFO] [stdout] warning: 1 warning emitted
[INFO] [stdout] 
[INFO] [stdout] 
[INFO] [stdout] warning: field `message` is never read
[INFO] [stdout]    --> src/wish.rs:103:5
[INFO] [stdout]     |
[INFO] [stdout] 102 | pub struct TkError {
[INFO] [stdout]     |            ------- field in this struct
[INFO] [stdout] 103 |     message: String,
[INFO] [stdout]     |     ^^^^^^^
[INFO] [stdout]     |
[INFO] [stdout]     = note: `TkError` has a derived impl for the trait `Debug`, but this is intentionally ignored during dead code analysis
[INFO] [stdout]     = note: `#[warn(dead_code)]` on by default
[INFO] [stdout] 
[INFO] [stdout] 
[INFO] [stdout] warning: 1 warning emitted
[INFO] [stdout] 
[INFO] [stdout] 
[INFO] [stderr]     Finished test [unoptimized + debuginfo] target(s) in 1.54s
[INFO] running `Command { std: "docker" "inspect" "23bb7e3b5869404c52ebac1b11cdacf2cf905f56833a98d1cfdabde03ac20e1a", kill_on_drop: false }`
[INFO] running `Command { std: "docker" "rm" "-f" "23bb7e3b5869404c52ebac1b11cdacf2cf905f56833a98d1cfdabde03ac20e1a", kill_on_drop: false }`
[INFO] [stdout] 23bb7e3b5869404c52ebac1b11cdacf2cf905f56833a98d1cfdabde03ac20e1a
[INFO] running `Command { std: "docker" "create" "-v" "/var/lib/crater-agent-workspace/builds/worker-0-tc2/target:/opt/rustwide/target:rw,Z" "-v" "/var/lib/crater-agent-workspace/builds/worker-0-tc2/source:/opt/rustwide/workdir:ro,Z" "-v" "/var/lib/crater-agent-workspace/cargo-home:/opt/rustwide/cargo-home:ro,Z" "-v" "/var/lib/crater-agent-workspace/rustup-home:/opt/rustwide/rustup-home:ro,Z" "-e" "SOURCE_DIR=/opt/rustwide/workdir" "-e" "CARGO_TARGET_DIR=/opt/rustwide/target" "-e" "CARGO_INCREMENTAL=0" "-e" "RUST_BACKTRACE=full" "-e" "RUSTFLAGS=--cap-lints=warn" "-e" "RUSTDOCFLAGS=--cap-lints=warn" "-e" "CARGO_HOME=/opt/rustwide/cargo-home" "-e" "RUSTUP_HOME=/opt/rustwide/rustup-home" "-w" "/opt/rustwide/workdir" "-m" "1610612736" "--user" "0:0" "--network" "none" "ghcr.io/rust-lang/crates-build-env/linux@sha256:5ff2268d62e97bff2cde7d5815dd6ed5b47097566f13b8d0ca110b04b60e07ed" "/opt/rustwide/cargo-home/bin/cargo" "+beta-2023-04-20" "test" "--frozen", kill_on_drop: false }`
[INFO] [stdout] c14f8550c42c5d394553f4a0ae27421354999fb7811cfe01262f819a0512bfa6
[INFO] running `Command { std: "docker" "start" "-a" "c14f8550c42c5d394553f4a0ae27421354999fb7811cfe01262f819a0512bfa6", kill_on_drop: false }`
[INFO] [stderr] warning: field `message` is never read
[INFO] [stderr]    --> src/wish.rs:103:5
[INFO] [stderr]     |
[INFO] [stderr] 102 | pub struct TkError {
[INFO] [stderr]     |            ------- field in this struct
[INFO] [stderr] 103 |     message: String,
[INFO] [stderr]     |     ^^^^^^^
[INFO] [stderr]     |
[INFO] [stderr]     = note: `TkError` has a derived impl for the trait `Debug`, but this is intentionally ignored during dead code analysis
[INFO] [stderr]     = note: `#[warn(dead_code)]` on by default
[INFO] [stderr] 
[INFO] [stderr] warning: `rstk` (lib) generated 1 warning
[INFO] [stderr] warning: `rstk` (lib test) generated 1 warning (1 duplicate)
[INFO] [stderr]     Finished test [unoptimized + debuginfo] target(s) in 0.01s
[INFO] [stderr]      Running unittests src/lib.rs (/opt/rustwide/target/debug/deps/rstk-5eb1d9bfc19de5e8)
[INFO] [stdout] 
[INFO] [stdout] running 10 tests
[INFO] [stdout] test wish::tests::split_items_3 ... ok
[INFO] [stdout] test wish::tests::split_items_4 ... ok
[INFO] [stdout] test font::tests::str_to_font_2 ... ok
[INFO] [stdout] test wish::tests::split_items_5 ... ok
[INFO] [stdout] test font::tests::font_to_str ... ok
[INFO] [stdout] test toplevel::tests::geometry ... ok
[INFO] [stdout] test font::tests::str_to_font ... ok
[INFO] [stdout] test wish::tests::split_items_1 ... ok
[INFO] [stdout] test wish::tests::split_items_2 ... ok
[INFO] [stdout] test font::tests::font_to_str_2 ... ok
[INFO] [stdout] 
[INFO] [stdout] test result: ok. 10 passed; 0 failed; 0 ignored; 0 measured; 0 filtered out; finished in 0.01s
[INFO] [stdout] 
[INFO] [stderr]    Doc-tests rstk
[INFO] [stdout] 
[INFO] [stdout] running 21 tests
[INFO] [stdout] test src/grid.rs - grid::TkGridLayout::grid_configure (line 177) ... FAILED
[INFO] [stdout] test src/dialog.rs - dialog::TkSaveFileChooser::file_types (line 469) ... FAILED
[INFO] [stdout] test src/check_button.rs - check_button (line 26) ... FAILED
[INFO] [stdout] test src/grid.rs - grid (line 7) ... FAILED
[INFO] [stdout] test src/check_button.rs - check_button (line 14) ... FAILED
[INFO] [stdout] test src/button.rs - button (line 9) ... FAILED
[INFO] [stdout] test src/button.rs - button (line 20) ... FAILED
[INFO] [stdout] test src/font.rs - font (line 11) ... FAILED
[INFO] [stdout] test src/font.rs - font (line 21) ... FAILED
[INFO] [stdout] test src/label.rs - label (line 28) ... FAILED
[INFO] [stdout] test src/wish.rs - wish (line 61) ... FAILED
[INFO] [stdout] test src/label.rs - label (line 9) ... FAILED
[INFO] [stdout] test src/dialog.rs - dialog::TkOpenFileChooser::file_types (line 346) ... FAILED
[INFO] [stdout] test src/pack.rs - pack (line 7) ... FAILED
[INFO] [stdout] test src/dialog.rs - dialog (line 19) ... FAILED
[INFO] [stdout] test src/label.rs - label (line 19) ... FAILED
[INFO] [stdout] test src/grid.rs - grid (line 22) ... FAILED
[INFO] [stdout] test src/wish.rs - wish (line 23) ... FAILED
[INFO] [stdout] test src/theme.rs - theme::theme_names (line 12) ... FAILED
[INFO] [stdout] test src/lib.rs - (line 28) has been running for over 60 seconds
[INFO] [stdout] test src/wish.rs - wish (line 5) has been running for over 60 seconds
[ERROR] error running command: no output for 300 seconds
[INFO] running `Command { std: "docker" "inspect" "c14f8550c42c5d394553f4a0ae27421354999fb7811cfe01262f819a0512bfa6", kill_on_drop: false }`
[INFO] running `Command { std: "docker" "rm" "-f" "c14f8550c42c5d394553f4a0ae27421354999fb7811cfe01262f819a0512bfa6", kill_on_drop: false }`
[INFO] [stdout] c14f8550c42c5d394553f4a0ae27421354999fb7811cfe01262f819a0512bfa6
