[INFO] fetching crate rsfs 0.4.1...
[INFO] testing rsfs-0.4.1 against 1.69.0 for beta-1.70-1
[INFO] extracting crate rsfs 0.4.1 into /workspace/builds/worker-4-tc1/source
[INFO] validating manifest of crates.io crate rsfs 0.4.1 on toolchain 1.69.0
[INFO] running `Command { std: CARGO_HOME="/workspace/cargo-home" RUSTUP_HOME="/workspace/rustup-home" "/workspace/cargo-home/bin/cargo" "+1.69.0" "metadata" "--manifest-path" "Cargo.toml" "--no-deps", kill_on_drop: false }`
[INFO] started tweaking crates.io crate rsfs 0.4.1
[INFO] finished tweaking crates.io crate rsfs 0.4.1
[INFO] tweaked toml for crates.io crate rsfs 0.4.1 written to /workspace/builds/worker-4-tc1/source/Cargo.toml
[INFO] running `Command { std: CARGO_HOME="/workspace/cargo-home" RUSTUP_HOME="/workspace/rustup-home" __CARGO_TEST_CHANNEL_OVERRIDE_DO_NOT_USE_THIS="nightly" "/workspace/cargo-home/bin/cargo" "+1.69.0" "generate-lockfile" "--manifest-path" "Cargo.toml" "-Zno-index-update", kill_on_drop: false }`
[INFO] running `Command { std: CARGO_HOME="/workspace/cargo-home" RUSTUP_HOME="/workspace/rustup-home" "/workspace/cargo-home/bin/cargo" "+1.69.0" "fetch" "--manifest-path" "Cargo.toml", kill_on_drop: false }`
[INFO] [stderr]  Downloading crates ...
[INFO] [stderr]   Downloaded parking_lot v0.4.8
[INFO] running `Command { std: "docker" "create" "-v" "/var/lib/crater-agent-workspace/builds/worker-4-tc1/target:/opt/rustwide/target:rw,Z" "-v" "/var/lib/crater-agent-workspace/builds/worker-4-tc1/source:/opt/rustwide/workdir:ro,Z" "-v" "/var/lib/crater-agent-workspace/cargo-home:/opt/rustwide/cargo-home:ro,Z" "-v" "/var/lib/crater-agent-workspace/rustup-home:/opt/rustwide/rustup-home:ro,Z" "-e" "SOURCE_DIR=/opt/rustwide/workdir" "-e" "CARGO_TARGET_DIR=/opt/rustwide/target" "-e" "CARGO_HOME=/opt/rustwide/cargo-home" "-e" "RUSTUP_HOME=/opt/rustwide/rustup-home" "-w" "/opt/rustwide/workdir" "-m" "1610612736" "--user" "0:0" "--network" "none" "ghcr.io/rust-lang/crates-build-env/linux@sha256:97d61d7686bf65f8ecb15491ab51835e82dc9176a96a831f143a431b191fc501" "/opt/rustwide/cargo-home/bin/cargo" "+1.69.0" "metadata" "--no-deps" "--format-version=1", kill_on_drop: false }`
[INFO] [stdout] 5a6c891a1cee916f266a70e126f8a4d112f74e50272046c99fc7dd65618649fc
[INFO] running `Command { std: "docker" "start" "-a" "5a6c891a1cee916f266a70e126f8a4d112f74e50272046c99fc7dd65618649fc", kill_on_drop: false }`
[INFO] running `Command { std: "docker" "inspect" "5a6c891a1cee916f266a70e126f8a4d112f74e50272046c99fc7dd65618649fc", kill_on_drop: false }`
[INFO] running `Command { std: "docker" "rm" "-f" "5a6c891a1cee916f266a70e126f8a4d112f74e50272046c99fc7dd65618649fc", kill_on_drop: false }`
[INFO] [stdout] 5a6c891a1cee916f266a70e126f8a4d112f74e50272046c99fc7dd65618649fc
[INFO] running `Command { std: "docker" "create" "-v" "/var/lib/crater-agent-workspace/builds/worker-4-tc1/target:/opt/rustwide/target:rw,Z" "-v" "/var/lib/crater-agent-workspace/builds/worker-4-tc1/source:/opt/rustwide/workdir:ro,Z" "-v" "/var/lib/crater-agent-workspace/cargo-home:/opt/rustwide/cargo-home:ro,Z" "-v" "/var/lib/crater-agent-workspace/rustup-home:/opt/rustwide/rustup-home:ro,Z" "-e" "SOURCE_DIR=/opt/rustwide/workdir" "-e" "CARGO_TARGET_DIR=/opt/rustwide/target" "-e" "CARGO_INCREMENTAL=0" "-e" "RUST_BACKTRACE=full" "-e" "RUSTFLAGS=--cap-lints=warn" "-e" "RUSTDOCFLAGS=--cap-lints=warn" "-e" "CARGO_HOME=/opt/rustwide/cargo-home" "-e" "RUSTUP_HOME=/opt/rustwide/rustup-home" "-w" "/opt/rustwide/workdir" "-m" "1610612736" "--user" "0:0" "--network" "none" "ghcr.io/rust-lang/crates-build-env/linux@sha256:97d61d7686bf65f8ecb15491ab51835e82dc9176a96a831f143a431b191fc501" "/opt/rustwide/cargo-home/bin/cargo" "+1.69.0" "build" "--frozen" "--message-format=json", kill_on_drop: false }`
[INFO] [stdout] 1a2e0b4741a1675a7eac292dbbb734c67cc43b74dae22fbc687b88bfdbfc5cad
[INFO] running `Command { std: "docker" "start" "-a" "1a2e0b4741a1675a7eac292dbbb734c67cc43b74dae22fbc687b88bfdbfc5cad", kill_on_drop: false }`
[INFO] [stderr]    Compiling maybe-uninit v2.0.0
[INFO] [stderr]    Compiling stable_deref_trait v1.2.0
[INFO] [stderr]    Compiling rand v0.4.6
[INFO] [stderr]    Compiling owning_ref v0.3.3
[INFO] [stderr]    Compiling smallvec v0.6.14
[INFO] [stderr]    Compiling parking_lot_core v0.2.14
[INFO] [stderr]    Compiling parking_lot v0.4.8
[INFO] [stderr]    Compiling rsfs v0.4.1 (/opt/rustwide/workdir)
[INFO] [stdout] warning: variable does not need to be mutable
[INFO] [stdout]    --> src/mem/unix.rs:197:13
[INFO] [stdout]     |
[INFO] [stdout] 197 |         let mut dst = &mut self.data;
[INFO] [stdout]     |             ----^^^
[INFO] [stdout]     |             |
[INFO] [stdout]     |             help: remove this `mut`
[INFO] [stdout]     |
[INFO] [stdout]     = note: `#[warn(unused_mut)]` on by default
[INFO] [stdout] 
[INFO] [stdout] 
[INFO] [stdout] warning: variable does not need to be mutable
[INFO] [stdout]     --> src/mem/unix.rs:1933:14
[INFO] [stdout]      |
[INFO] [stdout] 1933 |         let (mut fs, may_base) = self.traverse(normalize(&path), level)?;
[INFO] [stdout]      |              ----^^
[INFO] [stdout]      |              |
[INFO] [stdout]      |              help: remove this `mut`
[INFO] [stdout] 
[INFO] [stdout] 
[INFO] [stdout] warning: variable does not need to be mutable
[INFO] [stdout]     --> src/mem/unix.rs:1958:21
[INFO] [stdout]      |
[INFO] [stdout] 1958 |                 let mut child = *child; // copy out of the borrow
[INFO] [stdout]      |                     ----^^^^^
[INFO] [stdout]      |                     |
[INFO] [stdout]      |                     help: remove this `mut`
[INFO] [stdout] 
[INFO] [stdout] 
[INFO] [stdout] warning: unused return value of `Box::<T>::from_raw` that must be used
[INFO] [stdout]     --> src/mem/unix.rs:1757:18
[INFO] [stdout]      |
[INFO] [stdout] 1757 |         unsafe { Box::from_raw(removed.ptr()); }
[INFO] [stdout]      |                  ^^^^^^^^^^^^^^^^^^^^^^^^^^^^
[INFO] [stdout]      |
[INFO] [stdout]      = note: call `drop(Box::from_raw(ptr))` if you intend to drop the `Box`
[INFO] [stdout]      = note: `#[warn(unused_must_use)]` on by default
[INFO] [stdout] 
[INFO] [stdout] 
[INFO] [stdout] warning: unused return value of `Box::<T>::from_raw` that must be used
[INFO] [stdout]     --> src/mem/unix.rs:1814:30
[INFO] [stdout]      |
[INFO] [stdout] 1814 |                     unsafe { Box::from_raw(removed.ptr()); } // free the memory
[INFO] [stdout]      |                              ^^^^^^^^^^^^^^^^^^^^^^^^^^^^
[INFO] [stdout]      |
[INFO] [stdout]      = note: call `drop(Box::from_raw(ptr))` if you intend to drop the `Box`
[INFO] [stdout] 
[INFO] [stdout] 
[INFO] [stdout] warning: unused return value of `Box::<T>::from_raw` that must be used
[INFO] [stdout]     --> src/mem/unix.rs:1831:30
[INFO] [stdout]      |
[INFO] [stdout] 1831 |                     unsafe { Box::from_raw(child.remove().ptr()); }
[INFO] [stdout]      |                              ^^^^^^^^^^^^^^^^^^^^^^^^^^^^^^^^^^^
[INFO] [stdout]      |
[INFO] [stdout]      = note: call `drop(Box::from_raw(ptr))` if you intend to drop the `Box`
[INFO] [stdout] 
[INFO] [stdout] 
[INFO] [stdout] warning: unused return value of `Box::<T>::from_raw` that must be used
[INFO] [stdout]     --> src/mem/unix.rs:1840:26
[INFO] [stdout]      |
[INFO] [stdout] 1840 |                 unsafe { Box::from_raw(fs.ptr()); }
[INFO] [stdout]      |                          ^^^^^^^^^^^^^^^^^^^^^^^
[INFO] [stdout]      |
[INFO] [stdout]      = note: call `drop(Box::from_raw(ptr))` if you intend to drop the `Box`
[INFO] [stdout] 
[INFO] [stdout] 
[INFO] [stdout] warning: 7 warnings emitted
[INFO] [stdout] 
[INFO] [stdout] 
[INFO] [stderr]     Finished dev [unoptimized + debuginfo] target(s) in 2.75s
[INFO] running `Command { std: "docker" "inspect" "1a2e0b4741a1675a7eac292dbbb734c67cc43b74dae22fbc687b88bfdbfc5cad", kill_on_drop: false }`
[INFO] running `Command { std: "docker" "rm" "-f" "1a2e0b4741a1675a7eac292dbbb734c67cc43b74dae22fbc687b88bfdbfc5cad", kill_on_drop: false }`
[INFO] [stdout] 1a2e0b4741a1675a7eac292dbbb734c67cc43b74dae22fbc687b88bfdbfc5cad
[INFO] running `Command { std: "docker" "create" "-v" "/var/lib/crater-agent-workspace/builds/worker-4-tc1/target:/opt/rustwide/target:rw,Z" "-v" "/var/lib/crater-agent-workspace/builds/worker-4-tc1/source:/opt/rustwide/workdir:ro,Z" "-v" "/var/lib/crater-agent-workspace/cargo-home:/opt/rustwide/cargo-home:ro,Z" "-v" "/var/lib/crater-agent-workspace/rustup-home:/opt/rustwide/rustup-home:ro,Z" "-e" "SOURCE_DIR=/opt/rustwide/workdir" "-e" "CARGO_TARGET_DIR=/opt/rustwide/target" "-e" "CARGO_INCREMENTAL=0" "-e" "RUST_BACKTRACE=full" "-e" "RUSTFLAGS=--cap-lints=warn" "-e" "RUSTDOCFLAGS=--cap-lints=warn" "-e" "CARGO_HOME=/opt/rustwide/cargo-home" "-e" "RUSTUP_HOME=/opt/rustwide/rustup-home" "-w" "/opt/rustwide/workdir" "-m" "1610612736" "--user" "0:0" "--network" "none" "ghcr.io/rust-lang/crates-build-env/linux@sha256:97d61d7686bf65f8ecb15491ab51835e82dc9176a96a831f143a431b191fc501" "/opt/rustwide/cargo-home/bin/cargo" "+1.69.0" "test" "--frozen" "--no-run" "--message-format=json", kill_on_drop: false }`
[INFO] [stdout] ff467e0555fac5df62ea2911d63d1da190a65decd83a0494304db8f143af8409
[INFO] running `Command { std: "docker" "start" "-a" "ff467e0555fac5df62ea2911d63d1da190a65decd83a0494304db8f143af8409", kill_on_drop: false }`
[INFO] [stderr]    Compiling rsfs v0.4.1 (/opt/rustwide/workdir)
[INFO] [stdout] warning: variable does not need to be mutable
[INFO] [stdout]    --> src/mem/unix.rs:197:13
[INFO] [stdout]     |
[INFO] [stdout] 197 |         let mut dst = &mut self.data;
[INFO] [stdout]     |             ----^^^
[INFO] [stdout]     |             |
[INFO] [stdout]     |             help: remove this `mut`
[INFO] [stdout]     |
[INFO] [stdout]     = note: `#[warn(unused_mut)]` on by default
[INFO] [stdout] 
[INFO] [stdout] 
[INFO] [stdout] warning: variable does not need to be mutable
[INFO] [stdout]     --> src/mem/unix.rs:1933:14
[INFO] [stdout]      |
[INFO] [stdout] 1933 |         let (mut fs, may_base) = self.traverse(normalize(&path), level)?;
[INFO] [stdout]      |              ----^^
[INFO] [stdout]      |              |
[INFO] [stdout]      |              help: remove this `mut`
[INFO] [stdout] 
[INFO] [stdout] 
[INFO] [stdout] warning: variable does not need to be mutable
[INFO] [stdout]     --> src/mem/unix.rs:1958:21
[INFO] [stdout]      |
[INFO] [stdout] 1958 |                 let mut child = *child; // copy out of the borrow
[INFO] [stdout]      |                     ----^^^^^
[INFO] [stdout]      |                     |
[INFO] [stdout]      |                     help: remove this `mut`
[INFO] [stdout] 
[INFO] [stdout] 
[INFO] [stdout] warning: unused return value of `Box::<T>::from_raw` that must be used
[INFO] [stdout]     --> src/mem/unix.rs:1757:18
[INFO] [stdout]      |
[INFO] [stdout] 1757 |         unsafe { Box::from_raw(removed.ptr()); }
[INFO] [stdout]      |                  ^^^^^^^^^^^^^^^^^^^^^^^^^^^^
[INFO] [stdout]      |
[INFO] [stdout]      = note: call `drop(Box::from_raw(ptr))` if you intend to drop the `Box`
[INFO] [stdout]      = note: `#[warn(unused_must_use)]` on by default
[INFO] [stdout] 
[INFO] [stdout] 
[INFO] [stdout] warning: unused return value of `Box::<T>::from_raw` that must be used
[INFO] [stdout]     --> src/mem/unix.rs:1814:30
[INFO] [stdout]      |
[INFO] [stdout] 1814 |                     unsafe { Box::from_raw(removed.ptr()); } // free the memory
[INFO] [stdout]      |                              ^^^^^^^^^^^^^^^^^^^^^^^^^^^^
[INFO] [stdout]      |
[INFO] [stdout]      = note: call `drop(Box::from_raw(ptr))` if you intend to drop the `Box`
[INFO] [stdout] 
[INFO] [stdout] 
[INFO] [stdout] warning: unused return value of `Box::<T>::from_raw` that must be used
[INFO] [stdout]     --> src/mem/unix.rs:1831:30
[INFO] [stdout]      |
[INFO] [stdout] 1831 |                     unsafe { Box::from_raw(child.remove().ptr()); }
[INFO] [stdout]      |                              ^^^^^^^^^^^^^^^^^^^^^^^^^^^^^^^^^^^
[INFO] [stdout]      |
[INFO] [stdout]      = note: call `drop(Box::from_raw(ptr))` if you intend to drop the `Box`
[INFO] [stdout] 
[INFO] [stdout] 
[INFO] [stdout] warning: unused return value of `Box::<T>::from_raw` that must be used
[INFO] [stdout]     --> src/mem/unix.rs:1840:26
[INFO] [stdout]      |
[INFO] [stdout] 1840 |                 unsafe { Box::from_raw(fs.ptr()); }
[INFO] [stdout]      |                          ^^^^^^^^^^^^^^^^^^^^^^^
[INFO] [stdout]      |
[INFO] [stdout]      = note: call `drop(Box::from_raw(ptr))` if you intend to drop the `Box`
[INFO] [stdout] 
[INFO] [stdout] 
[INFO] [stdout] warning: 7 warnings emitted
[INFO] [stdout] 
[INFO] [stdout] 
[INFO] [stdout] warning: variable does not need to be mutable
[INFO] [stdout]    --> src/mem/unix.rs:197:13
[INFO] [stdout]     |
[INFO] [stdout] 197 |         let mut dst = &mut self.data;
[INFO] [stdout]     |             ----^^^
[INFO] [stdout]     |             |
[INFO] [stdout]     |             help: remove this `mut`
[INFO] [stdout]     |
[INFO] [stdout]     = note: `#[warn(unused_mut)]` on by default
[INFO] [stdout] 
[INFO] [stdout] 
[INFO] [stdout] warning: variable does not need to be mutable
[INFO] [stdout]     --> src/mem/unix.rs:1933:14
[INFO] [stdout]      |
[INFO] [stdout] 1933 |         let (mut fs, may_base) = self.traverse(normalize(&path), level)?;
[INFO] [stdout]      |              ----^^
[INFO] [stdout]      |              |
[INFO] [stdout]      |              help: remove this `mut`
[INFO] [stdout] 
[INFO] [stdout] 
[INFO] [stdout] warning: variable does not need to be mutable
[INFO] [stdout]     --> src/mem/unix.rs:1958:21
[INFO] [stdout]      |
[INFO] [stdout] 1958 |                 let mut child = *child; // copy out of the borrow
[INFO] [stdout]      |                     ----^^^^^
[INFO] [stdout]      |                     |
[INFO] [stdout]      |                     help: remove this `mut`
[INFO] [stdout] 
[INFO] [stdout] 
[INFO] [stdout] warning: unused return value of `Box::<T>::from_raw` that must be used
[INFO] [stdout]     --> src/mem/unix.rs:1757:18
[INFO] [stdout]      |
[INFO] [stdout] 1757 |         unsafe { Box::from_raw(removed.ptr()); }
[INFO] [stdout]      |                  ^^^^^^^^^^^^^^^^^^^^^^^^^^^^
[INFO] [stdout]      |
[INFO] [stdout]      = note: call `drop(Box::from_raw(ptr))` if you intend to drop the `Box`
[INFO] [stdout]      = note: `#[warn(unused_must_use)]` on by default
[INFO] [stdout] 
[INFO] [stdout] 
[INFO] [stdout] warning: unused return value of `Box::<T>::from_raw` that must be used
[INFO] [stdout]     --> src/mem/unix.rs:1814:30
[INFO] [stdout]      |
[INFO] [stdout] 1814 |                     unsafe { Box::from_raw(removed.ptr()); } // free the memory
[INFO] [stdout]      |                              ^^^^^^^^^^^^^^^^^^^^^^^^^^^^
[INFO] [stdout]      |
[INFO] [stdout]      = note: call `drop(Box::from_raw(ptr))` if you intend to drop the `Box`
[INFO] [stdout] 
[INFO] [stdout] 
[INFO] [stdout] warning: unused return value of `Box::<T>::from_raw` that must be used
[INFO] [stdout]     --> src/mem/unix.rs:1831:30
[INFO] [stdout]      |
[INFO] [stdout] 1831 |                     unsafe { Box::from_raw(child.remove().ptr()); }
[INFO] [stdout]      |                              ^^^^^^^^^^^^^^^^^^^^^^^^^^^^^^^^^^^
[INFO] [stdout]      |
[INFO] [stdout]      = note: call `drop(Box::from_raw(ptr))` if you intend to drop the `Box`
[INFO] [stdout] 
[INFO] [stdout] 
[INFO] [stdout] warning: unused return value of `Box::<T>::from_raw` that must be used
[INFO] [stdout]     --> src/mem/unix.rs:1840:26
[INFO] [stdout]      |
[INFO] [stdout] 1840 |                 unsafe { Box::from_raw(fs.ptr()); }
[INFO] [stdout]      |                          ^^^^^^^^^^^^^^^^^^^^^^^
[INFO] [stdout]      |
[INFO] [stdout]      = note: call `drop(Box::from_raw(ptr))` if you intend to drop the `Box`
[INFO] [stdout] 
[INFO] [stdout] 
[INFO] [stdout] warning: 7 warnings emitted
[INFO] [stdout] 
[INFO] [stdout] 
[INFO] [stderr]     Finished test [unoptimized + debuginfo] target(s) in 1.88s
[INFO] running `Command { std: "docker" "inspect" "ff467e0555fac5df62ea2911d63d1da190a65decd83a0494304db8f143af8409", kill_on_drop: false }`
[INFO] running `Command { std: "docker" "rm" "-f" "ff467e0555fac5df62ea2911d63d1da190a65decd83a0494304db8f143af8409", kill_on_drop: false }`
[INFO] [stdout] ff467e0555fac5df62ea2911d63d1da190a65decd83a0494304db8f143af8409
[INFO] running `Command { std: "docker" "create" "-v" "/var/lib/crater-agent-workspace/builds/worker-4-tc1/target:/opt/rustwide/target:rw,Z" "-v" "/var/lib/crater-agent-workspace/builds/worker-4-tc1/source:/opt/rustwide/workdir:ro,Z" "-v" "/var/lib/crater-agent-workspace/cargo-home:/opt/rustwide/cargo-home:ro,Z" "-v" "/var/lib/crater-agent-workspace/rustup-home:/opt/rustwide/rustup-home:ro,Z" "-e" "SOURCE_DIR=/opt/rustwide/workdir" "-e" "CARGO_TARGET_DIR=/opt/rustwide/target" "-e" "CARGO_INCREMENTAL=0" "-e" "RUST_BACKTRACE=full" "-e" "RUSTFLAGS=--cap-lints=warn" "-e" "RUSTDOCFLAGS=--cap-lints=warn" "-e" "CARGO_HOME=/opt/rustwide/cargo-home" "-e" "RUSTUP_HOME=/opt/rustwide/rustup-home" "-w" "/opt/rustwide/workdir" "-m" "1610612736" "--user" "0:0" "--network" "none" "ghcr.io/rust-lang/crates-build-env/linux@sha256:97d61d7686bf65f8ecb15491ab51835e82dc9176a96a831f143a431b191fc501" "/opt/rustwide/cargo-home/bin/cargo" "+1.69.0" "test" "--frozen", kill_on_drop: false }`
[INFO] [stdout] e483d97627e24901517a61c568bc68de19d6a071556830d6d616149c25e4f7bd
[INFO] running `Command { std: "docker" "start" "-a" "e483d97627e24901517a61c568bc68de19d6a071556830d6d616149c25e4f7bd", kill_on_drop: false }`
[INFO] [stderr] warning: variable does not need to be mutable
[INFO] [stderr]    --> src/mem/unix.rs:197:13
[INFO] [stderr]     |
[INFO] [stderr] 197 |         let mut dst = &mut self.data;
[INFO] [stderr]     |             ----^^^
[INFO] [stderr]     |             |
[INFO] [stderr]     |             help: remove this `mut`
[INFO] [stderr]     |
[INFO] [stderr]     = note: `#[warn(unused_mut)]` on by default
[INFO] [stderr] 
[INFO] [stderr] warning: variable does not need to be mutable
[INFO] [stderr]     --> src/mem/unix.rs:1933:14
[INFO] [stderr]      |
[INFO] [stderr] 1933 |         let (mut fs, may_base) = self.traverse(normalize(&path), level)?;
[INFO] [stderr]      |              ----^^
[INFO] [stderr]      |              |
[INFO] [stderr]      |              help: remove this `mut`
[INFO] [stderr] 
[INFO] [stderr] warning: variable does not need to be mutable
[INFO] [stderr]     --> src/mem/unix.rs:1958:21
[INFO] [stderr]      |
[INFO] [stderr] 1958 |                 let mut child = *child; // copy out of the borrow
[INFO] [stderr]      |                     ----^^^^^
[INFO] [stderr]      |                     |
[INFO] [stderr]      |                     help: remove this `mut`
[INFO] [stderr] 
[INFO] [stderr] warning: unused return value of `Box::<T>::from_raw` that must be used
[INFO] [stderr]     --> src/mem/unix.rs:1757:18
[INFO] [stderr]      |
[INFO] [stderr] 1757 |         unsafe { Box::from_raw(removed.ptr()); }
[INFO] [stderr]      |                  ^^^^^^^^^^^^^^^^^^^^^^^^^^^^
[INFO] [stderr]      |
[INFO] [stderr]      = note: call `drop(Box::from_raw(ptr))` if you intend to drop the `Box`
[INFO] [stderr]      = note: `#[warn(unused_must_use)]` on by default
[INFO] [stderr] 
[INFO] [stderr] warning: unused return value of `Box::<T>::from_raw` that must be used
[INFO] [stderr]     --> src/mem/unix.rs:1814:30
[INFO] [stderr]      |
[INFO] [stderr] 1814 |                     unsafe { Box::from_raw(removed.ptr()); } // free the memory
[INFO] [stderr]      |                              ^^^^^^^^^^^^^^^^^^^^^^^^^^^^
[INFO] [stderr]      |
[INFO] [stderr]      = note: call `drop(Box::from_raw(ptr))` if you intend to drop the `Box`
[INFO] [stderr] 
[INFO] [stderr] warning: unused return value of `Box::<T>::from_raw` that must be used
[INFO] [stderr]     --> src/mem/unix.rs:1831:30
[INFO] [stderr]      |
[INFO] [stderr] 1831 |                     unsafe { Box::from_raw(child.remove().ptr()); }
[INFO] [stderr]      |                              ^^^^^^^^^^^^^^^^^^^^^^^^^^^^^^^^^^^
[INFO] [stderr]      |
[INFO] [stderr]      = note: call `drop(Box::from_raw(ptr))` if you intend to drop the `Box`
[INFO] [stderr] 
[INFO] [stderr] warning: unused return value of `Box::<T>::from_raw` that must be used
[INFO] [stderr]     --> src/mem/unix.rs:1840:26
[INFO] [stderr]      |
[INFO] [stderr] 1840 |                 unsafe { Box::from_raw(fs.ptr()); }
[INFO] [stderr]      |                          ^^^^^^^^^^^^^^^^^^^^^^^
[INFO] [stderr]      |
[INFO] [stderr]      = note: call `drop(Box::from_raw(ptr))` if you intend to drop the `Box`
[INFO] [stderr] 
[INFO] [stderr] warning: `rsfs` (lib) generated 7 warnings (run `cargo fix --lib -p rsfs` to apply 3 suggestions)
[INFO] [stderr] warning: `rsfs` (lib test) generated 7 warnings (7 duplicates)
[INFO] [stderr]     Finished test [unoptimized + debuginfo] target(s) in 0.01s
[INFO] [stderr]      Running unittests src/lib.rs (/opt/rustwide/target/debug/deps/rsfs-462812c074b4ddbe)
[INFO] [stdout] 
[INFO] [stdout] running 26 tests
[INFO] [stdout] test mem::fs::test::create_dir ... ok
[INFO] [stdout] test mem::fs::test::equal ... ok
[INFO] [stdout] test mem::fs::test::raw_file ... ok
[INFO] [stdout] test mem::fs::test::create_dir_all ... ok
[INFO] [stdout] test mem::fs::test::open ... ok
[INFO] [stdout] test mem::fs::test::hard_link ... ok
[INFO] [stdout] test mem::fs::test::remove ... ok
[INFO] [stdout] test mem::fs::test::read_dir ... ok
[INFO] [stdout] test mem::fs::test::remove_dir_all ... ok
[INFO] [stdout] test mem::fs::test::usage ... ok
[INFO] [stdout] test mem::fs::test::rename ... ok
[INFO] [stdout] test mem::fs::test::thread ... ok
[INFO] [stdout] test mem::unix::test::create_dir ... ok
[INFO] [stdout] test mem::unix::test::create_dir_all ... ok
[INFO] [stdout] test mem::unix::test::equal ... ok
[INFO] [stdout] test mem::unix::test::raw_file ... ok
[INFO] [stdout] test mem::unix::test::open ... ok
[INFO] [stdout] test mem::unix::test::read_dir ... ok
[INFO] [stdout] test mem::unix::test::hard_link ... ok
[INFO] [stdout] test mem::unix::test::remove_dir_all ... ok
[INFO] [stdout] test mem::unix::test::usage ... ok
[INFO] [stdout] test mem::unix::test::thread ... ok
[INFO] [stdout] test mem::unix::test::remove ... ok
[INFO] [stdout] test mem::unix::test::rename ... ok
[INFO] [stdout] test mem::fs::test::symlink ... ok
[INFO] [stdout] test mem::unix::test::symlink ... ok
[INFO] [stdout] 
[INFO] [stdout] test result: ok. 26 passed; 0 failed; 0 ignored; 0 measured; 0 filtered out; finished in 0.00s
[INFO] [stdout] 
[INFO] [stderr]    Doc-tests rsfs
[INFO] [stdout] 
[INFO] [stdout] running 105 tests
[INFO] [stdout] test src/disk/mod.rs - disk::Metadata (line 263) ... ok
[INFO] [stdout] test src/disk/mod.rs - disk::DirEntry (line 85) ... ok
[INFO] [stdout] test src/disk/mod.rs - disk::OpenOptions (line 324) ... ok
[INFO] [stdout] test src/fs.rs - fs::DirEntry::path (line 68) ... ok
[INFO] [stdout] test src/fs.rs - fs::DirEntry::metadata (line 93) ... ok
[INFO] [stdout] test src/disk/mod.rs - disk::FileType (line 127) ... ok
[INFO] [stdout] test src/disk/mod.rs - disk::FS (line 472) ... ok
[INFO] [stdout] test src/fs.rs - fs::DirEntry::file_name (line 129) ... ok
[INFO] [stdout] test src/fs.rs - fs::DirEntry::file_type (line 111) ... ok
[INFO] [stdout] test src/disk/mod.rs - disk::OpenOptions (line 337) ... ok
[INFO] [stdout] test src/disk/mod.rs - disk::DirBuilder (line 45) ... ok
[INFO] [stdout] test src/disk/mod.rs - disk::File (line 165) ... ok
[INFO] [stdout] test src/disk/mod.rs - disk::Permissions (line 399) ... ok
[INFO] [stdout] test src/fs.rs - fs::DirBuilder::recursive (line 24) ... ok
[INFO] [stdout] test src/fs.rs - fs::File (line 189) ... ok
[INFO] [stdout] test src/disk/mod.rs - disk (line 12) ... FAILED
[INFO] [stdout] test src/fs.rs - fs::File::try_clone (line 308) ... ok
[INFO] [stdout] test src/fs.rs - fs::File::set_permissions (line 324) ... ok
[INFO] [stdout] test src/fs.rs - fs::File::metadata (line 289) ... ok
[INFO] [stdout] test src/fs.rs - fs::File (line 155) ... ok
[INFO] [stdout] test src/fs.rs - fs::File (line 171) ... ok
[INFO] [stdout] test src/fs.rs - fs::FileType::is_file (line 366) ... ok
[INFO] [stdout] test src/fs.rs - fs::File::sync_data (line 247) ... ok
[INFO] [stdout] test src/fs.rs - fs::File::sync_all (line 221) ... ok
[INFO] [stdout] test src/fs.rs - fs::FileType::is_dir (line 348) ... ok
[INFO] [stdout] test src/fs.rs - fs::File::set_len (line 273) ... ok
[INFO] [stdout] test src/fs.rs - fs::GenFS (line 850) ... ok
[INFO] [stdout] test src/fs.rs - fs::FileType::is_symlink (line 390) ... ok
[INFO] [stdout] test src/fs.rs - fs::DirBuilder::create (line 37) ... ok
[INFO] [stdout] test src/fs.rs - fs::GenFS::create_dir (line 946) ... ok
[INFO] [stdout] test src/fs.rs - fs::GenFS::create_file (line 1317) ... ok
[INFO] [stdout] test src/fs.rs - fs::GenFS::create_dir_all (line 968) ... ok
[INFO] [stdout] test src/fs.rs - fs::GenFS::copy (line 923) ... ok
[INFO] [stdout] test src/fs.rs - fs::GenFS::hard_link (line 992) ... ok
[INFO] [stdout] test src/fs.rs - fs::GenFS::canonicalize (line 893) ... ok
[INFO] [stdout] test src/fs.rs - fs::GenFS::new_dirbuilder (line 1263) ... ok
[INFO] [stdout] test src/fs.rs - fs::GenFS::read_dir (line 1048) ... ok
[INFO] [stdout] test src/fs.rs - fs::GenFS::metadata (line 1017) ... ok
[INFO] [stdout] test src/fs.rs - fs::GenFS::new_openopts (line 1242) ... ok
[INFO] [stdout] test src/fs.rs - fs::GenFS::open_file (line 1292) ... ok
[INFO] [stdout] test src/fs.rs - fs::GenFS::remove_dir (line 1097) ... ok
[INFO] [stdout] test src/fs.rs - fs::GenFS::read_link (line 1073) ... ok
[INFO] [stdout] test src/fs.rs - fs::GenFS (line 858) ... ok
[INFO] [stdout] test src/fs.rs - fs::GenFS::remove_file (line 1143) ... ok
[INFO] [stdout] test src/fs.rs - fs::GenFS::remove_dir_all (line 1120) ... ok
[INFO] [stdout] test src/fs.rs - fs::Metadata::accessed (line 557) ... ok
[INFO] [stdout] test src/fs.rs - fs::GenFS::set_permissions (line 1196) ... ok
[INFO] [stdout] test src/fs.rs - fs::Metadata::created (line 582) ... ok
[INFO] [stdout] test src/fs.rs - fs::GenFS::rename (line 1173) ... ok
[INFO] [stdout] test src/fs.rs - fs::Metadata::file_type (line 423) ... ok
[INFO] [stdout] test src/fs.rs - fs::Metadata::is_dir (line 440) ... ok
[INFO] [stdout] test src/fs.rs - fs::Metadata::len (line 474) ... ok
[INFO] [stdout] test src/fs.rs - fs::GenFS::symlink_metadata (line 1220) ... ok
[INFO] [stdout] test src/fs.rs - fs::Metadata::is_empty (line 491) ... ok
[INFO] [stdout] test src/fs.rs - fs::Metadata::modified (line 530) ... ok
[INFO] [stdout] test src/fs.rs - fs::Metadata::permissions (line 509) ... ok
[INFO] [stdout] test src/fs.rs - fs::Metadata::is_file (line 457) ... ok
[INFO] [stdout] test src/mem/mod.rs - mem (line 39) ... FAILED
[INFO] [stdout] test src/fs.rs - fs::OpenOptions (line 614) ... ok
[INFO] [stdout] test src/fs.rs - fs::OpenOptions (line 628) ... ok
[INFO] [stdout] test src/fs.rs - fs::OpenOptions::create (line 721) ... ok
[INFO] [stdout] test src/fs.rs - fs::OpenOptions::append (line 689) ... ok
[INFO] [stdout] test src/fs.rs - fs::OpenOptions::open (line 765) ... ok
[INFO] [stdout] test src/fs.rs - fs::OpenOptions::create_new (line 740) ... ok
[INFO] [stdout] test src/fs.rs - fs::OpenOptions::read (line 652) ... ok
[INFO] [stdout] test src/fs.rs - fs::OpenOptions::write (line 670) ... ok
[INFO] [stdout] test src/fs.rs - fs::OpenOptions::truncate (line 705) ... ok
[INFO] [stdout] test src/fs.rs - fs::Permissions::set_readonly (line 815) ... ok
[INFO] [stdout] test src/mem/unix.rs - mem::fs::DirEntry (line 120) ... ok
[INFO] [stdout] test src/fs.rs - fs::Permissions::readonly (line 792) ... ok
[INFO] [stdout] test src/mem/unix.rs - mem::fs::DirBuilder (line 71) ... ok
[INFO] [stdout] test src/mem/unix.rs - mem::fs::FS (line 765) ... ok
[INFO] [stdout] test src/mem/unix.rs - mem::fs::File (line 230) ... ok
[INFO] [stdout] test src/mem/unix.rs - mem::fs::OpenOptions (line 570) ... ok
[INFO] [stdout] test src/mem/unix.rs - mem::fs::Metadata (line 510) ... ok
[INFO] [stdout] test src/mem/unix.rs - mem::fs::FileType (line 473) ... ok
[INFO] [stdout] test src/mem/unix.rs - mem::fs::OpenOptions (line 584) ... ok
[INFO] [stdout] test src/mem/unix.rs - mem::unix::DirBuilder (line 71) ... ok
[INFO] [stdout] test src/mem/unix.rs - mem::fs::Permissions (line 653) ... ok
[INFO] [stdout] test src/mem/mod.rs - mem (line 21) ... ok
[INFO] [stdout] test src/mem/unix.rs - mem::fs::FS::new (line 820) ... ok
[INFO] [stdout] test src/mem/unix.rs - mem::fs::FS::with_mode (line 833) ... ok
[INFO] [stdout] test src/mem/unix.rs - mem::unix::DirEntry (line 120) ... ok
[INFO] [stdout] test src/mem/unix.rs - mem::fs (line 9) ... ok
[INFO] [stdout] test src/mem/unix.rs - mem::unix::OpenOptions (line 570) ... ok
[INFO] [stdout] test src/mem/unix.rs - mem::unix::File (line 230) ... ok
[INFO] [stdout] test src/mem/unix.rs - mem::unix::FileType (line 473) ... ok
[INFO] [stdout] test src/mem/unix.rs - mem::unix::FS (line 765) ... ok
[INFO] [stdout] test src/mem/unix.rs - mem::unix::Metadata (line 510) ... ok
[INFO] [stdout] test src/mem/unix.rs - mem::unix::FS::new (line 820) ... ok
[INFO] [stdout] test src/mem/unix.rs - mem::unix::FS::with_mode (line 833) ... ok
[INFO] [stdout] test src/mem/unix.rs - mem::unix::Permissions (line 653) ... ok
[INFO] [stdout] test src/unix_ext/mod.rs - unix_ext (line 23) ... ok
[INFO] [stdout] test src/mem/unix.rs - mem::unix::OpenOptions (line 584) ... ok
[INFO] [stdout] test src/unix_ext/mod.rs - unix_ext::FileExt::write_at (line 103) ... ok
[INFO] [stdout] test src/unix_ext/mod.rs - unix_ext::GenFSExt::symlink (line 250) ... ok
[INFO] [stdout] test src/mem/unix.rs - mem::unix (line 9) ... ok
[INFO] [stdout] test src/unix_ext/mod.rs - unix_ext::FileExt::read_at (line 75) ... ok
[INFO] [stdout] test src/unix_ext/mod.rs - unix_ext (line 10) ... ok
[INFO] [stdout] test src/unix_ext/mod.rs - unix_ext::OpenOptionsExt::mode (line 130) ... ok
[INFO] [stdout] test src/unix_ext/mod.rs - unix_ext::OpenOptionsExt::custom_flags (line 155) ... ok
[INFO] [stdout] test src/unix_ext/mod.rs - unix_ext::PermissionsExt::mode (line 183) ... ok
[INFO] [stdout] test src/unix_ext/mod.rs - unix_ext::DirBuilderExt::mode (line 50) ... ok
[INFO] [stdout] test src/unix_ext/mod.rs - unix_ext::PermissionsExt::set_mode (line 208) ... ok
[INFO] [stdout] test src/unix_ext/mod.rs - unix_ext::PermissionsExt::from_mode (line 229) ... ok
[INFO] [stdout] 
[INFO] [stdout] failures:
[INFO] [stdout] 
[INFO] [stdout] ---- src/disk/mod.rs - disk (line 12) stdout ----
[INFO] [stdout] Test executable failed (exit status: 101).
[INFO] [stdout] 
[INFO] [stdout] stderr:
[INFO] [stdout] thread 'main' panicked at 'assertion failed: `(left == right)`
[INFO] [stdout]   left: `16877`,
[INFO] [stdout]  right: `493`', src/disk/mod.rs:11:1
[INFO] [stdout] stack backtrace:
[INFO] [stdout]    0:     0x55ea04991bea - std::backtrace_rs::backtrace::libunwind::trace::ha9053a9a07ca49cb
[INFO] [stdout]                                at /rustc/84c898d65adf2f39a5a98507f1fe0ce10a2b8dbc/library/std/src/../../backtrace/src/backtrace/libunwind.rs:93:5
[INFO] [stdout]    1:     0x55ea04991bea - std::backtrace_rs::backtrace::trace_unsynchronized::h9c2852a457ad564e
[INFO] [stdout]                                at /rustc/84c898d65adf2f39a5a98507f1fe0ce10a2b8dbc/library/std/src/../../backtrace/src/backtrace/mod.rs:66:5
[INFO] [stdout]    2:     0x55ea04991bea - std::sys_common::backtrace::_print_fmt::h457936fbfaa0070f
[INFO] [stdout]                                at /rustc/84c898d65adf2f39a5a98507f1fe0ce10a2b8dbc/library/std/src/sys_common/backtrace.rs:65:5
[INFO] [stdout]    3:     0x55ea04991bea - <std::sys_common::backtrace::_print::DisplayBacktrace as core::fmt::Display>::fmt::h5779d7bf7f70cb0c
[INFO] [stdout]                                at /rustc/84c898d65adf2f39a5a98507f1fe0ce10a2b8dbc/library/std/src/sys_common/backtrace.rs:44:22
[INFO] [stdout]    4:     0x55ea049ab90e - core::fmt::write::h5a4baaff1bcd3eb5
[INFO] [stdout]                                at /rustc/84c898d65adf2f39a5a98507f1fe0ce10a2b8dbc/library/core/src/fmt/mod.rs:1232:17
[INFO] [stdout]    5:     0x55ea0498fd75 - std::io::Write::write_fmt::h4bc1f301cb9e9cce
[INFO] [stdout]                                at /rustc/84c898d65adf2f39a5a98507f1fe0ce10a2b8dbc/library/std/src/io/mod.rs:1684:15
[INFO] [stdout]    6:     0x55ea049919b5 - std::sys_common::backtrace::_print::h5fcdc36060f177e8
[INFO] [stdout]                                at /rustc/84c898d65adf2f39a5a98507f1fe0ce10a2b8dbc/library/std/src/sys_common/backtrace.rs:47:5
[INFO] [stdout]    7:     0x55ea049919b5 - std::sys_common::backtrace::print::h54ca9458b876c8bf
[INFO] [stdout]                                at /rustc/84c898d65adf2f39a5a98507f1fe0ce10a2b8dbc/library/std/src/sys_common/backtrace.rs:34:9
[INFO] [stdout]    8:     0x55ea0499300f - std::panicking::default_hook::{{closure}}::hbe471161c7664ed6
[INFO] [stdout]                                at /rustc/84c898d65adf2f39a5a98507f1fe0ce10a2b8dbc/library/std/src/panicking.rs:271:22
[INFO] [stdout]    9:     0x55ea04992d4b - std::panicking::default_hook::ha3500da57aa4ac4f
[INFO] [stdout]                                at /rustc/84c898d65adf2f39a5a98507f1fe0ce10a2b8dbc/library/std/src/panicking.rs:290:9
[INFO] [stdout]   10:     0x55ea049935b8 - std::panicking::rust_panic_with_hook::h50c09d000dc561d2
[INFO] [stdout]                                at /rustc/84c898d65adf2f39a5a98507f1fe0ce10a2b8dbc/library/std/src/panicking.rs:692:13
[INFO] [stdout]   11:     0x55ea049934b9 - std::panicking::begin_panic_handler::{{closure}}::h9e2b2176e00e0d9c
[INFO] [stdout]                                at /rustc/84c898d65adf2f39a5a98507f1fe0ce10a2b8dbc/library/std/src/panicking.rs:583:13
[INFO] [stdout]   12:     0x55ea04992056 - std::sys_common::backtrace::__rust_end_short_backtrace::h5739b8e512c09d02
[INFO] [stdout]                                at /rustc/84c898d65adf2f39a5a98507f1fe0ce10a2b8dbc/library/std/src/sys_common/backtrace.rs:150:18
[INFO] [stdout]   13:     0x55ea049931c2 - rust_begin_unwind
[INFO] [stdout]                                at /rustc/84c898d65adf2f39a5a98507f1fe0ce10a2b8dbc/library/std/src/panicking.rs:579:5
[INFO] [stdout]   14:     0x55ea04978ee3 - core::panicking::panic_fmt::hf33a1475b4dc5c3e
[INFO] [stdout]                                at /rustc/84c898d65adf2f39a5a98507f1fe0ce10a2b8dbc/library/core/src/panicking.rs:64:14
[INFO] [stdout]   15:     0x55ea0497915f - core::panicking::assert_failed_inner::haf9816227b20b6f2
[INFO] [stdout]   16:     0x55ea049798b6 - core::panicking::assert_failed::hceb6927c76756799
[INFO] [stdout]   17:     0x55ea04979a42 - rust_out::main::_doctest_main_src_disk_mod_rs_12_0::ha62d00250ec33063
[INFO] [stdout]   18:     0x55ea04979926 - rust_out::main::h045d0fd74ed7290e
[INFO] [stdout]   19:     0x55ea04979663 - core::ops::function::FnOnce::call_once::h5b89dea722ea21ad
[INFO] [stdout]   20:     0x55ea049794e9 - std::sys_common::backtrace::__rust_begin_short_backtrace::hc178e4cfacf1803d
[INFO] [stdout]   21:     0x55ea049795f9 - std::rt::lang_start::{{closure}}::he8c5d60628d06093
[INFO] [stdout]   22:     0x55ea0498dd7c - core::ops::function::impls::<impl core::ops::function::FnOnce<A> for &F>::call_once::hd6efcd3bec896f2c
[INFO] [stdout]                                at /rustc/84c898d65adf2f39a5a98507f1fe0ce10a2b8dbc/library/core/src/ops/function.rs:287:13
[INFO] [stdout]   23:     0x55ea0498dd7c - std::panicking::try::do_call::hce04e543bb1f4cbb
[INFO] [stdout]                                at /rustc/84c898d65adf2f39a5a98507f1fe0ce10a2b8dbc/library/std/src/panicking.rs:487:40
[INFO] [stdout]   24:     0x55ea0498dd7c - std::panicking::try::h3342dd4e1f680968
[INFO] [stdout]                                at /rustc/84c898d65adf2f39a5a98507f1fe0ce10a2b8dbc/library/std/src/panicking.rs:451:19
[INFO] [stdout]   25:     0x55ea0498dd7c - std::panic::catch_unwind::h148ce1e59ac0cee7
[INFO] [stdout]                                at /rustc/84c898d65adf2f39a5a98507f1fe0ce10a2b8dbc/library/std/src/panic.rs:140:14
[INFO] [stdout]   26:     0x55ea0498dd7c - std::rt::lang_start_internal::{{closure}}::h25f9dda2057a67fe
[INFO] [stdout]                                at /rustc/84c898d65adf2f39a5a98507f1fe0ce10a2b8dbc/library/std/src/rt.rs:148:48
[INFO] [stdout]   27:     0x55ea0498dd7c - std::panicking::try::do_call::h7caaaeaf9401650b
[INFO] [stdout]                                at /rustc/84c898d65adf2f39a5a98507f1fe0ce10a2b8dbc/library/std/src/panicking.rs:487:40
[INFO] [stdout]   28:     0x55ea0498dd7c - std::panicking::try::he7d15285746cbbc2
[INFO] [stdout]                                at /rustc/84c898d65adf2f39a5a98507f1fe0ce10a2b8dbc/library/std/src/panicking.rs:451:19
[INFO] [stdout]   29:     0x55ea0498dd7c - std::panic::catch_unwind::h89fb4f50c0301fe0
[INFO] [stdout]                                at /rustc/84c898d65adf2f39a5a98507f1fe0ce10a2b8dbc/library/std/src/panic.rs:140:14
[INFO] [stdout]   30:     0x55ea0498dd7c - std::rt::lang_start_internal::h078acd489417d3c1
[INFO] [stdout]                                at /rustc/84c898d65adf2f39a5a98507f1fe0ce10a2b8dbc/library/std/src/rt.rs:148:20
[INFO] [stdout]   31:     0x55ea049795d7 - std::rt::lang_start::h335d6166ecad8ac7
[INFO] [stdout]   32:     0x55ea04979a65 - main
[INFO] [stdout]   33:     0x7f5b5cf3ad90 - <unknown>
[INFO] [stdout]   34:     0x7f5b5cf3ae40 - __libc_start_main
[INFO] [stdout]   35:     0x55ea04979415 - _start
[INFO] [stdout]   36:                0x0 - <unknown>
[INFO] [stdout] 
[INFO] [stdout] 
[INFO] [stdout] ---- src/mem/mod.rs - mem (line 39) stdout ----
[INFO] [stdout] error: unknown start of token: `
[INFO] [stdout]  --> src/mem/mod.rs:41:2
[INFO] [stdout]   |
[INFO] [stdout] 5 | [`FS`]: struct.FS.html
[INFO] [stdout]   |  ^
[INFO] [stdout]   |
[INFO] [stdout] help: Unicode character '`' (Grave Accent) looks like ''' (Single Quote), but it is not
[INFO] [stdout]   |
[INFO] [stdout] 5 | ['FS`]: struct.FS.html
[INFO] [stdout]   |  ~
[INFO] [stdout] 
[INFO] [stdout] error: unknown start of token: `
[INFO] [stdout]  --> src/mem/mod.rs:41:5
[INFO] [stdout]   |
[INFO] [stdout] 5 | [`FS`]: struct.FS.html
[INFO] [stdout]   |     ^
[INFO] [stdout]   |
[INFO] [stdout] help: Unicode character '`' (Grave Accent) looks like ''' (Single Quote), but it is not
[INFO] [stdout]   |
[INFO] [stdout] 5 | [`FS']: struct.FS.html
[INFO] [stdout]   |     ~
[INFO] [stdout] 
[INFO] [stdout] error: unknown start of token: `
[INFO] [stdout]  --> src/mem/mod.rs:42:2
[INFO] [stdout]   |
[INFO] [stdout] 6 | [`rsfs::mem::unix`]: unix/index.html
[INFO] [stdout]   |  ^
[INFO] [stdout]   |
[INFO] [stdout] help: Unicode character '`' (Grave Accent) looks like ''' (Single Quote), but it is not
[INFO] [stdout]   |
[INFO] [stdout] 6 | ['rsfs::mem::unix`]: unix/index.html
[INFO] [stdout]   |  ~
[INFO] [stdout] 
[INFO] [stdout] error: unknown start of token: `
[INFO] [stdout]  --> src/mem/mod.rs:42:18
[INFO] [stdout]   |
[INFO] [stdout] 6 | [`rsfs::mem::unix`]: unix/index.html
[INFO] [stdout]   |                  ^
[INFO] [stdout]   |
[INFO] [stdout] help: Unicode character '`' (Grave Accent) looks like ''' (Single Quote), but it is not
[INFO] [stdout]   |
[INFO] [stdout] 6 | [`rsfs::mem::unix']: unix/index.html
[INFO] [stdout]   |                  ~
[INFO] [stdout] 
[INFO] [stdout] error: unknown start of token: `
[INFO] [stdout]  --> src/mem/mod.rs:43:2
[INFO] [stdout]   |
[INFO] [stdout] 7 | [`errors`]: ../errors/index.html
[INFO] [stdout]   |  ^
[INFO] [stdout]   |
[INFO] [stdout] help: Unicode character '`' (Grave Accent) looks like ''' (Single Quote), but it is not
[INFO] [stdout]   |
[INFO] [stdout] 7 | ['errors`]: ../errors/index.html
[INFO] [stdout]   |  ~
[INFO] [stdout] 
[INFO] [stdout] error: unknown start of token: `
[INFO] [stdout]  --> src/mem/mod.rs:43:9
[INFO] [stdout]   |
[INFO] [stdout] 7 | [`errors`]: ../errors/index.html
[INFO] [stdout]   |         ^
[INFO] [stdout]   |
[INFO] [stdout] help: Unicode character '`' (Grave Accent) looks like ''' (Single Quote), but it is not
[INFO] [stdout]   |
[INFO] [stdout] 7 | [`errors']: ../errors/index.html
[INFO] [stdout]   |         ~
[INFO] [stdout] 
[INFO] [stdout] error: expected identifier, found keyword `struct`
[INFO] [stdout]  --> src/mem/mod.rs:41:9
[INFO] [stdout]   |
[INFO] [stdout] 5 | [`FS`]: struct.FS.html
[INFO] [stdout]   |         ^^^^^^ expected identifier, found keyword
[INFO] [stdout] 
[INFO] [stdout] error: expected type, found keyword `struct`
[INFO] [stdout]  --> src/mem/mod.rs:41:9
[INFO] [stdout]   |
[INFO] [stdout] 5 | [`FS`]: struct.FS.html
[INFO] [stdout]   |       - ^^^^^^ expected type
[INFO] [stdout]   |       |
[INFO] [stdout]   |       tried to parse a type due to this
[INFO] [stdout] 
[INFO] [stdout] error: aborting due to 8 previous errors
[INFO] [stdout] 
[INFO] [stdout] Couldn't compile the test.
[INFO] [stdout] 
[INFO] [stdout] failures:
[INFO] [stdout]     src/disk/mod.rs - disk (line 12)
[INFO] [stdout]     src/mem/mod.rs - mem (line 39)
[INFO] [stdout] 
[INFO] [stdout] test result: FAILED. 103 passed; 2 failed; 0 ignored; 0 measured; 0 filtered out; finished in 1.80s
[INFO] [stdout] 
[INFO] [stderr] error: doctest failed, to rerun pass `--doc`
[INFO] running `Command { std: "docker" "inspect" "e483d97627e24901517a61c568bc68de19d6a071556830d6d616149c25e4f7bd", kill_on_drop: false }`
[INFO] running `Command { std: "docker" "rm" "-f" "e483d97627e24901517a61c568bc68de19d6a071556830d6d616149c25e4f7bd", kill_on_drop: false }`
[INFO] [stdout] e483d97627e24901517a61c568bc68de19d6a071556830d6d616149c25e4f7bd
