[INFO] fetching crate rsa-der 0.3.0...
[INFO] testing rsa-der-0.3.0 against 1.69.0 for beta-1.70-1
[INFO] extracting crate rsa-der 0.3.0 into /workspace/builds/worker-1-tc1/source
[INFO] validating manifest of crates.io crate rsa-der 0.3.0 on toolchain 1.69.0
[INFO] running `Command { std: CARGO_HOME="/workspace/cargo-home" RUSTUP_HOME="/workspace/rustup-home" "/workspace/cargo-home/bin/cargo" "+1.69.0" "metadata" "--manifest-path" "Cargo.toml" "--no-deps", kill_on_drop: false }`
[INFO] started tweaking crates.io crate rsa-der 0.3.0
[INFO] finished tweaking crates.io crate rsa-der 0.3.0
[INFO] tweaked toml for crates.io crate rsa-der 0.3.0 written to /workspace/builds/worker-1-tc1/source/Cargo.toml
[INFO] running `Command { std: CARGO_HOME="/workspace/cargo-home" RUSTUP_HOME="/workspace/rustup-home" __CARGO_TEST_CHANNEL_OVERRIDE_DO_NOT_USE_THIS="nightly" "/workspace/cargo-home/bin/cargo" "+1.69.0" "generate-lockfile" "--manifest-path" "Cargo.toml" "-Zno-index-update", kill_on_drop: false }`
[INFO] running `Command { std: CARGO_HOME="/workspace/cargo-home" RUSTUP_HOME="/workspace/rustup-home" "/workspace/cargo-home/bin/cargo" "+1.69.0" "fetch" "--manifest-path" "Cargo.toml", kill_on_drop: false }`
[INFO] [stderr]  Downloading crates ...
[INFO] [stderr]   Downloaded num-bigint-dig v0.4.0
[INFO] running `Command { std: "docker" "create" "-v" "/var/lib/crater-agent-workspace/builds/worker-1-tc1/target:/opt/rustwide/target:rw,Z" "-v" "/var/lib/crater-agent-workspace/builds/worker-1-tc1/source:/opt/rustwide/workdir:ro,Z" "-v" "/var/lib/crater-agent-workspace/cargo-home:/opt/rustwide/cargo-home:ro,Z" "-v" "/var/lib/crater-agent-workspace/rustup-home:/opt/rustwide/rustup-home:ro,Z" "-e" "SOURCE_DIR=/opt/rustwide/workdir" "-e" "CARGO_TARGET_DIR=/opt/rustwide/target" "-e" "CARGO_HOME=/opt/rustwide/cargo-home" "-e" "RUSTUP_HOME=/opt/rustwide/rustup-home" "-w" "/opt/rustwide/workdir" "-m" "1610612736" "--user" "0:0" "--network" "none" "ghcr.io/rust-lang/crates-build-env/linux@sha256:5ff2268d62e97bff2cde7d5815dd6ed5b47097566f13b8d0ca110b04b60e07ed" "/opt/rustwide/cargo-home/bin/cargo" "+1.69.0" "metadata" "--no-deps" "--format-version=1", kill_on_drop: false }`
[INFO] [stdout] 889c1399e187dff7b2cbea6f062d75642e39f78dd84d473e38d8303bfd6caf88
[INFO] running `Command { std: "docker" "start" "-a" "889c1399e187dff7b2cbea6f062d75642e39f78dd84d473e38d8303bfd6caf88", kill_on_drop: false }`
[INFO] running `Command { std: "docker" "inspect" "889c1399e187dff7b2cbea6f062d75642e39f78dd84d473e38d8303bfd6caf88", kill_on_drop: false }`
[INFO] running `Command { std: "docker" "rm" "-f" "889c1399e187dff7b2cbea6f062d75642e39f78dd84d473e38d8303bfd6caf88", kill_on_drop: false }`
[INFO] [stdout] 889c1399e187dff7b2cbea6f062d75642e39f78dd84d473e38d8303bfd6caf88
[INFO] running `Command { std: "docker" "create" "-v" "/var/lib/crater-agent-workspace/builds/worker-1-tc1/target:/opt/rustwide/target:rw,Z" "-v" "/var/lib/crater-agent-workspace/builds/worker-1-tc1/source:/opt/rustwide/workdir:ro,Z" "-v" "/var/lib/crater-agent-workspace/cargo-home:/opt/rustwide/cargo-home:ro,Z" "-v" "/var/lib/crater-agent-workspace/rustup-home:/opt/rustwide/rustup-home:ro,Z" "-e" "SOURCE_DIR=/opt/rustwide/workdir" "-e" "CARGO_TARGET_DIR=/opt/rustwide/target" "-e" "CARGO_INCREMENTAL=0" "-e" "RUST_BACKTRACE=full" "-e" "RUSTFLAGS=--cap-lints=warn" "-e" "RUSTDOCFLAGS=--cap-lints=warn" "-e" "CARGO_HOME=/opt/rustwide/cargo-home" "-e" "RUSTUP_HOME=/opt/rustwide/rustup-home" "-w" "/opt/rustwide/workdir" "-m" "1610612736" "--user" "0:0" "--network" "none" "ghcr.io/rust-lang/crates-build-env/linux@sha256:5ff2268d62e97bff2cde7d5815dd6ed5b47097566f13b8d0ca110b04b60e07ed" "/opt/rustwide/cargo-home/bin/cargo" "+1.69.0" "build" "--frozen" "--message-format=json", kill_on_drop: false }`
[INFO] [stdout] 23f11639a366e52bd63f1a2d5e946feacfc5236d83e4d4c6435395733a7db182
[INFO] running `Command { std: "docker" "start" "-a" "23f11639a366e52bd63f1a2d5e946feacfc5236d83e4d4c6435395733a7db182", kill_on_drop: false }`
[INFO] [stderr]    Compiling libm v0.2.6
[INFO] [stderr]    Compiling num-traits v0.2.15
[INFO] [stderr]    Compiling num-integer v0.1.45
[INFO] [stderr]    Compiling num-bigint v0.4.3
[INFO] [stderr]    Compiling time v0.3.20
[INFO] [stderr]    Compiling syn v2.0.15
[INFO] [stderr]    Compiling thiserror-impl v1.0.40
[INFO] [stderr]    Compiling thiserror v1.0.40
[INFO] [stderr]    Compiling simple_asn1 v0.6.2
[INFO] [stderr]    Compiling rsa-der v0.3.0 (/opt/rustwide/workdir)
[INFO] [stderr]     Finished dev [unoptimized + debuginfo] target(s) in 9.25s
[INFO] running `Command { std: "docker" "inspect" "23f11639a366e52bd63f1a2d5e946feacfc5236d83e4d4c6435395733a7db182", kill_on_drop: false }`
[INFO] running `Command { std: "docker" "rm" "-f" "23f11639a366e52bd63f1a2d5e946feacfc5236d83e4d4c6435395733a7db182", kill_on_drop: false }`
[INFO] [stdout] 23f11639a366e52bd63f1a2d5e946feacfc5236d83e4d4c6435395733a7db182
[INFO] running `Command { std: "docker" "create" "-v" "/var/lib/crater-agent-workspace/builds/worker-1-tc1/target:/opt/rustwide/target:rw,Z" "-v" "/var/lib/crater-agent-workspace/builds/worker-1-tc1/source:/opt/rustwide/workdir:ro,Z" "-v" "/var/lib/crater-agent-workspace/cargo-home:/opt/rustwide/cargo-home:ro,Z" "-v" "/var/lib/crater-agent-workspace/rustup-home:/opt/rustwide/rustup-home:ro,Z" "-e" "SOURCE_DIR=/opt/rustwide/workdir" "-e" "CARGO_TARGET_DIR=/opt/rustwide/target" "-e" "CARGO_INCREMENTAL=0" "-e" "RUST_BACKTRACE=full" "-e" "RUSTFLAGS=--cap-lints=warn" "-e" "RUSTDOCFLAGS=--cap-lints=warn" "-e" "CARGO_HOME=/opt/rustwide/cargo-home" "-e" "RUSTUP_HOME=/opt/rustwide/rustup-home" "-w" "/opt/rustwide/workdir" "-m" "1610612736" "--user" "0:0" "--network" "none" "ghcr.io/rust-lang/crates-build-env/linux@sha256:5ff2268d62e97bff2cde7d5815dd6ed5b47097566f13b8d0ca110b04b60e07ed" "/opt/rustwide/cargo-home/bin/cargo" "+1.69.0" "test" "--frozen" "--no-run" "--message-format=json", kill_on_drop: false }`
[INFO] [stdout] 98b3689d8dc2735a093f64078dde3b4750d55b7ae005a8d8f471ae97bad61162
[INFO] running `Command { std: "docker" "start" "-a" "98b3689d8dc2735a093f64078dde3b4750d55b7ae005a8d8f471ae97bad61162", kill_on_drop: false }`
[INFO] [stderr]    Compiling subtle v2.5.0
[INFO] [stderr]    Compiling num-iter v0.1.43
[INFO] [stderr]    Compiling const-oid v0.6.2
[INFO] [stderr]    Compiling maybe-uninit v2.0.0
[INFO] [stderr]    Compiling base64ct v1.1.1
[INFO] [stderr]    Compiling getrandom v0.2.9
[INFO] [stderr]    Compiling lazy_static v1.4.0
[INFO] [stderr]    Compiling num-bigint-dig v0.7.0
[INFO] [stderr]    Compiling zeroize_derive v1.4.2
[INFO] [stderr]    Compiling num-bigint-dig v0.4.0
[INFO] [stderr]    Compiling openssl-macros v0.1.1
[INFO] [stderr]    Compiling digest v0.9.0
[INFO] [stderr]    Compiling rand_core v0.6.4
[INFO] [stderr]    Compiling pem-rfc7468 v0.2.4
[INFO] [stderr]    Compiling crypto-bigint v0.2.11
[INFO] [stderr]    Compiling rand_chacha v0.3.1
[INFO] [stderr]    Compiling smallvec v0.6.14
[INFO] [stderr]    Compiling openssl v0.10.52
[INFO] [stderr]    Compiling rand v0.8.5
[INFO] [stderr]    Compiling zeroize v1.4.3
[INFO] [stderr]    Compiling der v0.4.5
[INFO] [stderr]    Compiling spki v0.4.1
[INFO] [stderr]    Compiling pkcs1 v0.2.4
[INFO] [stderr]    Compiling pkcs8 v0.7.6
[INFO] [stderr]    Compiling rsa v0.5.0
[INFO] [stderr]    Compiling rsa-der v0.3.0 (/opt/rustwide/workdir)
[INFO] [stderr]     Finished test [unoptimized + debuginfo] target(s) in 5.87s
[INFO] running `Command { std: "docker" "inspect" "98b3689d8dc2735a093f64078dde3b4750d55b7ae005a8d8f471ae97bad61162", kill_on_drop: false }`
[INFO] running `Command { std: "docker" "rm" "-f" "98b3689d8dc2735a093f64078dde3b4750d55b7ae005a8d8f471ae97bad61162", kill_on_drop: false }`
[INFO] [stdout] 98b3689d8dc2735a093f64078dde3b4750d55b7ae005a8d8f471ae97bad61162
[INFO] running `Command { std: "docker" "create" "-v" "/var/lib/crater-agent-workspace/builds/worker-1-tc1/target:/opt/rustwide/target:rw,Z" "-v" "/var/lib/crater-agent-workspace/builds/worker-1-tc1/source:/opt/rustwide/workdir:ro,Z" "-v" "/var/lib/crater-agent-workspace/cargo-home:/opt/rustwide/cargo-home:ro,Z" "-v" "/var/lib/crater-agent-workspace/rustup-home:/opt/rustwide/rustup-home:ro,Z" "-e" "SOURCE_DIR=/opt/rustwide/workdir" "-e" "CARGO_TARGET_DIR=/opt/rustwide/target" "-e" "CARGO_INCREMENTAL=0" "-e" "RUST_BACKTRACE=full" "-e" "RUSTFLAGS=--cap-lints=warn" "-e" "RUSTDOCFLAGS=--cap-lints=warn" "-e" "CARGO_HOME=/opt/rustwide/cargo-home" "-e" "RUSTUP_HOME=/opt/rustwide/rustup-home" "-w" "/opt/rustwide/workdir" "-m" "1610612736" "--user" "0:0" "--network" "none" "ghcr.io/rust-lang/crates-build-env/linux@sha256:5ff2268d62e97bff2cde7d5815dd6ed5b47097566f13b8d0ca110b04b60e07ed" "/opt/rustwide/cargo-home/bin/cargo" "+1.69.0" "test" "--frozen", kill_on_drop: false }`
[INFO] [stdout] 9df96da00663a2b1e2109a47843327c869b26a9282c19a9d2f7a9606fc3f0008
[INFO] running `Command { std: "docker" "start" "-a" "9df96da00663a2b1e2109a47843327c869b26a9282c19a9d2f7a9606fc3f0008", kill_on_drop: false }`
[INFO] [stderr]     Finished test [unoptimized + debuginfo] target(s) in 0.04s
[INFO] [stderr]      Running unittests src/lib.rs (/opt/rustwide/target/debug/deps/rsa_der-261c34f863fe5eee)
[INFO] [stdout] 
[INFO] [stdout] running 2 tests
[INFO] [stdout] test tests::test_public_key_from_der ... ok
[INFO] [stdout] test tests::test_public_key_to_der ... ok
[INFO] [stdout] 
[INFO] [stdout] test result: ok. 2 passed; 0 failed; 0 ignored; 0 measured; 0 filtered out; finished in 0.31s
[INFO] [stdout] 
[INFO] [stderr]    Doc-tests rsa-der
[INFO] [stdout] 
[INFO] [stdout] running 3 tests
[INFO] [stdout] test src/lib.rs - public_key_from_der (line 134) - compile ... FAILED
[INFO] [stdout] test src/lib.rs - public_key_to_der (line 39) ... FAILED
[INFO] [stdout] test src/lib.rs - (line 11) - compile ... FAILED
[INFO] [stdout] 
[INFO] [stdout] failures:
[INFO] [stdout] 
[INFO] [stdout] ---- src/lib.rs - public_key_from_der (line 134) stdout ----
[INFO] [stdout] error[E0432]: unresolved import `rsa::RSAPublicKey`
[INFO] [stdout]  --> src/lib.rs:136:5
[INFO] [stdout]   |
[INFO] [stdout] 4 | use rsa::RSAPublicKey;
[INFO] [stdout]   |     ^^^^^------------
[INFO] [stdout]   |     |    |
[INFO] [stdout]   |     |    help: a similar name exists in the module: `RsaPublicKey`
[INFO] [stdout]   |     no `RSAPublicKey` in the root
[INFO] [stdout] 
[INFO] [stdout] error: aborting due to previous error
[INFO] [stdout] 
[INFO] [stdout] For more information about this error, try `rustc --explain E0432`.
[INFO] [stdout] Couldn't compile the test.
[INFO] [stdout] ---- src/lib.rs - public_key_to_der (line 39) stdout ----
[INFO] [stdout] error[E0432]: unresolved import `rsa::RSAPrivateKey`
[INFO] [stdout]  --> src/lib.rs:42:11
[INFO] [stdout]   |
[INFO] [stdout] 6 | use rsa::{RSAPrivateKey, PublicKey};
[INFO] [stdout]   |           ^^^^^^^^^^^^^
[INFO] [stdout]   |           |
[INFO] [stdout]   |           no `RSAPrivateKey` in the root
[INFO] [stdout]   |           help: a similar name exists in the module: `RsaPrivateKey`
[INFO] [stdout] 
[INFO] [stdout] error: aborting due to previous error
[INFO] [stdout] 
[INFO] [stdout] For more information about this error, try `rustc --explain E0432`.
[INFO] [stdout] Couldn't compile the test.
[INFO] [stdout] ---- src/lib.rs - (line 11) stdout ----
[INFO] [stdout] error[E0432]: unresolved import `rsa::RSAPrivateKey`
[INFO] [stdout]  --> src/lib.rs:12:11
[INFO] [stdout]   |
[INFO] [stdout] 4 | use rsa::{RSAPrivateKey, PublicKey};
[INFO] [stdout]   |           ^^^^^^^^^^^^^
[INFO] [stdout]   |           |
[INFO] [stdout]   |           no `RSAPrivateKey` in the root
[INFO] [stdout]   |           help: a similar name exists in the module: `RsaPrivateKey`
[INFO] [stdout] 
[INFO] [stdout] error[E0599]: no method named `n` found for opaque type `impl PublicKey` in the current scope
[INFO] [stdout]   --> src/lib.rs:21:49
[INFO] [stdout]    |
[INFO] [stdout] 13 | let der_bytes = rsa_der::public_key_to_der(&key.n().to_bytes_be(), &key.e().to_bytes_be());
[INFO] [stdout]    |                                                 ^ method not found in `impl PublicKey`
[INFO] [stdout]    |
[INFO] [stdout]   ::: /opt/rustwide/cargo-home/registry/src/github.com-1ecc6299db9ec823/rsa-0.5.0/src/key.rs:27:8
[INFO] [stdout]    |
[INFO] [stdout] 27 |     fn n(&self) -> &BigUint;
[INFO] [stdout]    |        - the method is available for `impl PublicKey` here
[INFO] [stdout]    |
[INFO] [stdout]    = help: items from traits can only be used if the trait is in scope
[INFO] [stdout] help: the following trait is implemented but not in scope; perhaps add a `use` for it:
[INFO] [stdout]    |
[INFO] [stdout] 2  | use rsa::PublicKeyParts;
[INFO] [stdout]    |
[INFO] [stdout] 
[INFO] [stdout] error[E0599]: no method named `e` found for opaque type `impl PublicKey` in the current scope
[INFO] [stdout]   --> src/lib.rs:21:73
[INFO] [stdout]    |
[INFO] [stdout] 13 | let der_bytes = rsa_der::public_key_to_der(&key.n().to_bytes_be(), &key.e().to_bytes_be());
[INFO] [stdout]    |                                                                         ^ method not found in `impl PublicKey`
[INFO] [stdout]    |
[INFO] [stdout]   ::: /opt/rustwide/cargo-home/registry/src/github.com-1ecc6299db9ec823/rsa-0.5.0/src/key.rs:30:8
[INFO] [stdout]    |
[INFO] [stdout] 30 |     fn e(&self) -> &BigUint;
[INFO] [stdout]    |        - the method is available for `impl PublicKey` here
[INFO] [stdout]    |
[INFO] [stdout]    = help: items from traits can only be used if the trait is in scope
[INFO] [stdout] help: the following trait is implemented but not in scope; perhaps add a `use` for it:
[INFO] [stdout]    |
[INFO] [stdout] 2  | use rsa::PublicKeyParts;
[INFO] [stdout]    |
[INFO] [stdout] 
[INFO] [stdout] error: aborting due to 3 previous errors
[INFO] [stdout] 
[INFO] [stdout] Some errors have detailed explanations: E0432, E0599.
[INFO] [stdout] For more information about an error, try `rustc --explain E0432`.
[INFO] [stdout] Couldn't compile the test.
[INFO] [stdout] 
[INFO] [stdout] failures:
[INFO] [stdout]     src/lib.rs - (line 11)
[INFO] [stdout]     src/lib.rs - public_key_from_der (line 134)
[INFO] [stdout]     src/lib.rs - public_key_to_der (line 39)
[INFO] [stdout] 
[INFO] [stdout] test result: FAILED. 0 passed; 3 failed; 0 ignored; 0 measured; 0 filtered out; finished in 0.08s
[INFO] [stdout] 
[INFO] [stderr] error: doctest failed, to rerun pass `--doc`
[INFO] running `Command { std: "docker" "inspect" "9df96da00663a2b1e2109a47843327c869b26a9282c19a9d2f7a9606fc3f0008", kill_on_drop: false }`
[INFO] running `Command { std: "docker" "rm" "-f" "9df96da00663a2b1e2109a47843327c869b26a9282c19a9d2f7a9606fc3f0008", kill_on_drop: false }`
[INFO] [stdout] 9df96da00663a2b1e2109a47843327c869b26a9282c19a9d2f7a9606fc3f0008
