[INFO] fetching crate rs_quickcheck_util 0.1.1...
[INFO] testing rs_quickcheck_util-0.1.1 against beta-2023-04-20 for beta-1.70-1
[INFO] extracting crate rs_quickcheck_util 0.1.1 into /workspace/builds/worker-4-tc2/source
[INFO] validating manifest of crates.io crate rs_quickcheck_util 0.1.1 on toolchain beta-2023-04-20
[INFO] running `Command { std: CARGO_HOME="/workspace/cargo-home" RUSTUP_HOME="/workspace/rustup-home" "/workspace/cargo-home/bin/cargo" "+beta-2023-04-20" "metadata" "--manifest-path" "Cargo.toml" "--no-deps", kill_on_drop: false }`
[INFO] started tweaking crates.io crate rs_quickcheck_util 0.1.1
[INFO] finished tweaking crates.io crate rs_quickcheck_util 0.1.1
[INFO] tweaked toml for crates.io crate rs_quickcheck_util 0.1.1 written to /workspace/builds/worker-4-tc2/source/Cargo.toml
[INFO] running `Command { std: CARGO_HOME="/workspace/cargo-home" RUSTUP_HOME="/workspace/rustup-home" __CARGO_TEST_CHANNEL_OVERRIDE_DO_NOT_USE_THIS="nightly" "/workspace/cargo-home/bin/cargo" "+beta-2023-04-20" "generate-lockfile" "--manifest-path" "Cargo.toml" "-Zno-index-update", kill_on_drop: false }`
[INFO] running `Command { std: CARGO_HOME="/workspace/cargo-home" RUSTUP_HOME="/workspace/rustup-home" "/workspace/cargo-home/bin/cargo" "+beta-2023-04-20" "fetch" "--manifest-path" "Cargo.toml", kill_on_drop: false }`
[INFO] running `Command { std: "docker" "create" "-v" "/var/lib/crater-agent-workspace/builds/worker-4-tc2/target:/opt/rustwide/target:rw,Z" "-v" "/var/lib/crater-agent-workspace/builds/worker-4-tc2/source:/opt/rustwide/workdir:ro,Z" "-v" "/var/lib/crater-agent-workspace/cargo-home:/opt/rustwide/cargo-home:ro,Z" "-v" "/var/lib/crater-agent-workspace/rustup-home:/opt/rustwide/rustup-home:ro,Z" "-e" "SOURCE_DIR=/opt/rustwide/workdir" "-e" "CARGO_TARGET_DIR=/opt/rustwide/target" "-e" "CARGO_HOME=/opt/rustwide/cargo-home" "-e" "RUSTUP_HOME=/opt/rustwide/rustup-home" "-w" "/opt/rustwide/workdir" "-m" "1610612736" "--user" "0:0" "--network" "none" "ghcr.io/rust-lang/crates-build-env/linux@sha256:5ff2268d62e97bff2cde7d5815dd6ed5b47097566f13b8d0ca110b04b60e07ed" "/opt/rustwide/cargo-home/bin/cargo" "+beta-2023-04-20" "metadata" "--no-deps" "--format-version=1", kill_on_drop: false }`
[INFO] [stdout] 583828cdd930472e98a26885ffa6151223ad873cbacdbc8843ff1c1b29015240
[INFO] running `Command { std: "docker" "start" "-a" "583828cdd930472e98a26885ffa6151223ad873cbacdbc8843ff1c1b29015240", kill_on_drop: false }`
[INFO] running `Command { std: "docker" "inspect" "583828cdd930472e98a26885ffa6151223ad873cbacdbc8843ff1c1b29015240", kill_on_drop: false }`
[INFO] running `Command { std: "docker" "rm" "-f" "583828cdd930472e98a26885ffa6151223ad873cbacdbc8843ff1c1b29015240", kill_on_drop: false }`
[INFO] [stdout] 583828cdd930472e98a26885ffa6151223ad873cbacdbc8843ff1c1b29015240
[INFO] running `Command { std: "docker" "create" "-v" "/var/lib/crater-agent-workspace/builds/worker-4-tc2/target:/opt/rustwide/target:rw,Z" "-v" "/var/lib/crater-agent-workspace/builds/worker-4-tc2/source:/opt/rustwide/workdir:ro,Z" "-v" "/var/lib/crater-agent-workspace/cargo-home:/opt/rustwide/cargo-home:ro,Z" "-v" "/var/lib/crater-agent-workspace/rustup-home:/opt/rustwide/rustup-home:ro,Z" "-e" "SOURCE_DIR=/opt/rustwide/workdir" "-e" "CARGO_TARGET_DIR=/opt/rustwide/target" "-e" "CARGO_INCREMENTAL=0" "-e" "RUST_BACKTRACE=full" "-e" "RUSTFLAGS=--cap-lints=warn" "-e" "RUSTDOCFLAGS=--cap-lints=warn" "-e" "CARGO_HOME=/opt/rustwide/cargo-home" "-e" "RUSTUP_HOME=/opt/rustwide/rustup-home" "-w" "/opt/rustwide/workdir" "-m" "1610612736" "--user" "0:0" "--network" "none" "ghcr.io/rust-lang/crates-build-env/linux@sha256:5ff2268d62e97bff2cde7d5815dd6ed5b47097566f13b8d0ca110b04b60e07ed" "/opt/rustwide/cargo-home/bin/cargo" "+beta-2023-04-20" "build" "--frozen" "--message-format=json", kill_on_drop: false }`
[INFO] [stdout] 4b2975beaabcb17da2059c11ef0903bfbbae704f3c632287731285c6ae844fbd
[INFO] running `Command { std: "docker" "start" "-a" "4b2975beaabcb17da2059c11ef0903bfbbae704f3c632287731285c6ae844fbd", kill_on_drop: false }`
[INFO] [stderr]    Compiling rs_quickcheck_util v0.1.1 (/opt/rustwide/workdir)
[INFO] [stderr]     Finished dev [unoptimized + debuginfo] target(s) in 0.11s
[INFO] running `Command { std: "docker" "inspect" "4b2975beaabcb17da2059c11ef0903bfbbae704f3c632287731285c6ae844fbd", kill_on_drop: false }`
[INFO] running `Command { std: "docker" "rm" "-f" "4b2975beaabcb17da2059c11ef0903bfbbae704f3c632287731285c6ae844fbd", kill_on_drop: false }`
[INFO] [stdout] 4b2975beaabcb17da2059c11ef0903bfbbae704f3c632287731285c6ae844fbd
[INFO] running `Command { std: "docker" "create" "-v" "/var/lib/crater-agent-workspace/builds/worker-4-tc2/target:/opt/rustwide/target:rw,Z" "-v" "/var/lib/crater-agent-workspace/builds/worker-4-tc2/source:/opt/rustwide/workdir:ro,Z" "-v" "/var/lib/crater-agent-workspace/cargo-home:/opt/rustwide/cargo-home:ro,Z" "-v" "/var/lib/crater-agent-workspace/rustup-home:/opt/rustwide/rustup-home:ro,Z" "-e" "SOURCE_DIR=/opt/rustwide/workdir" "-e" "CARGO_TARGET_DIR=/opt/rustwide/target" "-e" "CARGO_INCREMENTAL=0" "-e" "RUST_BACKTRACE=full" "-e" "RUSTFLAGS=--cap-lints=warn" "-e" "RUSTDOCFLAGS=--cap-lints=warn" "-e" "CARGO_HOME=/opt/rustwide/cargo-home" "-e" "RUSTUP_HOME=/opt/rustwide/rustup-home" "-w" "/opt/rustwide/workdir" "-m" "1610612736" "--user" "0:0" "--network" "none" "ghcr.io/rust-lang/crates-build-env/linux@sha256:5ff2268d62e97bff2cde7d5815dd6ed5b47097566f13b8d0ca110b04b60e07ed" "/opt/rustwide/cargo-home/bin/cargo" "+beta-2023-04-20" "test" "--frozen" "--no-run" "--message-format=json", kill_on_drop: false }`
[INFO] [stdout] 08e07443b29ad693bfca56341ff2322f8194005e4d832794f58165b80ba023cb
[INFO] running `Command { std: "docker" "start" "-a" "08e07443b29ad693bfca56341ff2322f8194005e4d832794f58165b80ba023cb", kill_on_drop: false }`
[INFO] [stderr]    Compiling proc-macro2 v1.0.56
[INFO] [stderr]    Compiling syn v1.0.109
[INFO] [stderr]    Compiling quote v1.0.26
[INFO] [stderr]    Compiling quickcheck_macros v1.0.0
[INFO] [stderr]    Compiling rs_quickcheck_util v0.1.1 (/opt/rustwide/workdir)
[INFO] [stderr]     Finished test [unoptimized + debuginfo] target(s) in 6.51s
[INFO] running `Command { std: "docker" "inspect" "08e07443b29ad693bfca56341ff2322f8194005e4d832794f58165b80ba023cb", kill_on_drop: false }`
[INFO] running `Command { std: "docker" "rm" "-f" "08e07443b29ad693bfca56341ff2322f8194005e4d832794f58165b80ba023cb", kill_on_drop: false }`
[INFO] [stdout] 08e07443b29ad693bfca56341ff2322f8194005e4d832794f58165b80ba023cb
[INFO] running `Command { std: "docker" "create" "-v" "/var/lib/crater-agent-workspace/builds/worker-4-tc2/target:/opt/rustwide/target:rw,Z" "-v" "/var/lib/crater-agent-workspace/builds/worker-4-tc2/source:/opt/rustwide/workdir:ro,Z" "-v" "/var/lib/crater-agent-workspace/cargo-home:/opt/rustwide/cargo-home:ro,Z" "-v" "/var/lib/crater-agent-workspace/rustup-home:/opt/rustwide/rustup-home:ro,Z" "-e" "SOURCE_DIR=/opt/rustwide/workdir" "-e" "CARGO_TARGET_DIR=/opt/rustwide/target" "-e" "CARGO_INCREMENTAL=0" "-e" "RUST_BACKTRACE=full" "-e" "RUSTFLAGS=--cap-lints=warn" "-e" "RUSTDOCFLAGS=--cap-lints=warn" "-e" "CARGO_HOME=/opt/rustwide/cargo-home" "-e" "RUSTUP_HOME=/opt/rustwide/rustup-home" "-w" "/opt/rustwide/workdir" "-m" "1610612736" "--user" "0:0" "--network" "none" "ghcr.io/rust-lang/crates-build-env/linux@sha256:5ff2268d62e97bff2cde7d5815dd6ed5b47097566f13b8d0ca110b04b60e07ed" "/opt/rustwide/cargo-home/bin/cargo" "+beta-2023-04-20" "test" "--frozen", kill_on_drop: false }`
[INFO] [stdout] 7dd85166c3b92d9a3520691a03f699b3df57d454e555744f2cc9ace0ed467417
[INFO] running `Command { std: "docker" "start" "-a" "7dd85166c3b92d9a3520691a03f699b3df57d454e555744f2cc9ace0ed467417", kill_on_drop: false }`
[INFO] [stderr]     Finished test [unoptimized + debuginfo] target(s) in 0.04s
[INFO] [stderr]      Running unittests src/lib.rs (/opt/rustwide/target/debug/deps/rs_quickcheck_util-a853f8e271673f4d)
[INFO] [stdout] 
[INFO] [stdout] running 5 tests
[INFO] [stdout] test gen_bytes::tests::both_included ... ok
[INFO] [stdout] test shrink_field::tests::shrink_simple_field ... ok
[INFO] [stdout] test gen_bytes::tests::left_included_right_excluded ... ok
[INFO] [stdout] test shrink_field::tests::shrink_map ... ok
[INFO] [stdout] test unshrinkable::tests::unshrinkable ... ok
[INFO] [stderr]    Doc-tests rs_quickcheck_util
[INFO] [stdout] 
[INFO] [stdout] test result: ok. 5 passed; 0 failed; 0 ignored; 0 measured; 0 filtered out; finished in 0.50s
[INFO] [stdout] 
[INFO] [stdout] 
[INFO] [stdout] running 4 tests
[INFO] [stdout] test src/shrink_field.rs - shrink_field::shrink_a_field (line 22) ... FAILED
[INFO] [stdout] test src/unshrinkable.rs - unshrinkable::Unshrinkable (line 10) ... FAILED
[INFO] [stdout] test src/shrink_field.rs - shrink_field::shrink_a_field (line 3) ... FAILED
[INFO] [stdout] test src/shrink_field.rs - shrink_field::shrink_a_field (line 16) ... FAILED
[INFO] [stderr] error: doctest failed, to rerun pass `--doc`
[INFO] [stdout] 
[INFO] [stdout] failures:
[INFO] [stdout] 
[INFO] [stdout] ---- src/shrink_field.rs - shrink_field::shrink_a_field (line 22) stdout ----
[INFO] [stdout] error: cannot find macro `shrink_a_field` in this scope
[INFO] [stdout]  --> src/shrink_field.rs:23:1
[INFO] [stdout]   |
[INFO] [stdout] 3 | shrink_a_field!(t, m, |x: &usize| -> String {format!("{}", x)})
[INFO] [stdout]   | ^^^^^^^^^^^^^^
[INFO] [stdout]   |
[INFO] [stdout]   = help: consider importing this macro:
[INFO] [stdout]           rs_quickcheck_util::shrink_a_field
[INFO] [stdout] 
[INFO] [stdout] error: aborting due to previous error
[INFO] [stdout] 
[INFO] [stdout] Couldn't compile the test.
[INFO] [stdout] ---- src/unshrinkable.rs - unshrinkable::Unshrinkable (line 10) stdout ----
[INFO] [stdout] error[E0425]: cannot find value `xs` in this scope
[INFO] [stdout]  --> src/unshrinkable.rs:11:18
[INFO] [stdout]   |
[INFO] [stdout] 3 | let ys: Vec<_> = xs.into_iter() // xs is of type Vec<T>
[INFO] [stdout]   |                  ^^ not found in this scope
[INFO] [stdout] 
[INFO] [stdout] error[E0433]: failed to resolve: use of undeclared type `Unshrinkable`
[INFO] [stdout]  --> src/unshrinkable.rs:12:14
[INFO] [stdout]   |
[INFO] [stdout] 4 |     .map(|x| Unshrinkable::new(x))
[INFO] [stdout]   |              ^^^^^^^^^^^^ use of undeclared type `Unshrinkable`
[INFO] [stdout]   |
[INFO] [stdout] help: consider importing this struct
[INFO] [stdout]   |
[INFO] [stdout] 2 + use rs_quickcheck_util::Unshrinkable;
[INFO] [stdout]   |
[INFO] [stdout] 
[INFO] [stdout] error[E0412]: cannot find type `T` in this scope
[INFO] [stdout]  --> src/unshrinkable.rs:15:62
[INFO] [stdout]   |
[INFO] [stdout] 7 |     .map(|ys| ys.into_iter().map(|y| y.take()).collect::<Vec<T>>());
[INFO] [stdout]   |                                                              ^ not found in this scope
[INFO] [stdout]   |
[INFO] [stdout] help: you might be missing a type parameter
[INFO] [stdout]   |
[INFO] [stdout] 2 | fn main() { #[allow(non_snake_case)] fn _doctest_main_src_unshrinkable_rs_10_0<T>() {
[INFO] [stdout]   |                                                                               +++
[INFO] [stdout] 
[INFO] [stdout] error: aborting due to 3 previous errors
[INFO] [stdout] 
[INFO] [stdout] Some errors have detailed explanations: E0412, E0425, E0433.
[INFO] [stdout] For more information about an error, try `rustc --explain E0412`.
[INFO] [stdout] Couldn't compile the test.
[INFO] [stdout] ---- src/shrink_field.rs - shrink_field::shrink_a_field (line 3) stdout ----
[INFO] [stdout] error[E0412]: cannot find type `A` in this scope
[INFO] [stdout]  --> src/shrink_field.rs:5:8
[INFO] [stdout]   |
[INFO] [stdout] 4 |     a: A,
[INFO] [stdout]   |        ^ not found in this scope
[INFO] [stdout]   |
[INFO] [stdout] help: you might be missing a type parameter
[INFO] [stdout]   |
[INFO] [stdout] 3 | struct T<A> {
[INFO] [stdout]   |         +++
[INFO] [stdout] 
[INFO] [stdout] error[E0412]: cannot find type `B` in this scope
[INFO] [stdout]  --> src/shrink_field.rs:6:8
[INFO] [stdout]   |
[INFO] [stdout] 5 |     b: B,
[INFO] [stdout]   |        ^ not found in this scope
[INFO] [stdout]   |
[INFO] [stdout] help: you might be missing a type parameter
[INFO] [stdout]   |
[INFO] [stdout] 3 | struct T<B> {
[INFO] [stdout]   |         +++
[INFO] [stdout] 
[INFO] [stdout] error: aborting due to 2 previous errors
[INFO] [stdout] 
[INFO] [stdout] For more information about this error, try `rustc --explain E0412`.
[INFO] [stdout] Couldn't compile the test.
[INFO] [stdout] ---- src/shrink_field.rs - shrink_field::shrink_a_field (line 16) stdout ----
[INFO] [stdout] error[E0412]: cannot find type `BTreeMap` in this scope
[INFO] [stdout]  --> src/shrink_field.rs:18:8
[INFO] [stdout]   |
[INFO] [stdout] 4 |     m: BTreeMap<String, usize>,
[INFO] [stdout]   |        ^^^^^^^^ not found in this scope
[INFO] [stdout]   |
[INFO] [stdout] help: consider importing this struct
[INFO] [stdout]   |
[INFO] [stdout] 2 + use std::collections::BTreeMap;
[INFO] [stdout]   |
[INFO] [stdout] 
[INFO] [stdout] error: aborting due to previous error
[INFO] [stdout] 
[INFO] [stdout] For more information about this error, try `rustc --explain E0412`.
[INFO] [stdout] Couldn't compile the test.
[INFO] [stdout] 
[INFO] [stdout] failures:
[INFO] [stdout]     src/shrink_field.rs - shrink_field::shrink_a_field (line 16)
[INFO] [stdout]     src/shrink_field.rs - shrink_field::shrink_a_field (line 22)
[INFO] [stdout]     src/shrink_field.rs - shrink_field::shrink_a_field (line 3)
[INFO] [stdout]     src/unshrinkable.rs - unshrinkable::Unshrinkable (line 10)
[INFO] [stdout] 
[INFO] [stdout] test result: FAILED. 0 passed; 4 failed; 0 ignored; 0 measured; 0 filtered out; finished in 0.13s
[INFO] [stdout] 
[INFO] running `Command { std: "docker" "inspect" "7dd85166c3b92d9a3520691a03f699b3df57d454e555744f2cc9ace0ed467417", kill_on_drop: false }`
[INFO] running `Command { std: "docker" "rm" "-f" "7dd85166c3b92d9a3520691a03f699b3df57d454e555744f2cc9ace0ed467417", kill_on_drop: false }`
[INFO] [stdout] 7dd85166c3b92d9a3520691a03f699b3df57d454e555744f2cc9ace0ed467417
