[INFO] fetching crate rs_pbrt 0.9.8...
[INFO] testing rs_pbrt-0.9.8 against beta-2023-04-20 for beta-1.70-1
[INFO] extracting crate rs_pbrt 0.9.8 into /workspace/builds/worker-1-tc2/source
[INFO] validating manifest of crates.io crate rs_pbrt 0.9.8 on toolchain beta-2023-04-20
[INFO] running `Command { std: CARGO_HOME="/workspace/cargo-home" RUSTUP_HOME="/workspace/rustup-home" "/workspace/cargo-home/bin/cargo" "+beta-2023-04-20" "metadata" "--manifest-path" "Cargo.toml" "--no-deps", kill_on_drop: false }`
[INFO] started tweaking crates.io crate rs_pbrt 0.9.8
[INFO] finished tweaking crates.io crate rs_pbrt 0.9.8
[INFO] tweaked toml for crates.io crate rs_pbrt 0.9.8 written to /workspace/builds/worker-1-tc2/source/Cargo.toml
[INFO] crate crates.io crate rs_pbrt 0.9.8 already has a lockfile, it will not be regenerated
[INFO] running `Command { std: CARGO_HOME="/workspace/cargo-home" RUSTUP_HOME="/workspace/rustup-home" "/workspace/cargo-home/bin/cargo" "+beta-2023-04-20" "fetch" "--manifest-path" "Cargo.toml", kill_on_drop: false }`
[INFO] [stderr] warning: only one of `license` or `license-file` is necessary
[INFO] [stderr] `license` should be used if the package license can be expressed with a standard SPDX expression.
[INFO] [stderr] `license-file` should be used if the package uses a non-standard license.
[INFO] [stderr] See https://doc.rust-lang.org/cargo/reference/manifest.html#the-license-and-license-file-fields for more information.
[INFO] [stderr]     Updating crates.io index
[INFO] [stderr]  Downloading crates ...
[INFO] [stderr]   Downloaded peg v0.6.3
[INFO] [stderr]   Downloaded rustversion v1.0.7
[INFO] [stderr]   Downloaded peg-macros v0.6.3
[INFO] [stderr]   Downloaded crossbeam-queue v0.3.5
[INFO] [stderr]   Downloaded hexf v0.2.1
[INFO] [stderr]   Downloaded impl_ops v0.1.1
[INFO] [stderr]   Downloaded typed-arena v2.0.1
[INFO] [stderr]   Downloaded atom v0.4.0
[INFO] [stderr]   Downloaded ply-rs v0.1.3
[INFO] [stderr]   Downloaded pbr v1.0.4
[INFO] [stderr]   Downloaded peg-runtime v0.6.3
[INFO] [stderr]   Downloaded blend_info v0.2.9
[INFO] running `Command { std: "docker" "create" "-v" "/var/lib/crater-agent-workspace/builds/worker-1-tc2/target:/opt/rustwide/target:rw,Z" "-v" "/var/lib/crater-agent-workspace/builds/worker-1-tc2/source:/opt/rustwide/workdir:ro,Z" "-v" "/var/lib/crater-agent-workspace/cargo-home:/opt/rustwide/cargo-home:ro,Z" "-v" "/var/lib/crater-agent-workspace/rustup-home:/opt/rustwide/rustup-home:ro,Z" "-e" "SOURCE_DIR=/opt/rustwide/workdir" "-e" "CARGO_TARGET_DIR=/opt/rustwide/target" "-e" "CARGO_HOME=/opt/rustwide/cargo-home" "-e" "RUSTUP_HOME=/opt/rustwide/rustup-home" "-w" "/opt/rustwide/workdir" "-m" "1610612736" "--user" "0:0" "--network" "none" "ghcr.io/rust-lang/crates-build-env/linux@sha256:5ff2268d62e97bff2cde7d5815dd6ed5b47097566f13b8d0ca110b04b60e07ed" "/opt/rustwide/cargo-home/bin/cargo" "+beta-2023-04-20" "metadata" "--no-deps" "--format-version=1", kill_on_drop: false }`
[INFO] [stdout] 2223583a7329a5c85dfb6205fa63f192d1d8bc0ceba30ad07e6bc41f9a989176
[INFO] running `Command { std: "docker" "start" "-a" "2223583a7329a5c85dfb6205fa63f192d1d8bc0ceba30ad07e6bc41f9a989176", kill_on_drop: false }`
[INFO] running `Command { std: "docker" "inspect" "2223583a7329a5c85dfb6205fa63f192d1d8bc0ceba30ad07e6bc41f9a989176", kill_on_drop: false }`
[INFO] running `Command { std: "docker" "rm" "-f" "2223583a7329a5c85dfb6205fa63f192d1d8bc0ceba30ad07e6bc41f9a989176", kill_on_drop: false }`
[INFO] [stdout] 2223583a7329a5c85dfb6205fa63f192d1d8bc0ceba30ad07e6bc41f9a989176
[INFO] running `Command { std: "docker" "create" "-v" "/var/lib/crater-agent-workspace/builds/worker-1-tc2/target:/opt/rustwide/target:rw,Z" "-v" "/var/lib/crater-agent-workspace/builds/worker-1-tc2/source:/opt/rustwide/workdir:ro,Z" "-v" "/var/lib/crater-agent-workspace/cargo-home:/opt/rustwide/cargo-home:ro,Z" "-v" "/var/lib/crater-agent-workspace/rustup-home:/opt/rustwide/rustup-home:ro,Z" "-e" "SOURCE_DIR=/opt/rustwide/workdir" "-e" "CARGO_TARGET_DIR=/opt/rustwide/target" "-e" "CARGO_INCREMENTAL=0" "-e" "RUST_BACKTRACE=full" "-e" "RUSTFLAGS=--cap-lints=warn" "-e" "RUSTDOCFLAGS=--cap-lints=warn" "-e" "CARGO_HOME=/opt/rustwide/cargo-home" "-e" "RUSTUP_HOME=/opt/rustwide/rustup-home" "-w" "/opt/rustwide/workdir" "-m" "1610612736" "--user" "0:0" "--network" "none" "ghcr.io/rust-lang/crates-build-env/linux@sha256:5ff2268d62e97bff2cde7d5815dd6ed5b47097566f13b8d0ca110b04b60e07ed" "/opt/rustwide/cargo-home/bin/cargo" "+beta-2023-04-20" "build" "--frozen" "--message-format=json", kill_on_drop: false }`
[INFO] [stdout] 227c125fd7e6de9df43696a410c4d36ae5556d0af496dff281378e1d510c1df5
[INFO] running `Command { std: "docker" "start" "-a" "227c125fd7e6de9df43696a410c4d36ae5556d0af496dff281378e1d510c1df5", kill_on_drop: false }`
[INFO] [stderr] warning: only one of `license` or `license-file` is necessary
[INFO] [stderr] `license` should be used if the package license can be expressed with a standard SPDX expression.
[INFO] [stderr] `license-file` should be used if the package uses a non-standard license.
[INFO] [stderr] See https://doc.rust-lang.org/cargo/reference/manifest.html#the-license-and-license-file-fields for more information.
[INFO] [stderr]    Compiling proc-macro2 v1.0.40
[INFO] [stderr]    Compiling quote v1.0.20
[INFO] [stderr]    Compiling unicode-ident v1.0.1
[INFO] [stderr]    Compiling syn v1.0.98
[INFO] [stderr]    Compiling libc v0.2.126
[INFO] [stderr]    Compiling version_check v0.9.4
[INFO] [stderr]    Compiling once_cell v1.13.0
[INFO] [stderr]    Compiling crossbeam-utils v0.8.10
[INFO] [stderr]    Compiling serde_derive v1.0.139
[INFO] [stderr]    Compiling scopeguard v1.1.0
[INFO] [stderr]    Compiling serde v1.0.139
[INFO] [stderr]    Compiling memoffset v0.6.5
[INFO] [stderr]    Compiling num-traits v0.2.15
[INFO] [stderr]    Compiling crossbeam-epoch v0.9.9
[INFO] [stderr]    Compiling num-integer v0.1.45
[INFO] [stderr]    Compiling memchr v2.5.0
[INFO] [stderr]    Compiling rayon-core v1.9.3
[INFO] [stderr]    Compiling serde_json v1.0.82
[INFO] [stderr]    Compiling camino v1.0.9
[INFO] [stderr]    Compiling semver v1.0.12
[INFO] [stderr]    Compiling lock_api v0.4.7
[INFO] [stderr]    Compiling itoa v1.0.2
[INFO] [stderr]    Compiling pulldown-cmark v0.9.1
[INFO] [stderr]    Compiling ryu v1.0.10
[INFO] [stderr]    Compiling crc32fast v1.3.2
[INFO] [stderr]    Compiling unicase v2.6.0
[INFO] [stderr]    Compiling proc-macro-error-attr v1.0.4
[INFO] [stderr]    Compiling error-chain v0.12.4
[INFO] [stderr]    Compiling proc-macro-error v1.0.4
[INFO] [stderr]    Compiling rayon v1.5.3
[INFO] [stderr]    Compiling crossbeam-channel v0.5.6
[INFO] [stderr]    Compiling num-bigint v0.4.3
[INFO] [stderr]    Compiling remove_dir_all v0.5.3
[INFO] [stderr]    Compiling futures-core v0.3.21
[INFO] [stderr]    Compiling fastrand v1.7.0
[INFO] [stderr]    Compiling same-file v1.0.6
[INFO] [stderr]    Compiling crossbeam-deque v0.8.1
[INFO] [stderr]    Compiling adler32 v1.2.0
[INFO] [stderr]    Compiling adler v1.0.2
[INFO] [stderr]    Compiling num_cpus v1.13.1
[INFO] [stderr]    Compiling getrandom v0.2.7
[INFO] [stderr]    Compiling tempfile v3.3.0
[INFO] [stderr]    Compiling miniz_oxide v0.5.3
[INFO] [stderr]    Compiling walkdir v2.3.2
[INFO] [stderr]    Compiling num-rational v0.4.1
[INFO] [stderr]    Compiling unicode-width v0.1.9
[INFO] [stderr]    Compiling unicode-segmentation v1.9.0
[INFO] [stderr]    Compiling bytecount v0.6.3
[INFO] [stderr]    Compiling glob v0.3.0
[INFO] [stderr]    Compiling ucd-trie v0.1.4
[INFO] [stderr]    Compiling either v1.7.0
[INFO] [stderr]    Compiling spin v0.9.4
[INFO] [stderr]    Compiling textwrap v0.11.0
[INFO] [stderr]    Compiling nanorand v0.7.0
[INFO] [stderr]    Compiling atty v0.2.14
[INFO] [stderr]    Compiling heck v0.3.3
[INFO] [stderr]    Compiling deflate v1.0.0
[INFO] [stderr]    Compiling num-iter v0.1.43
[INFO] [stderr]    Compiling vec_map v0.8.2
[INFO] [stderr]    Compiling weezl v0.1.7
[INFO] [stderr]    Compiling peg-runtime v0.6.3
[INFO] [stderr]    Compiling ansi_term v0.12.1
[INFO] [stderr]    Compiling crossbeam-queue v0.3.5
[INFO] [stderr]    Compiling futures-sink v0.3.21
[INFO] [stderr]    Compiling strsim v0.8.0
[INFO] [stderr]    Compiling rustversion v1.0.7
[INFO] [stderr]    Compiling flate2 v1.0.24
[INFO] [stderr]    Compiling threadpool v1.8.1
[INFO] [stderr]    Compiling clap v2.34.0
[INFO] [stderr]    Compiling inflate v0.4.5
[INFO] [stderr]    Compiling peg-macros v0.6.3
[INFO] [stderr]    Compiling atomic v0.5.1
[INFO] [stderr]    Compiling byteorder v1.4.3
[INFO] [stderr]    Compiling lebe v0.5.1
[INFO] [stderr]    Compiling lazy_static v1.4.0
[INFO] [stderr]    Compiling bit_field v0.10.1
[INFO] [stderr]    Compiling smallvec v1.9.0
[INFO] [stderr]    Compiling color_quant v1.1.0
[INFO] [stderr]    Compiling half v1.8.2
[INFO] [stderr]    Compiling png v0.17.5
[INFO] [stderr]    Compiling gif v0.11.4
[INFO] [stderr]    Compiling num-complex v0.4.2
[INFO] [stderr]    Compiling time v0.1.44
[INFO] [stderr]    Compiling linked-hash-map v0.5.6
[INFO] [stderr]    Compiling bytemuck v1.10.0
[INFO] [stderr]    Compiling hexf-parse v0.2.1
[INFO] [stderr]    Compiling scoped_threadpool v0.1.9
[INFO] [stderr]    Compiling heck v0.4.0
[INFO] [stderr]    Compiling pbr v1.0.4
[INFO] [stderr]    Compiling num v0.4.0
[INFO] [stderr]    Compiling crossbeam v0.8.2
[INFO] [stderr]    Compiling strum v0.24.1
[INFO] [stderr]    Compiling jpeg-decoder v0.2.6
[INFO] [stderr]    Compiling atom v0.4.0
[INFO] [stderr]    Compiling typed-arena v2.0.1
[INFO] [stderr]    Compiling impl_ops v0.1.1
[INFO] [stderr]    Compiling peg v0.6.3
[INFO] [stderr]    Compiling tiff v0.7.2
[INFO] [stderr]    Compiling thiserror-impl v1.0.32
[INFO] [stderr]    Compiling pin-project-internal v1.0.11
[INFO] [stderr]    Compiling structopt-derive v0.4.18
[INFO] [stderr]    Compiling strum_macros v0.24.3
[INFO] [stderr]    Compiling hexf v0.2.1
[INFO] [stderr]    Compiling pin-project v1.0.11
[INFO] [stderr]    Compiling flume v0.10.13
[INFO] [stderr]    Compiling thiserror v1.0.32
[INFO] [stderr]    Compiling pest v2.3.0
[INFO] [stderr]    Compiling structopt v0.3.26
[INFO] [stderr]    Compiling exr v1.4.2
[INFO] [stderr]    Compiling blend_info v0.2.9
[INFO] [stderr]    Compiling pest_meta v2.3.0
[INFO] [stderr]    Compiling pest_generator v2.3.0
[INFO] [stderr]    Compiling pest_derive v2.3.0
[INFO] [stderr]    Compiling image v0.24.3
[INFO] [stderr]    Compiling cargo-platform v0.1.2
[INFO] [stderr]    Compiling cargo_metadata v0.14.2
[INFO] [stderr]    Compiling skeptic v0.13.7
[INFO] [stderr]    Compiling ply-rs v0.1.3
[INFO] [stderr]    Compiling rs_pbrt v0.9.8 (/opt/rustwide/workdir)
[INFO] [stdout] warning: value assigned to `count` is never read
[INFO] [stdout]    --> src/core/reflection.rs:327:17
[INFO] [stdout]     |
[INFO] [stdout] 327 |                 count -= 1_i8;
[INFO] [stdout]     |                 ^^^^^
[INFO] [stdout]     |
[INFO] [stdout]     = help: maybe it is overwritten before being read?
[INFO] [stdout]     = note: `#[warn(unused_assignments)]` on by default
[INFO] [stdout] 
[INFO] [stdout] 
[INFO] [stdout] warning: 1 warning emitted
[INFO] [stdout] 
[INFO] [stdout] 
[INFO] [stderr]     Finished dev [unoptimized + debuginfo] target(s) in 49.18s
[INFO] running `Command { std: "docker" "inspect" "227c125fd7e6de9df43696a410c4d36ae5556d0af496dff281378e1d510c1df5", kill_on_drop: false }`
[INFO] running `Command { std: "docker" "rm" "-f" "227c125fd7e6de9df43696a410c4d36ae5556d0af496dff281378e1d510c1df5", kill_on_drop: false }`
[INFO] [stdout] 227c125fd7e6de9df43696a410c4d36ae5556d0af496dff281378e1d510c1df5
[INFO] running `Command { std: "docker" "create" "-v" "/var/lib/crater-agent-workspace/builds/worker-1-tc2/target:/opt/rustwide/target:rw,Z" "-v" "/var/lib/crater-agent-workspace/builds/worker-1-tc2/source:/opt/rustwide/workdir:ro,Z" "-v" "/var/lib/crater-agent-workspace/cargo-home:/opt/rustwide/cargo-home:ro,Z" "-v" "/var/lib/crater-agent-workspace/rustup-home:/opt/rustwide/rustup-home:ro,Z" "-e" "SOURCE_DIR=/opt/rustwide/workdir" "-e" "CARGO_TARGET_DIR=/opt/rustwide/target" "-e" "CARGO_INCREMENTAL=0" "-e" "RUST_BACKTRACE=full" "-e" "RUSTFLAGS=--cap-lints=warn" "-e" "RUSTDOCFLAGS=--cap-lints=warn" "-e" "CARGO_HOME=/opt/rustwide/cargo-home" "-e" "RUSTUP_HOME=/opt/rustwide/rustup-home" "-w" "/opt/rustwide/workdir" "-m" "1610612736" "--user" "0:0" "--network" "none" "ghcr.io/rust-lang/crates-build-env/linux@sha256:5ff2268d62e97bff2cde7d5815dd6ed5b47097566f13b8d0ca110b04b60e07ed" "/opt/rustwide/cargo-home/bin/cargo" "+beta-2023-04-20" "test" "--frozen" "--no-run" "--message-format=json", kill_on_drop: false }`
[INFO] [stdout] 226a8926792265a7cd9c982919b2ab6e0c70fc866b6881a671812a007c9d6b27
[INFO] running `Command { std: "docker" "start" "-a" "226a8926792265a7cd9c982919b2ab6e0c70fc866b6881a671812a007c9d6b27", kill_on_drop: false }`
[INFO] [stderr] warning: only one of `license` or `license-file` is necessary
[INFO] [stderr] `license` should be used if the package license can be expressed with a standard SPDX expression.
[INFO] [stderr] `license-file` should be used if the package uses a non-standard license.
[INFO] [stderr] See https://doc.rust-lang.org/cargo/reference/manifest.html#the-license-and-license-file-fields for more information.
[INFO] [stdout] warning: value assigned to `count` is never read
[INFO] [stdout]    --> src/core/reflection.rs:327:17
[INFO] [stdout]     |
[INFO] [stdout] 327 |                 count -= 1_i8;
[INFO] [stdout]     |                 ^^^^^
[INFO] [stdout]     |
[INFO] [stdout]     = help: maybe it is overwritten before being read?
[INFO] [stdout]     = note: `#[warn(unused_assignments)]` on by default
[INFO] [stdout] 
[INFO] [stdout] 
[INFO] [stdout] warning: 1 warning emitted
[INFO] [stdout] 
[INFO] [stdout] 
[INFO] [stderr]    Compiling rs_pbrt v0.9.8 (/opt/rustwide/workdir)
[INFO] [stdout] warning: value assigned to `count` is never read
[INFO] [stdout]    --> src/core/reflection.rs:327:17
[INFO] [stdout]     |
[INFO] [stdout] 327 |                 count -= 1_i8;
[INFO] [stdout]     |                 ^^^^^
[INFO] [stdout]     |
[INFO] [stdout]     = help: maybe it is overwritten before being read?
[INFO] [stdout]     = note: `#[warn(unused_assignments)]` on by default
[INFO] [stdout] 
[INFO] [stdout] 
[INFO] [stdout] warning: 1 warning emitted
[INFO] [stdout] 
[INFO] [stdout] 
[INFO] [stderr]     Finished test [unoptimized + debuginfo] target(s) in 7.54s
[INFO] running `Command { std: "docker" "inspect" "226a8926792265a7cd9c982919b2ab6e0c70fc866b6881a671812a007c9d6b27", kill_on_drop: false }`
[INFO] running `Command { std: "docker" "rm" "-f" "226a8926792265a7cd9c982919b2ab6e0c70fc866b6881a671812a007c9d6b27", kill_on_drop: false }`
[INFO] [stdout] 226a8926792265a7cd9c982919b2ab6e0c70fc866b6881a671812a007c9d6b27
[INFO] running `Command { std: "docker" "create" "-v" "/var/lib/crater-agent-workspace/builds/worker-1-tc2/target:/opt/rustwide/target:rw,Z" "-v" "/var/lib/crater-agent-workspace/builds/worker-1-tc2/source:/opt/rustwide/workdir:ro,Z" "-v" "/var/lib/crater-agent-workspace/cargo-home:/opt/rustwide/cargo-home:ro,Z" "-v" "/var/lib/crater-agent-workspace/rustup-home:/opt/rustwide/rustup-home:ro,Z" "-e" "SOURCE_DIR=/opt/rustwide/workdir" "-e" "CARGO_TARGET_DIR=/opt/rustwide/target" "-e" "CARGO_INCREMENTAL=0" "-e" "RUST_BACKTRACE=full" "-e" "RUSTFLAGS=--cap-lints=warn" "-e" "RUSTDOCFLAGS=--cap-lints=warn" "-e" "CARGO_HOME=/opt/rustwide/cargo-home" "-e" "RUSTUP_HOME=/opt/rustwide/rustup-home" "-w" "/opt/rustwide/workdir" "-m" "1610612736" "--user" "0:0" "--network" "none" "ghcr.io/rust-lang/crates-build-env/linux@sha256:5ff2268d62e97bff2cde7d5815dd6ed5b47097566f13b8d0ca110b04b60e07ed" "/opt/rustwide/cargo-home/bin/cargo" "+beta-2023-04-20" "test" "--frozen", kill_on_drop: false }`
[INFO] [stdout] e70a01932ea66d7fdbf577eba0b7c944a90d50ca473d0fc2e5afa851ed1ee429
[INFO] running `Command { std: "docker" "start" "-a" "e70a01932ea66d7fdbf577eba0b7c944a90d50ca473d0fc2e5afa851ed1ee429", kill_on_drop: false }`
[INFO] [stderr] warning: only one of `license` or `license-file` is necessary
[INFO] [stderr] `license` should be used if the package license can be expressed with a standard SPDX expression.
[INFO] [stderr] `license-file` should be used if the package uses a non-standard license.
[INFO] [stderr] See https://doc.rust-lang.org/cargo/reference/manifest.html#the-license-and-license-file-fields for more information.
[INFO] [stderr] warning: value assigned to `count` is never read
[INFO] [stdout] 
[INFO] [stderr]    --> src/core/reflection.rs:327:17
[INFO] [stdout] running 0 tests
[INFO] [stderr]     |
[INFO] [stdout] 
[INFO] [stderr] 327 |                 count -= 1_i8;
[INFO] [stdout] test result: ok. 0 passed; 0 failed; 0 ignored; 0 measured; 0 filtered out; finished in 0.00s
[INFO] [stderr]     |                 ^^^^^
[INFO] [stdout] 
[INFO] [stderr]     |
[INFO] [stderr]     = help: maybe it is overwritten before being read?
[INFO] [stderr]     = note: `#[warn(unused_assignments)]` on by default
[INFO] [stderr] 
[INFO] [stderr] warning: `rs_pbrt` (lib) generated 1 warning
[INFO] [stderr] warning: `rs_pbrt` (lib test) generated 1 warning (1 duplicate)
[INFO] [stderr]     Finished test [unoptimized + debuginfo] target(s) in 0.11s
[INFO] [stderr]      Running unittests src/lib.rs (/opt/rustwide/target/debug/deps/rs_pbrt-15d399f5e387448c)
[INFO] [stderr]      Running unittests src/bin/parse_blend_file.rs (/opt/rustwide/target/debug/deps/parse_blend_file-aaddba4c501bc7d0)
[INFO] [stdout] 
[INFO] [stdout] running 0 tests
[INFO] [stdout] 
[INFO] [stdout] test result: ok. 0 passed; 0 failed; 0 ignored; 0 measured; 0 filtered out; finished in 0.00s
[INFO] [stdout] 
[INFO] [stderr]      Running unittests src/bin/rs_pbrt.rs (/opt/rustwide/target/debug/deps/rs_pbrt-2a351674246a5900)
[INFO] [stdout] 
[INFO] [stdout] running 0 tests
[INFO] [stdout] 
[INFO] [stdout] test result: ok. 0 passed; 0 failed; 0 ignored; 0 measured; 0 filtered out; finished in 0.00s
[INFO] [stdout] 
[INFO] [stderr]    Doc-tests rs_pbrt
[INFO] [stdout] 
[INFO] [stdout] running 10 tests
[INFO] [stdout] test src/filters/mod.rs - filters (line 46) ... FAILED
[INFO] [stdout] test src/core/geometry.rs - core::geometry (line 66) ... FAILED
[INFO] [stdout] test src/filters/mod.rs - filters (line 18) ... FAILED
[INFO] [stdout] test src/filters/mod.rs - filters (line 74) ... FAILED
[INFO] [stdout] test src/filters/mod.rs - filters (line 92) ... ok
[INFO] [stdout] test src/core/geometry.rs - core::geometry (line 89) ... ok
[INFO] [stdout] test src/filters/mod.rs - filters (line 110) ... ok
[INFO] [stdout] test src/core/geometry.rs - core::geometry (line 141) ... ok
[INFO] [stdout] test src/core/geometry.rs - core::geometry (line 15) ... ok
[INFO] [stdout] test src/core/geometry.rs - core::geometry (line 38) ... ok
[INFO] [stdout] 
[INFO] [stdout] failures:
[INFO] [stdout] 
[INFO] [stdout] ---- src/filters/mod.rs - filters (line 46) stdout ----
[INFO] [stdout] error: linking with `cc` failed: exit status: 1
[INFO] [stdout]   |
[INFO] [stdout]   = note: LC_ALL="C" PATH="/opt/rustwide/rustup-home/toolchains/beta-2023-04-20-x86_64-unknown-linux-gnu/lib/rustlib/x86_64-unknown-linux-gnu/bin:/opt/rustwide/cargo-home/bin:/usr/local/sbin:/usr/local/bin:/usr/sbin:/usr/bin:/sbin:/bin" VSLANG="1033" "cc" "-m64" "/tmp/rustczwF34r/symbols.o" "/tmp/rustdoctest6aEsOT/rust_out.rust_out.c38b68ff-cgu.0.rcgu.o" "/tmp/rustdoctest6aEsOT/rust_out.38a7fyhsvjn6z0qy.rcgu.o" "-Wl,--as-needed" "-L" "/opt/rustwide/target/debug/deps" "-L" "/opt/rustwide/target/debug/deps" "-L" "/opt/rustwide/rustup-home/toolchains/beta-2023-04-20-x86_64-unknown-linux-gnu/lib/rustlib/x86_64-unknown-linux-gnu/lib" "-Wl,-Bstatic" "/opt/rustwide/target/debug/deps/librs_pbrt-478d1f85320f6ab2.rlib" "/opt/rustwide/target/debug/deps/libpbr-998818cff7f597e2.rlib" "/opt/rustwide/target/debug/deps/libtime-94f4dc97075ffc02.rlib" "/opt/rustwide/target/debug/deps/libcrossbeam-65e17662b62bf67f.rlib" "/opt/rustwide/target/debug/deps/libcrossbeam_queue-ec4a0f58532652d8.rlib" "/opt/rustwide/target/debug/deps/liblazy_static-86422d76b8bd90ed.rlib" "/opt/rustwide/target/debug/deps/libimage-88c690cffa9d2a2e.rlib" "/opt/rustwide/target/debug/deps/libbytemuck-ce5e6a7d89d6cb1f.rlib" "/opt/rustwide/target/debug/deps/libpng-f1ef63da4a576eff.rlib" "/opt/rustwide/target/debug/deps/libbitflags-610a73087f46ba3b.rlib" "/opt/rustwide/target/debug/deps/libexr-e400c4f044eb0497.rlib" "/opt/rustwide/target/debug/deps/libflume-3bb5645fe59837a2.rlib" "/opt/rustwide/target/debug/deps/libspin-8c722e9f687258d6.rlib" "/opt/rustwide/target/debug/deps/liblock_api-7b509a0395e80754.rlib" "/opt/rustwide/target/debug/deps/libpin_project-8815eabb767dfed9.rlib" "/opt/rustwide/target/debug/deps/libfutures_sink-72f7c496e8f19819.rlib" "/opt/rustwide/target/debug/deps/libfutures_core-f27c52b18b2b6322.rlib" "/opt/rustwide/target/debug/deps/libnanorand-88e7102b434b65ae.rlib" "/opt/rustwide/target/debug/deps/libgetrandom-ea5a4e9244a96321.rlib" "/opt/rustwide/target/debug/deps/libthreadpool-69404017c7232bf6.rlib" "/opt/rustwide/target/debug/deps/libbit_field-208a6f18d8e8b787.rlib" "/opt/rustwide/target/debug/deps/libinflate-87506c1834c4db17.rlib" "/opt/rustwide/target/debug/deps/libdeflate-2b278d7d36dbe927.rlib" "/opt/rustwide/target/debug/deps/libadler32-4ad3039ef892af0b.rlib" "/opt/rustwide/target/debug/deps/liblebe-dbbff7515518cd65.rlib" "/opt/rustwide/target/debug/deps/libhalf-02cac1b009e151a6.rlib" "/opt/rustwide/target/debug/deps/libscoped_threadpool-0a9edc57bfe4f517.rlib" "/opt/rustwide/target/debug/deps/libgif-483b44591c37d6c4.rlib" "/opt/rustwide/target/debug/deps/libcolor_quant-76ea6da9e2ca7302.rlib" "/opt/rustwide/target/debug/deps/libtiff-40d7f2a9f4f6de1c.rlib" "/opt/rustwide/target/debug/deps/libflate2-63123d186cda0029.rlib" "/opt/rustwide/target/debug/deps/libminiz_oxide-1c03bb26c81a18ad.rlib" "/opt/rustwide/target/debug/deps/libadler-92f8db84032ff960.rlib" "/opt/rustwide/target/debug/deps/libcrc32fast-fc15e7c737c5fb18.rlib" "/opt/rustwide/target/debug/deps/libweezl-6d214f873043ab2a.rlib" "/opt/rustwide/target/debug/deps/libjpeg_decoder-88537449550e69ef.rlib" "/opt/rustwide/target/debug/deps/libply_rs-5af46cacc31d25ef.rlib" "/opt/rustwide/target/debug/deps/libpeg-720fb95c96fea892.rlib" "/opt/rustwide/target/debug/deps/libpeg_runtime-bac54527d490f82f.rlib" "/opt/rustwide/target/debug/deps/liblinked_hash_map-7399290165bf36d1.rlib" "/opt/rustwide/target/debug/deps/librayon-8418cf82078f2707.rlib" "/opt/rustwide/target/debug/deps/librayon_core-ac41364a61f1c6d6.rlib" "/opt/rustwide/target/debug/deps/libnum_cpus-cb01e376d739746d.rlib" "/opt/rustwide/target/debug/deps/liblibc-633699dc5f0d7a64.rlib" "/opt/rustwide/target/debug/deps/libcrossbeam_deque-a37ec1e06ad8f795.rlib" "/opt/rustwide/target/debug/deps/libcrossbeam_epoch-7296233f4cd975db.rlib" "/opt/rustwide/target/debug/deps/libmemoffset-749f689bcd552c65.rlib" "/opt/rustwide/target/debug/deps/libscopeguard-54ff2283d814f48f.rlib" "/opt/rustwide/target/debug/deps/libcrossbeam_channel-0b38a5e3fe6b6bb2.rlib" "/opt/rustwide/target/debug/deps/libcrossbeam_utils-7d8cc3ecf922fa12.rlib" "/opt/rustwide/target/debug/deps/libonce_cell-8ced06a3f72c2ad9.rlib" "/opt/rustwide/target/debug/deps/libcfg_if-97437e183f3ae6e4.rlib" "/opt/rustwide/target/debug/deps/libeither-c382ca4a0e3fee96.rlib" "/opt/rustwide/target/debug/deps/libnum-3703ba8889841639.rlib" "/opt/rustwide/target/debug/deps/libnum_iter-b92eff41ca827546.rlib" "/opt/rustwide/target/debug/deps/libnum_rational-38adb2e42319ab68.rlib" "/opt/rustwide/target/debug/deps/libnum_complex-89de0885ba4c01af.rlib" "/opt/rustwide/target/debug/deps/libnum_bigint-1d1c302c9b41a6b8.rlib" "/opt/rustwide/target/debug/deps/libnum_integer-252bf10dfecf5a6a.rlib" "/opt/rustwide/target/debug/deps/libnum_traits-ab4e79417a15ff02.rlib" "/opt/rustwide/target/debug/deps/libbyteorder-614d7e4e7f7903e2.rlib" "/opt/rustwide/target/debug/deps/libatomic-55f46a6fd8785741.rlib" "/opt/rustwide/target/debug/deps/libatom-86955ceb845121b9.rlib" "/opt/rustwide/target/debug/deps/libsmallvec-d5a0dbf8bb966ecc.rlib" "/opt/rustwide/target/debug/deps/libstrum-d654d2fb7e2b0e1c.rlib" "/opt/rustwide/target/debug/deps/libtyped_arena-b4a2f5fe555ad1a2.rlib" "/opt/rustwide/target/debug/deps/libimpl_ops-4b2e55908f3cf547.rlib" "/opt/rustwide/rustup-home/toolchains/beta-2023-04-20-x86_64-unknown-linux-gnu/lib/rustlib/x86_64-unknown-linux-gnu/lib/libstd-0e29cc23c5e02021.rlib" "/opt/rustwide/rustup-home/toolchains/beta-2023-04-20-x86_64-unknown-linux-gnu/lib/rustlib/x86_64-unknown-linux-gnu/lib/libpanic_unwind-d903621768a861d9.rlib" "/opt/rustwide/rustup-home/toolchains/beta-2023-04-20-x86_64-unknown-linux-gnu/lib/rustlib/x86_64-unknown-linux-gnu/lib/libobject-6d0225e655f31c13.rlib" "/opt/rustwide/rustup-home/toolchains/beta-2023-04-20-x86_64-unknown-linux-gnu/lib/rustlib/x86_64-unknown-linux-gnu/lib/libmemchr-9dbaf4eac7eaa079.rlib" "/opt/rustwide/rustup-home/toolchains/beta-2023-04-20-x86_64-unknown-linux-gnu/lib/rustlib/x86_64-unknown-linux-gnu/lib/libaddr2line-27f05b3d42a66dd0.rlib" "/opt/rustwide/rustup-home/toolchains/beta-2023-04-20-x86_64-unknown-linux-gnu/lib/rustlib/x86_64-unknown-linux-gnu/lib/libgimli-4d73f1030321c9a2.rlib" "/opt/rustwide/rustup-home/toolchains/beta-2023-04-20-x86_64-unknown-linux-gnu/lib/rustlib/x86_64-unknown-linux-gnu/lib/librustc_demangle-2846c9e58abd0acb.rlib" "/opt/rustwide/rustup-home/toolchains/beta-2023-04-20-x86_64-unknown-linux-gnu/lib/rustlib/x86_64-unknown-linux-gnu/lib/libstd_detect-a53d0f50415947be.rlib" "/opt/rustwide/rustup-home/toolchains/beta-2023-04-20-x86_64-unknown-linux-gnu/lib/rustlib/x86_64-unknown-linux-gnu/lib/libhashbrown-d48e4b6abc25b9dc.rlib" "/opt/rustwide/rustup-home/toolchains/beta-2023-04-20-x86_64-unknown-linux-gnu/lib/rustlib/x86_64-unknown-linux-gnu/lib/libminiz_oxide-2991859439ef1207.rlib" "/opt/rustwide/rustup-home/toolchains/beta-2023-04-20-x86_64-unknown-linux-gnu/lib/rustlib/x86_64-unknown-linux-gnu/lib/libadler-8a687517e4221bae.rlib" "/opt/rustwide/rustup-home/toolchains/beta-2023-04-20-x86_64-unknown-linux-gnu/lib/rustlib/x86_64-unknown-linux-gnu/lib/librustc_std_workspace_alloc-e07b554f6a67f5b3.rlib" "/opt/rustwide/rustup-home/toolchains/beta-2023-04-20-x86_64-unknown-linux-gnu/lib/rustlib/x86_64-unknown-linux-gnu/lib/libunwind-b68238b7c3c619dd.rlib" "/opt/rustwide/rustup-home/toolchains/beta-2023-04-20-x86_64-unknown-linux-gnu/lib/rustlib/x86_64-unknown-linux-gnu/lib/libcfg_if-d5e213e896c017e4.rlib" "/opt/rustwide/rustup-home/toolchains/beta-2023-04-20-x86_64-unknown-linux-gnu/lib/rustlib/x86_64-unknown-linux-gnu/lib/liblibc-0211a3b2e61d8689.rlib" "/opt/rustwide/rustup-home/toolchains/beta-2023-04-20-x86_64-unknown-linux-gnu/lib/rustlib/x86_64-unknown-linux-gnu/lib/liballoc-b371f055239ba51f.rlib" "/opt/rustwide/rustup-home/toolchains/beta-2023-04-20-x86_64-unknown-linux-gnu/lib/rustlib/x86_64-unknown-linux-gnu/lib/librustc_std_workspace_core-e60518d2760eb01e.rlib" "/opt/rustwide/rustup-home/toolchains/beta-2023-04-20-x86_64-unknown-linux-gnu/lib/rustlib/x86_64-unknown-linux-gnu/lib/libcore-1ad943f92a4b1081.rlib" "/opt/rustwide/rustup-home/toolchains/beta-2023-04-20-x86_64-unknown-linux-gnu/lib/rustlib/x86_64-unknown-linux-gnu/lib/libcompiler_builtins-f0d6e4d0fc1e80b4.rlib" "-Wl,-Bdynamic" "-lgcc_s" "-lutil" "-lrt" "-lpthread" "-lm" "-ldl" "-lc" "-Wl,--eh-frame-hdr" "-Wl,-z,noexecstack" "-L" "/opt/rustwide/rustup-home/toolchains/beta-2023-04-20-x86_64-unknown-linux-gnu/lib/rustlib/x86_64-unknown-linux-gnu/lib" "-o" "/tmp/rustdoctest6aEsOT/rust_out" "-Wl,--gc-sections" "-pie" "-Wl,-z,relro,-z,now" "-nodefaultlibs"
[INFO] [stdout]   = note: collect2: fatal error: ld terminated with signal 9 [Killed]
[INFO] [stdout]           compilation terminated.
[INFO] [stdout]           
[INFO] [stdout] 
[INFO] [stdout] error: aborting due to previous error
[INFO] [stdout] 
[INFO] [stdout] Couldn't compile the test.
[INFO] [stdout] ---- src/core/geometry.rs - core::geometry (line 66) stdout ----
[INFO] [stdout] error: linking with `cc` failed: exit status: 1
[INFO] [stdout]   |
[INFO] [stdout]   = note: LC_ALL="C" PATH="/opt/rustwide/rustup-home/toolchains/beta-2023-04-20-x86_64-unknown-linux-gnu/lib/rustlib/x86_64-unknown-linux-gnu/bin:/opt/rustwide/cargo-home/bin:/usr/local/sbin:/usr/local/bin:/usr/sbin:/usr/bin:/sbin:/bin" VSLANG="1033" "cc" "-m64" "/tmp/rustcFfLmwV/symbols.o" "/tmp/rustdoctest0XyCSJ/rust_out.rust_out.c38b68ff-cgu.0.rcgu.o" "/tmp/rustdoctest0XyCSJ/rust_out.38a7fyhsvjn6z0qy.rcgu.o" "-Wl,--as-needed" "-L" "/opt/rustwide/target/debug/deps" "-L" "/opt/rustwide/target/debug/deps" "-L" "/opt/rustwide/rustup-home/toolchains/beta-2023-04-20-x86_64-unknown-linux-gnu/lib/rustlib/x86_64-unknown-linux-gnu/lib" "-Wl,-Bstatic" "/opt/rustwide/target/debug/deps/librs_pbrt-478d1f85320f6ab2.rlib" "/opt/rustwide/target/debug/deps/libpbr-998818cff7f597e2.rlib" "/opt/rustwide/target/debug/deps/libtime-94f4dc97075ffc02.rlib" "/opt/rustwide/target/debug/deps/libcrossbeam-65e17662b62bf67f.rlib" "/opt/rustwide/target/debug/deps/libcrossbeam_queue-ec4a0f58532652d8.rlib" "/opt/rustwide/target/debug/deps/liblazy_static-86422d76b8bd90ed.rlib" "/opt/rustwide/target/debug/deps/libimage-88c690cffa9d2a2e.rlib" "/opt/rustwide/target/debug/deps/libbytemuck-ce5e6a7d89d6cb1f.rlib" "/opt/rustwide/target/debug/deps/libpng-f1ef63da4a576eff.rlib" "/opt/rustwide/target/debug/deps/libbitflags-610a73087f46ba3b.rlib" "/opt/rustwide/target/debug/deps/libexr-e400c4f044eb0497.rlib" "/opt/rustwide/target/debug/deps/libflume-3bb5645fe59837a2.rlib" "/opt/rustwide/target/debug/deps/libspin-8c722e9f687258d6.rlib" "/opt/rustwide/target/debug/deps/liblock_api-7b509a0395e80754.rlib" "/opt/rustwide/target/debug/deps/libpin_project-8815eabb767dfed9.rlib" "/opt/rustwide/target/debug/deps/libfutures_sink-72f7c496e8f19819.rlib" "/opt/rustwide/target/debug/deps/libfutures_core-f27c52b18b2b6322.rlib" "/opt/rustwide/target/debug/deps/libnanorand-88e7102b434b65ae.rlib" "/opt/rustwide/target/debug/deps/libgetrandom-ea5a4e9244a96321.rlib" "/opt/rustwide/target/debug/deps/libthreadpool-69404017c7232bf6.rlib" "/opt/rustwide/target/debug/deps/libbit_field-208a6f18d8e8b787.rlib" "/opt/rustwide/target/debug/deps/libinflate-87506c1834c4db17.rlib" "/opt/rustwide/target/debug/deps/libdeflate-2b278d7d36dbe927.rlib" "/opt/rustwide/target/debug/deps/libadler32-4ad3039ef892af0b.rlib" "/opt/rustwide/target/debug/deps/liblebe-dbbff7515518cd65.rlib" "/opt/rustwide/target/debug/deps/libhalf-02cac1b009e151a6.rlib" "/opt/rustwide/target/debug/deps/libscoped_threadpool-0a9edc57bfe4f517.rlib" "/opt/rustwide/target/debug/deps/libgif-483b44591c37d6c4.rlib" "/opt/rustwide/target/debug/deps/libcolor_quant-76ea6da9e2ca7302.rlib" "/opt/rustwide/target/debug/deps/libtiff-40d7f2a9f4f6de1c.rlib" "/opt/rustwide/target/debug/deps/libflate2-63123d186cda0029.rlib" "/opt/rustwide/target/debug/deps/libminiz_oxide-1c03bb26c81a18ad.rlib" "/opt/rustwide/target/debug/deps/libadler-92f8db84032ff960.rlib" "/opt/rustwide/target/debug/deps/libcrc32fast-fc15e7c737c5fb18.rlib" "/opt/rustwide/target/debug/deps/libweezl-6d214f873043ab2a.rlib" "/opt/rustwide/target/debug/deps/libjpeg_decoder-88537449550e69ef.rlib" "/opt/rustwide/target/debug/deps/libply_rs-5af46cacc31d25ef.rlib" "/opt/rustwide/target/debug/deps/libpeg-720fb95c96fea892.rlib" "/opt/rustwide/target/debug/deps/libpeg_runtime-bac54527d490f82f.rlib" "/opt/rustwide/target/debug/deps/liblinked_hash_map-7399290165bf36d1.rlib" "/opt/rustwide/target/debug/deps/librayon-8418cf82078f2707.rlib" "/opt/rustwide/target/debug/deps/librayon_core-ac41364a61f1c6d6.rlib" "/opt/rustwide/target/debug/deps/libnum_cpus-cb01e376d739746d.rlib" "/opt/rustwide/target/debug/deps/liblibc-633699dc5f0d7a64.rlib" "/opt/rustwide/target/debug/deps/libcrossbeam_deque-a37ec1e06ad8f795.rlib" "/opt/rustwide/target/debug/deps/libcrossbeam_epoch-7296233f4cd975db.rlib" "/opt/rustwide/target/debug/deps/libmemoffset-749f689bcd552c65.rlib" "/opt/rustwide/target/debug/deps/libscopeguard-54ff2283d814f48f.rlib" "/opt/rustwide/target/debug/deps/libcrossbeam_channel-0b38a5e3fe6b6bb2.rlib" "/opt/rustwide/target/debug/deps/libcrossbeam_utils-7d8cc3ecf922fa12.rlib" "/opt/rustwide/target/debug/deps/libonce_cell-8ced06a3f72c2ad9.rlib" "/opt/rustwide/target/debug/deps/libcfg_if-97437e183f3ae6e4.rlib" "/opt/rustwide/target/debug/deps/libeither-c382ca4a0e3fee96.rlib" "/opt/rustwide/target/debug/deps/libnum-3703ba8889841639.rlib" "/opt/rustwide/target/debug/deps/libnum_iter-b92eff41ca827546.rlib" "/opt/rustwide/target/debug/deps/libnum_rational-38adb2e42319ab68.rlib" "/opt/rustwide/target/debug/deps/libnum_complex-89de0885ba4c01af.rlib" "/opt/rustwide/target/debug/deps/libnum_bigint-1d1c302c9b41a6b8.rlib" "/opt/rustwide/target/debug/deps/libnum_integer-252bf10dfecf5a6a.rlib" "/opt/rustwide/target/debug/deps/libnum_traits-ab4e79417a15ff02.rlib" "/opt/rustwide/target/debug/deps/libbyteorder-614d7e4e7f7903e2.rlib" "/opt/rustwide/target/debug/deps/libatomic-55f46a6fd8785741.rlib" "/opt/rustwide/target/debug/deps/libatom-86955ceb845121b9.rlib" "/opt/rustwide/target/debug/deps/libsmallvec-d5a0dbf8bb966ecc.rlib" "/opt/rustwide/target/debug/deps/libstrum-d654d2fb7e2b0e1c.rlib" "/opt/rustwide/target/debug/deps/libtyped_arena-b4a2f5fe555ad1a2.rlib" "/opt/rustwide/target/debug/deps/libimpl_ops-4b2e55908f3cf547.rlib" "/opt/rustwide/rustup-home/toolchains/beta-2023-04-20-x86_64-unknown-linux-gnu/lib/rustlib/x86_64-unknown-linux-gnu/lib/libstd-0e29cc23c5e02021.rlib" "/opt/rustwide/rustup-home/toolchains/beta-2023-04-20-x86_64-unknown-linux-gnu/lib/rustlib/x86_64-unknown-linux-gnu/lib/libpanic_unwind-d903621768a861d9.rlib" "/opt/rustwide/rustup-home/toolchains/beta-2023-04-20-x86_64-unknown-linux-gnu/lib/rustlib/x86_64-unknown-linux-gnu/lib/libobject-6d0225e655f31c13.rlib" "/opt/rustwide/rustup-home/toolchains/beta-2023-04-20-x86_64-unknown-linux-gnu/lib/rustlib/x86_64-unknown-linux-gnu/lib/libmemchr-9dbaf4eac7eaa079.rlib" "/opt/rustwide/rustup-home/toolchains/beta-2023-04-20-x86_64-unknown-linux-gnu/lib/rustlib/x86_64-unknown-linux-gnu/lib/libaddr2line-27f05b3d42a66dd0.rlib" "/opt/rustwide/rustup-home/toolchains/beta-2023-04-20-x86_64-unknown-linux-gnu/lib/rustlib/x86_64-unknown-linux-gnu/lib/libgimli-4d73f1030321c9a2.rlib" "/opt/rustwide/rustup-home/toolchains/beta-2023-04-20-x86_64-unknown-linux-gnu/lib/rustlib/x86_64-unknown-linux-gnu/lib/librustc_demangle-2846c9e58abd0acb.rlib" "/opt/rustwide/rustup-home/toolchains/beta-2023-04-20-x86_64-unknown-linux-gnu/lib/rustlib/x86_64-unknown-linux-gnu/lib/libstd_detect-a53d0f50415947be.rlib" "/opt/rustwide/rustup-home/toolchains/beta-2023-04-20-x86_64-unknown-linux-gnu/lib/rustlib/x86_64-unknown-linux-gnu/lib/libhashbrown-d48e4b6abc25b9dc.rlib" "/opt/rustwide/rustup-home/toolchains/beta-2023-04-20-x86_64-unknown-linux-gnu/lib/rustlib/x86_64-unknown-linux-gnu/lib/libminiz_oxide-2991859439ef1207.rlib" "/opt/rustwide/rustup-home/toolchains/beta-2023-04-20-x86_64-unknown-linux-gnu/lib/rustlib/x86_64-unknown-linux-gnu/lib/libadler-8a687517e4221bae.rlib" "/opt/rustwide/rustup-home/toolchains/beta-2023-04-20-x86_64-unknown-linux-gnu/lib/rustlib/x86_64-unknown-linux-gnu/lib/librustc_std_workspace_alloc-e07b554f6a67f5b3.rlib" "/opt/rustwide/rustup-home/toolchains/beta-2023-04-20-x86_64-unknown-linux-gnu/lib/rustlib/x86_64-unknown-linux-gnu/lib/libunwind-b68238b7c3c619dd.rlib" "/opt/rustwide/rustup-home/toolchains/beta-2023-04-20-x86_64-unknown-linux-gnu/lib/rustlib/x86_64-unknown-linux-gnu/lib/libcfg_if-d5e213e896c017e4.rlib" "/opt/rustwide/rustup-home/toolchains/beta-2023-04-20-x86_64-unknown-linux-gnu/lib/rustlib/x86_64-unknown-linux-gnu/lib/liblibc-0211a3b2e61d8689.rlib" "/opt/rustwide/rustup-home/toolchains/beta-2023-04-20-x86_64-unknown-linux-gnu/lib/rustlib/x86_64-unknown-linux-gnu/lib/liballoc-b371f055239ba51f.rlib" "/opt/rustwide/rustup-home/toolchains/beta-2023-04-20-x86_64-unknown-linux-gnu/lib/rustlib/x86_64-unknown-linux-gnu/lib/librustc_std_workspace_core-e60518d2760eb01e.rlib" "/opt/rustwide/rustup-home/toolchains/beta-2023-04-20-x86_64-unknown-linux-gnu/lib/rustlib/x86_64-unknown-linux-gnu/lib/libcore-1ad943f92a4b1081.rlib" "/opt/rustwide/rustup-home/toolchains/beta-2023-04-20-x86_64-unknown-linux-gnu/lib/rustlib/x86_64-unknown-linux-gnu/lib/libcompiler_builtins-f0d6e4d0fc1e80b4.rlib" "-Wl,-Bdynamic" "-lgcc_s" "-lutil" "-lrt" "-lpthread" "-lm" "-ldl" "-lc" "-Wl,--eh-frame-hdr" "-Wl,-z,noexecstack" "-L" "/opt/rustwide/rustup-home/toolchains/beta-2023-04-20-x86_64-unknown-linux-gnu/lib/rustlib/x86_64-unknown-linux-gnu/lib" "-o" "/tmp/rustdoctest0XyCSJ/rust_out" "-Wl,--gc-sections" "-pie" "-Wl,-z,relro,-z,now" "-nodefaultlibs"
[INFO] [stdout]   = note: collect2: fatal error: ld terminated with signal 9 [Killed]
[INFO] [stdout]           compilation terminated.
[INFO] [stdout]           
[INFO] [stdout] 
[INFO] [stdout] error: aborting due to previous error
[INFO] [stdout] 
[INFO] [stdout] Couldn't compile the test.
[INFO] [stdout] ---- src/filters/mod.rs - filters (line 18) stdout ----
[INFO] [stdout] error: linking with `cc` failed: exit status: 1
[INFO] [stdout]   |
[INFO] [stdout]   = note: LC_ALL="C" PATH="/opt/rustwide/rustup-home/toolchains/beta-2023-04-20-x86_64-unknown-linux-gnu/lib/rustlib/x86_64-unknown-linux-gnu/bin:/opt/rustwide/cargo-home/bin:/usr/local/sbin:/usr/local/bin:/usr/sbin:/usr/bin:/sbin:/bin" VSLANG="1033" "cc" "-m64" "/tmp/rustcmDIT1y/symbols.o" "/tmp/rustdoctestBsPKg4/rust_out.rust_out.c38b68ff-cgu.0.rcgu.o" "/tmp/rustdoctestBsPKg4/rust_out.38a7fyhsvjn6z0qy.rcgu.o" "-Wl,--as-needed" "-L" "/opt/rustwide/target/debug/deps" "-L" "/opt/rustwide/target/debug/deps" "-L" "/opt/rustwide/rustup-home/toolchains/beta-2023-04-20-x86_64-unknown-linux-gnu/lib/rustlib/x86_64-unknown-linux-gnu/lib" "-Wl,-Bstatic" "/opt/rustwide/target/debug/deps/librs_pbrt-478d1f85320f6ab2.rlib" "/opt/rustwide/target/debug/deps/libpbr-998818cff7f597e2.rlib" "/opt/rustwide/target/debug/deps/libtime-94f4dc97075ffc02.rlib" "/opt/rustwide/target/debug/deps/libcrossbeam-65e17662b62bf67f.rlib" "/opt/rustwide/target/debug/deps/libcrossbeam_queue-ec4a0f58532652d8.rlib" "/opt/rustwide/target/debug/deps/liblazy_static-86422d76b8bd90ed.rlib" "/opt/rustwide/target/debug/deps/libimage-88c690cffa9d2a2e.rlib" "/opt/rustwide/target/debug/deps/libbytemuck-ce5e6a7d89d6cb1f.rlib" "/opt/rustwide/target/debug/deps/libpng-f1ef63da4a576eff.rlib" "/opt/rustwide/target/debug/deps/libbitflags-610a73087f46ba3b.rlib" "/opt/rustwide/target/debug/deps/libexr-e400c4f044eb0497.rlib" "/opt/rustwide/target/debug/deps/libflume-3bb5645fe59837a2.rlib" "/opt/rustwide/target/debug/deps/libspin-8c722e9f687258d6.rlib" "/opt/rustwide/target/debug/deps/liblock_api-7b509a0395e80754.rlib" "/opt/rustwide/target/debug/deps/libpin_project-8815eabb767dfed9.rlib" "/opt/rustwide/target/debug/deps/libfutures_sink-72f7c496e8f19819.rlib" "/opt/rustwide/target/debug/deps/libfutures_core-f27c52b18b2b6322.rlib" "/opt/rustwide/target/debug/deps/libnanorand-88e7102b434b65ae.rlib" "/opt/rustwide/target/debug/deps/libgetrandom-ea5a4e9244a96321.rlib" "/opt/rustwide/target/debug/deps/libthreadpool-69404017c7232bf6.rlib" "/opt/rustwide/target/debug/deps/libbit_field-208a6f18d8e8b787.rlib" "/opt/rustwide/target/debug/deps/libinflate-87506c1834c4db17.rlib" "/opt/rustwide/target/debug/deps/libdeflate-2b278d7d36dbe927.rlib" "/opt/rustwide/target/debug/deps/libadler32-4ad3039ef892af0b.rlib" "/opt/rustwide/target/debug/deps/liblebe-dbbff7515518cd65.rlib" "/opt/rustwide/target/debug/deps/libhalf-02cac1b009e151a6.rlib" "/opt/rustwide/target/debug/deps/libscoped_threadpool-0a9edc57bfe4f517.rlib" "/opt/rustwide/target/debug/deps/libgif-483b44591c37d6c4.rlib" "/opt/rustwide/target/debug/deps/libcolor_quant-76ea6da9e2ca7302.rlib" "/opt/rustwide/target/debug/deps/libtiff-40d7f2a9f4f6de1c.rlib" "/opt/rustwide/target/debug/deps/libflate2-63123d186cda0029.rlib" "/opt/rustwide/target/debug/deps/libminiz_oxide-1c03bb26c81a18ad.rlib" "/opt/rustwide/target/debug/deps/libadler-92f8db84032ff960.rlib" "/opt/rustwide/target/debug/deps/libcrc32fast-fc15e7c737c5fb18.rlib" "/opt/rustwide/target/debug/deps/libweezl-6d214f873043ab2a.rlib" "/opt/rustwide/target/debug/deps/libjpeg_decoder-88537449550e69ef.rlib" "/opt/rustwide/target/debug/deps/libply_rs-5af46cacc31d25ef.rlib" "/opt/rustwide/target/debug/deps/libpeg-720fb95c96fea892.rlib" "/opt/rustwide/target/debug/deps/libpeg_runtime-bac54527d490f82f.rlib" "/opt/rustwide/target/debug/deps/liblinked_hash_map-7399290165bf36d1.rlib" "/opt/rustwide/target/debug/deps/librayon-8418cf82078f2707.rlib" "/opt/rustwide/target/debug/deps/librayon_core-ac41364a61f1c6d6.rlib" "/opt/rustwide/target/debug/deps/libnum_cpus-cb01e376d739746d.rlib" "/opt/rustwide/target/debug/deps/liblibc-633699dc5f0d7a64.rlib" "/opt/rustwide/target/debug/deps/libcrossbeam_deque-a37ec1e06ad8f795.rlib" "/opt/rustwide/target/debug/deps/libcrossbeam_epoch-7296233f4cd975db.rlib" "/opt/rustwide/target/debug/deps/libmemoffset-749f689bcd552c65.rlib" "/opt/rustwide/target/debug/deps/libscopeguard-54ff2283d814f48f.rlib" "/opt/rustwide/target/debug/deps/libcrossbeam_channel-0b38a5e3fe6b6bb2.rlib" "/opt/rustwide/target/debug/deps/libcrossbeam_utils-7d8cc3ecf922fa12.rlib" "/opt/rustwide/target/debug/deps/libonce_cell-8ced06a3f72c2ad9.rlib" "/opt/rustwide/target/debug/deps/libcfg_if-97437e183f3ae6e4.rlib" "/opt/rustwide/target/debug/deps/libeither-c382ca4a0e3fee96.rlib" "/opt/rustwide/target/debug/deps/libnum-3703ba8889841639.rlib" "/opt/rustwide/target/debug/deps/libnum_iter-b92eff41ca827546.rlib" "/opt/rustwide/target/debug/deps/libnum_rational-38adb2e42319ab68.rlib" "/opt/rustwide/target/debug/deps/libnum_complex-89de0885ba4c01af.rlib" "/opt/rustwide/target/debug/deps/libnum_bigint-1d1c302c9b41a6b8.rlib" "/opt/rustwide/target/debug/deps/libnum_integer-252bf10dfecf5a6a.rlib" "/opt/rustwide/target/debug/deps/libnum_traits-ab4e79417a15ff02.rlib" "/opt/rustwide/target/debug/deps/libbyteorder-614d7e4e7f7903e2.rlib" "/opt/rustwide/target/debug/deps/libatomic-55f46a6fd8785741.rlib" "/opt/rustwide/target/debug/deps/libatom-86955ceb845121b9.rlib" "/opt/rustwide/target/debug/deps/libsmallvec-d5a0dbf8bb966ecc.rlib" "/opt/rustwide/target/debug/deps/libstrum-d654d2fb7e2b0e1c.rlib" "/opt/rustwide/target/debug/deps/libtyped_arena-b4a2f5fe555ad1a2.rlib" "/opt/rustwide/target/debug/deps/libimpl_ops-4b2e55908f3cf547.rlib" "/opt/rustwide/rustup-home/toolchains/beta-2023-04-20-x86_64-unknown-linux-gnu/lib/rustlib/x86_64-unknown-linux-gnu/lib/libstd-0e29cc23c5e02021.rlib" "/opt/rustwide/rustup-home/toolchains/beta-2023-04-20-x86_64-unknown-linux-gnu/lib/rustlib/x86_64-unknown-linux-gnu/lib/libpanic_unwind-d903621768a861d9.rlib" "/opt/rustwide/rustup-home/toolchains/beta-2023-04-20-x86_64-unknown-linux-gnu/lib/rustlib/x86_64-unknown-linux-gnu/lib/libobject-6d0225e655f31c13.rlib" "/opt/rustwide/rustup-home/toolchains/beta-2023-04-20-x86_64-unknown-linux-gnu/lib/rustlib/x86_64-unknown-linux-gnu/lib/libmemchr-9dbaf4eac7eaa079.rlib" "/opt/rustwide/rustup-home/toolchains/beta-2023-04-20-x86_64-unknown-linux-gnu/lib/rustlib/x86_64-unknown-linux-gnu/lib/libaddr2line-27f05b3d42a66dd0.rlib" "/opt/rustwide/rustup-home/toolchains/beta-2023-04-20-x86_64-unknown-linux-gnu/lib/rustlib/x86_64-unknown-linux-gnu/lib/libgimli-4d73f1030321c9a2.rlib" "/opt/rustwide/rustup-home/toolchains/beta-2023-04-20-x86_64-unknown-linux-gnu/lib/rustlib/x86_64-unknown-linux-gnu/lib/librustc_demangle-2846c9e58abd0acb.rlib" "/opt/rustwide/rustup-home/toolchains/beta-2023-04-20-x86_64-unknown-linux-gnu/lib/rustlib/x86_64-unknown-linux-gnu/lib/libstd_detect-a53d0f50415947be.rlib" "/opt/rustwide/rustup-home/toolchains/beta-2023-04-20-x86_64-unknown-linux-gnu/lib/rustlib/x86_64-unknown-linux-gnu/lib/libhashbrown-d48e4b6abc25b9dc.rlib" "/opt/rustwide/rustup-home/toolchains/beta-2023-04-20-x86_64-unknown-linux-gnu/lib/rustlib/x86_64-unknown-linux-gnu/lib/libminiz_oxide-2991859439ef1207.rlib" "/opt/rustwide/rustup-home/toolchains/beta-2023-04-20-x86_64-unknown-linux-gnu/lib/rustlib/x86_64-unknown-linux-gnu/lib/libadler-8a687517e4221bae.rlib" "/opt/rustwide/rustup-home/toolchains/beta-2023-04-20-x86_64-unknown-linux-gnu/lib/rustlib/x86_64-unknown-linux-gnu/lib/librustc_std_workspace_alloc-e07b554f6a67f5b3.rlib" "/opt/rustwide/rustup-home/toolchains/beta-2023-04-20-x86_64-unknown-linux-gnu/lib/rustlib/x86_64-unknown-linux-gnu/lib/libunwind-b68238b7c3c619dd.rlib" "/opt/rustwide/rustup-home/toolchains/beta-2023-04-20-x86_64-unknown-linux-gnu/lib/rustlib/x86_64-unknown-linux-gnu/lib/libcfg_if-d5e213e896c017e4.rlib" "/opt/rustwide/rustup-home/toolchains/beta-2023-04-20-x86_64-unknown-linux-gnu/lib/rustlib/x86_64-unknown-linux-gnu/lib/liblibc-0211a3b2e61d8689.rlib" "/opt/rustwide/rustup-home/toolchains/beta-2023-04-20-x86_64-unknown-linux-gnu/lib/rustlib/x86_64-unknown-linux-gnu/lib/liballoc-b371f055239ba51f.rlib" "/opt/rustwide/rustup-home/toolchains/beta-2023-04-20-x86_64-unknown-linux-gnu/lib/rustlib/x86_64-unknown-linux-gnu/lib/librustc_std_workspace_core-e60518d2760eb01e.rlib" "/opt/rustwide/rustup-home/toolchains/beta-2023-04-20-x86_64-unknown-linux-gnu/lib/rustlib/x86_64-unknown-linux-gnu/lib/libcore-1ad943f92a4b1081.rlib" "/opt/rustwide/rustup-home/toolchains/beta-2023-04-20-x86_64-unknown-linux-gnu/lib/rustlib/x86_64-unknown-linux-gnu/lib/libcompiler_builtins-f0d6e4d0fc1e80b4.rlib" "-Wl,-Bdynamic" "-lgcc_s" "-lutil" "-lrt" "-lpthread" "-lm" "-ldl" "-lc" "-Wl,--eh-frame-hdr" "-Wl,-z,noexecstack" "-L" "/opt/rustwide/rustup-home/toolchains/beta-2023-04-20-x86_64-unknown-linux-gnu/lib/rustlib/x86_64-unknown-linux-gnu/lib" "-o" "/tmp/rustdoctestBsPKg4/rust_out" "-Wl,--gc-sections" "-pie" "-Wl,-z,relro,-z,now" "-nodefaultlibs"
[INFO] [stdout]   = note: collect2: fatal error: ld terminated with signal 9 [Killed]
[INFO] [stdout]           compilation terminated.
[INFO] [stdout]           
[INFO] [stdout] 
[INFO] [stdout] error: aborting due to previous error
[INFO] [stdout] 
[INFO] [stdout] Couldn't compile the test.
[INFO] [stdout] ---- src/filters/mod.rs - filters (line 74) stdout ----
[INFO] [stdout] error: linking with `cc` failed: exit status: 1
[INFO] [stdout]   |
[INFO] [stdout]   = note: LC_ALL="C" PATH="/opt/rustwide/rustup-home/toolchains/beta-2023-04-20-x86_64-unknown-linux-gnu/lib/rustlib/x86_64-unknown-linux-gnu/bin:/opt/rustwide/cargo-home/bin:/usr/local/sbin:/usr/local/bin:/usr/sbin:/usr/bin:/sbin:/bin" VSLANG="1033" "cc" "-m64" "/tmp/rustcA2Mqpj/symbols.o" "/tmp/rustdoctestgSGo7G/rust_out.rust_out.c38b68ff-cgu.0.rcgu.o" "/tmp/rustdoctestgSGo7G/rust_out.38a7fyhsvjn6z0qy.rcgu.o" "-Wl,--as-needed" "-L" "/opt/rustwide/target/debug/deps" "-L" "/opt/rustwide/target/debug/deps" "-L" "/opt/rustwide/rustup-home/toolchains/beta-2023-04-20-x86_64-unknown-linux-gnu/lib/rustlib/x86_64-unknown-linux-gnu/lib" "-Wl,-Bstatic" "/opt/rustwide/target/debug/deps/librs_pbrt-478d1f85320f6ab2.rlib" "/opt/rustwide/target/debug/deps/libpbr-998818cff7f597e2.rlib" "/opt/rustwide/target/debug/deps/libtime-94f4dc97075ffc02.rlib" "/opt/rustwide/target/debug/deps/libcrossbeam-65e17662b62bf67f.rlib" "/opt/rustwide/target/debug/deps/libcrossbeam_queue-ec4a0f58532652d8.rlib" "/opt/rustwide/target/debug/deps/liblazy_static-86422d76b8bd90ed.rlib" "/opt/rustwide/target/debug/deps/libimage-88c690cffa9d2a2e.rlib" "/opt/rustwide/target/debug/deps/libbytemuck-ce5e6a7d89d6cb1f.rlib" "/opt/rustwide/target/debug/deps/libpng-f1ef63da4a576eff.rlib" "/opt/rustwide/target/debug/deps/libbitflags-610a73087f46ba3b.rlib" "/opt/rustwide/target/debug/deps/libexr-e400c4f044eb0497.rlib" "/opt/rustwide/target/debug/deps/libflume-3bb5645fe59837a2.rlib" "/opt/rustwide/target/debug/deps/libspin-8c722e9f687258d6.rlib" "/opt/rustwide/target/debug/deps/liblock_api-7b509a0395e80754.rlib" "/opt/rustwide/target/debug/deps/libpin_project-8815eabb767dfed9.rlib" "/opt/rustwide/target/debug/deps/libfutures_sink-72f7c496e8f19819.rlib" "/opt/rustwide/target/debug/deps/libfutures_core-f27c52b18b2b6322.rlib" "/opt/rustwide/target/debug/deps/libnanorand-88e7102b434b65ae.rlib" "/opt/rustwide/target/debug/deps/libgetrandom-ea5a4e9244a96321.rlib" "/opt/rustwide/target/debug/deps/libthreadpool-69404017c7232bf6.rlib" "/opt/rustwide/target/debug/deps/libbit_field-208a6f18d8e8b787.rlib" "/opt/rustwide/target/debug/deps/libinflate-87506c1834c4db17.rlib" "/opt/rustwide/target/debug/deps/libdeflate-2b278d7d36dbe927.rlib" "/opt/rustwide/target/debug/deps/libadler32-4ad3039ef892af0b.rlib" "/opt/rustwide/target/debug/deps/liblebe-dbbff7515518cd65.rlib" "/opt/rustwide/target/debug/deps/libhalf-02cac1b009e151a6.rlib" "/opt/rustwide/target/debug/deps/libscoped_threadpool-0a9edc57bfe4f517.rlib" "/opt/rustwide/target/debug/deps/libgif-483b44591c37d6c4.rlib" "/opt/rustwide/target/debug/deps/libcolor_quant-76ea6da9e2ca7302.rlib" "/opt/rustwide/target/debug/deps/libtiff-40d7f2a9f4f6de1c.rlib" "/opt/rustwide/target/debug/deps/libflate2-63123d186cda0029.rlib" "/opt/rustwide/target/debug/deps/libminiz_oxide-1c03bb26c81a18ad.rlib" "/opt/rustwide/target/debug/deps/libadler-92f8db84032ff960.rlib" "/opt/rustwide/target/debug/deps/libcrc32fast-fc15e7c737c5fb18.rlib" "/opt/rustwide/target/debug/deps/libweezl-6d214f873043ab2a.rlib" "/opt/rustwide/target/debug/deps/libjpeg_decoder-88537449550e69ef.rlib" "/opt/rustwide/target/debug/deps/libply_rs-5af46cacc31d25ef.rlib" "/opt/rustwide/target/debug/deps/libpeg-720fb95c96fea892.rlib" "/opt/rustwide/target/debug/deps/libpeg_runtime-bac54527d490f82f.rlib" "/opt/rustwide/target/debug/deps/liblinked_hash_map-7399290165bf36d1.rlib" "/opt/rustwide/target/debug/deps/librayon-8418cf82078f2707.rlib" "/opt/rustwide/target/debug/deps/librayon_core-ac41364a61f1c6d6.rlib" "/opt/rustwide/target/debug/deps/libnum_cpus-cb01e376d739746d.rlib" "/opt/rustwide/target/debug/deps/liblibc-633699dc5f0d7a64.rlib" "/opt/rustwide/target/debug/deps/libcrossbeam_deque-a37ec1e06ad8f795.rlib" "/opt/rustwide/target/debug/deps/libcrossbeam_epoch-7296233f4cd975db.rlib" "/opt/rustwide/target/debug/deps/libmemoffset-749f689bcd552c65.rlib" "/opt/rustwide/target/debug/deps/libscopeguard-54ff2283d814f48f.rlib" "/opt/rustwide/target/debug/deps/libcrossbeam_channel-0b38a5e3fe6b6bb2.rlib" "/opt/rustwide/target/debug/deps/libcrossbeam_utils-7d8cc3ecf922fa12.rlib" "/opt/rustwide/target/debug/deps/libonce_cell-8ced06a3f72c2ad9.rlib" "/opt/rustwide/target/debug/deps/libcfg_if-97437e183f3ae6e4.rlib" "/opt/rustwide/target/debug/deps/libeither-c382ca4a0e3fee96.rlib" "/opt/rustwide/target/debug/deps/libnum-3703ba8889841639.rlib" "/opt/rustwide/target/debug/deps/libnum_iter-b92eff41ca827546.rlib" "/opt/rustwide/target/debug/deps/libnum_rational-38adb2e42319ab68.rlib" "/opt/rustwide/target/debug/deps/libnum_complex-89de0885ba4c01af.rlib" "/opt/rustwide/target/debug/deps/libnum_bigint-1d1c302c9b41a6b8.rlib" "/opt/rustwide/target/debug/deps/libnum_integer-252bf10dfecf5a6a.rlib" "/opt/rustwide/target/debug/deps/libnum_traits-ab4e79417a15ff02.rlib" "/opt/rustwide/target/debug/deps/libbyteorder-614d7e4e7f7903e2.rlib" "/opt/rustwide/target/debug/deps/libatomic-55f46a6fd8785741.rlib" "/opt/rustwide/target/debug/deps/libatom-86955ceb845121b9.rlib" "/opt/rustwide/target/debug/deps/libsmallvec-d5a0dbf8bb966ecc.rlib" "/opt/rustwide/target/debug/deps/libstrum-d654d2fb7e2b0e1c.rlib" "/opt/rustwide/target/debug/deps/libtyped_arena-b4a2f5fe555ad1a2.rlib" "/opt/rustwide/target/debug/deps/libimpl_ops-4b2e55908f3cf547.rlib" "/opt/rustwide/rustup-home/toolchains/beta-2023-04-20-x86_64-unknown-linux-gnu/lib/rustlib/x86_64-unknown-linux-gnu/lib/libstd-0e29cc23c5e02021.rlib" "/opt/rustwide/rustup-home/toolchains/beta-2023-04-20-x86_64-unknown-linux-gnu/lib/rustlib/x86_64-unknown-linux-gnu/lib/libpanic_unwind-d903621768a861d9.rlib" "/opt/rustwide/rustup-home/toolchains/beta-2023-04-20-x86_64-unknown-linux-gnu/lib/rustlib/x86_64-unknown-linux-gnu/lib/libobject-6d0225e655f31c13.rlib" "/opt/rustwide/rustup-home/toolchains/beta-2023-04-20-x86_64-unknown-linux-gnu/lib/rustlib/x86_64-unknown-linux-gnu/lib/libmemchr-9dbaf4eac7eaa079.rlib" "/opt/rustwide/rustup-home/toolchains/beta-2023-04-20-x86_64-unknown-linux-gnu/lib/rustlib/x86_64-unknown-linux-gnu/lib/libaddr2line-27f05b3d42a66dd0.rlib" "/opt/rustwide/rustup-home/toolchains/beta-2023-04-20-x86_64-unknown-linux-gnu/lib/rustlib/x86_64-unknown-linux-gnu/lib/libgimli-4d73f1030321c9a2.rlib" "/opt/rustwide/rustup-home/toolchains/beta-2023-04-20-x86_64-unknown-linux-gnu/lib/rustlib/x86_64-unknown-linux-gnu/lib/librustc_demangle-2846c9e58abd0acb.rlib" "/opt/rustwide/rustup-home/toolchains/beta-2023-04-20-x86_64-unknown-linux-gnu/lib/rustlib/x86_64-unknown-linux-gnu/lib/libstd_detect-a53d0f50415947be.rlib" "/opt/rustwide/rustup-home/toolchains/beta-2023-04-20-x86_64-unknown-linux-gnu/lib/rustlib/x86_64-unknown-linux-gnu/lib/libhashbrown-d48e4b6abc25b9dc.rlib" "/opt/rustwide/rustup-home/toolchains/beta-2023-04-20-x86_64-unknown-linux-gnu/lib/rustlib/x86_64-unknown-linux-gnu/lib/libminiz_oxide-2991859439ef1207.rlib" "/opt/rustwide/rustup-home/toolchains/beta-2023-04-20-x86_64-unknown-linux-gnu/lib/rustlib/x86_64-unknown-linux-gnu/lib/libadler-8a687517e4221bae.rlib" "/opt/rustwide/rustup-home/toolchains/beta-2023-04-20-x86_64-unknown-linux-gnu/lib/rustlib/x86_64-unknown-linux-gnu/lib/librustc_std_workspace_alloc-e07b554f6a67f5b3.rlib" "/opt/rustwide/rustup-home/toolchains/beta-2023-04-20-x86_64-unknown-linux-gnu/lib/rustlib/x86_64-unknown-linux-gnu/lib/libunwind-b68238b7c3c619dd.rlib" "/opt/rustwide/rustup-home/toolchains/beta-2023-04-20-x86_64-unknown-linux-gnu/lib/rustlib/x86_64-unknown-linux-gnu/lib/libcfg_if-d5e213e896c017e4.rlib" "/opt/rustwide/rustup-home/toolchains/beta-2023-04-20-x86_64-unknown-linux-gnu/lib/rustlib/x86_64-unknown-linux-gnu/lib/liblibc-0211a3b2e61d8689.rlib" "/opt/rustwide/rustup-home/toolchains/beta-2023-04-20-x86_64-unknown-linux-gnu/lib/rustlib/x86_64-unknown-linux-gnu/lib/liballoc-b371f055239ba51f.rlib" "/opt/rustwide/rustup-home/toolchains/beta-2023-04-20-x86_64-unknown-linux-gnu/lib/rustlib/x86_64-unknown-linux-gnu/lib/librustc_std_workspace_core-e60518d2760eb01e.rlib" "/opt/rustwide/rustup-home/toolchains/beta-2023-04-20-x86_64-unknown-linux-gnu/lib/rustlib/x86_64-unknown-linux-gnu/lib/libcore-1ad943f92a4b1081.rlib" "/opt/rustwide/rustup-home/toolchains/beta-2023-04-20-x86_64-unknown-linux-gnu/lib/rustlib/x86_64-unknown-linux-gnu/lib/libcompiler_builtins-f0d6e4d0fc1e80b4.rlib" "-Wl,-Bdynamic" "-lgcc_s" "-lutil" "-lrt" "-lpthread" "-lm" "-ldl" "-lc" "-Wl,--eh-frame-hdr" "-Wl,-z,noexecstack" "-L" "/opt/rustwide/rustup-home/toolchains/beta-2023-04-20-x86_64-unknown-linux-gnu/lib/rustlib/x86_64-unknown-linux-gnu/lib" "-o" "/tmp/rustdoctestgSGo7G/rust_out" "-Wl,--gc-sections" "-pie" "-Wl,-z,relro,-z,now" "-nodefaultlibs"
[INFO] [stdout]   = note: collect2: fatal error: ld terminated with signal 9 [Killed]
[INFO] [stdout]           compilation terminated.
[INFO] [stdout]           
[INFO] [stdout] 
[INFO] [stdout] error: aborting due to previous error
[INFO] [stdout] 
[INFO] [stdout] Couldn't compile the test.
[INFO] [stdout] 
[INFO] [stdout] failures:
[INFO] [stdout]     src/core/geometry.rs - core::geometry (line 66)
[INFO] [stdout]     src/filters/mod.rs - filters (line 18)
[INFO] [stdout]     src/filters/mod.rs - filters (line 46)
[INFO] [stdout]     src/filters/mod.rs - filters (line 74)
[INFO] [stdout] 
[INFO] [stdout] test result: FAILED. 6 passed; 4 failed; 0 ignored; 0 measured; 0 filtered out; finished in 6.17s
[INFO] [stdout] 
[INFO] [stderr] error: doctest failed, to rerun pass `--doc`
[INFO] running `Command { std: "docker" "inspect" "e70a01932ea66d7fdbf577eba0b7c944a90d50ca473d0fc2e5afa851ed1ee429", kill_on_drop: false }`
[INFO] running `Command { std: "docker" "rm" "-f" "e70a01932ea66d7fdbf577eba0b7c944a90d50ca473d0fc2e5afa851ed1ee429", kill_on_drop: false }`
[INFO] [stdout] e70a01932ea66d7fdbf577eba0b7c944a90d50ca473d0fc2e5afa851ed1ee429
