[INFO] fetching crate rs-kdbush 0.2.0...
[INFO] testing rs-kdbush-0.2.0 against beta-2023-04-20 for beta-1.70-1
[INFO] extracting crate rs-kdbush 0.2.0 into /workspace/builds/worker-4-tc2/source
[INFO] validating manifest of crates.io crate rs-kdbush 0.2.0 on toolchain beta-2023-04-20
[INFO] running `Command { std: CARGO_HOME="/workspace/cargo-home" RUSTUP_HOME="/workspace/rustup-home" "/workspace/cargo-home/bin/cargo" "+beta-2023-04-20" "metadata" "--manifest-path" "Cargo.toml" "--no-deps", kill_on_drop: false }`
[INFO] started tweaking crates.io crate rs-kdbush 0.2.0
[INFO] finished tweaking crates.io crate rs-kdbush 0.2.0
[INFO] tweaked toml for crates.io crate rs-kdbush 0.2.0 written to /workspace/builds/worker-4-tc2/source/Cargo.toml
[INFO] running `Command { std: CARGO_HOME="/workspace/cargo-home" RUSTUP_HOME="/workspace/rustup-home" __CARGO_TEST_CHANNEL_OVERRIDE_DO_NOT_USE_THIS="nightly" "/workspace/cargo-home/bin/cargo" "+beta-2023-04-20" "generate-lockfile" "--manifest-path" "Cargo.toml" "-Zno-index-update", kill_on_drop: false }`
[INFO] running `Command { std: CARGO_HOME="/workspace/cargo-home" RUSTUP_HOME="/workspace/rustup-home" "/workspace/cargo-home/bin/cargo" "+beta-2023-04-20" "fetch" "--manifest-path" "Cargo.toml", kill_on_drop: false }`
[INFO] [stderr]     Blocking waiting for file lock on package cache
[INFO] [stderr]     Blocking waiting for file lock on package cache
[INFO] running `Command { std: "docker" "create" "-v" "/var/lib/crater-agent-workspace/builds/worker-4-tc2/target:/opt/rustwide/target:rw,Z" "-v" "/var/lib/crater-agent-workspace/builds/worker-4-tc2/source:/opt/rustwide/workdir:ro,Z" "-v" "/var/lib/crater-agent-workspace/cargo-home:/opt/rustwide/cargo-home:ro,Z" "-v" "/var/lib/crater-agent-workspace/rustup-home:/opt/rustwide/rustup-home:ro,Z" "-e" "SOURCE_DIR=/opt/rustwide/workdir" "-e" "CARGO_TARGET_DIR=/opt/rustwide/target" "-e" "CARGO_HOME=/opt/rustwide/cargo-home" "-e" "RUSTUP_HOME=/opt/rustwide/rustup-home" "-w" "/opt/rustwide/workdir" "-m" "1610612736" "--user" "0:0" "--network" "none" "ghcr.io/rust-lang/crates-build-env/linux@sha256:5ff2268d62e97bff2cde7d5815dd6ed5b47097566f13b8d0ca110b04b60e07ed" "/opt/rustwide/cargo-home/bin/cargo" "+beta-2023-04-20" "metadata" "--no-deps" "--format-version=1", kill_on_drop: false }`
[INFO] [stdout] 01d218b944d31c9249a4d7e851c939bc0097d92f6e42103b503f541cf143b3b7
[INFO] running `Command { std: "docker" "start" "-a" "01d218b944d31c9249a4d7e851c939bc0097d92f6e42103b503f541cf143b3b7", kill_on_drop: false }`
[INFO] running `Command { std: "docker" "inspect" "01d218b944d31c9249a4d7e851c939bc0097d92f6e42103b503f541cf143b3b7", kill_on_drop: false }`
[INFO] running `Command { std: "docker" "rm" "-f" "01d218b944d31c9249a4d7e851c939bc0097d92f6e42103b503f541cf143b3b7", kill_on_drop: false }`
[INFO] [stdout] 01d218b944d31c9249a4d7e851c939bc0097d92f6e42103b503f541cf143b3b7
[INFO] running `Command { std: "docker" "create" "-v" "/var/lib/crater-agent-workspace/builds/worker-4-tc2/target:/opt/rustwide/target:rw,Z" "-v" "/var/lib/crater-agent-workspace/builds/worker-4-tc2/source:/opt/rustwide/workdir:ro,Z" "-v" "/var/lib/crater-agent-workspace/cargo-home:/opt/rustwide/cargo-home:ro,Z" "-v" "/var/lib/crater-agent-workspace/rustup-home:/opt/rustwide/rustup-home:ro,Z" "-e" "SOURCE_DIR=/opt/rustwide/workdir" "-e" "CARGO_TARGET_DIR=/opt/rustwide/target" "-e" "CARGO_INCREMENTAL=0" "-e" "RUST_BACKTRACE=full" "-e" "RUSTFLAGS=--cap-lints=warn" "-e" "RUSTDOCFLAGS=--cap-lints=warn" "-e" "CARGO_HOME=/opt/rustwide/cargo-home" "-e" "RUSTUP_HOME=/opt/rustwide/rustup-home" "-w" "/opt/rustwide/workdir" "-m" "1610612736" "--user" "0:0" "--network" "none" "ghcr.io/rust-lang/crates-build-env/linux@sha256:5ff2268d62e97bff2cde7d5815dd6ed5b47097566f13b8d0ca110b04b60e07ed" "/opt/rustwide/cargo-home/bin/cargo" "+beta-2023-04-20" "build" "--frozen" "--message-format=json", kill_on_drop: false }`
[INFO] [stdout] d625af1cc5dd10be55c97f25b8bbad53d4ca1f891e96a19eafe8242e4bc5fbe5
[INFO] running `Command { std: "docker" "start" "-a" "d625af1cc5dd10be55c97f25b8bbad53d4ca1f891e96a19eafe8242e4bc5fbe5", kill_on_drop: false }`
[INFO] [stderr]    Compiling rs-kdbush v0.2.0 (/opt/rustwide/workdir)
[INFO] [stderr]     Finished dev [unoptimized + debuginfo] target(s) in 0.14s
[INFO] running `Command { std: "docker" "inspect" "d625af1cc5dd10be55c97f25b8bbad53d4ca1f891e96a19eafe8242e4bc5fbe5", kill_on_drop: false }`
[INFO] running `Command { std: "docker" "rm" "-f" "d625af1cc5dd10be55c97f25b8bbad53d4ca1f891e96a19eafe8242e4bc5fbe5", kill_on_drop: false }`
[INFO] [stdout] d625af1cc5dd10be55c97f25b8bbad53d4ca1f891e96a19eafe8242e4bc5fbe5
[INFO] running `Command { std: "docker" "create" "-v" "/var/lib/crater-agent-workspace/builds/worker-4-tc2/target:/opt/rustwide/target:rw,Z" "-v" "/var/lib/crater-agent-workspace/builds/worker-4-tc2/source:/opt/rustwide/workdir:ro,Z" "-v" "/var/lib/crater-agent-workspace/cargo-home:/opt/rustwide/cargo-home:ro,Z" "-v" "/var/lib/crater-agent-workspace/rustup-home:/opt/rustwide/rustup-home:ro,Z" "-e" "SOURCE_DIR=/opt/rustwide/workdir" "-e" "CARGO_TARGET_DIR=/opt/rustwide/target" "-e" "CARGO_INCREMENTAL=0" "-e" "RUST_BACKTRACE=full" "-e" "RUSTFLAGS=--cap-lints=warn" "-e" "RUSTDOCFLAGS=--cap-lints=warn" "-e" "CARGO_HOME=/opt/rustwide/cargo-home" "-e" "RUSTUP_HOME=/opt/rustwide/rustup-home" "-w" "/opt/rustwide/workdir" "-m" "1610612736" "--user" "0:0" "--network" "none" "ghcr.io/rust-lang/crates-build-env/linux@sha256:5ff2268d62e97bff2cde7d5815dd6ed5b47097566f13b8d0ca110b04b60e07ed" "/opt/rustwide/cargo-home/bin/cargo" "+beta-2023-04-20" "test" "--frozen" "--no-run" "--message-format=json", kill_on_drop: false }`
[INFO] [stdout] 2e61bd8b36c965ebfc4f49f0a9d155d9755f8c654b20a27eda38d6caf21f047e
[INFO] running `Command { std: "docker" "start" "-a" "2e61bd8b36c965ebfc4f49f0a9d155d9755f8c654b20a27eda38d6caf21f047e", kill_on_drop: false }`
[INFO] [stderr]    Compiling rs-kdbush v0.2.0 (/opt/rustwide/workdir)
[INFO] [stderr]     Finished test [unoptimized + debuginfo] target(s) in 0.39s
[INFO] running `Command { std: "docker" "inspect" "2e61bd8b36c965ebfc4f49f0a9d155d9755f8c654b20a27eda38d6caf21f047e", kill_on_drop: false }`
[INFO] running `Command { std: "docker" "rm" "-f" "2e61bd8b36c965ebfc4f49f0a9d155d9755f8c654b20a27eda38d6caf21f047e", kill_on_drop: false }`
[INFO] [stdout] 2e61bd8b36c965ebfc4f49f0a9d155d9755f8c654b20a27eda38d6caf21f047e
[INFO] running `Command { std: "docker" "create" "-v" "/var/lib/crater-agent-workspace/builds/worker-4-tc2/target:/opt/rustwide/target:rw,Z" "-v" "/var/lib/crater-agent-workspace/builds/worker-4-tc2/source:/opt/rustwide/workdir:ro,Z" "-v" "/var/lib/crater-agent-workspace/cargo-home:/opt/rustwide/cargo-home:ro,Z" "-v" "/var/lib/crater-agent-workspace/rustup-home:/opt/rustwide/rustup-home:ro,Z" "-e" "SOURCE_DIR=/opt/rustwide/workdir" "-e" "CARGO_TARGET_DIR=/opt/rustwide/target" "-e" "CARGO_INCREMENTAL=0" "-e" "RUST_BACKTRACE=full" "-e" "RUSTFLAGS=--cap-lints=warn" "-e" "RUSTDOCFLAGS=--cap-lints=warn" "-e" "CARGO_HOME=/opt/rustwide/cargo-home" "-e" "RUSTUP_HOME=/opt/rustwide/rustup-home" "-w" "/opt/rustwide/workdir" "-m" "1610612736" "--user" "0:0" "--network" "none" "ghcr.io/rust-lang/crates-build-env/linux@sha256:5ff2268d62e97bff2cde7d5815dd6ed5b47097566f13b8d0ca110b04b60e07ed" "/opt/rustwide/cargo-home/bin/cargo" "+beta-2023-04-20" "test" "--frozen", kill_on_drop: false }`
[INFO] [stdout] 198bb476ca0a719b481616769cd9ae921c2e07bcbe78acb36aadc14de1d699cb
[INFO] running `Command { std: "docker" "start" "-a" "198bb476ca0a719b481616769cd9ae921c2e07bcbe78acb36aadc14de1d699cb", kill_on_drop: false }`
[INFO] [stderr]     Finished test [unoptimized + debuginfo] target(s) in 0.00s
[INFO] [stderr]      Running unittests src/lib.rs (/opt/rustwide/target/debug/deps/rs_kdbush-c6e3dc432e4ed4d9)
[INFO] [stdout] 
[INFO] [stdout] running 5 tests
[INFO] [stdout] test kdbush::tests::test_create_empty ... ok
[INFO] [stdout] test kdbush::tests::test_radius ... ok
[INFO] [stdout] test kdbush::tests::test_readme ... ok
[INFO] [stdout] test kdbush::tests::test_push_api ... ok
[INFO] [stdout] test kdbush::tests::test_range ... ok
[INFO] [stdout] 
[INFO] [stdout] test result: ok. 5 passed; 0 failed; 0 ignored; 0 measured; 0 filtered out; finished in 0.00s
[INFO] [stdout] 
[INFO] [stderr]    Doc-tests rs-kdbush
[INFO] [stdout] 
[INFO] [stdout] running 1 test
[INFO] [stdout] test src/kdbush.rs - kdbush::PointReader (line 14) ... FAILED
[INFO] [stdout] 
[INFO] [stdout] failures:
[INFO] [stdout] 
[INFO] [stdout] ---- src/kdbush.rs - kdbush::PointReader (line 14) stdout ----
[INFO] [stdout] error[E0433]: failed to resolve: use of undeclared crate or module `kdbush`
[INFO] [stdout]  --> src/kdbush.rs:16:6
[INFO] [stdout]   |
[INFO] [stdout] 4 | impl kdbush::PointReader for Points {
[INFO] [stdout]   |      ^^^^^^ use of undeclared crate or module `kdbush`
[INFO] [stdout] 
[INFO] [stdout] error: aborting due to previous error
[INFO] [stdout] 
[INFO] [stdout] For more information about this error, try `rustc --explain E0433`.
[INFO] [stdout] Couldn't compile the test.
[INFO] [stdout] 
[INFO] [stdout] failures:
[INFO] [stdout]     src/kdbush.rs - kdbush::PointReader (line 14)
[INFO] [stdout] 
[INFO] [stdout] test result: FAILED. 0 passed; 1 failed; 0 ignored; 0 measured; 0 filtered out; finished in 0.05s
[INFO] [stdout] 
[INFO] [stderr] error: doctest failed, to rerun pass `--doc`
[INFO] running `Command { std: "docker" "inspect" "198bb476ca0a719b481616769cd9ae921c2e07bcbe78acb36aadc14de1d699cb", kill_on_drop: false }`
[INFO] running `Command { std: "docker" "rm" "-f" "198bb476ca0a719b481616769cd9ae921c2e07bcbe78acb36aadc14de1d699cb", kill_on_drop: false }`
[INFO] [stdout] 198bb476ca0a719b481616769cd9ae921c2e07bcbe78acb36aadc14de1d699cb
