[INFO] fetching crate rs-git-lib 0.2.1...
[INFO] testing rs-git-lib-0.2.1 against beta-2023-04-20 for beta-1.70-1
[INFO] extracting crate rs-git-lib 0.2.1 into /workspace/builds/worker-3-tc2/source
[INFO] validating manifest of crates.io crate rs-git-lib 0.2.1 on toolchain beta-2023-04-20
[INFO] running `Command { std: CARGO_HOME="/workspace/cargo-home" RUSTUP_HOME="/workspace/rustup-home" "/workspace/cargo-home/bin/cargo" "+beta-2023-04-20" "metadata" "--manifest-path" "Cargo.toml" "--no-deps", kill_on_drop: false }`
[INFO] started tweaking crates.io crate rs-git-lib 0.2.1
[INFO] finished tweaking crates.io crate rs-git-lib 0.2.1
[INFO] tweaked toml for crates.io crate rs-git-lib 0.2.1 written to /workspace/builds/worker-3-tc2/source/Cargo.toml
[INFO] running `Command { std: CARGO_HOME="/workspace/cargo-home" RUSTUP_HOME="/workspace/rustup-home" __CARGO_TEST_CHANNEL_OVERRIDE_DO_NOT_USE_THIS="nightly" "/workspace/cargo-home/bin/cargo" "+beta-2023-04-20" "generate-lockfile" "--manifest-path" "Cargo.toml" "-Zno-index-update", kill_on_drop: false }`
[INFO] running `Command { std: CARGO_HOME="/workspace/cargo-home" RUSTUP_HOME="/workspace/rustup-home" "/workspace/cargo-home/bin/cargo" "+beta-2023-04-20" "fetch" "--manifest-path" "Cargo.toml", kill_on_drop: false }`
[INFO] running `Command { std: "docker" "create" "-v" "/var/lib/crater-agent-workspace/builds/worker-3-tc2/target:/opt/rustwide/target:rw,Z" "-v" "/var/lib/crater-agent-workspace/builds/worker-3-tc2/source:/opt/rustwide/workdir:ro,Z" "-v" "/var/lib/crater-agent-workspace/cargo-home:/opt/rustwide/cargo-home:ro,Z" "-v" "/var/lib/crater-agent-workspace/rustup-home:/opt/rustwide/rustup-home:ro,Z" "-e" "SOURCE_DIR=/opt/rustwide/workdir" "-e" "CARGO_TARGET_DIR=/opt/rustwide/target" "-e" "CARGO_HOME=/opt/rustwide/cargo-home" "-e" "RUSTUP_HOME=/opt/rustwide/rustup-home" "-w" "/opt/rustwide/workdir" "-m" "1610612736" "--user" "0:0" "--network" "none" "ghcr.io/rust-lang/crates-build-env/linux@sha256:5ff2268d62e97bff2cde7d5815dd6ed5b47097566f13b8d0ca110b04b60e07ed" "/opt/rustwide/cargo-home/bin/cargo" "+beta-2023-04-20" "metadata" "--no-deps" "--format-version=1", kill_on_drop: false }`
[INFO] [stdout] c7d7a14403434261d936cb72bf036ee0b1fd380cada885130eb19557ce3abb51
[INFO] running `Command { std: "docker" "start" "-a" "c7d7a14403434261d936cb72bf036ee0b1fd380cada885130eb19557ce3abb51", kill_on_drop: false }`
[INFO] running `Command { std: "docker" "inspect" "c7d7a14403434261d936cb72bf036ee0b1fd380cada885130eb19557ce3abb51", kill_on_drop: false }`
[INFO] running `Command { std: "docker" "rm" "-f" "c7d7a14403434261d936cb72bf036ee0b1fd380cada885130eb19557ce3abb51", kill_on_drop: false }`
[INFO] [stdout] c7d7a14403434261d936cb72bf036ee0b1fd380cada885130eb19557ce3abb51
[INFO] running `Command { std: "docker" "create" "-v" "/var/lib/crater-agent-workspace/builds/worker-3-tc2/target:/opt/rustwide/target:rw,Z" "-v" "/var/lib/crater-agent-workspace/builds/worker-3-tc2/source:/opt/rustwide/workdir:ro,Z" "-v" "/var/lib/crater-agent-workspace/cargo-home:/opt/rustwide/cargo-home:ro,Z" "-v" "/var/lib/crater-agent-workspace/rustup-home:/opt/rustwide/rustup-home:ro,Z" "-e" "SOURCE_DIR=/opt/rustwide/workdir" "-e" "CARGO_TARGET_DIR=/opt/rustwide/target" "-e" "CARGO_INCREMENTAL=0" "-e" "RUST_BACKTRACE=full" "-e" "RUSTFLAGS=--cap-lints=warn" "-e" "RUSTDOCFLAGS=--cap-lints=warn" "-e" "CARGO_HOME=/opt/rustwide/cargo-home" "-e" "RUSTUP_HOME=/opt/rustwide/rustup-home" "-w" "/opt/rustwide/workdir" "-m" "1610612736" "--user" "0:0" "--network" "none" "ghcr.io/rust-lang/crates-build-env/linux@sha256:5ff2268d62e97bff2cde7d5815dd6ed5b47097566f13b8d0ca110b04b60e07ed" "/opt/rustwide/cargo-home/bin/cargo" "+beta-2023-04-20" "build" "--frozen" "--message-format=json", kill_on_drop: false }`
[INFO] [stdout] afaba846d3f6b2955f86dfd9c8b5195a49e239ac69dd92d6feb4427a58f4f4a9
[INFO] running `Command { std: "docker" "start" "-a" "afaba846d3f6b2955f86dfd9c8b5195a49e239ac69dd92d6feb4427a58f4f4a9", kill_on_drop: false }`
[INFO] [stderr]    Compiling libc v0.2.142
[INFO] [stderr]    Compiling proc-macro2 v1.0.56
[INFO] [stderr]    Compiling futures-core v0.3.28
[INFO] [stderr]    Compiling memchr v2.5.0
[INFO] [stderr]    Compiling pkg-config v0.3.26
[INFO] [stderr]    Compiling syn v1.0.109
[INFO] [stderr]    Compiling once_cell v1.17.1
[INFO] [stderr]    Compiling cc v1.0.79
[INFO] [stderr]    Compiling cfg-if v0.1.10
[INFO] [stderr]    Compiling slab v0.4.8
[INFO] [stderr]    Compiling bytes v0.5.6
[INFO] [stderr]    Compiling itoa v1.0.6
[INFO] [stderr]    Compiling futures-task v0.3.28
[INFO] [stderr]    Compiling lazy_static v1.4.0
[INFO] [stderr]    Compiling pin-project-lite v0.1.12
[INFO] [stderr]    Compiling indexmap v1.9.3
[INFO] [stderr]    Compiling openssl v0.10.52
[INFO] [stderr]    Compiling bytes v1.4.0
[INFO] [stderr]    Compiling futures-util v0.3.28
[INFO] [stderr]    Compiling foreign-types-shared v0.1.1
[INFO] [stderr]    Compiling tracing-core v0.1.30
[INFO] [stderr]    Compiling foreign-types v0.3.2
[INFO] [stderr]    Compiling native-tls v0.2.11
[INFO] [stderr]    Compiling tinyvec_macros v0.1.1
[INFO] [stderr]    Compiling ryu v1.0.13
[INFO] [stderr]    Compiling serde v1.0.160
[INFO] [stderr]    Compiling futures-channel v0.3.28
[INFO] [stderr]    Compiling futures-sink v0.3.28
[INFO] [stderr]    Compiling futures-io v0.3.28
[INFO] [stderr]    Compiling http v0.2.9
[INFO] [stderr]    Compiling tinyvec v1.6.0
[INFO] [stderr]    Compiling num-traits v0.2.15
[INFO] [stderr]    Compiling try-lock v0.2.4
[INFO] [stderr]    Compiling form_urlencoded v1.1.0
[INFO] [stderr]    Compiling num-integer v0.1.45
[INFO] [stderr]    Compiling tracing v0.1.37
[INFO] [stderr]    Compiling want v0.3.0
[INFO] [stderr]    Compiling quote v1.0.26
[INFO] [stderr]    Compiling itoa v0.4.8
[INFO] [stderr]    Compiling build_const v0.2.2
[INFO] [stderr]    Compiling gcc v0.3.55
[INFO] [stderr]    Compiling syn v2.0.15
[INFO] [stderr]    Compiling serde_json v1.0.96
[INFO] [stderr]    Compiling lexical-core v0.7.6
[INFO] [stderr]    Compiling openssl-sys v0.9.87
[INFO] [stderr]    Compiling http-body v0.3.1
[INFO] [stderr]    Compiling unicode-normalization v0.1.22
[INFO] [stderr]    Compiling unicode-bidi v0.3.13
[INFO] [stderr]    Compiling httpdate v0.3.2
[INFO] [stderr]    Compiling crc32fast v1.3.2
[INFO] [stderr]    Compiling crc v1.8.1
[INFO] [stderr]    Compiling iovec v0.1.4
[INFO] [stderr]    Compiling net2 v0.2.38
[INFO] [stderr]    Compiling num_cpus v1.15.0
[INFO] [stderr]    Compiling socket2 v0.3.19
[INFO] [stderr]    Compiling rust-crypto v0.2.36
[INFO] [stderr]    Compiling idna v0.3.0
[INFO] [stderr]    Compiling mio v0.6.23
[INFO] [stderr]    Compiling rand v0.4.6
[INFO] [stderr]    Compiling time v0.1.45
[INFO] [stderr]    Compiling nom v5.1.3
[INFO] [stderr]    Compiling adler v1.0.2
[INFO] [stderr]    Compiling static_assertions v1.1.0
[INFO] [stderr]    Compiling arrayvec v0.5.2
[INFO] [stderr]    Compiling mime v0.3.17
[INFO] [stderr]    Compiling miniz_oxide v0.7.1
[INFO] [stderr]    Compiling url v2.3.1
[INFO] [stderr]    Compiling tokio v0.2.25
[INFO] [stderr]    Compiling rand v0.3.23
[INFO] [stderr]    Compiling mime_guess v2.0.4
[INFO] [stderr]    Compiling encoding_rs v0.8.32
[INFO] [stderr]    Compiling ipnet v2.7.2
[INFO] [stderr]    Compiling rustc-serialize v0.3.24
[INFO] [stderr]    Compiling iana-time-zone v0.1.56
[INFO] [stderr]    Compiling chrono v0.4.24
[INFO] [stderr]    Compiling flate2 v1.0.26
[INFO] [stderr]    Compiling serde_urlencoded v0.7.1
[INFO] [stderr]    Compiling openssl-macros v0.1.1
[INFO] [stderr]    Compiling pin-project-internal v1.0.12
[INFO] [stderr]    Compiling num-derive v0.3.3
[INFO] [stderr]    Compiling tokio-util v0.3.1
[INFO] [stderr]    Compiling pin-project v1.0.12
[INFO] [stderr]    Compiling tracing-futures v0.2.5
[INFO] [stderr]    Compiling h2 v0.2.7
[INFO] [stderr]    Compiling tokio-tls v0.3.1
[INFO] [stderr]    Compiling hyper v0.13.10
[INFO] [stderr]    Compiling hyper-tls v0.4.3
[INFO] [stderr]    Compiling reqwest v0.10.10
[INFO] [stderr]    Compiling rs-git-lib v0.2.1 (/opt/rustwide/workdir)
[INFO] [stdout] warning: use of deprecated associated function `chrono::NaiveDateTime::from_timestamp`: use `from_timestamp_opt()` instead
[INFO] [stdout]   --> src/store/commit.rs:98:40
[INFO] [stdout]    |
[INFO] [stdout] 98 |             let naive = NaiveDateTime::from_timestamp(ts as i64, 0);
[INFO] [stdout]    |                                        ^^^^^^^^^^^^^^
[INFO] [stdout]    |
[INFO] [stdout]    = note: `#[warn(deprecated)]` on by default
[INFO] [stdout] 
[INFO] [stdout] 
[INFO] [stdout] warning: use of deprecated associated function `chrono::FixedOffset::east`: use `east_opt()` instead
[INFO] [stdout]   --> src/store/commit.rs:99:39
[INFO] [stdout]    |
[INFO] [stdout] 99 |             let offset = FixedOffset::east(sgn * tz/100 * 3600);
[INFO] [stdout]    |                                       ^^^^
[INFO] [stdout] 
[INFO] [stdout] 
[INFO] [stdout] warning: field `get_offset` is never read
[INFO] [stdout]   --> src/delta/mod.rs:13:5
[INFO] [stdout]    |
[INFO] [stdout] 10 | struct DeltaHeader {
[INFO] [stdout]    |        ----------- field in this struct
[INFO] [stdout] ...
[INFO] [stdout] 13 |     get_offset: usize,
[INFO] [stdout]    |     ^^^^^^^^^^
[INFO] [stdout]    |
[INFO] [stdout]    = note: `DeltaHeader` has a derived impl for the trait `Debug`, but this is intentionally ignored during dead code analysis
[INFO] [stdout]    = note: `#[warn(dead_code)]` on by default
[INFO] [stdout] 
[INFO] [stdout] 
[INFO] [stdout] warning: fields `name`, `email`, and `timestamp` are never read
[INFO] [stdout]   --> src/store/commit.rs:11:5
[INFO] [stdout]    |
[INFO] [stdout] 10 | pub struct Person<'a> {
[INFO] [stdout]    |            ------ fields in this struct
[INFO] [stdout] 11 |     name: &'a str,
[INFO] [stdout]    |     ^^^^
[INFO] [stdout] 12 |     email: &'a str,
[INFO] [stdout]    |     ^^^^^
[INFO] [stdout] 13 |     timestamp: DateTime<FixedOffset>,
[INFO] [stdout]    |     ^^^^^^^^^
[INFO] [stdout]    |
[INFO] [stdout]    = note: `Person` has derived impls for the traits `Clone` and `Debug`, but these are intentionally ignored during dead code analysis
[INFO] [stdout] 
[INFO] [stdout] 
[INFO] [stdout] warning: field `raw` is never read
[INFO] [stdout]   --> src/store/commit.rs:23:5
[INFO] [stdout]    |
[INFO] [stdout] 17 | pub struct Commit<'a> {
[INFO] [stdout]    |            ------ field in this struct
[INFO] [stdout] ...
[INFO] [stdout] 23 |     raw: &'a GitObject,
[INFO] [stdout]    |     ^^^
[INFO] [stdout]    |
[INFO] [stdout]    = note: `Commit` has derived impls for the traits `Clone` and `Debug`, but these are intentionally ignored during dead code analysis
[INFO] [stdout] 
[INFO] [stdout] 
[INFO] [stdout] warning: field `path` is never read
[INFO] [stdout]  --> src/transport/client/file_client.rs:9:5
[INFO] [stdout]   |
[INFO] [stdout] 8 | pub struct FileProtocol {
[INFO] [stdout]   |            ------------ field in this struct
[INFO] [stdout] 9 |     path: String,
[INFO] [stdout]   |     ^^^^
[INFO] [stdout]   |
[INFO] [stdout]   = note: `FileProtocol` has a derived impl for the trait `Debug`, but this is intentionally ignored during dead code analysis
[INFO] [stdout] 
[INFO] [stdout] 
[INFO] [stdout] warning: field `url` is never read
[INFO] [stdout]   --> src/transport/client/git_client.rs:10:5
[INFO] [stdout]    |
[INFO] [stdout] 9  | pub struct GitProtocol {
[INFO] [stdout]    |            ----------- field in this struct
[INFO] [stdout] 10 |     url: Url,
[INFO] [stdout]    |     ^^^
[INFO] [stdout]    |
[INFO] [stdout]    = note: `GitProtocol` has a derived impl for the trait `Debug`, but this is intentionally ignored during dead code analysis
[INFO] [stdout] 
[INFO] [stdout] 
[INFO] [stdout] warning: field `path` is never read
[INFO] [stdout]  --> src/transport/client/local_client.rs:9:5
[INFO] [stdout]   |
[INFO] [stdout] 8 | pub struct LocalProtocol {
[INFO] [stdout]   |            ------------- field in this struct
[INFO] [stdout] 9 |     path: String,
[INFO] [stdout]   |     ^^^^
[INFO] [stdout]   |
[INFO] [stdout]   = note: `LocalProtocol` has a derived impl for the trait `Debug`, but this is intentionally ignored during dead code analysis
[INFO] [stdout] 
[INFO] [stdout] 
[INFO] [stdout] warning: field `url` is never read
[INFO] [stdout]   --> src/transport/client/ssh_client.rs:10:5
[INFO] [stdout]    |
[INFO] [stdout] 9  | pub struct SshProtocol {
[INFO] [stdout]    |            ----------- field in this struct
[INFO] [stdout] 10 |     url: Url,
[INFO] [stdout]    |     ^^^
[INFO] [stdout]    |
[INFO] [stdout]    = note: `SshProtocol` has a derived impl for the trait `Debug`, but this is intentionally ignored during dead code analysis
[INFO] [stdout] 
[INFO] [stdout] 
[INFO] [stdout] warning: 9 warnings emitted
[INFO] [stdout] 
[INFO] [stdout] 
[INFO] [stderr]     Finished dev [unoptimized + debuginfo] target(s) in 21.94s
[INFO] [stderr] warning: the following packages contain code that will be rejected by a future version of Rust: rustc-serialize v0.3.24
[INFO] [stderr] note: to see what the problems were, use the option `--future-incompat-report`, or run `cargo report future-incompatibilities --id 1`
[INFO] running `Command { std: "docker" "inspect" "afaba846d3f6b2955f86dfd9c8b5195a49e239ac69dd92d6feb4427a58f4f4a9", kill_on_drop: false }`
[INFO] running `Command { std: "docker" "rm" "-f" "afaba846d3f6b2955f86dfd9c8b5195a49e239ac69dd92d6feb4427a58f4f4a9", kill_on_drop: false }`
[INFO] [stdout] afaba846d3f6b2955f86dfd9c8b5195a49e239ac69dd92d6feb4427a58f4f4a9
[INFO] running `Command { std: "docker" "create" "-v" "/var/lib/crater-agent-workspace/builds/worker-3-tc2/target:/opt/rustwide/target:rw,Z" "-v" "/var/lib/crater-agent-workspace/builds/worker-3-tc2/source:/opt/rustwide/workdir:ro,Z" "-v" "/var/lib/crater-agent-workspace/cargo-home:/opt/rustwide/cargo-home:ro,Z" "-v" "/var/lib/crater-agent-workspace/rustup-home:/opt/rustwide/rustup-home:ro,Z" "-e" "SOURCE_DIR=/opt/rustwide/workdir" "-e" "CARGO_TARGET_DIR=/opt/rustwide/target" "-e" "CARGO_INCREMENTAL=0" "-e" "RUST_BACKTRACE=full" "-e" "RUSTFLAGS=--cap-lints=warn" "-e" "RUSTDOCFLAGS=--cap-lints=warn" "-e" "CARGO_HOME=/opt/rustwide/cargo-home" "-e" "RUSTUP_HOME=/opt/rustwide/rustup-home" "-w" "/opt/rustwide/workdir" "-m" "1610612736" "--user" "0:0" "--network" "none" "ghcr.io/rust-lang/crates-build-env/linux@sha256:5ff2268d62e97bff2cde7d5815dd6ed5b47097566f13b8d0ca110b04b60e07ed" "/opt/rustwide/cargo-home/bin/cargo" "+beta-2023-04-20" "test" "--frozen" "--no-run" "--message-format=json", kill_on_drop: false }`
[INFO] [stdout] 2498b979fa33d68dbc1d62541ec27aeefb6f088bdf8ef4aace5a3859d5ec6bc7
[INFO] running `Command { std: "docker" "start" "-a" "2498b979fa33d68dbc1d62541ec27aeefb6f088bdf8ef4aace5a3859d5ec6bc7", kill_on_drop: false }`
[INFO] [stdout] warning: use of deprecated associated function `chrono::NaiveDateTime::from_timestamp`: use `from_timestamp_opt()` instead
[INFO] [stdout]   --> src/store/commit.rs:98:40
[INFO] [stdout]    |
[INFO] [stdout] 98 |             let naive = NaiveDateTime::from_timestamp(ts as i64, 0);
[INFO] [stdout]    |                                        ^^^^^^^^^^^^^^
[INFO] [stdout]    |
[INFO] [stdout]    = note: `#[warn(deprecated)]` on by default
[INFO] [stdout] 
[INFO] [stdout] 
[INFO] [stdout] warning: use of deprecated associated function `chrono::FixedOffset::east`: use `east_opt()` instead
[INFO] [stdout]   --> src/store/commit.rs:99:39
[INFO] [stdout]    |
[INFO] [stdout] 99 |             let offset = FixedOffset::east(sgn * tz/100 * 3600);
[INFO] [stdout]    |                                       ^^^^
[INFO] [stdout] 
[INFO] [stdout] 
[INFO] [stdout] warning: field `get_offset` is never read
[INFO] [stdout]   --> src/delta/mod.rs:13:5
[INFO] [stdout]    |
[INFO] [stdout] 10 | struct DeltaHeader {
[INFO] [stdout]    |        ----------- field in this struct
[INFO] [stdout] ...
[INFO] [stdout] 13 |     get_offset: usize,
[INFO] [stdout]    |     ^^^^^^^^^^
[INFO] [stdout]    |
[INFO] [stdout]    = note: `DeltaHeader` has a derived impl for the trait `Debug`, but this is intentionally ignored during dead code analysis
[INFO] [stdout]    = note: `#[warn(dead_code)]` on by default
[INFO] [stdout] 
[INFO] [stdout] 
[INFO] [stdout] warning: fields `name`, `email`, and `timestamp` are never read
[INFO] [stdout]   --> src/store/commit.rs:11:5
[INFO] [stdout]    |
[INFO] [stdout] 10 | pub struct Person<'a> {
[INFO] [stdout]    |            ------ fields in this struct
[INFO] [stdout] 11 |     name: &'a str,
[INFO] [stdout]    |     ^^^^
[INFO] [stdout] 12 |     email: &'a str,
[INFO] [stdout]    |     ^^^^^
[INFO] [stdout] 13 |     timestamp: DateTime<FixedOffset>,
[INFO] [stdout]    |     ^^^^^^^^^
[INFO] [stdout]    |
[INFO] [stdout]    = note: `Person` has derived impls for the traits `Clone` and `Debug`, but these are intentionally ignored during dead code analysis
[INFO] [stdout] 
[INFO] [stdout] 
[INFO] [stdout] warning: field `raw` is never read
[INFO] [stdout]   --> src/store/commit.rs:23:5
[INFO] [stdout]    |
[INFO] [stdout] 17 | pub struct Commit<'a> {
[INFO] [stdout]    |            ------ field in this struct
[INFO] [stdout] ...
[INFO] [stdout] 23 |     raw: &'a GitObject,
[INFO] [stdout]    |     ^^^
[INFO] [stdout]    |
[INFO] [stdout]    = note: `Commit` has derived impls for the traits `Clone` and `Debug`, but these are intentionally ignored during dead code analysis
[INFO] [stdout] 
[INFO] [stdout] 
[INFO] [stdout] warning: field `path` is never read
[INFO] [stdout]  --> src/transport/client/file_client.rs:9:5
[INFO] [stdout]   |
[INFO] [stdout] 8 | pub struct FileProtocol {
[INFO] [stdout]   |            ------------ field in this struct
[INFO] [stdout] 9 |     path: String,
[INFO] [stdout]   |     ^^^^
[INFO] [stdout]   |
[INFO] [stdout]   = note: `FileProtocol` has a derived impl for the trait `Debug`, but this is intentionally ignored during dead code analysis
[INFO] [stdout] 
[INFO] [stdout] 
[INFO] [stdout] warning: field `url` is never read
[INFO] [stdout]   --> src/transport/client/git_client.rs:10:5
[INFO] [stdout]    |
[INFO] [stdout] 9  | pub struct GitProtocol {
[INFO] [stdout]    |            ----------- field in this struct
[INFO] [stdout] 10 |     url: Url,
[INFO] [stdout]    |     ^^^
[INFO] [stdout]    |
[INFO] [stdout]    = note: `GitProtocol` has a derived impl for the trait `Debug`, but this is intentionally ignored during dead code analysis
[INFO] [stdout] 
[INFO] [stdout] 
[INFO] [stderr]    Compiling rs-git-lib v0.2.1 (/opt/rustwide/workdir)
[INFO] [stdout] warning: field `path` is never read
[INFO] [stdout]  --> src/transport/client/local_client.rs:9:5
[INFO] [stdout]   |
[INFO] [stdout] 8 | pub struct LocalProtocol {
[INFO] [stdout]   |            ------------- field in this struct
[INFO] [stdout] 9 |     path: String,
[INFO] [stdout]   |     ^^^^
[INFO] [stdout]   |
[INFO] [stdout]   = note: `LocalProtocol` has a derived impl for the trait `Debug`, but this is intentionally ignored during dead code analysis
[INFO] [stdout] 
[INFO] [stdout] 
[INFO] [stdout] warning: field `url` is never read
[INFO] [stdout]   --> src/transport/client/ssh_client.rs:10:5
[INFO] [stdout]    |
[INFO] [stdout] 9  | pub struct SshProtocol {
[INFO] [stdout]    |            ----------- field in this struct
[INFO] [stdout] 10 |     url: Url,
[INFO] [stdout]    |     ^^^
[INFO] [stdout]    |
[INFO] [stdout]    = note: `SshProtocol` has a derived impl for the trait `Debug`, but this is intentionally ignored during dead code analysis
[INFO] [stdout] 
[INFO] [stdout] 
[INFO] [stdout] warning: 9 warnings emitted
[INFO] [stdout] 
[INFO] [stdout] 
[INFO] [stdout] warning: use of deprecated associated function `chrono::NaiveDateTime::from_timestamp`: use `from_timestamp_opt()` instead
[INFO] [stdout]   --> src/store/commit.rs:98:40
[INFO] [stdout]    |
[INFO] [stdout] 98 |             let naive = NaiveDateTime::from_timestamp(ts as i64, 0);
[INFO] [stdout]    |                                        ^^^^^^^^^^^^^^
[INFO] [stdout]    |
[INFO] [stdout]    = note: `#[warn(deprecated)]` on by default
[INFO] [stdout] 
[INFO] [stdout] 
[INFO] [stdout] warning: use of deprecated associated function `chrono::FixedOffset::east`: use `east_opt()` instead
[INFO] [stdout]   --> src/store/commit.rs:99:39
[INFO] [stdout]    |
[INFO] [stdout] 99 |             let offset = FixedOffset::east(sgn * tz/100 * 3600);
[INFO] [stdout]    |                                       ^^^^
[INFO] [stdout] 
[INFO] [stdout] 
[INFO] [stdout] warning: field `get_offset` is never read
[INFO] [stdout]   --> src/delta/mod.rs:13:5
[INFO] [stdout]    |
[INFO] [stdout] 10 | struct DeltaHeader {
[INFO] [stdout]    |        ----------- field in this struct
[INFO] [stdout] ...
[INFO] [stdout] 13 |     get_offset: usize,
[INFO] [stdout]    |     ^^^^^^^^^^
[INFO] [stdout]    |
[INFO] [stdout]    = note: `DeltaHeader` has a derived impl for the trait `Debug`, but this is intentionally ignored during dead code analysis
[INFO] [stdout]    = note: `#[warn(dead_code)]` on by default
[INFO] [stdout] 
[INFO] [stdout] 
[INFO] [stdout] warning: field `timestamp` is never read
[INFO] [stdout]   --> src/store/commit.rs:13:5
[INFO] [stdout]    |
[INFO] [stdout] 10 | pub struct Person<'a> {
[INFO] [stdout]    |            ------ field in this struct
[INFO] [stdout] ...
[INFO] [stdout] 13 |     timestamp: DateTime<FixedOffset>,
[INFO] [stdout]    |     ^^^^^^^^^
[INFO] [stdout]    |
[INFO] [stdout]    = note: `Person` has derived impls for the traits `Clone` and `Debug`, but these are intentionally ignored during dead code analysis
[INFO] [stdout] 
[INFO] [stdout] 
[INFO] [stdout] warning: field `raw` is never read
[INFO] [stdout]   --> src/store/commit.rs:23:5
[INFO] [stdout]    |
[INFO] [stdout] 17 | pub struct Commit<'a> {
[INFO] [stdout]    |            ------ field in this struct
[INFO] [stdout] ...
[INFO] [stdout] 23 |     raw: &'a GitObject,
[INFO] [stdout]    |     ^^^
[INFO] [stdout]    |
[INFO] [stdout]    = note: `Commit` has derived impls for the traits `Clone` and `Debug`, but these are intentionally ignored during dead code analysis
[INFO] [stdout] 
[INFO] [stdout] 
[INFO] [stdout] warning: field `path` is never read
[INFO] [stdout]  --> src/transport/client/file_client.rs:9:5
[INFO] [stdout]   |
[INFO] [stdout] 8 | pub struct FileProtocol {
[INFO] [stdout]   |            ------------ field in this struct
[INFO] [stdout] 9 |     path: String,
[INFO] [stdout]   |     ^^^^
[INFO] [stdout]   |
[INFO] [stdout]   = note: `FileProtocol` has a derived impl for the trait `Debug`, but this is intentionally ignored during dead code analysis
[INFO] [stdout] 
[INFO] [stdout] 
[INFO] [stdout] warning: field `url` is never read
[INFO] [stdout]   --> src/transport/client/git_client.rs:10:5
[INFO] [stdout]    |
[INFO] [stdout] 9  | pub struct GitProtocol {
[INFO] [stdout]    |            ----------- field in this struct
[INFO] [stdout] 10 |     url: Url,
[INFO] [stdout]    |     ^^^
[INFO] [stdout]    |
[INFO] [stdout]    = note: `GitProtocol` has a derived impl for the trait `Debug`, but this is intentionally ignored during dead code analysis
[INFO] [stdout] 
[INFO] [stdout] 
[INFO] [stdout] warning: field `path` is never read
[INFO] [stdout]  --> src/transport/client/local_client.rs:9:5
[INFO] [stdout]   |
[INFO] [stdout] 8 | pub struct LocalProtocol {
[INFO] [stdout]   |            ------------- field in this struct
[INFO] [stdout] 9 |     path: String,
[INFO] [stdout]   |     ^^^^
[INFO] [stdout]   |
[INFO] [stdout]   = note: `LocalProtocol` has a derived impl for the trait `Debug`, but this is intentionally ignored during dead code analysis
[INFO] [stdout] 
[INFO] [stdout] 
[INFO] [stdout] warning: field `url` is never read
[INFO] [stdout]   --> src/transport/client/ssh_client.rs:10:5
[INFO] [stdout]    |
[INFO] [stdout] 9  | pub struct SshProtocol {
[INFO] [stdout]    |            ----------- field in this struct
[INFO] [stdout] 10 |     url: Url,
[INFO] [stdout]    |     ^^^
[INFO] [stdout]    |
[INFO] [stdout]    = note: `SshProtocol` has a derived impl for the trait `Debug`, but this is intentionally ignored during dead code analysis
[INFO] [stdout] 
[INFO] [stdout] 
[INFO] [stdout] warning: panic message contains an unused formatting placeholder
[INFO] [stdout]    --> src/transport/url_parser.rs:225:38
[INFO] [stdout]     |
[INFO] [stdout] 225 |             panic!("failed ssh parse {:?}");
[INFO] [stdout]     |                                      ^^^^
[INFO] [stdout]     |
[INFO] [stdout]     = note: this message is not used as a format string when given without arguments, but will be in Rust 2021
[INFO] [stdout]     = note: `#[warn(non_fmt_panics)]` on by default
[INFO] [stdout] help: add the missing argument
[INFO] [stdout]     |
[INFO] [stdout] 225 |             panic!("failed ssh parse {:?}", ...);
[INFO] [stdout]     |                                           +++++
[INFO] [stdout] help: or add a "{}" format string to use the message literally
[INFO] [stdout]     |
[INFO] [stdout] 225 |             panic!("{}", "failed ssh parse {:?}");
[INFO] [stdout]     |                    +++++
[INFO] [stdout] 
[INFO] [stdout] 
[INFO] [stdout] warning: 10 warnings emitted
[INFO] [stdout] 
[INFO] [stdout] 
[INFO] [stderr]     Finished test [unoptimized + debuginfo] target(s) in 3.18s
[INFO] [stderr] warning: the following packages contain code that will be rejected by a future version of Rust: rustc-serialize v0.3.24
[INFO] [stderr] note: to see what the problems were, use the option `--future-incompat-report`, or run `cargo report future-incompatibilities --id 1`
[INFO] running `Command { std: "docker" "inspect" "2498b979fa33d68dbc1d62541ec27aeefb6f088bdf8ef4aace5a3859d5ec6bc7", kill_on_drop: false }`
[INFO] running `Command { std: "docker" "rm" "-f" "2498b979fa33d68dbc1d62541ec27aeefb6f088bdf8ef4aace5a3859d5ec6bc7", kill_on_drop: false }`
[INFO] [stdout] 2498b979fa33d68dbc1d62541ec27aeefb6f088bdf8ef4aace5a3859d5ec6bc7
[INFO] running `Command { std: "docker" "create" "-v" "/var/lib/crater-agent-workspace/builds/worker-3-tc2/target:/opt/rustwide/target:rw,Z" "-v" "/var/lib/crater-agent-workspace/builds/worker-3-tc2/source:/opt/rustwide/workdir:ro,Z" "-v" "/var/lib/crater-agent-workspace/cargo-home:/opt/rustwide/cargo-home:ro,Z" "-v" "/var/lib/crater-agent-workspace/rustup-home:/opt/rustwide/rustup-home:ro,Z" "-e" "SOURCE_DIR=/opt/rustwide/workdir" "-e" "CARGO_TARGET_DIR=/opt/rustwide/target" "-e" "CARGO_INCREMENTAL=0" "-e" "RUST_BACKTRACE=full" "-e" "RUSTFLAGS=--cap-lints=warn" "-e" "RUSTDOCFLAGS=--cap-lints=warn" "-e" "CARGO_HOME=/opt/rustwide/cargo-home" "-e" "RUSTUP_HOME=/opt/rustwide/rustup-home" "-w" "/opt/rustwide/workdir" "-m" "1610612736" "--user" "0:0" "--network" "none" "ghcr.io/rust-lang/crates-build-env/linux@sha256:5ff2268d62e97bff2cde7d5815dd6ed5b47097566f13b8d0ca110b04b60e07ed" "/opt/rustwide/cargo-home/bin/cargo" "+beta-2023-04-20" "test" "--frozen", kill_on_drop: false }`
[INFO] [stdout] f2fad7b494581ab82bab26d0cbe2404eddb86736621cd394fa54fe2ec9499bf2
[INFO] running `Command { std: "docker" "start" "-a" "f2fad7b494581ab82bab26d0cbe2404eddb86736621cd394fa54fe2ec9499bf2", kill_on_drop: false }`
[INFO] [stderr] warning: use of deprecated associated function `chrono::NaiveDateTime::from_timestamp`: use `from_timestamp_opt()` instead
[INFO] [stderr]   --> src/store/commit.rs:98:40
[INFO] [stderr]    |
[INFO] [stderr] 98 |             let naive = NaiveDateTime::from_timestamp(ts as i64, 0);
[INFO] [stderr]    |                                        ^^^^^^^^^^^^^^
[INFO] [stderr]    |
[INFO] [stderr]    = note: `#[warn(deprecated)]` on by default
[INFO] [stderr] 
[INFO] [stderr] warning: use of deprecated associated function `chrono::FixedOffset::east`: use `east_opt()` instead
[INFO] [stderr]   --> src/store/commit.rs:99:39
[INFO] [stderr]    |
[INFO] [stderr] 99 |             let offset = FixedOffset::east(sgn * tz/100 * 3600);
[INFO] [stderr]    |                                       ^^^^
[INFO] [stderr] 
[INFO] [stderr] warning: field `get_offset` is never read
[INFO] [stderr]   --> src/delta/mod.rs:13:5
[INFO] [stderr]    |
[INFO] [stderr] 10 | struct DeltaHeader {
[INFO] [stderr]    |        ----------- field in this struct
[INFO] [stderr] ...
[INFO] [stderr] 13 |     get_offset: usize,
[INFO] [stderr]    |     ^^^^^^^^^^
[INFO] [stderr]    |
[INFO] [stderr]    = note: `DeltaHeader` has a derived impl for the trait `Debug`, but this is intentionally ignored during dead code analysis
[INFO] [stderr]    = note: `#[warn(dead_code)]` on by default
[INFO] [stderr] 
[INFO] [stderr] warning: fields `name`, `email`, and `timestamp` are never read
[INFO] [stderr]   --> src/store/commit.rs:11:5
[INFO] [stderr]    |
[INFO] [stderr] 10 | pub struct Person<'a> {
[INFO] [stderr]    |            ------ fields in this struct
[INFO] [stderr] 11 |     name: &'a str,
[INFO] [stderr]    |     ^^^^
[INFO] [stderr] 12 |     email: &'a str,
[INFO] [stderr]    |     ^^^^^
[INFO] [stderr] 13 |     timestamp: DateTime<FixedOffset>,
[INFO] [stderr]    |     ^^^^^^^^^
[INFO] [stderr]    |
[INFO] [stderr]    = note: `Person` has derived impls for the traits `Clone` and `Debug`, but these are intentionally ignored during dead code analysis
[INFO] [stderr] 
[INFO] [stderr] warning: field `raw` is never read
[INFO] [stderr]   --> src/store/commit.rs:23:5
[INFO] [stderr]    |
[INFO] [stderr] 17 | pub struct Commit<'a> {
[INFO] [stderr]    |            ------ field in this struct
[INFO] [stderr] ...
[INFO] [stderr] 23 |     raw: &'a GitObject,
[INFO] [stderr]    |     ^^^
[INFO] [stderr]    |
[INFO] [stderr]    = note: `Commit` has derived impls for the traits `Clone` and `Debug`, but these are intentionally ignored during dead code analysis
[INFO] [stderr] 
[INFO] [stderr] warning: field `path` is never read
[INFO] [stderr]  --> src/transport/client/file_client.rs:9:5
[INFO] [stderr]   |
[INFO] [stderr] 8 | pub struct FileProtocol {
[INFO] [stderr]   |            ------------ field in this struct
[INFO] [stderr] 9 |     path: String,
[INFO] [stderr]   |     ^^^^
[INFO] [stderr]   |
[INFO] [stderr]   = note: `FileProtocol` has a derived impl for the trait `Debug`, but this is intentionally ignored during dead code analysis
[INFO] [stderr] 
[INFO] [stderr] warning: field `url` is never read
[INFO] [stderr]   --> src/transport/client/git_client.rs:10:5
[INFO] [stderr]    |
[INFO] [stderr] 9  | pub struct GitProtocol {
[INFO] [stderr]    |            ----------- field in this struct
[INFO] [stderr] 10 |     url: Url,
[INFO] [stderr]    |     ^^^
[INFO] [stderr]    |
[INFO] [stderr]    = note: `GitProtocol` has a derived impl for the trait `Debug`, but this is intentionally ignored during dead code analysis
[INFO] [stderr] 
[INFO] [stderr] warning: field `path` is never read
[INFO] [stderr]  --> src/transport/client/local_client.rs:9:5
[INFO] [stderr]   |
[INFO] [stderr] 8 | pub struct LocalProtocol {
[INFO] [stderr]   |            ------------- field in this struct
[INFO] [stderr] 9 |     path: String,
[INFO] [stderr]   |     ^^^^
[INFO] [stderr]   |
[INFO] [stderr]   = note: `LocalProtocol` has a derived impl for the trait `Debug`, but this is intentionally ignored during dead code analysis
[INFO] [stderr] 
[INFO] [stderr] warning: field `url` is never read
[INFO] [stderr]   --> src/transport/client/ssh_client.rs:10:5
[INFO] [stderr]    |
[INFO] [stderr] 9  | pub struct SshProtocol {
[INFO] [stderr]    |            ----------- field in this struct
[INFO] [stderr] 10 |     url: Url,
[INFO] [stderr]    |     ^^^
[INFO] [stderr]    |
[INFO] [stderr]    = note: `SshProtocol` has a derived impl for the trait `Debug`, but this is intentionally ignored during dead code analysis
[INFO] [stderr] 
[INFO] [stderr] warning: field `timestamp` is never read
[INFO] [stderr]   --> src/store/commit.rs:13:5
[INFO] [stderr]    |
[INFO] [stderr] 10 | pub struct Person<'a> {
[INFO] [stderr]    |            ------ field in this struct
[INFO] [stderr] ...
[INFO] [stderr] 13 |     timestamp: DateTime<FixedOffset>,
[INFO] [stderr]    |     ^^^^^^^^^
[INFO] [stderr]    |
[INFO] [stderr]    = note: `Person` has derived impls for the traits `Clone` and `Debug`, but these are intentionally ignored during dead code analysis
[INFO] [stderr] 
[INFO] [stderr] warning: panic message contains an unused formatting placeholder
[INFO] [stderr]    --> src/transport/url_parser.rs:225:38
[INFO] [stderr]     |
[INFO] [stderr] 225 |             panic!("failed ssh parse {:?}");
[INFO] [stderr]     |                                      ^^^^
[INFO] [stderr]     |
[INFO] [stderr]     = note: this message is not used as a format string when given without arguments, but will be in Rust 2021
[INFO] [stderr]     = note: `#[warn(non_fmt_panics)]` on by default
[INFO] [stderr] help: add the missing argument
[INFO] [stderr]     |
[INFO] [stderr] 225 |             panic!("failed ssh parse {:?}", ...);
[INFO] [stderr]     |                                           +++++
[INFO] [stderr] help: or add a "{}" format string to use the message literally
[INFO] [stderr]     |
[INFO] [stderr] 225 |             panic!("{}", "failed ssh parse {:?}");
[INFO] [stderr]     |                    +++++
[INFO] [stderr] 
[INFO] [stderr] warning: `rs-git-lib` (lib) generated 9 warnings
[INFO] [stderr] warning: `rs-git-lib` (lib test) generated 10 warnings (8 duplicates) (run `cargo fix --lib -p rs-git-lib --tests` to apply 1 suggestion)
[INFO] [stderr]     Finished test [unoptimized + debuginfo] target(s) in 0.08s
[INFO] [stderr] warning: the following packages contain code that will be rejected by a future version of Rust: rustc-serialize v0.3.24
[INFO] [stderr] note: to see what the problems were, use the option `--future-incompat-report`, or run `cargo report future-incompatibilities --id 1`
[INFO] [stderr]      Running unittests src/lib.rs (/opt/rustwide/target/debug/deps/rs_git_lib-cdbe700360243f6e)
[INFO] [stdout] 
[INFO] [stdout] running 17 tests
[INFO] [stdout] test packfile::index::tests::reading_an_index ... ok
[INFO] [stdout] test packfile::index::tests::finding_an_offset ... ok
[INFO] [stdout] test store::commit::tests::test_commit_parsing ... ok
[INFO] [stdout] test store::commit::tests::test_person_parsing ... ok
[INFO] [stdout] test packfile::index::tests::read_and_write_should_be_inverses ... ok
[INFO] [stdout] test store::tree::test_parse_tree ... ok
[INFO] [stdout] test transport::url_parser::tests::test_file ... ok
[INFO] [stdout] test transport::url_parser::tests::test_git ... ok
[INFO] [stdout] test transport::url_parser::tests::test_local ... ok
[INFO] [stdout] test transport::url_parser::tests::test_http ... ok
[INFO] [stdout] test transport::url_parser::tests::test_parse ... ok
[INFO] [stdout] test transport::url_parser::tests::test_ssh ... ok
[INFO] [stdout] test packfile::index::tests::creating_an_index ... ok
[INFO] [stdout] test packfile::tests::read_and_encode_should_be_inverses ... ok
[INFO] [stdout] test packfile::tests::reading_delta_objects_should_resolve_them_correctly ... ok
[INFO] [stdout] test packfile::tests::reading_a_packfile ... ok
[INFO] [stdout] test packfile::tests::reading_a_packed_object_by_sha ... ok
[INFO] [stdout] 
[INFO] [stdout] test result: ok. 17 passed; 0 failed; 0 ignored; 0 measured; 0 filtered out; finished in 0.01s
[INFO] [stdout] 
[INFO] [stderr]    Doc-tests rs-git-lib
[INFO] [stdout] 
[INFO] [stdout] running 5 tests
[INFO] [stdout] test src/lib.rs - Repo::count_objects (line 105) ... FAILED
[INFO] [stdout] test src/lib.rs - Repo::refs (line 79) ... FAILED
[INFO] [stdout] test src/lib.rs - Repo::dir (line 93) ... FAILED
[INFO] [stdout] test src/lib.rs - Repo::clone_from (line 51) ... ok
[INFO] [stderr] error: doctest failed, to rerun pass `--doc`
[INFO] [stdout] test src/lib.rs - Repo::commits (line 119) ... FAILED
[INFO] [stdout] 
[INFO] [stdout] failures:
[INFO] [stdout] 
[INFO] [stdout] ---- src/lib.rs - Repo::count_objects (line 105) stdout ----
[INFO] [stdout] error: linking with `cc` failed: exit status: 1
[INFO] [stdout]   |
[INFO] [stdout]   = note: LC_ALL="C" PATH="/opt/rustwide/rustup-home/toolchains/beta-2023-04-20-x86_64-unknown-linux-gnu/lib/rustlib/x86_64-unknown-linux-gnu/bin:/opt/rustwide/cargo-home/bin:/usr/local/sbin:/usr/local/bin:/usr/sbin:/usr/bin:/sbin:/bin" VSLANG="1033" "cc" "-m64" "/tmp/rustc5JSNSM/symbols.o" "/tmp/rustdoctestsBWqa4/rust_out.rust_out.c38b68ff-cgu.0.rcgu.o" "/tmp/rustdoctestsBWqa4/rust_out.38a7fyhsvjn6z0qy.rcgu.o" "-Wl,--as-needed" "-L" "/opt/rustwide/target/debug/deps" "-L" "/opt/rustwide/target/debug/deps" "-L" "/opt/rustwide/target/debug/build/rust-crypto-0c316feddf4088bb/out" "-L" "/opt/rustwide/rustup-home/toolchains/beta-2023-04-20-x86_64-unknown-linux-gnu/lib/rustlib/x86_64-unknown-linux-gnu/lib" "-Wl,-Bstatic" "/opt/rustwide/target/debug/deps/librs_git_lib-66584f2fff719893.rlib" "/opt/rustwide/target/debug/deps/libcrypto-b88e94151ce125d7.rlib" "/opt/rustwide/target/debug/deps/librand-3380bdab1b6b9140.rlib" "/opt/rustwide/target/debug/deps/librand-eee97bf12bddde3a.rlib" "/opt/rustwide/target/debug/deps/libreqwest-ffb9a8a6b7a64f3b.rlib" "/opt/rustwide/target/debug/deps/libhyper_tls-3d19bcd3ad0771db.rlib" "/opt/rustwide/target/debug/deps/libipnet-c447aff94ce34889.rlib" "/opt/rustwide/target/debug/deps/libtokio_tls-2b715edd62267267.rlib" "/opt/rustwide/target/debug/deps/libserde_urlencoded-d1cca32bf042ef82.rlib" "/opt/rustwide/target/debug/deps/libencoding_rs-b0d41797c1da8834.rlib" "/opt/rustwide/target/debug/deps/libserde_json-b5e71561e7b61e90.rlib" "/opt/rustwide/target/debug/deps/libserde-b7cd1e3418b5c001.rlib" "/opt/rustwide/target/debug/deps/libbase64-0c872e3f7d1ba17a.rlib" "/opt/rustwide/target/debug/deps/libmime_guess-4d480ce8c2531124.rlib" "/opt/rustwide/target/debug/deps/libunicase-11e49ebbf4e3b98e.rlib" "/opt/rustwide/target/debug/deps/libmime-04f26b0b15f93981.rlib" "/opt/rustwide/target/debug/deps/libnative_tls-6a25c99e8506313f.rlib" "/opt/rustwide/target/debug/deps/libopenssl_probe-361016bdcb077fee.rlib" "/opt/rustwide/target/debug/deps/libopenssl-005d5c0195463d9f.rlib" "/opt/rustwide/target/debug/deps/libforeign_types-3138d685ddde873e.rlib" "/opt/rustwide/target/debug/deps/libforeign_types_shared-1df85ef0ce08cbc3.rlib" "/opt/rustwide/target/debug/deps/libopenssl_sys-787933b772bf47c7.rlib" "/opt/rustwide/target/debug/deps/libhyper-708e01fbdfee624d.rlib" "/opt/rustwide/target/debug/deps/libitoa-d0264c8ce1ce890b.rlib" "/opt/rustwide/target/debug/deps/libhttparse-463bd4a7f2c72ba2.rlib" "/opt/rustwide/target/debug/deps/libwant-751c04441b3dc539.rlib" "/opt/rustwide/target/debug/deps/libtry_lock-bcd858d644546236.rlib" "/opt/rustwide/target/debug/deps/libh2-42910b05fd6d4d24.rlib" "/opt/rustwide/target/debug/deps/libtracing_futures-bf8d2e4ced4aae4f.rlib" "/opt/rustwide/target/debug/deps/libindexmap-0b227c5730b600d8.rlib" "/opt/rustwide/target/debug/deps/libhashbrown-14a936eea4e6bab4.rlib" "/opt/rustwide/target/debug/deps/libtokio_util-e140921df82fc255.rlib" "/opt/rustwide/target/debug/deps/libfutures_sink-443c30cbd423d6ef.rlib" "/opt/rustwide/target/debug/deps/libhttpdate-933da9c49938bd48.rlib" "/opt/rustwide/target/debug/deps/libsocket2-e71e39107bdf7934.rlib" "/opt/rustwide/target/debug/deps/libtower_service-6e0b9a8ac2b0d4d0.rlib" "/opt/rustwide/target/debug/deps/libfutures_channel-d4bad6ccc77bb14d.rlib" "/opt/rustwide/target/debug/deps/libpin_project-a7c90e42ce0662fb.rlib" "/opt/rustwide/target/debug/deps/libtracing-bd4b5826b0b97071.rlib" "/opt/rustwide/target/debug/deps/libtracing_core-420c8912b6569db3.rlib" "/opt/rustwide/target/debug/deps/libonce_cell-4515fa40a5ce4b0c.rlib" "/opt/rustwide/target/debug/deps/libtokio-761d2b61682cf05d.rlib" "/opt/rustwide/target/debug/deps/libnum_cpus-7c8ce1b1142a37b8.rlib" "/opt/rustwide/target/debug/deps/libmio-12b58b7a1e3d157c.rlib" "/opt/rustwide/target/debug/deps/libiovec-e499e905b7e429ab.rlib" "/opt/rustwide/target/debug/deps/libnet2-48557f5bd74db99e.rlib" "/opt/rustwide/target/debug/deps/libcfg_if-b22544e46cbb7baa.rlib" "/opt/rustwide/target/debug/deps/libpin_project_lite-63b62835ca9808f8.rlib" "/opt/rustwide/target/debug/deps/libhttp_body-1fa897efa9a882e8.rlib" "/opt/rustwide/target/debug/deps/libbytes-b63c3b3ea06c4474.rlib" "/opt/rustwide/target/debug/deps/liblog-6f3e788ba8b980aa.rlib" "/opt/rustwide/target/debug/deps/libfutures_util-80aff5224e5aa4b7.rlib" "/opt/rustwide/target/debug/deps/libfutures_io-d4a990e19af7fc59.rlib" "/opt/rustwide/target/debug/deps/libslab-7f8e952f3c0ab3c4.rlib" "/opt/rustwide/target/debug/deps/libpin_project_lite-3a747526c5b5aadd.rlib" "/opt/rustwide/target/debug/deps/libfutures_task-34a0ee1d6c1607f4.rlib" "/opt/rustwide/target/debug/deps/libpin_utils-501725f4e360d46d.rlib" "/opt/rustwide/target/debug/deps/libfutures_core-63bdc54a682e7df4.rlib" "/opt/rustwide/target/debug/deps/liblazy_static-86422d76b8bd90ed.rlib" "/opt/rustwide/target/debug/deps/libhttp-df05c4d3a64fcb1b.rlib" "/opt/rustwide/target/debug/deps/libitoa-ef51536650fd4ae2.rlib" "/opt/rustwide/target/debug/deps/libbytes-ae855e71327d1b48.rlib" "/opt/rustwide/target/debug/deps/libfnv-bb690c336855f248.rlib" "/opt/rustwide/target/debug/deps/liburl-d94be37c9a9a891b.rlib" "/opt/rustwide/target/debug/deps/libidna-03b9880e1a6c6c5a.rlib" "/opt/rustwide/target/debug/deps/libunicode_normalization-b37b8c0875a4acb3.rlib" "/opt/rustwide/target/debug/deps/libtinyvec-7b8097d45487fe96.rlib" "/opt/rustwide/target/debug/deps/libtinyvec_macros-ece230c108b3ca46.rlib" "/opt/rustwide/target/debug/deps/libunicode_bidi-ea0067a9d9ceb7ae.rlib" "/opt/rustwide/target/debug/deps/libform_urlencoded-c6dce5f233f9dc81.rlib" "/opt/rustwide/target/debug/deps/libpercent_encoding-4a77b5e8a25d80c2.rlib" "/opt/rustwide/target/debug/deps/libchrono-a3fb67f5e8cba3bc.rlib" "/opt/rustwide/target/debug/deps/libiana_time_zone-29119b9b08c3b17e.rlib" "/opt/rustwide/target/debug/deps/libnum_integer-beff72c2de6c84f9.rlib" "/opt/rustwide/target/debug/deps/libtime-785e7d40c91ec8bf.rlib" "/opt/rustwide/target/debug/deps/liblibc-ad6e7565fc4cc3fe.rlib" "/opt/rustwide/target/debug/deps/libcrc-062e882108b8c184.rlib" "/opt/rustwide/target/debug/deps/libnum_traits-20b15c62e5e0e397.rlib" "/opt/rustwide/target/debug/deps/libflate2-417b8f3266685334.rlib" "/opt/rustwide/target/debug/deps/libminiz_oxide-e0940f98d3ab52cc.rlib" "/opt/rustwide/target/debug/deps/libadler-92f8db84032ff960.rlib" "/opt/rustwide/target/debug/deps/libcrc32fast-fc15e7c737c5fb18.rlib" "/opt/rustwide/target/debug/deps/librustc_serialize-bdf045fabfc65aef.rlib" "/opt/rustwide/target/debug/deps/libbyteorder-614d7e4e7f7903e2.rlib" "/opt/rustwide/target/debug/deps/libnom-7d0f9189a1f877e4.rlib" "/opt/rustwide/target/debug/deps/liblexical_core-9be80fe9e3939add.rlib" "/opt/rustwide/target/debug/deps/libbitflags-610a73087f46ba3b.rlib" "/opt/rustwide/target/debug/deps/libryu-b5fa14faef1dcf3b.rlib" "/opt/rustwide/target/debug/deps/libstatic_assertions-62b1a5cbf56a9f5f.rlib" "/opt/rustwide/target/debug/deps/libarrayvec-60f29610b80e56b0.rlib" "/opt/rustwide/target/debug/deps/libcfg_if-97437e183f3ae6e4.rlib" "/opt/rustwide/target/debug/deps/libmemchr-8265cafec4e150f1.rlib" "/opt/rustwide/rustup-home/toolchains/beta-2023-04-20-x86_64-unknown-linux-gnu/lib/rustlib/x86_64-unknown-linux-gnu/lib/libstd-0e29cc23c5e02021.rlib" "/opt/rustwide/rustup-home/toolchains/beta-2023-04-20-x86_64-unknown-linux-gnu/lib/rustlib/x86_64-unknown-linux-gnu/lib/libpanic_unwind-d903621768a861d9.rlib" "/opt/rustwide/rustup-home/toolchains/beta-2023-04-20-x86_64-unknown-linux-gnu/lib/rustlib/x86_64-unknown-linux-gnu/lib/libobject-6d0225e655f31c13.rlib" "/opt/rustwide/rustup-home/toolchains/beta-2023-04-20-x86_64-unknown-linux-gnu/lib/rustlib/x86_64-unknown-linux-gnu/lib/libmemchr-9dbaf4eac7eaa079.rlib" "/opt/rustwide/rustup-home/toolchains/beta-2023-04-20-x86_64-unknown-linux-gnu/lib/rustlib/x86_64-unknown-linux-gnu/lib/libaddr2line-27f05b3d42a66dd0.rlib" "/opt/rustwide/rustup-home/toolchains/beta-2023-04-20-x86_64-unknown-linux-gnu/lib/rustlib/x86_64-unknown-linux-gnu/lib/libgimli-4d73f1030321c9a2.rlib" "/opt/rustwide/rustup-home/toolchains/beta-2023-04-20-x86_64-unknown-linux-gnu/lib/rustlib/x86_64-unknown-linux-gnu/lib/librustc_demangle-2846c9e58abd0acb.rlib" "/opt/rustwide/rustup-home/toolchains/beta-2023-04-20-x86_64-unknown-linux-gnu/lib/rustlib/x86_64-unknown-linux-gnu/lib/libstd_detect-a53d0f50415947be.rlib" "/opt/rustwide/rustup-home/toolchains/beta-2023-04-20-x86_64-unknown-linux-gnu/lib/rustlib/x86_64-unknown-linux-gnu/lib/libhashbrown-d48e4b6abc25b9dc.rlib" "/opt/rustwide/rustup-home/toolchains/beta-2023-04-20-x86_64-unknown-linux-gnu/lib/rustlib/x86_64-unknown-linux-gnu/lib/libminiz_oxide-2991859439ef1207.rlib" "/opt/rustwide/rustup-home/toolchains/beta-2023-04-20-x86_64-unknown-linux-gnu/lib/rustlib/x86_64-unknown-linux-gnu/lib/libadler-8a687517e4221bae.rlib" "/opt/rustwide/rustup-home/toolchains/beta-2023-04-20-x86_64-unknown-linux-gnu/lib/rustlib/x86_64-unknown-linux-gnu/lib/librustc_std_workspace_alloc-e07b554f6a67f5b3.rlib" "/opt/rustwide/rustup-home/toolchains/beta-2023-04-20-x86_64-unknown-linux-gnu/lib/rustlib/x86_64-unknown-linux-gnu/lib/libunwind-b68238b7c3c619dd.rlib" "/opt/rustwide/rustup-home/toolchains/beta-2023-04-20-x86_64-unknown-linux-gnu/lib/rustlib/x86_64-unknown-linux-gnu/lib/libcfg_if-d5e213e896c017e4.rlib" "/opt/rustwide/rustup-home/toolchains/beta-2023-04-20-x86_64-unknown-linux-gnu/lib/rustlib/x86_64-unknown-linux-gnu/lib/liblibc-0211a3b2e61d8689.rlib" "/opt/rustwide/rustup-home/toolchains/beta-2023-04-20-x86_64-unknown-linux-gnu/lib/rustlib/x86_64-unknown-linux-gnu/lib/liballoc-b371f055239ba51f.rlib" "/opt/rustwide/rustup-home/toolchains/beta-2023-04-20-x86_64-unknown-linux-gnu/lib/rustlib/x86_64-unknown-linux-gnu/lib/librustc_std_workspace_core-e60518d2760eb01e.rlib" "/opt/rustwide/rustup-home/toolchains/beta-2023-04-20-x86_64-unknown-linux-gnu/lib/rustlib/x86_64-unknown-linux-gnu/lib/libcore-1ad943f92a4b1081.rlib" "/opt/rustwide/rustup-home/toolchains/beta-2023-04-20-x86_64-unknown-linux-gnu/lib/rustlib/x86_64-unknown-linux-gnu/lib/libcompiler_builtins-f0d6e4d0fc1e80b4.rlib" "-Wl,-Bdynamic" "-lssl" "-lcrypto" "-lgcc_s" "-lutil" "-lrt" "-lpthread" "-lm" "-ldl" "-lc" "-Wl,--eh-frame-hdr" "-Wl,-z,noexecstack" "-L" "/opt/rustwide/rustup-home/toolchains/beta-2023-04-20-x86_64-unknown-linux-gnu/lib/rustlib/x86_64-unknown-linux-gnu/lib" "-o" "/tmp/rustdoctestsBWqa4/rust_out" "-Wl,--gc-sections" "-pie" "-Wl,-z,relro,-z,now" "-nodefaultlibs"
[INFO] [stdout]   = note: collect2: fatal error: ld terminated with signal 9 [Killed]
[INFO] [stdout]           compilation terminated.
[INFO] [stdout]           
[INFO] [stdout] 
[INFO] [stdout] error: aborting due to previous error
[INFO] [stdout] 
[INFO] [stdout] Couldn't compile the test.
[INFO] [stdout] ---- src/lib.rs - Repo::refs (line 79) stdout ----
[INFO] [stdout] Test executable failed (exit status: 101).
[INFO] [stdout] 
[INFO] [stdout] stderr:
[INFO] [stdout] thread 'main' panicked at 'called `Result::unwrap()` on an `Err` value: Custom { kind: Other, error: reqwest::Error { kind: Request, url: Url { scheme: "https", cannot_be_a_base: false, username: "", password: None, host: Some(Domain("github.com")), port: None, path: "/lnds/rs-git-lib.git/info/refs", query: Some("service=git-upload-pack"), fragment: None }, source: hyper::Error(Connect, ConnectError("dns error", Custom { kind: Uncategorized, error: "failed to lookup address information: Temporary failure in name resolution" })) } }', src/lib.rs:6:17
[INFO] [stdout] stack backtrace:
[INFO] [stdout]    0:     0x5629d74922fa - std::backtrace_rs::backtrace::libunwind::trace::h2f05d0192276a8f6
[INFO] [stdout]                                at /rustc/1b7dd2252b99671ce5d1cb9664c5f8636329436d/library/std/src/../../backtrace/src/backtrace/libunwind.rs:93:5
[INFO] [stdout]    1:     0x5629d74922fa - std::backtrace_rs::backtrace::trace_unsynchronized::hedc23dff7a1af150
[INFO] [stdout]                                at /rustc/1b7dd2252b99671ce5d1cb9664c5f8636329436d/library/std/src/../../backtrace/src/backtrace/mod.rs:66:5
[INFO] [stdout]    2:     0x5629d74922fa - std::sys_common::backtrace::_print_fmt::h17541ef7592f3ce2
[INFO] [stdout]                                at /rustc/1b7dd2252b99671ce5d1cb9664c5f8636329436d/library/std/src/sys_common/backtrace.rs:65:5
[INFO] [stdout]    3:     0x5629d74922fa - <std::sys_common::backtrace::_print::DisplayBacktrace as core::fmt::Display>::fmt::h20f75df5ab0c0792
[INFO] [stdout]                                at /rustc/1b7dd2252b99671ce5d1cb9664c5f8636329436d/library/std/src/sys_common/backtrace.rs:44:22
[INFO] [stdout]    4:     0x5629d74b598f - core::fmt::write::h78109e6f466b3af6
[INFO] [stdout]                                at /rustc/1b7dd2252b99671ce5d1cb9664c5f8636329436d/library/core/src/fmt/mod.rs:1254:17
[INFO] [stdout]    5:     0x5629d748f0f5 - std::io::Write::write_fmt::hc59e1b02dd273c8a
[INFO] [stdout]                                at /rustc/1b7dd2252b99671ce5d1cb9664c5f8636329436d/library/std/src/io/mod.rs:1698:15
[INFO] [stdout]    6:     0x5629d74920c5 - std::sys_common::backtrace::_print::h8dac57a9f8fbf9a5
[INFO] [stdout]                                at /rustc/1b7dd2252b99671ce5d1cb9664c5f8636329436d/library/std/src/sys_common/backtrace.rs:47:5
[INFO] [stdout]    7:     0x5629d74920c5 - std::sys_common::backtrace::print::hf9ecbf41d1aa712f
[INFO] [stdout]                                at /rustc/1b7dd2252b99671ce5d1cb9664c5f8636329436d/library/std/src/sys_common/backtrace.rs:34:9
[INFO] [stdout]    8:     0x5629d749376e - std::panicking::default_hook::{{closure}}::h04c07acfc84ca028
[INFO] [stdout]                                at /rustc/1b7dd2252b99671ce5d1cb9664c5f8636329436d/library/std/src/panicking.rs:269:22
[INFO] [stdout]    9:     0x5629d7493515 - std::panicking::default_hook::h01f6bb23e1eceb2c
[INFO] [stdout]                                at /rustc/1b7dd2252b99671ce5d1cb9664c5f8636329436d/library/std/src/panicking.rs:288:9
[INFO] [stdout]   10:     0x5629d7493cce - std::panicking::rust_panic_with_hook::h2bb3722bbaf2f6df
[INFO] [stdout]                                at /rustc/1b7dd2252b99671ce5d1cb9664c5f8636329436d/library/std/src/panicking.rs:691:13
[INFO] [stdout]   11:     0x5629d7493bc9 - std::panicking::begin_panic_handler::{{closure}}::h91bc7f36a4be011b
[INFO] [stdout]                                at /rustc/1b7dd2252b99671ce5d1cb9664c5f8636329436d/library/std/src/panicking.rs:582:13
[INFO] [stdout]   12:     0x5629d7492766 - std::sys_common::backtrace::__rust_end_short_backtrace::h8b3d3717114f9e59
[INFO] [stdout]                                at /rustc/1b7dd2252b99671ce5d1cb9664c5f8636329436d/library/std/src/sys_common/backtrace.rs:150:18
[INFO] [stdout]   13:     0x5629d7493922 - rust_begin_unwind
[INFO] [stdout]                                at /rustc/1b7dd2252b99671ce5d1cb9664c5f8636329436d/library/std/src/panicking.rs:578:5
[INFO] [stdout]   14:     0x5629d6f93fd3 - core::panicking::panic_fmt::hfd368e3fbdabea26
[INFO] [stdout]                                at /rustc/1b7dd2252b99671ce5d1cb9664c5f8636329436d/library/core/src/panicking.rs:67:14
[INFO] [stdout]   15:     0x5629d6f94573 - core::result::unwrap_failed::he54eb4b2f125b26f
[INFO] [stdout]                                at /rustc/1b7dd2252b99671ce5d1cb9664c5f8636329436d/library/core/src/result.rs:1687:5
[INFO] [stdout]   16:     0x5629d6f949e3 - core::result::Result<T,E>::unwrap::ha252dc2f241cd243
[INFO] [stdout]   17:     0x5629d6f94cb1 - rust_out::main::_doctest_main_src_lib_rs_79_0::h3133fe3cc7bd9405
[INFO] [stdout]   18:     0x5629d6f94bf6 - rust_out::main::h2731449a68dfa004
[INFO] [stdout]   19:     0x5629d6f94923 - core::ops::function::FnOnce::call_once::hd1715aa1b26fc35c
[INFO] [stdout]   20:     0x5629d6f94826 - std::sys_common::backtrace::__rust_begin_short_backtrace::h8d2b4d09ce515535
[INFO] [stdout]   21:     0x5629d6f94879 - std::rt::lang_start::{{closure}}::hc9a918c63b0dc835
[INFO] [stdout]   22:     0x5629d748b42e - core::ops::function::impls::<impl core::ops::function::FnOnce<A> for &F>::call_once::h2eb19b8ce4148df4
[INFO] [stdout]                                at /rustc/1b7dd2252b99671ce5d1cb9664c5f8636329436d/library/core/src/ops/function.rs:287:13
[INFO] [stdout]   23:     0x5629d748b42e - std::panicking::try::do_call::h2e900feff5d504c5
[INFO] [stdout]                                at /rustc/1b7dd2252b99671ce5d1cb9664c5f8636329436d/library/std/src/panicking.rs:485:40
[INFO] [stdout]   24:     0x5629d748b42e - std::panicking::try::h8854836cb85aa9f2
[INFO] [stdout]                                at /rustc/1b7dd2252b99671ce5d1cb9664c5f8636329436d/library/std/src/panicking.rs:449:19
[INFO] [stdout]   25:     0x5629d748b42e - std::panic::catch_unwind::h706025dd4c48f64b
[INFO] [stdout]                                at /rustc/1b7dd2252b99671ce5d1cb9664c5f8636329436d/library/std/src/panic.rs:140:14
[INFO] [stdout]   26:     0x5629d748b42e - std::rt::lang_start_internal::{{closure}}::h7be5b97f4a07a91a
[INFO] [stdout]                                at /rustc/1b7dd2252b99671ce5d1cb9664c5f8636329436d/library/std/src/rt.rs:148:48
[INFO] [stdout]   27:     0x5629d748b42e - std::panicking::try::do_call::h59847e9d0a176965
[INFO] [stdout]                                at /rustc/1b7dd2252b99671ce5d1cb9664c5f8636329436d/library/std/src/panicking.rs:485:40
[INFO] [stdout]   28:     0x5629d748b42e - std::panicking::try::h399a918ba8522823
[INFO] [stdout]                                at /rustc/1b7dd2252b99671ce5d1cb9664c5f8636329436d/library/std/src/panicking.rs:449:19
[INFO] [stdout]   29:     0x5629d748b42e - std::panic::catch_unwind::hca7ca6c55b2a2e26
[INFO] [stdout]                                at /rustc/1b7dd2252b99671ce5d1cb9664c5f8636329436d/library/std/src/panic.rs:140:14
[INFO] [stdout]   30:     0x5629d748b42e - std::rt::lang_start_internal::h2c807a81560459eb
[INFO] [stdout]                                at /rustc/1b7dd2252b99671ce5d1cb9664c5f8636329436d/library/std/src/rt.rs:148:20
[INFO] [stdout]   31:     0x5629d6f94857 - std::rt::lang_start::hc4bd3329ce767e23
[INFO] [stdout]   32:     0x5629d6f94e95 - main
[INFO] [stdout]   33:     0x7fd5533bed90 - <unknown>
[INFO] [stdout]   34:     0x7fd5533bee40 - __libc_start_main
[INFO] [stdout]   35:     0x5629d6f94755 - _start
[INFO] [stdout]   36:                0x0 - <unknown>
[INFO] [stdout] 
[INFO] [stdout] 
[INFO] [stdout] ---- src/lib.rs - Repo::dir (line 93) stdout ----
[INFO] [stdout] Test executable failed (exit status: 101).
[INFO] [stdout] 
[INFO] [stdout] stderr:
[INFO] [stdout] thread 'main' panicked at 'called `Result::unwrap()` on an `Err` value: Custom { kind: Other, error: reqwest::Error { kind: Request, url: Url { scheme: "https", cannot_be_a_base: false, username: "", password: None, host: Some(Domain("github.com")), port: None, path: "/lnds/rs-git-lib.git/info/refs", query: Some("service=git-upload-pack"), fragment: None }, source: hyper::Error(Connect, ConnectError("dns error", Custom { kind: Uncategorized, error: "failed to lookup address information: Temporary failure in name resolution" })) } }', src/lib.rs:5:104
[INFO] [stdout] stack backtrace:
[INFO] [stdout]    0:     0x561e8dfbb14a - std::backtrace_rs::backtrace::libunwind::trace::h2f05d0192276a8f6
[INFO] [stdout]                                at /rustc/1b7dd2252b99671ce5d1cb9664c5f8636329436d/library/std/src/../../backtrace/src/backtrace/libunwind.rs:93:5
[INFO] [stdout]    1:     0x561e8dfbb14a - std::backtrace_rs::backtrace::trace_unsynchronized::hedc23dff7a1af150
[INFO] [stdout]                                at /rustc/1b7dd2252b99671ce5d1cb9664c5f8636329436d/library/std/src/../../backtrace/src/backtrace/mod.rs:66:5
[INFO] [stdout]    2:     0x561e8dfbb14a - std::sys_common::backtrace::_print_fmt::h17541ef7592f3ce2
[INFO] [stdout]                                at /rustc/1b7dd2252b99671ce5d1cb9664c5f8636329436d/library/std/src/sys_common/backtrace.rs:65:5
[INFO] [stdout]    3:     0x561e8dfbb14a - <std::sys_common::backtrace::_print::DisplayBacktrace as core::fmt::Display>::fmt::h20f75df5ab0c0792
[INFO] [stdout]                                at /rustc/1b7dd2252b99671ce5d1cb9664c5f8636329436d/library/std/src/sys_common/backtrace.rs:44:22
[INFO] [stdout]    4:     0x561e8dfde7df - core::fmt::write::h78109e6f466b3af6
[INFO] [stdout]                                at /rustc/1b7dd2252b99671ce5d1cb9664c5f8636329436d/library/core/src/fmt/mod.rs:1254:17
[INFO] [stdout]    5:     0x561e8dfb7f45 - std::io::Write::write_fmt::hc59e1b02dd273c8a
[INFO] [stdout]                                at /rustc/1b7dd2252b99671ce5d1cb9664c5f8636329436d/library/std/src/io/mod.rs:1698:15
[INFO] [stdout]    6:     0x561e8dfbaf15 - std::sys_common::backtrace::_print::h8dac57a9f8fbf9a5
[INFO] [stdout]                                at /rustc/1b7dd2252b99671ce5d1cb9664c5f8636329436d/library/std/src/sys_common/backtrace.rs:47:5
[INFO] [stdout]    7:     0x561e8dfbaf15 - std::sys_common::backtrace::print::hf9ecbf41d1aa712f
[INFO] [stdout]                                at /rustc/1b7dd2252b99671ce5d1cb9664c5f8636329436d/library/std/src/sys_common/backtrace.rs:34:9
[INFO] [stdout]    8:     0x561e8dfbc5be - std::panicking::default_hook::{{closure}}::h04c07acfc84ca028
[INFO] [stdout]                                at /rustc/1b7dd2252b99671ce5d1cb9664c5f8636329436d/library/std/src/panicking.rs:269:22
[INFO] [stdout]    9:     0x561e8dfbc365 - std::panicking::default_hook::h01f6bb23e1eceb2c
[INFO] [stdout]                                at /rustc/1b7dd2252b99671ce5d1cb9664c5f8636329436d/library/std/src/panicking.rs:288:9
[INFO] [stdout]   10:     0x561e8dfbcb1e - std::panicking::rust_panic_with_hook::h2bb3722bbaf2f6df
[INFO] [stdout]                                at /rustc/1b7dd2252b99671ce5d1cb9664c5f8636329436d/library/std/src/panicking.rs:691:13
[INFO] [stdout]   11:     0x561e8dfbca19 - std::panicking::begin_panic_handler::{{closure}}::h91bc7f36a4be011b
[INFO] [stdout]                                at /rustc/1b7dd2252b99671ce5d1cb9664c5f8636329436d/library/std/src/panicking.rs:582:13
[INFO] [stdout]   12:     0x561e8dfbb5b6 - std::sys_common::backtrace::__rust_end_short_backtrace::h8b3d3717114f9e59
[INFO] [stdout]                                at /rustc/1b7dd2252b99671ce5d1cb9664c5f8636329436d/library/std/src/sys_common/backtrace.rs:150:18
[INFO] [stdout]   13:     0x561e8dfbc772 - rust_begin_unwind
[INFO] [stdout]                                at /rustc/1b7dd2252b99671ce5d1cb9664c5f8636329436d/library/std/src/panicking.rs:578:5
[INFO] [stdout]   14:     0x561e8dabcfd3 - core::panicking::panic_fmt::hfd368e3fbdabea26
[INFO] [stdout]                                at /rustc/1b7dd2252b99671ce5d1cb9664c5f8636329436d/library/core/src/panicking.rs:67:14
[INFO] [stdout]   15:     0x561e8dabd573 - core::result::unwrap_failed::he54eb4b2f125b26f
[INFO] [stdout]                                at /rustc/1b7dd2252b99671ce5d1cb9664c5f8636329436d/library/core/src/result.rs:1687:5
[INFO] [stdout]   16:     0x561e8dabd9e3 - core::result::Result<T,E>::unwrap::ha252dc2f241cd243
[INFO] [stdout]   17:     0x561e8dabdba5 - rust_out::main::_doctest_main_src_lib_rs_93_0::h555e92ad9d9f9640
[INFO] [stdout]   18:     0x561e8dabdb16 - rust_out::main::h2731449a68dfa004
[INFO] [stdout]   19:     0x561e8dabd923 - core::ops::function::FnOnce::call_once::hd1715aa1b26fc35c
[INFO] [stdout]   20:     0x561e8dabd826 - std::sys_common::backtrace::__rust_begin_short_backtrace::h8d2b4d09ce515535
[INFO] [stdout]   21:     0x561e8dabd879 - std::rt::lang_start::{{closure}}::hc9a918c63b0dc835
[INFO] [stdout]   22:     0x561e8dfb427e - core::ops::function::impls::<impl core::ops::function::FnOnce<A> for &F>::call_once::h2eb19b8ce4148df4
[INFO] [stdout]                                at /rustc/1b7dd2252b99671ce5d1cb9664c5f8636329436d/library/core/src/ops/function.rs:287:13
[INFO] [stdout]   23:     0x561e8dfb427e - std::panicking::try::do_call::h2e900feff5d504c5
[INFO] [stdout]                                at /rustc/1b7dd2252b99671ce5d1cb9664c5f8636329436d/library/std/src/panicking.rs:485:40
[INFO] [stdout]   24:     0x561e8dfb427e - std::panicking::try::h8854836cb85aa9f2
[INFO] [stdout]                                at /rustc/1b7dd2252b99671ce5d1cb9664c5f8636329436d/library/std/src/panicking.rs:449:19
[INFO] [stdout]   25:     0x561e8dfb427e - std::panic::catch_unwind::h706025dd4c48f64b
[INFO] [stdout]                                at /rustc/1b7dd2252b99671ce5d1cb9664c5f8636329436d/library/std/src/panic.rs:140:14
[INFO] [stdout]   26:     0x561e8dfb427e - std::rt::lang_start_internal::{{closure}}::h7be5b97f4a07a91a
[INFO] [stdout]                                at /rustc/1b7dd2252b99671ce5d1cb9664c5f8636329436d/library/std/src/rt.rs:148:48
[INFO] [stdout]   27:     0x561e8dfb427e - std::panicking::try::do_call::h59847e9d0a176965
[INFO] [stdout]                                at /rustc/1b7dd2252b99671ce5d1cb9664c5f8636329436d/library/std/src/panicking.rs:485:40
[INFO] [stdout]   28:     0x561e8dfb427e - std::panicking::try::h399a918ba8522823
[INFO] [stdout]                                at /rustc/1b7dd2252b99671ce5d1cb9664c5f8636329436d/library/std/src/panicking.rs:449:19
[INFO] [stdout]   29:     0x561e8dfb427e - std::panic::catch_unwind::hca7ca6c55b2a2e26
[INFO] [stdout]                                at /rustc/1b7dd2252b99671ce5d1cb9664c5f8636329436d/library/std/src/panic.rs:140:14
[INFO] [stdout]   30:     0x561e8dfb427e - std::rt::lang_start_internal::h2c807a81560459eb
[INFO] [stdout]                                at /rustc/1b7dd2252b99671ce5d1cb9664c5f8636329436d/library/std/src/rt.rs:148:20
[INFO] [stdout]   31:     0x561e8dabd857 - std::rt::lang_start::hc4bd3329ce767e23
[INFO] [stdout]   32:     0x561e8dabdce5 - main
[INFO] [stdout]   33:     0x7f0a580b1d90 - <unknown>
[INFO] [stdout]   34:     0x7f0a580b1e40 - __libc_start_main
[INFO] [stdout]   35:     0x561e8dabd755 - _start
[INFO] [stdout]   36:                0x0 - <unknown>
[INFO] [stdout] 
[INFO] [stdout] 
[INFO] [stdout] ---- src/lib.rs - Repo::commits (line 119) stdout ----
[INFO] [stdout] Test executable failed (exit status: 101).
[INFO] [stdout] 
[INFO] [stdout] stderr:
[INFO] [stdout] thread 'main' panicked at 'called `Result::unwrap()` on an `Err` value: Custom { kind: Other, error: reqwest::Error { kind: Request, url: Url { scheme: "https", cannot_be_a_base: false, username: "", password: None, host: Some(Domain("github.com")), port: None, path: "/lnds/redondeo.git/info/refs", query: Some("service=git-upload-pack"), fragment: None }, source: hyper::Error(Connect, ConnectError("dns error", Custom { kind: Uncategorized, error: "failed to lookup address information: Temporary failure in name resolution" })) } }', src/lib.rs:5:104
[INFO] [stdout] stack backtrace:
[INFO] [stdout]    0:     0x5636a6c6593a - std::backtrace_rs::backtrace::libunwind::trace::h2f05d0192276a8f6
[INFO] [stdout]                                at /rustc/1b7dd2252b99671ce5d1cb9664c5f8636329436d/library/std/src/../../backtrace/src/backtrace/libunwind.rs:93:5
[INFO] [stdout]    1:     0x5636a6c6593a - std::backtrace_rs::backtrace::trace_unsynchronized::hedc23dff7a1af150
[INFO] [stdout]                                at /rustc/1b7dd2252b99671ce5d1cb9664c5f8636329436d/library/std/src/../../backtrace/src/backtrace/mod.rs:66:5
[INFO] [stdout]    2:     0x5636a6c6593a - std::sys_common::backtrace::_print_fmt::h17541ef7592f3ce2
[INFO] [stdout]                                at /rustc/1b7dd2252b99671ce5d1cb9664c5f8636329436d/library/std/src/sys_common/backtrace.rs:65:5
[INFO] [stdout]    3:     0x5636a6c6593a - <std::sys_common::backtrace::_print::DisplayBacktrace as core::fmt::Display>::fmt::h20f75df5ab0c0792
[INFO] [stdout]                                at /rustc/1b7dd2252b99671ce5d1cb9664c5f8636329436d/library/std/src/sys_common/backtrace.rs:44:22
[INFO] [stdout]    4:     0x5636a6c88fcf - core::fmt::write::h78109e6f466b3af6
[INFO] [stdout]                                at /rustc/1b7dd2252b99671ce5d1cb9664c5f8636329436d/library/core/src/fmt/mod.rs:1254:17
[INFO] [stdout]    5:     0x5636a6c62735 - std::io::Write::write_fmt::hc59e1b02dd273c8a
[INFO] [stdout]                                at /rustc/1b7dd2252b99671ce5d1cb9664c5f8636329436d/library/std/src/io/mod.rs:1698:15
[INFO] [stdout]    6:     0x5636a6c65705 - std::sys_common::backtrace::_print::h8dac57a9f8fbf9a5
[INFO] [stdout]                                at /rustc/1b7dd2252b99671ce5d1cb9664c5f8636329436d/library/std/src/sys_common/backtrace.rs:47:5
[INFO] [stdout]    7:     0x5636a6c65705 - std::sys_common::backtrace::print::hf9ecbf41d1aa712f
[INFO] [stdout]                                at /rustc/1b7dd2252b99671ce5d1cb9664c5f8636329436d/library/std/src/sys_common/backtrace.rs:34:9
[INFO] [stdout]    8:     0x5636a6c66dae - std::panicking::default_hook::{{closure}}::h04c07acfc84ca028
[INFO] [stdout]                                at /rustc/1b7dd2252b99671ce5d1cb9664c5f8636329436d/library/std/src/panicking.rs:269:22
[INFO] [stdout]    9:     0x5636a6c66b55 - std::panicking::default_hook::h01f6bb23e1eceb2c
[INFO] [stdout]                                at /rustc/1b7dd2252b99671ce5d1cb9664c5f8636329436d/library/std/src/panicking.rs:288:9
[INFO] [stdout]   10:     0x5636a6c6730e - std::panicking::rust_panic_with_hook::h2bb3722bbaf2f6df
[INFO] [stdout]                                at /rustc/1b7dd2252b99671ce5d1cb9664c5f8636329436d/library/std/src/panicking.rs:691:13
[INFO] [stdout]   11:     0x5636a6c67209 - std::panicking::begin_panic_handler::{{closure}}::h91bc7f36a4be011b
[INFO] [stdout]                                at /rustc/1b7dd2252b99671ce5d1cb9664c5f8636329436d/library/std/src/panicking.rs:582:13
[INFO] [stdout]   12:     0x5636a6c65da6 - std::sys_common::backtrace::__rust_end_short_backtrace::h8b3d3717114f9e59
[INFO] [stdout]                                at /rustc/1b7dd2252b99671ce5d1cb9664c5f8636329436d/library/std/src/sys_common/backtrace.rs:150:18
[INFO] [stdout]   13:     0x5636a6c66f62 - rust_begin_unwind
[INFO] [stdout]                                at /rustc/1b7dd2252b99671ce5d1cb9664c5f8636329436d/library/std/src/panicking.rs:578:5
[INFO] [stdout]   14:     0x5636a6765fd3 - core::panicking::panic_fmt::hfd368e3fbdabea26
[INFO] [stdout]                                at /rustc/1b7dd2252b99671ce5d1cb9664c5f8636329436d/library/core/src/panicking.rs:67:14
[INFO] [stdout]   15:     0x5636a6766573 - core::result::unwrap_failed::he54eb4b2f125b26f
[INFO] [stdout]                                at /rustc/1b7dd2252b99671ce5d1cb9664c5f8636329436d/library/core/src/result.rs:1687:5
[INFO] [stdout]   16:     0x5636a6766aa3 - core::result::Result<T,E>::unwrap::ha252dc2f241cd243
[INFO] [stdout]   17:     0x5636a6766d35 - rust_out::main::_doctest_main_src_lib_rs_119_0::hdc236ef03e5a8ff8
[INFO] [stdout]   18:     0x5636a6766ca6 - rust_out::main::h2731449a68dfa004
[INFO] [stdout]   19:     0x5636a6766923 - core::ops::function::FnOnce::call_once::hd1715aa1b26fc35c
[INFO] [stdout]   20:     0x5636a6766826 - std::sys_common::backtrace::__rust_begin_short_backtrace::h8d2b4d09ce515535
[INFO] [stdout]   21:     0x5636a6766879 - std::rt::lang_start::{{closure}}::hc9a918c63b0dc835
[INFO] [stdout]   22:     0x5636a6c5ea6e - core::ops::function::impls::<impl core::ops::function::FnOnce<A> for &F>::call_once::h2eb19b8ce4148df4
[INFO] [stdout]                                at /rustc/1b7dd2252b99671ce5d1cb9664c5f8636329436d/library/core/src/ops/function.rs:287:13
[INFO] [stdout]   23:     0x5636a6c5ea6e - std::panicking::try::do_call::h2e900feff5d504c5
[INFO] [stdout]                                at /rustc/1b7dd2252b99671ce5d1cb9664c5f8636329436d/library/std/src/panicking.rs:485:40
[INFO] [stdout]   24:     0x5636a6c5ea6e - std::panicking::try::h8854836cb85aa9f2
[INFO] [stdout]                                at /rustc/1b7dd2252b99671ce5d1cb9664c5f8636329436d/library/std/src/panicking.rs:449:19
[INFO] [stdout]   25:     0x5636a6c5ea6e - std::panic::catch_unwind::h706025dd4c48f64b
[INFO] [stdout]                                at /rustc/1b7dd2252b99671ce5d1cb9664c5f8636329436d/library/std/src/panic.rs:140:14
[INFO] [stdout]   26:     0x5636a6c5ea6e - std::rt::lang_start_internal::{{closure}}::h7be5b97f4a07a91a
[INFO] [stdout]                                at /rustc/1b7dd2252b99671ce5d1cb9664c5f8636329436d/library/std/src/rt.rs:148:48
[INFO] [stdout]   27:     0x5636a6c5ea6e - std::panicking::try::do_call::h59847e9d0a176965
[INFO] [stdout]                                at /rustc/1b7dd2252b99671ce5d1cb9664c5f8636329436d/library/std/src/panicking.rs:485:40
[INFO] [stdout]   28:     0x5636a6c5ea6e - std::panicking::try::h399a918ba8522823
[INFO] [stdout]                                at /rustc/1b7dd2252b99671ce5d1cb9664c5f8636329436d/library/std/src/panicking.rs:449:19
[INFO] [stdout]   29:     0x5636a6c5ea6e - std::panic::catch_unwind::hca7ca6c55b2a2e26
[INFO] [stdout]                                at /rustc/1b7dd2252b99671ce5d1cb9664c5f8636329436d/library/std/src/panic.rs:140:14
[INFO] [stdout]   30:     0x5636a6c5ea6e - std::rt::lang_start_internal::h2c807a81560459eb
[INFO] [stdout]                                at /rustc/1b7dd2252b99671ce5d1cb9664c5f8636329436d/library/std/src/rt.rs:148:20
[INFO] [stdout]   31:     0x5636a6766857 - std::rt::lang_start::hc4bd3329ce767e23
[INFO] [stdout]   32:     0x5636a6767165 - main
[INFO] [stdout]   33:     0x7f9ed8df9d90 - <unknown>
[INFO] [stdout]   34:     0x7f9ed8df9e40 - __libc_start_main
[INFO] [stdout]   35:     0x5636a6766755 - _start
[INFO] [stdout]   36:                0x0 - <unknown>
[INFO] [stdout] 
[INFO] [stdout] 
[INFO] [stdout] 
[INFO] [stdout] failures:
[INFO] [stdout]     src/lib.rs - Repo::commits (line 119)
[INFO] [stdout]     src/lib.rs - Repo::count_objects (line 105)
[INFO] [stdout]     src/lib.rs - Repo::dir (line 93)
[INFO] [stdout]     src/lib.rs - Repo::refs (line 79)
[INFO] [stdout] 
[INFO] [stdout] test result: FAILED. 1 passed; 4 failed; 0 ignored; 0 measured; 0 filtered out; finished in 7.21s
[INFO] [stdout] 
[INFO] running `Command { std: "docker" "inspect" "f2fad7b494581ab82bab26d0cbe2404eddb86736621cd394fa54fe2ec9499bf2", kill_on_drop: false }`
[INFO] running `Command { std: "docker" "rm" "-f" "f2fad7b494581ab82bab26d0cbe2404eddb86736621cd394fa54fe2ec9499bf2", kill_on_drop: false }`
[INFO] [stdout] f2fad7b494581ab82bab26d0cbe2404eddb86736621cd394fa54fe2ec9499bf2
