[INFO] fetching crate rs-car-ipfs 0.3.0...
[INFO] testing rs-car-ipfs-0.3.0 against beta-2023-04-20 for beta-1.70-1
[INFO] extracting crate rs-car-ipfs 0.3.0 into /workspace/builds/worker-5-tc2/source
[INFO] validating manifest of crates.io crate rs-car-ipfs 0.3.0 on toolchain beta-2023-04-20
[INFO] running `Command { std: CARGO_HOME="/workspace/cargo-home" RUSTUP_HOME="/workspace/rustup-home" "/workspace/cargo-home/bin/cargo" "+beta-2023-04-20" "metadata" "--manifest-path" "Cargo.toml" "--no-deps", kill_on_drop: false }`
[INFO] started tweaking crates.io crate rs-car-ipfs 0.3.0
[INFO] finished tweaking crates.io crate rs-car-ipfs 0.3.0
[INFO] tweaked toml for crates.io crate rs-car-ipfs 0.3.0 written to /workspace/builds/worker-5-tc2/source/Cargo.toml
[INFO] crate crates.io crate rs-car-ipfs 0.3.0 already has a lockfile, it will not be regenerated
[INFO] running `Command { std: CARGO_HOME="/workspace/cargo-home" RUSTUP_HOME="/workspace/rustup-home" "/workspace/cargo-home/bin/cargo" "+beta-2023-04-20" "fetch" "--manifest-path" "Cargo.toml", kill_on_drop: false }`
[INFO] [stderr]     Updating crates.io index
[INFO] [stderr]  Downloading crates ...
[INFO] [stderr]   Downloaded cid v0.8.6
[INFO] [stderr]   Downloaded libipld-core v0.14.0
[INFO] [stderr]   Downloaded libipld-cbor v0.14.0
[INFO] [stderr]   Downloaded libipld-macro v0.14.0
[INFO] [stderr]   Downloaded libipld v0.14.0
[INFO] [stderr]   Downloaded constant_time_eq v0.2.4
[INFO] [stderr]   Downloaded cached v0.30.0
[INFO] [stderr]   Downloaded multibase v0.9.1
[INFO] [stderr]   Downloaded multihash-derive v0.8.1
[INFO] [stderr]   Downloaded quick-protobuf v0.8.1
[INFO] [stderr]   Downloaded blake2b_simd v1.0.1
[INFO] [stderr]   Downloaded rs-car v0.4.0
[INFO] running `Command { std: "docker" "create" "-v" "/var/lib/crater-agent-workspace/builds/worker-5-tc2/target:/opt/rustwide/target:rw,Z" "-v" "/var/lib/crater-agent-workspace/builds/worker-5-tc2/source:/opt/rustwide/workdir:ro,Z" "-v" "/var/lib/crater-agent-workspace/cargo-home:/opt/rustwide/cargo-home:ro,Z" "-v" "/var/lib/crater-agent-workspace/rustup-home:/opt/rustwide/rustup-home:ro,Z" "-e" "SOURCE_DIR=/opt/rustwide/workdir" "-e" "CARGO_TARGET_DIR=/opt/rustwide/target" "-e" "CARGO_HOME=/opt/rustwide/cargo-home" "-e" "RUSTUP_HOME=/opt/rustwide/rustup-home" "-w" "/opt/rustwide/workdir" "-m" "1610612736" "--user" "0:0" "--network" "none" "ghcr.io/rust-lang/crates-build-env/linux@sha256:5ff2268d62e97bff2cde7d5815dd6ed5b47097566f13b8d0ca110b04b60e07ed" "/opt/rustwide/cargo-home/bin/cargo" "+beta-2023-04-20" "metadata" "--no-deps" "--format-version=1", kill_on_drop: false }`
[INFO] [stdout] 759da09613580f87ac83a5f97f5877d61a12ea0413b4b1065791fcd606f53766
[INFO] running `Command { std: "docker" "start" "-a" "759da09613580f87ac83a5f97f5877d61a12ea0413b4b1065791fcd606f53766", kill_on_drop: false }`
[INFO] running `Command { std: "docker" "inspect" "759da09613580f87ac83a5f97f5877d61a12ea0413b4b1065791fcd606f53766", kill_on_drop: false }`
[INFO] running `Command { std: "docker" "rm" "-f" "759da09613580f87ac83a5f97f5877d61a12ea0413b4b1065791fcd606f53766", kill_on_drop: false }`
[INFO] [stdout] 759da09613580f87ac83a5f97f5877d61a12ea0413b4b1065791fcd606f53766
[INFO] running `Command { std: "docker" "create" "-v" "/var/lib/crater-agent-workspace/builds/worker-5-tc2/target:/opt/rustwide/target:rw,Z" "-v" "/var/lib/crater-agent-workspace/builds/worker-5-tc2/source:/opt/rustwide/workdir:ro,Z" "-v" "/var/lib/crater-agent-workspace/cargo-home:/opt/rustwide/cargo-home:ro,Z" "-v" "/var/lib/crater-agent-workspace/rustup-home:/opt/rustwide/rustup-home:ro,Z" "-e" "SOURCE_DIR=/opt/rustwide/workdir" "-e" "CARGO_TARGET_DIR=/opt/rustwide/target" "-e" "CARGO_INCREMENTAL=0" "-e" "RUST_BACKTRACE=full" "-e" "RUSTFLAGS=--cap-lints=warn" "-e" "RUSTDOCFLAGS=--cap-lints=warn" "-e" "CARGO_HOME=/opt/rustwide/cargo-home" "-e" "RUSTUP_HOME=/opt/rustwide/rustup-home" "-w" "/opt/rustwide/workdir" "-m" "1610612736" "--user" "0:0" "--network" "none" "ghcr.io/rust-lang/crates-build-env/linux@sha256:5ff2268d62e97bff2cde7d5815dd6ed5b47097566f13b8d0ca110b04b60e07ed" "/opt/rustwide/cargo-home/bin/cargo" "+beta-2023-04-20" "build" "--frozen" "--message-format=json", kill_on_drop: false }`
[INFO] [stdout] 3c204834f44e704a507a3ff3ac980fbda5659a98558e6a42de39c2964a9e6907
[INFO] running `Command { std: "docker" "start" "-a" "3c204834f44e704a507a3ff3ac980fbda5659a98558e6a42de39c2964a9e6907", kill_on_drop: false }`
[INFO] [stderr]    Compiling proc-macro2 v1.0.51
[INFO] [stderr]    Compiling unicode-ident v1.0.6
[INFO] [stderr]    Compiling quote v1.0.23
[INFO] [stderr]    Compiling syn v1.0.109
[INFO] [stderr]    Compiling typenum v1.16.0
[INFO] [stderr]    Compiling serde v1.0.152
[INFO] [stderr]    Compiling generic-array v0.14.6
[INFO] [stderr]    Compiling thiserror v1.0.38
[INFO] [stderr]    Compiling unicode-xid v0.2.4
[INFO] [stderr]    Compiling data-encoding v2.3.3
[INFO] [stderr]    Compiling arrayvec v0.7.2
[INFO] [stderr]    Compiling constant_time_eq v0.2.4
[INFO] [stderr]    Compiling cpufeatures v0.2.5
[INFO] [stderr]    Compiling arrayref v0.3.6
[INFO] [stderr]    Compiling core2 v0.4.0
[INFO] [stderr]    Compiling blake2b_simd v1.0.1
[INFO] [stderr]    Compiling base-x v0.2.11
[INFO] [stderr]    Compiling anyhow v1.0.69
[INFO] [stderr]    Compiling futures-core v0.3.26
[INFO] [stderr]    Compiling proc-macro-error-attr v1.0.4
[INFO] [stderr]    Compiling unsigned-varint v0.7.1
[INFO] [stderr]    Compiling futures-channel v0.3.26
[INFO] [stderr]    Compiling libc v0.2.139
[INFO] [stderr]    Compiling futures-task v0.3.26
[INFO] [stderr]    Compiling block-buffer v0.10.3
[INFO] [stderr]    Compiling crypto-common v0.1.6
[INFO] [stderr]    Compiling lock_api v0.4.9
[INFO] [stderr]    Compiling digest v0.10.6
[INFO] [stderr]    Compiling futures-util v0.3.26
[INFO] [stderr]    Compiling parking_lot_core v0.9.7
[INFO] [stderr]    Compiling sha2 v0.10.6
[INFO] [stderr]    Compiling futures-sink v0.3.26
[INFO] [stderr]    Compiling async-trait v0.1.64
[INFO] [stderr]    Compiling futures-io v0.3.26
[INFO] [stderr]    Compiling cached v0.30.0
[INFO] [stderr]    Compiling quick-protobuf v0.8.1
[INFO] [stderr]    Compiling parking_lot v0.12.1
[INFO] [stderr]    Compiling toml v0.5.11
[INFO] [stderr]    Compiling proc-macro-error v1.0.4
[INFO] [stderr]    Compiling synstructure v0.12.6
[INFO] [stderr]    Compiling thiserror-impl v1.0.38
[INFO] [stderr]    Compiling data-encoding-macro-internal v0.1.10
[INFO] [stderr]    Compiling futures-macro v0.3.26
[INFO] [stderr]    Compiling data-encoding-macro v0.1.12
[INFO] [stderr]    Compiling multibase v0.9.1
[INFO] [stderr]    Compiling proc-macro-crate v1.1.3
[INFO] [stderr]    Compiling multihash-derive v0.8.1
[INFO] [stderr]    Compiling multihash v0.16.3
[INFO] [stderr]    Compiling cid v0.8.6
[INFO] [stderr]    Compiling libipld-core v0.14.0
[INFO] [stderr]    Compiling libipld-macro v0.14.0
[INFO] [stderr]    Compiling libipld-cbor v0.14.0
[INFO] [stderr]    Compiling libipld v0.14.0
[INFO] [stderr]    Compiling futures-executor v0.3.26
[INFO] [stderr]    Compiling futures v0.3.26
[INFO] [stderr]    Compiling rs-car v0.4.0
[INFO] [stderr]    Compiling rs-car-ipfs v0.3.0 (/opt/rustwide/workdir)
[INFO] [stderr]     Finished dev [unoptimized + debuginfo] target(s) in 28.31s
[INFO] running `Command { std: "docker" "inspect" "3c204834f44e704a507a3ff3ac980fbda5659a98558e6a42de39c2964a9e6907", kill_on_drop: false }`
[INFO] running `Command { std: "docker" "rm" "-f" "3c204834f44e704a507a3ff3ac980fbda5659a98558e6a42de39c2964a9e6907", kill_on_drop: false }`
[INFO] [stdout] 3c204834f44e704a507a3ff3ac980fbda5659a98558e6a42de39c2964a9e6907
[INFO] running `Command { std: "docker" "create" "-v" "/var/lib/crater-agent-workspace/builds/worker-5-tc2/target:/opt/rustwide/target:rw,Z" "-v" "/var/lib/crater-agent-workspace/builds/worker-5-tc2/source:/opt/rustwide/workdir:ro,Z" "-v" "/var/lib/crater-agent-workspace/cargo-home:/opt/rustwide/cargo-home:ro,Z" "-v" "/var/lib/crater-agent-workspace/rustup-home:/opt/rustwide/rustup-home:ro,Z" "-e" "SOURCE_DIR=/opt/rustwide/workdir" "-e" "CARGO_TARGET_DIR=/opt/rustwide/target" "-e" "CARGO_INCREMENTAL=0" "-e" "RUST_BACKTRACE=full" "-e" "RUSTFLAGS=--cap-lints=warn" "-e" "RUSTDOCFLAGS=--cap-lints=warn" "-e" "CARGO_HOME=/opt/rustwide/cargo-home" "-e" "RUSTUP_HOME=/opt/rustwide/rustup-home" "-w" "/opt/rustwide/workdir" "-m" "1610612736" "--user" "0:0" "--network" "none" "ghcr.io/rust-lang/crates-build-env/linux@sha256:5ff2268d62e97bff2cde7d5815dd6ed5b47097566f13b8d0ca110b04b60e07ed" "/opt/rustwide/cargo-home/bin/cargo" "+beta-2023-04-20" "test" "--frozen" "--no-run" "--message-format=json", kill_on_drop: false }`
[INFO] [stdout] 9520d61601c7730219bf4cfca1eea53fbe1a9fa74f92ad4b9e1e694cb31c2e63
[INFO] running `Command { std: "docker" "start" "-a" "9520d61601c7730219bf4cfca1eea53fbe1a9fa74f92ad4b9e1e694cb31c2e63", kill_on_drop: false }`
[INFO] [stderr]    Compiling futures-core v0.3.26
[INFO] [stderr]    Compiling futures-io v0.3.26
[INFO] [stderr]    Compiling value-bag v1.0.0-alpha.9
[INFO] [stderr]    Compiling ctor v0.1.26
[INFO] [stderr]    Compiling log v0.4.17
[INFO] [stderr]    Compiling crossbeam-utils v0.8.14
[INFO] [stderr]    Compiling event-listener v2.5.3
[INFO] [stderr]    Compiling parking v2.0.0
[INFO] [stderr]    Compiling waker-fn v1.1.0
[INFO] [stderr]    Compiling fastrand v1.9.0
[INFO] [stderr]    Compiling polling v2.5.2
[INFO] [stderr]    Compiling async-io v1.12.0
[INFO] [stderr]    Compiling async-task v4.3.0
[INFO] [stderr]    Compiling socket2 v0.4.7
[INFO] [stderr]    Compiling futures-lite v1.12.0
[INFO] [stderr]    Compiling futures-channel v0.3.26
[INFO] [stderr]    Compiling atomic-waker v1.1.0
[INFO] [stderr]    Compiling async-attributes v1.1.2
[INFO] [stderr]    Compiling concurrent-queue v2.1.0
[INFO] [stderr]    Compiling futures-util v0.3.26
[INFO] [stderr]    Compiling hex-literal v0.3.4
[INFO] [stderr]    Compiling async-channel v1.8.0
[INFO] [stderr]    Compiling hex v0.4.3
[INFO] [stderr]    Compiling libipld v0.14.0
[INFO] [stderr]    Compiling kv-log-macro v1.0.7
[INFO] [stderr]    Compiling async-lock v2.6.0
[INFO] [stderr]    Compiling blocking v1.3.0
[INFO] [stderr]    Compiling async-executor v1.5.0
[INFO] [stderr]    Compiling async-global-executor v2.3.1
[INFO] [stderr]    Compiling async-std v1.12.0
[INFO] [stderr]    Compiling futures-executor v0.3.26
[INFO] [stderr]    Compiling futures v0.3.26
[INFO] [stderr]    Compiling rs-car v0.4.0
[INFO] [stderr]    Compiling rs-car-ipfs v0.3.0 (/opt/rustwide/workdir)
[INFO] [stderr]     Finished test [unoptimized + debuginfo] target(s) in 15.44s
[INFO] running `Command { std: "docker" "inspect" "9520d61601c7730219bf4cfca1eea53fbe1a9fa74f92ad4b9e1e694cb31c2e63", kill_on_drop: false }`
[INFO] running `Command { std: "docker" "rm" "-f" "9520d61601c7730219bf4cfca1eea53fbe1a9fa74f92ad4b9e1e694cb31c2e63", kill_on_drop: false }`
[INFO] [stdout] 9520d61601c7730219bf4cfca1eea53fbe1a9fa74f92ad4b9e1e694cb31c2e63
[INFO] running `Command { std: "docker" "create" "-v" "/var/lib/crater-agent-workspace/builds/worker-5-tc2/target:/opt/rustwide/target:rw,Z" "-v" "/var/lib/crater-agent-workspace/builds/worker-5-tc2/source:/opt/rustwide/workdir:ro,Z" "-v" "/var/lib/crater-agent-workspace/cargo-home:/opt/rustwide/cargo-home:ro,Z" "-v" "/var/lib/crater-agent-workspace/rustup-home:/opt/rustwide/rustup-home:ro,Z" "-e" "SOURCE_DIR=/opt/rustwide/workdir" "-e" "CARGO_TARGET_DIR=/opt/rustwide/target" "-e" "CARGO_INCREMENTAL=0" "-e" "RUST_BACKTRACE=full" "-e" "RUSTFLAGS=--cap-lints=warn" "-e" "RUSTDOCFLAGS=--cap-lints=warn" "-e" "CARGO_HOME=/opt/rustwide/cargo-home" "-e" "RUSTUP_HOME=/opt/rustwide/rustup-home" "-w" "/opt/rustwide/workdir" "-m" "1610612736" "--user" "0:0" "--network" "none" "ghcr.io/rust-lang/crates-build-env/linux@sha256:5ff2268d62e97bff2cde7d5815dd6ed5b47097566f13b8d0ca110b04b60e07ed" "/opt/rustwide/cargo-home/bin/cargo" "+beta-2023-04-20" "test" "--frozen", kill_on_drop: false }`
[INFO] [stdout] d5b7b7dd1df568659a647a9300f6eeded9ff3b71630f55cfe3b52bbb14846f1b
[INFO] running `Command { std: "docker" "start" "-a" "d5b7b7dd1df568659a647a9300f6eeded9ff3b71630f55cfe3b52bbb14846f1b", kill_on_drop: false }`
[INFO] [stderr]     Finished test [unoptimized + debuginfo] target(s) in 0.06s
[INFO] [stderr]      Running unittests src/lib.rs (/opt/rustwide/target/debug/deps/rs_car_ipfs-cd1407af10803113)
[INFO] [stdout] 
[INFO] [stdout] running 2 tests
[INFO] [stdout] test pb::test::linux_tarxz_range_links ... ok
[INFO] [stdout] test pb::test::parse_content ... ok
[INFO] [stdout] 
[INFO] [stdout] test result: ok. 2 passed; 0 failed; 0 ignored; 0 measured; 0 filtered out; finished in 0.00s
[INFO] [stdout] 
[INFO] [stderr]      Running tests/single_file.rs (/opt/rustwide/target/debug/deps/single_file-da0c33ab929a44c1)
[INFO] [stdout] 
[INFO] [stdout] running 1 test
[INFO] [stdout] test read_single_file_test_data ... ok
[INFO] [stdout] 
[INFO] [stdout] test result: ok. 1 passed; 0 failed; 0 ignored; 0 measured; 0 filtered out; finished in 18.01s
[INFO] [stdout] 
[INFO] [stderr]    Doc-tests rs_car_ipfs
[INFO] [stdout] 
[INFO] [stdout] running 2 tests
[INFO] [stdout] test src/single_file/single_file_buffer.rs - single_file::single_file_buffer::read_single_file_buffer (line 16) ... FAILED
[INFO] [stdout] test src/single_file/single_file_seek.rs - single_file::single_file_seek::read_single_file_seek (line 19) ... FAILED
[INFO] [stdout] 
[INFO] [stdout] failures:
[INFO] [stdout] 
[INFO] [stdout] ---- src/single_file/single_file_buffer.rs - single_file::single_file_buffer::read_single_file_buffer (line 16) stdout ----
[INFO] [stdout] Test executable failed (exit status: 1).
[INFO] [stdout] 
[INFO] [stdout] stderr:
[INFO] [stdout] Error: Os { code: 30, kind: ReadOnlyFilesystem, message: "Read-only file system" }
[INFO] [stdout] 
[INFO] [stdout] 
[INFO] [stdout] ---- src/single_file/single_file_seek.rs - single_file::single_file_seek::read_single_file_seek (line 19) stdout ----
[INFO] [stdout] Test executable failed (exit status: 1).
[INFO] [stdout] 
[INFO] [stdout] stderr:
[INFO] [stdout] Error: Os { code: 30, kind: ReadOnlyFilesystem, message: "Read-only file system" }
[INFO] [stdout] 
[INFO] [stdout] 
[INFO] [stdout] 
[INFO] [stdout] failures:
[INFO] [stdout]     src/single_file/single_file_buffer.rs - single_file::single_file_buffer::read_single_file_buffer (line 16)
[INFO] [stdout]     src/single_file/single_file_seek.rs - single_file::single_file_seek::read_single_file_seek (line 19)
[INFO] [stdout] 
[INFO] [stdout] test result: FAILED. 0 passed; 2 failed; 0 ignored; 0 measured; 0 filtered out; finished in 1.79s
[INFO] [stdout] 
[INFO] [stderr] error: doctest failed, to rerun pass `--doc`
[INFO] running `Command { std: "docker" "inspect" "d5b7b7dd1df568659a647a9300f6eeded9ff3b71630f55cfe3b52bbb14846f1b", kill_on_drop: false }`
[INFO] running `Command { std: "docker" "rm" "-f" "d5b7b7dd1df568659a647a9300f6eeded9ff3b71630f55cfe3b52bbb14846f1b", kill_on_drop: false }`
[INFO] [stdout] d5b7b7dd1df568659a647a9300f6eeded9ff3b71630f55cfe3b52bbb14846f1b
