[INFO] fetching crate rs-aggregate 0.2.2...
[INFO] testing rs-aggregate-0.2.2 against beta-2023-04-20 for beta-1.70-1
[INFO] extracting crate rs-aggregate 0.2.2 into /workspace/builds/worker-0-tc2/source
[INFO] validating manifest of crates.io crate rs-aggregate 0.2.2 on toolchain beta-2023-04-20
[INFO] running `Command { std: CARGO_HOME="/workspace/cargo-home" RUSTUP_HOME="/workspace/rustup-home" "/workspace/cargo-home/bin/cargo" "+beta-2023-04-20" "metadata" "--manifest-path" "Cargo.toml" "--no-deps", kill_on_drop: false }`
[INFO] started tweaking crates.io crate rs-aggregate 0.2.2
[INFO] finished tweaking crates.io crate rs-aggregate 0.2.2
[INFO] tweaked toml for crates.io crate rs-aggregate 0.2.2 written to /workspace/builds/worker-0-tc2/source/Cargo.toml
[INFO] crate crates.io crate rs-aggregate 0.2.2 already has a lockfile, it will not be regenerated
[INFO] running `Command { std: CARGO_HOME="/workspace/cargo-home" RUSTUP_HOME="/workspace/rustup-home" "/workspace/cargo-home/bin/cargo" "+beta-2023-04-20" "fetch" "--manifest-path" "Cargo.toml", kill_on_drop: false }`
[INFO] [stderr]     Updating crates.io index
[INFO] [stderr]  Downloading crates ...
[INFO] [stderr]   Downloaded iprange v0.6.7
[INFO] [stderr]   Downloaded assert_fs v1.0.12
[INFO] [stderr]   Downloaded predicates v3.0.1
[INFO] [stderr]   Downloaded bitflags v2.0.2
[INFO] [stderr]   Downloaded clap v4.1.12
[INFO] [stderr]   Downloaded clio v0.2.7
[INFO] running `Command { std: "docker" "create" "-v" "/var/lib/crater-agent-workspace/builds/worker-0-tc2/target:/opt/rustwide/target:rw,Z" "-v" "/var/lib/crater-agent-workspace/builds/worker-0-tc2/source:/opt/rustwide/workdir:ro,Z" "-v" "/var/lib/crater-agent-workspace/cargo-home:/opt/rustwide/cargo-home:ro,Z" "-v" "/var/lib/crater-agent-workspace/rustup-home:/opt/rustwide/rustup-home:ro,Z" "-e" "SOURCE_DIR=/opt/rustwide/workdir" "-e" "CARGO_TARGET_DIR=/opt/rustwide/target" "-e" "CARGO_HOME=/opt/rustwide/cargo-home" "-e" "RUSTUP_HOME=/opt/rustwide/rustup-home" "-w" "/opt/rustwide/workdir" "-m" "1610612736" "--user" "0:0" "--network" "none" "ghcr.io/rust-lang/crates-build-env/linux@sha256:5ff2268d62e97bff2cde7d5815dd6ed5b47097566f13b8d0ca110b04b60e07ed" "/opt/rustwide/cargo-home/bin/cargo" "+beta-2023-04-20" "metadata" "--no-deps" "--format-version=1", kill_on_drop: false }`
[INFO] [stdout] a6c7efcb8466a6952d226e02042b8e49a8a2ae9d5b70e1fb1dbaadb303e75766
[INFO] running `Command { std: "docker" "start" "-a" "a6c7efcb8466a6952d226e02042b8e49a8a2ae9d5b70e1fb1dbaadb303e75766", kill_on_drop: false }`
[INFO] running `Command { std: "docker" "inspect" "a6c7efcb8466a6952d226e02042b8e49a8a2ae9d5b70e1fb1dbaadb303e75766", kill_on_drop: false }`
[INFO] running `Command { std: "docker" "rm" "-f" "a6c7efcb8466a6952d226e02042b8e49a8a2ae9d5b70e1fb1dbaadb303e75766", kill_on_drop: false }`
[INFO] [stdout] a6c7efcb8466a6952d226e02042b8e49a8a2ae9d5b70e1fb1dbaadb303e75766
[INFO] running `Command { std: "docker" "create" "-v" "/var/lib/crater-agent-workspace/builds/worker-0-tc2/target:/opt/rustwide/target:rw,Z" "-v" "/var/lib/crater-agent-workspace/builds/worker-0-tc2/source:/opt/rustwide/workdir:ro,Z" "-v" "/var/lib/crater-agent-workspace/cargo-home:/opt/rustwide/cargo-home:ro,Z" "-v" "/var/lib/crater-agent-workspace/rustup-home:/opt/rustwide/rustup-home:ro,Z" "-e" "SOURCE_DIR=/opt/rustwide/workdir" "-e" "CARGO_TARGET_DIR=/opt/rustwide/target" "-e" "CARGO_INCREMENTAL=0" "-e" "RUST_BACKTRACE=full" "-e" "RUSTFLAGS=--cap-lints=warn" "-e" "RUSTDOCFLAGS=--cap-lints=warn" "-e" "CARGO_HOME=/opt/rustwide/cargo-home" "-e" "RUSTUP_HOME=/opt/rustwide/rustup-home" "-w" "/opt/rustwide/workdir" "-m" "1610612736" "--user" "0:0" "--network" "none" "ghcr.io/rust-lang/crates-build-env/linux@sha256:5ff2268d62e97bff2cde7d5815dd6ed5b47097566f13b8d0ca110b04b60e07ed" "/opt/rustwide/cargo-home/bin/cargo" "+beta-2023-04-20" "build" "--frozen" "--message-format=json", kill_on_drop: false }`
[INFO] [stdout] 53741dc56329b4dcec7686a9ee07ac349294b3acba9202f92427f866178d1dc4
[INFO] running `Command { std: "docker" "start" "-a" "53741dc56329b4dcec7686a9ee07ac349294b3acba9202f92427f866178d1dc4", kill_on_drop: false }`
[INFO] [stderr]    Compiling proc-macro2 v1.0.53
[INFO] [stderr]    Compiling libc v0.2.140
[INFO] [stderr]    Compiling unicode-ident v1.0.8
[INFO] [stderr]    Compiling quote v1.0.26
[INFO] [stderr]    Compiling io-lifetimes v1.0.9
[INFO] [stderr]    Compiling rustix v0.36.11
[INFO] [stderr]    Compiling linux-raw-sys v0.1.4
[INFO] [stderr]    Compiling bitflags v1.3.2
[INFO] [stderr]    Compiling heck v0.4.1
[INFO] [stderr]    Compiling os_str_bytes v6.5.0
[INFO] [stderr]    Compiling termcolor v1.2.0
[INFO] [stderr]    Compiling clap_lex v0.3.3
[INFO] [stderr]    Compiling strsim v0.10.0
[INFO] [stderr]    Compiling once_cell v1.17.1
[INFO] [stderr]    Compiling bitflags v2.0.2
[INFO] [stderr]    Compiling ipnet v2.7.1
[INFO] [stderr]    Compiling iprange v0.6.7
[INFO] [stderr]    Compiling syn v2.0.8
[INFO] [stderr]    Compiling is-terminal v0.4.5
[INFO] [stderr]    Compiling clap_derive v4.1.12
[INFO] [stderr]    Compiling clap v4.1.12
[INFO] [stderr]    Compiling clio v0.2.7
[INFO] [stderr]    Compiling rs-aggregate v0.2.2 (/opt/rustwide/workdir)
[INFO] [stderr]     Finished dev [unoptimized + debuginfo] target(s) in 21.36s
[INFO] running `Command { std: "docker" "inspect" "53741dc56329b4dcec7686a9ee07ac349294b3acba9202f92427f866178d1dc4", kill_on_drop: false }`
[INFO] running `Command { std: "docker" "rm" "-f" "53741dc56329b4dcec7686a9ee07ac349294b3acba9202f92427f866178d1dc4", kill_on_drop: false }`
[INFO] [stdout] 53741dc56329b4dcec7686a9ee07ac349294b3acba9202f92427f866178d1dc4
[INFO] running `Command { std: "docker" "create" "-v" "/var/lib/crater-agent-workspace/builds/worker-0-tc2/target:/opt/rustwide/target:rw,Z" "-v" "/var/lib/crater-agent-workspace/builds/worker-0-tc2/source:/opt/rustwide/workdir:ro,Z" "-v" "/var/lib/crater-agent-workspace/cargo-home:/opt/rustwide/cargo-home:ro,Z" "-v" "/var/lib/crater-agent-workspace/rustup-home:/opt/rustwide/rustup-home:ro,Z" "-e" "SOURCE_DIR=/opt/rustwide/workdir" "-e" "CARGO_TARGET_DIR=/opt/rustwide/target" "-e" "CARGO_INCREMENTAL=0" "-e" "RUST_BACKTRACE=full" "-e" "RUSTFLAGS=--cap-lints=warn" "-e" "RUSTDOCFLAGS=--cap-lints=warn" "-e" "CARGO_HOME=/opt/rustwide/cargo-home" "-e" "RUSTUP_HOME=/opt/rustwide/rustup-home" "-w" "/opt/rustwide/workdir" "-m" "1610612736" "--user" "0:0" "--network" "none" "ghcr.io/rust-lang/crates-build-env/linux@sha256:5ff2268d62e97bff2cde7d5815dd6ed5b47097566f13b8d0ca110b04b60e07ed" "/opt/rustwide/cargo-home/bin/cargo" "+beta-2023-04-20" "test" "--frozen" "--no-run" "--message-format=json", kill_on_drop: false }`
[INFO] [stdout] 7489a43c6ed8968e0e0efaccc3ff1bdd7b7ddb652e84a538b38adc1158de7824
[INFO] running `Command { std: "docker" "start" "-a" "7489a43c6ed8968e0e0efaccc3ff1bdd7b7ddb652e84a538b38adc1158de7824", kill_on_drop: false }`
[INFO] [stderr]    Compiling autocfg v1.1.0
[INFO] [stderr]    Compiling syn v1.0.109
[INFO] [stderr]    Compiling rustix v0.36.11
[INFO] [stderr]    Compiling aho-corasick v0.7.20
[INFO] [stderr]    Compiling regex-syntax v0.6.29
[INFO] [stderr]    Compiling futures-core v0.3.27
[INFO] [stderr]    Compiling semver v1.0.17
[INFO] [stderr]    Compiling futures-task v0.3.27
[INFO] [stderr]    Compiling log v0.4.17
[INFO] [stderr]    Compiling regex-automata v0.1.10
[INFO] [stderr]    Compiling futures-channel v0.3.27
[INFO] [stderr]    Compiling slab v0.4.8
[INFO] [stderr]    Compiling num-traits v0.2.15
[INFO] [stderr]    Compiling bstr v1.4.0
[INFO] [stderr]    Compiling futures-util v0.3.27
[INFO] [stderr]    Compiling futures-sink v0.3.27
[INFO] [stderr]    Compiling rustc_version v0.4.0
[INFO] [stderr]    Compiling same-file v1.0.6
[INFO] [stderr]    Compiling futures-io v0.3.27
[INFO] [stderr]    Compiling fnv v1.0.7
[INFO] [stderr]    Compiling pin-utils v0.1.0
[INFO] [stderr]    Compiling either v1.8.1
[INFO] [stderr]    Compiling predicates-core v1.0.6
[INFO] [stderr]    Compiling doc-comment v0.3.3
[INFO] [stderr]    Compiling pin-project-lite v0.2.9
[INFO] [stderr]    Compiling itertools v0.10.5
[INFO] [stderr]    Compiling walkdir v2.3.3
[INFO] [stderr]    Compiling rstest_macros v0.16.0
[INFO] [stderr]    Compiling float-cmp v0.9.0
[INFO] [stderr]    Compiling regex v1.7.2
[INFO] [stderr]    Compiling thread_local v1.1.7
[INFO] [stderr]    Compiling anstyle v0.3.5
[INFO] [stderr]    Compiling normalize-line-endings v0.3.0
[INFO] [stderr]    Compiling termtree v0.4.1
[INFO] [stderr]    Compiling is-terminal v0.4.5
[INFO] [stderr]    Compiling difflib v0.4.0
[INFO] [stderr]    Compiling clap v4.1.12
[INFO] [stderr]    Compiling predicates-tree v1.0.9
[INFO] [stderr]    Compiling fastrand v1.9.0
[INFO] [stderr]    Compiling wait-timeout v0.2.0
[INFO] [stderr]    Compiling tempfile v3.4.0
[INFO] [stderr]    Compiling globset v0.4.10
[INFO] [stderr]    Compiling predicates v3.0.1
[INFO] [stderr]    Compiling ignore v0.4.20
[INFO] [stderr]    Compiling futures-timer v3.0.2
[INFO] [stderr]    Compiling assert_cmd v2.0.10
[INFO] [stderr]    Compiling glob v0.3.1
[INFO] [stderr]    Compiling globwalk v0.8.1
[INFO] [stderr]    Compiling assert_fs v1.0.12
[INFO] [stderr]    Compiling clio v0.2.7
[INFO] [stderr]    Compiling futures-macro v0.3.27
[INFO] [stderr]    Compiling rs-aggregate v0.2.2 (/opt/rustwide/workdir)
[INFO] [stderr]    Compiling futures-executor v0.3.27
[INFO] [stderr]    Compiling futures v0.3.27
[INFO] [stderr]    Compiling rstest v0.16.0
[INFO] [stderr]     Finished test [unoptimized + debuginfo] target(s) in 47.49s
[INFO] running `Command { std: "docker" "inspect" "7489a43c6ed8968e0e0efaccc3ff1bdd7b7ddb652e84a538b38adc1158de7824", kill_on_drop: false }`
[INFO] running `Command { std: "docker" "rm" "-f" "7489a43c6ed8968e0e0efaccc3ff1bdd7b7ddb652e84a538b38adc1158de7824", kill_on_drop: false }`
[INFO] [stdout] 7489a43c6ed8968e0e0efaccc3ff1bdd7b7ddb652e84a538b38adc1158de7824
[INFO] running `Command { std: "docker" "create" "-v" "/var/lib/crater-agent-workspace/builds/worker-0-tc2/target:/opt/rustwide/target:rw,Z" "-v" "/var/lib/crater-agent-workspace/builds/worker-0-tc2/source:/opt/rustwide/workdir:ro,Z" "-v" "/var/lib/crater-agent-workspace/cargo-home:/opt/rustwide/cargo-home:ro,Z" "-v" "/var/lib/crater-agent-workspace/rustup-home:/opt/rustwide/rustup-home:ro,Z" "-e" "SOURCE_DIR=/opt/rustwide/workdir" "-e" "CARGO_TARGET_DIR=/opt/rustwide/target" "-e" "CARGO_INCREMENTAL=0" "-e" "RUST_BACKTRACE=full" "-e" "RUSTFLAGS=--cap-lints=warn" "-e" "RUSTDOCFLAGS=--cap-lints=warn" "-e" "CARGO_HOME=/opt/rustwide/cargo-home" "-e" "RUSTUP_HOME=/opt/rustwide/rustup-home" "-w" "/opt/rustwide/workdir" "-m" "1610612736" "--user" "0:0" "--network" "none" "ghcr.io/rust-lang/crates-build-env/linux@sha256:5ff2268d62e97bff2cde7d5815dd6ed5b47097566f13b8d0ca110b04b60e07ed" "/opt/rustwide/cargo-home/bin/cargo" "+beta-2023-04-20" "test" "--frozen", kill_on_drop: false }`
[INFO] [stdout] eca0ce89cd7318e282895f547d0b71b6a085550ebc0f2ba86219734b03649354
[INFO] running `Command { std: "docker" "start" "-a" "eca0ce89cd7318e282895f547d0b71b6a085550ebc0f2ba86219734b03649354", kill_on_drop: false }`
[INFO] [stderr]     Finished test [unoptimized + debuginfo] target(s) in 0.11s
[INFO] [stderr]      Running unittests src/main.rs (/opt/rustwide/target/debug/deps/rs_aggregate-3e641fc3afb094b6)
[INFO] [stdout] 
[INFO] [stdout] running 19 tests
[INFO] [stdout] test iputils::tests::parse_bare_v6 ... ok
[INFO] [stdout] test iputils::tests::parse_bare_v4 ... ok
[INFO] [stdout] test iputils::tests::parse_cidr_v4_max ... ok
[INFO] [stdout] test iputils::tests::parse_cidr_v4 ... ok
[INFO] [stdout] test iputils::tests::parse_cidr_v6_min ... ok
[INFO] [stdout] test iputils::tests::parse_single_prefixlen ... ok
[INFO] [stdout] test iputils::tests::parse_wildmask_v4 ... ok
[INFO] [stdout] test iputils::tests::parse_pair_prefixlen ... ok
[INFO] [stdout] test iputils::tests::parse_netmask_v4 ... ok
[INFO] [stdout] test iputils::tests::parse_cidr_v4_min ... ok
[INFO] [stdout] test iputils::tests::parse_cidr_v6 ... ok
[INFO] [stdout] test iputils::tests::reject_pair_prefixlen_invalid_v4 - should panic ... ok
[INFO] [stdout] test iputils::tests::reject_pair_prefixlen_invalid_v6 - should panic ... ok
[INFO] [stdout] test iputils::tests::reject_single_prefixlen_invalid - should panic ... ok
[INFO] [stdout] test iputils::tests::reject_single_prefixlen_negative - should panic ... ok
[INFO] [stdout] test iputils::tests::reject_v4_invalid_pfxlen - should panic ... ok
[INFO] [stdout] test iputils::tests::reject_v4_mask_v6 - should panic ... ok
[INFO] [stdout] test iputils::tests::reject_v6_invalid_pfxlen - should panic ... ok
[INFO] [stdout] test iputils::tests::reject_v6_mask_v6 - should panic ... ok
[INFO] [stdout] 
[INFO] [stdout] test result: ok. 19 passed; 0 failed; 0 ignored; 0 measured; 0 filtered out; finished in 0.03s
[INFO] [stdout] 
[INFO] [stderr]      Running tests/cli.rs (/opt/rustwide/target/debug/deps/cli-534e04be6496cd94)
[INFO] [stdout] 
[INFO] [stdout] running 8 tests
[INFO] [stdout] test dfz_test::case_2 ... FAILED
[INFO] [stdout] test dfz_test::case_1 ... FAILED
[INFO] [stdout] test dfz_test::case_3 ... FAILED
[INFO] [stdout] test dfz_test::case_5 ... FAILED
[INFO] [stdout] test multi_input_test::case_1 ... FAILED
[INFO] [stdout] test dfz_test::case_4 ... FAILED
[INFO] [stdout] test truncate_test::case_1 ... ok
[INFO] [stdout] test truncate_test::case_2 ... ok
[INFO] [stdout] 
[INFO] [stdout] failures:
[INFO] [stdout] 
[INFO] [stdout] ---- dfz_test::case_2 stdout ----
[INFO] [stdout] Error: Os { code: 2, kind: NotFound, message: "No such file or directory" }
[INFO] [stdout] 
[INFO] [stdout] ---- dfz_test::case_1 stdout ----
[INFO] [stdout] Error: Os { code: 2, kind: NotFound, message: "No such file or directory" }
[INFO] [stdout] 
[INFO] [stdout] ---- dfz_test::case_3 stdout ----
[INFO] [stdout] Error: Os { code: 2, kind: NotFound, message: "No such file or directory" }
[INFO] [stdout] 
[INFO] [stdout] ---- dfz_test::case_5 stdout ----
[INFO] [stdout] Error: Os { code: 2, kind: NotFound, message: "No such file or directory" }
[INFO] [stdout] 
[INFO] [stdout] ---- multi_input_test::case_1 stdout ----
[INFO] [stdout] Error: Os { code: 2, kind: NotFound, message: "No such file or directory" }
[INFO] [stdout] 
[INFO] [stdout] ---- dfz_test::case_4 stdout ----
[INFO] [stdout] Error: Os { code: 2, kind: NotFound, message: "No such file or directory" }
[INFO] [stdout] 
[INFO] [stdout] 
[INFO] [stdout] failures:
[INFO] [stdout]     dfz_test::case_1
[INFO] [stdout]     dfz_test::case_2
[INFO] [stdout]     dfz_test::case_3
[INFO] [stdout]     dfz_test::case_4
[INFO] [stdout]     dfz_test::case_5
[INFO] [stdout]     multi_input_test::case_1
[INFO] [stdout] 
[INFO] [stdout] test result: FAILED. 2 passed; 6 failed; 0 ignored; 0 measured; 0 filtered out; finished in 0.04s
[INFO] [stdout] 
[INFO] [stderr] error: test failed, to rerun pass `--test cli`
[INFO] running `Command { std: "docker" "inspect" "eca0ce89cd7318e282895f547d0b71b6a085550ebc0f2ba86219734b03649354", kill_on_drop: false }`
[INFO] running `Command { std: "docker" "rm" "-f" "eca0ce89cd7318e282895f547d0b71b6a085550ebc0f2ba86219734b03649354", kill_on_drop: false }`
[INFO] [stdout] eca0ce89cd7318e282895f547d0b71b6a085550ebc0f2ba86219734b03649354
