[INFO] fetching crate rpn_calc_motiroll 0.1.0...
[INFO] testing rpn_calc_motiroll-0.1.0 against 1.69.0 for beta-1.70-1
[INFO] extracting crate rpn_calc_motiroll 0.1.0 into /workspace/builds/worker-5-tc1/source
[INFO] validating manifest of crates.io crate rpn_calc_motiroll 0.1.0 on toolchain 1.69.0
[INFO] running `Command { std: CARGO_HOME="/workspace/cargo-home" RUSTUP_HOME="/workspace/rustup-home" "/workspace/cargo-home/bin/cargo" "+1.69.0" "metadata" "--manifest-path" "Cargo.toml" "--no-deps", kill_on_drop: false }`
[INFO] started tweaking crates.io crate rpn_calc_motiroll 0.1.0
[INFO] finished tweaking crates.io crate rpn_calc_motiroll 0.1.0
[INFO] tweaked toml for crates.io crate rpn_calc_motiroll 0.1.0 written to /workspace/builds/worker-5-tc1/source/Cargo.toml
[INFO] running `Command { std: CARGO_HOME="/workspace/cargo-home" RUSTUP_HOME="/workspace/rustup-home" __CARGO_TEST_CHANNEL_OVERRIDE_DO_NOT_USE_THIS="nightly" "/workspace/cargo-home/bin/cargo" "+1.69.0" "generate-lockfile" "--manifest-path" "Cargo.toml" "-Zno-index-update", kill_on_drop: false }`
[INFO] running `Command { std: CARGO_HOME="/workspace/cargo-home" RUSTUP_HOME="/workspace/rustup-home" "/workspace/cargo-home/bin/cargo" "+1.69.0" "fetch" "--manifest-path" "Cargo.toml", kill_on_drop: false }`
[INFO] [stderr]     Blocking waiting for file lock on package cache
[INFO] running `Command { std: "docker" "create" "-v" "/var/lib/crater-agent-workspace/builds/worker-5-tc1/target:/opt/rustwide/target:rw,Z" "-v" "/var/lib/crater-agent-workspace/builds/worker-5-tc1/source:/opt/rustwide/workdir:ro,Z" "-v" "/var/lib/crater-agent-workspace/cargo-home:/opt/rustwide/cargo-home:ro,Z" "-v" "/var/lib/crater-agent-workspace/rustup-home:/opt/rustwide/rustup-home:ro,Z" "-e" "SOURCE_DIR=/opt/rustwide/workdir" "-e" "CARGO_TARGET_DIR=/opt/rustwide/target" "-e" "CARGO_HOME=/opt/rustwide/cargo-home" "-e" "RUSTUP_HOME=/opt/rustwide/rustup-home" "-w" "/opt/rustwide/workdir" "-m" "1610612736" "--user" "0:0" "--network" "none" "ghcr.io/rust-lang/crates-build-env/linux@sha256:5ff2268d62e97bff2cde7d5815dd6ed5b47097566f13b8d0ca110b04b60e07ed" "/opt/rustwide/cargo-home/bin/cargo" "+1.69.0" "metadata" "--no-deps" "--format-version=1", kill_on_drop: false }`
[INFO] [stdout] f5a1e50531c571aea5e5711b49820b027c804dcce20f3562af9f65e5ed4a88a0
[INFO] running `Command { std: "docker" "start" "-a" "f5a1e50531c571aea5e5711b49820b027c804dcce20f3562af9f65e5ed4a88a0", kill_on_drop: false }`
[INFO] running `Command { std: "docker" "inspect" "f5a1e50531c571aea5e5711b49820b027c804dcce20f3562af9f65e5ed4a88a0", kill_on_drop: false }`
[INFO] running `Command { std: "docker" "rm" "-f" "f5a1e50531c571aea5e5711b49820b027c804dcce20f3562af9f65e5ed4a88a0", kill_on_drop: false }`
[INFO] [stdout] f5a1e50531c571aea5e5711b49820b027c804dcce20f3562af9f65e5ed4a88a0
[INFO] running `Command { std: "docker" "create" "-v" "/var/lib/crater-agent-workspace/builds/worker-5-tc1/target:/opt/rustwide/target:rw,Z" "-v" "/var/lib/crater-agent-workspace/builds/worker-5-tc1/source:/opt/rustwide/workdir:ro,Z" "-v" "/var/lib/crater-agent-workspace/cargo-home:/opt/rustwide/cargo-home:ro,Z" "-v" "/var/lib/crater-agent-workspace/rustup-home:/opt/rustwide/rustup-home:ro,Z" "-e" "SOURCE_DIR=/opt/rustwide/workdir" "-e" "CARGO_TARGET_DIR=/opt/rustwide/target" "-e" "CARGO_INCREMENTAL=0" "-e" "RUST_BACKTRACE=full" "-e" "RUSTFLAGS=--cap-lints=warn" "-e" "RUSTDOCFLAGS=--cap-lints=warn" "-e" "CARGO_HOME=/opt/rustwide/cargo-home" "-e" "RUSTUP_HOME=/opt/rustwide/rustup-home" "-w" "/opt/rustwide/workdir" "-m" "1610612736" "--user" "0:0" "--network" "none" "ghcr.io/rust-lang/crates-build-env/linux@sha256:5ff2268d62e97bff2cde7d5815dd6ed5b47097566f13b8d0ca110b04b60e07ed" "/opt/rustwide/cargo-home/bin/cargo" "+1.69.0" "build" "--frozen" "--message-format=json", kill_on_drop: false }`
[INFO] [stdout] f472aaae825635dfdbc190d81c624de2663ae0ce1c0e12c12d137eb4201906fc
[INFO] running `Command { std: "docker" "start" "-a" "f472aaae825635dfdbc190d81c624de2663ae0ce1c0e12c12d137eb4201906fc", kill_on_drop: false }`
[INFO] [stderr]    Compiling rpn_calc_motiroll v0.1.0 (/opt/rustwide/workdir)
[INFO] [stderr]     Finished dev [unoptimized + debuginfo] target(s) in 0.14s
[INFO] running `Command { std: "docker" "inspect" "f472aaae825635dfdbc190d81c624de2663ae0ce1c0e12c12d137eb4201906fc", kill_on_drop: false }`
[INFO] running `Command { std: "docker" "rm" "-f" "f472aaae825635dfdbc190d81c624de2663ae0ce1c0e12c12d137eb4201906fc", kill_on_drop: false }`
[INFO] [stdout] f472aaae825635dfdbc190d81c624de2663ae0ce1c0e12c12d137eb4201906fc
[INFO] running `Command { std: "docker" "create" "-v" "/var/lib/crater-agent-workspace/builds/worker-5-tc1/target:/opt/rustwide/target:rw,Z" "-v" "/var/lib/crater-agent-workspace/builds/worker-5-tc1/source:/opt/rustwide/workdir:ro,Z" "-v" "/var/lib/crater-agent-workspace/cargo-home:/opt/rustwide/cargo-home:ro,Z" "-v" "/var/lib/crater-agent-workspace/rustup-home:/opt/rustwide/rustup-home:ro,Z" "-e" "SOURCE_DIR=/opt/rustwide/workdir" "-e" "CARGO_TARGET_DIR=/opt/rustwide/target" "-e" "CARGO_INCREMENTAL=0" "-e" "RUST_BACKTRACE=full" "-e" "RUSTFLAGS=--cap-lints=warn" "-e" "RUSTDOCFLAGS=--cap-lints=warn" "-e" "CARGO_HOME=/opt/rustwide/cargo-home" "-e" "RUSTUP_HOME=/opt/rustwide/rustup-home" "-w" "/opt/rustwide/workdir" "-m" "1610612736" "--user" "0:0" "--network" "none" "ghcr.io/rust-lang/crates-build-env/linux@sha256:5ff2268d62e97bff2cde7d5815dd6ed5b47097566f13b8d0ca110b04b60e07ed" "/opt/rustwide/cargo-home/bin/cargo" "+1.69.0" "test" "--frozen" "--no-run" "--message-format=json", kill_on_drop: false }`
[INFO] [stdout] 4f7d7ea403f90f6d7ba99041c52b419f86f8089b99697a132390246031561e6a
[INFO] running `Command { std: "docker" "start" "-a" "4f7d7ea403f90f6d7ba99041c52b419f86f8089b99697a132390246031561e6a", kill_on_drop: false }`
[INFO] [stderr]    Compiling rpn_calc_motiroll v0.1.0 (/opt/rustwide/workdir)
[INFO] [stderr]     Finished test [unoptimized + debuginfo] target(s) in 0.50s
[INFO] running `Command { std: "docker" "inspect" "4f7d7ea403f90f6d7ba99041c52b419f86f8089b99697a132390246031561e6a", kill_on_drop: false }`
[INFO] running `Command { std: "docker" "rm" "-f" "4f7d7ea403f90f6d7ba99041c52b419f86f8089b99697a132390246031561e6a", kill_on_drop: false }`
[INFO] [stdout] 4f7d7ea403f90f6d7ba99041c52b419f86f8089b99697a132390246031561e6a
[INFO] running `Command { std: "docker" "create" "-v" "/var/lib/crater-agent-workspace/builds/worker-5-tc1/target:/opt/rustwide/target:rw,Z" "-v" "/var/lib/crater-agent-workspace/builds/worker-5-tc1/source:/opt/rustwide/workdir:ro,Z" "-v" "/var/lib/crater-agent-workspace/cargo-home:/opt/rustwide/cargo-home:ro,Z" "-v" "/var/lib/crater-agent-workspace/rustup-home:/opt/rustwide/rustup-home:ro,Z" "-e" "SOURCE_DIR=/opt/rustwide/workdir" "-e" "CARGO_TARGET_DIR=/opt/rustwide/target" "-e" "CARGO_INCREMENTAL=0" "-e" "RUST_BACKTRACE=full" "-e" "RUSTFLAGS=--cap-lints=warn" "-e" "RUSTDOCFLAGS=--cap-lints=warn" "-e" "CARGO_HOME=/opt/rustwide/cargo-home" "-e" "RUSTUP_HOME=/opt/rustwide/rustup-home" "-w" "/opt/rustwide/workdir" "-m" "1610612736" "--user" "0:0" "--network" "none" "ghcr.io/rust-lang/crates-build-env/linux@sha256:5ff2268d62e97bff2cde7d5815dd6ed5b47097566f13b8d0ca110b04b60e07ed" "/opt/rustwide/cargo-home/bin/cargo" "+1.69.0" "test" "--frozen", kill_on_drop: false }`
[INFO] [stdout] 1de96cc9f05d1ebb7963b6145043f0263c96b25991d3833d568588f6f53e05e7
[INFO] running `Command { std: "docker" "start" "-a" "1de96cc9f05d1ebb7963b6145043f0263c96b25991d3833d568588f6f53e05e7", kill_on_drop: false }`
[INFO] [stderr]     Finished test [unoptimized + debuginfo] target(s) in 0.01s
[INFO] [stderr]      Running unittests src/lib.rs (/opt/rustwide/target/debug/deps/rpn_calc_motiroll-a5d2369fc7de13b0)
[INFO] [stdout] 
[INFO] [stdout] running 1 test
[INFO] [stdout] test tests::it_works ... ok
[INFO] [stdout] 
[INFO] [stdout] test result: ok. 1 passed; 0 failed; 0 ignored; 0 measured; 0 filtered out; finished in 0.00s
[INFO] [stdout] 
[INFO] [stderr]    Doc-tests rpn_calc_motiroll
[INFO] [stdout] 
[INFO] [stdout] running 1 test
[INFO] [stdout] test src/lib.rs - eval (line 4) ... FAILED
[INFO] [stdout] 
[INFO] [stdout] failures:
[INFO] [stdout] 
[INFO] [stdout] ---- src/lib.rs - eval (line 4) stdout ----
[INFO] [stdout] error[E0433]: failed to resolve: use of undeclared crate or module `rpn_calc`
[INFO] [stdout]  --> src/lib.rs:6:9
[INFO] [stdout]   |
[INFO] [stdout] 4 | let a = rpn_calc::eval(src).unwrap();
[INFO] [stdout]   |         ^^^^^^^^ use of undeclared crate or module `rpn_calc`
[INFO] [stdout] 
[INFO] [stdout] error: aborting due to previous error
[INFO] [stdout] 
[INFO] [stdout] For more information about this error, try `rustc --explain E0433`.
[INFO] [stdout] Couldn't compile the test.
[INFO] [stdout] 
[INFO] [stdout] failures:
[INFO] [stdout]     src/lib.rs - eval (line 4)
[INFO] [stdout] 
[INFO] [stdout] test result: FAILED. 0 passed; 1 failed; 0 ignored; 0 measured; 0 filtered out; finished in 0.05s
[INFO] [stdout] 
[INFO] [stderr] error: doctest failed, to rerun pass `--doc`
[INFO] running `Command { std: "docker" "inspect" "1de96cc9f05d1ebb7963b6145043f0263c96b25991d3833d568588f6f53e05e7", kill_on_drop: false }`
[INFO] running `Command { std: "docker" "rm" "-f" "1de96cc9f05d1ebb7963b6145043f0263c96b25991d3833d568588f6f53e05e7", kill_on_drop: false }`
[INFO] [stdout] 1de96cc9f05d1ebb7963b6145043f0263c96b25991d3833d568588f6f53e05e7
