[INFO] fetching crate rpn_calc_by_banbiossa 0.1.0...
[INFO] testing rpn_calc_by_banbiossa-0.1.0 against 1.69.0 for beta-1.70-1
[INFO] extracting crate rpn_calc_by_banbiossa 0.1.0 into /workspace/builds/worker-6-tc1/source
[INFO] validating manifest of crates.io crate rpn_calc_by_banbiossa 0.1.0 on toolchain 1.69.0
[INFO] running `Command { std: CARGO_HOME="/workspace/cargo-home" RUSTUP_HOME="/workspace/rustup-home" "/workspace/cargo-home/bin/cargo" "+1.69.0" "metadata" "--manifest-path" "Cargo.toml" "--no-deps", kill_on_drop: false }`
[INFO] started tweaking crates.io crate rpn_calc_by_banbiossa 0.1.0
[INFO] finished tweaking crates.io crate rpn_calc_by_banbiossa 0.1.0
[INFO] tweaked toml for crates.io crate rpn_calc_by_banbiossa 0.1.0 written to /workspace/builds/worker-6-tc1/source/Cargo.toml
[INFO] running `Command { std: CARGO_HOME="/workspace/cargo-home" RUSTUP_HOME="/workspace/rustup-home" __CARGO_TEST_CHANNEL_OVERRIDE_DO_NOT_USE_THIS="nightly" "/workspace/cargo-home/bin/cargo" "+1.69.0" "generate-lockfile" "--manifest-path" "Cargo.toml" "-Zno-index-update", kill_on_drop: false }`
[INFO] running `Command { std: CARGO_HOME="/workspace/cargo-home" RUSTUP_HOME="/workspace/rustup-home" "/workspace/cargo-home/bin/cargo" "+1.69.0" "fetch" "--manifest-path" "Cargo.toml", kill_on_drop: false }`
[INFO] running `Command { std: "docker" "create" "-v" "/var/lib/crater-agent-workspace/builds/worker-6-tc1/target:/opt/rustwide/target:rw,Z" "-v" "/var/lib/crater-agent-workspace/builds/worker-6-tc1/source:/opt/rustwide/workdir:ro,Z" "-v" "/var/lib/crater-agent-workspace/cargo-home:/opt/rustwide/cargo-home:ro,Z" "-v" "/var/lib/crater-agent-workspace/rustup-home:/opt/rustwide/rustup-home:ro,Z" "-e" "SOURCE_DIR=/opt/rustwide/workdir" "-e" "CARGO_TARGET_DIR=/opt/rustwide/target" "-e" "CARGO_HOME=/opt/rustwide/cargo-home" "-e" "RUSTUP_HOME=/opt/rustwide/rustup-home" "-w" "/opt/rustwide/workdir" "-m" "1610612736" "--user" "0:0" "--network" "none" "ghcr.io/rust-lang/crates-build-env/linux@sha256:5ff2268d62e97bff2cde7d5815dd6ed5b47097566f13b8d0ca110b04b60e07ed" "/opt/rustwide/cargo-home/bin/cargo" "+1.69.0" "metadata" "--no-deps" "--format-version=1", kill_on_drop: false }`
[INFO] [stdout] 603622d431ad32a9ba598967dd7e0978fc614883737e2bed875c938502b24bb7
[INFO] running `Command { std: "docker" "start" "-a" "603622d431ad32a9ba598967dd7e0978fc614883737e2bed875c938502b24bb7", kill_on_drop: false }`
[INFO] running `Command { std: "docker" "inspect" "603622d431ad32a9ba598967dd7e0978fc614883737e2bed875c938502b24bb7", kill_on_drop: false }`
[INFO] running `Command { std: "docker" "rm" "-f" "603622d431ad32a9ba598967dd7e0978fc614883737e2bed875c938502b24bb7", kill_on_drop: false }`
[INFO] [stdout] 603622d431ad32a9ba598967dd7e0978fc614883737e2bed875c938502b24bb7
[INFO] running `Command { std: "docker" "create" "-v" "/var/lib/crater-agent-workspace/builds/worker-6-tc1/target:/opt/rustwide/target:rw,Z" "-v" "/var/lib/crater-agent-workspace/builds/worker-6-tc1/source:/opt/rustwide/workdir:ro,Z" "-v" "/var/lib/crater-agent-workspace/cargo-home:/opt/rustwide/cargo-home:ro,Z" "-v" "/var/lib/crater-agent-workspace/rustup-home:/opt/rustwide/rustup-home:ro,Z" "-e" "SOURCE_DIR=/opt/rustwide/workdir" "-e" "CARGO_TARGET_DIR=/opt/rustwide/target" "-e" "CARGO_INCREMENTAL=0" "-e" "RUST_BACKTRACE=full" "-e" "RUSTFLAGS=--cap-lints=warn" "-e" "RUSTDOCFLAGS=--cap-lints=warn" "-e" "CARGO_HOME=/opt/rustwide/cargo-home" "-e" "RUSTUP_HOME=/opt/rustwide/rustup-home" "-w" "/opt/rustwide/workdir" "-m" "1610612736" "--user" "0:0" "--network" "none" "ghcr.io/rust-lang/crates-build-env/linux@sha256:5ff2268d62e97bff2cde7d5815dd6ed5b47097566f13b8d0ca110b04b60e07ed" "/opt/rustwide/cargo-home/bin/cargo" "+1.69.0" "build" "--frozen" "--message-format=json", kill_on_drop: false }`
[INFO] [stdout] 22e491faa953b2364ca6129f7ca4f8bc8e56634c2519f4203dd87cdc4d1e5e3b
[INFO] running `Command { std: "docker" "start" "-a" "22e491faa953b2364ca6129f7ca4f8bc8e56634c2519f4203dd87cdc4d1e5e3b", kill_on_drop: false }`
[INFO] [stderr]    Compiling rpn_calc_by_banbiossa v0.1.0 (/opt/rustwide/workdir)
[INFO] [stderr]     Finished dev [unoptimized + debuginfo] target(s) in 0.39s
[INFO] running `Command { std: "docker" "inspect" "22e491faa953b2364ca6129f7ca4f8bc8e56634c2519f4203dd87cdc4d1e5e3b", kill_on_drop: false }`
[INFO] running `Command { std: "docker" "rm" "-f" "22e491faa953b2364ca6129f7ca4f8bc8e56634c2519f4203dd87cdc4d1e5e3b", kill_on_drop: false }`
[INFO] [stdout] 22e491faa953b2364ca6129f7ca4f8bc8e56634c2519f4203dd87cdc4d1e5e3b
[INFO] running `Command { std: "docker" "create" "-v" "/var/lib/crater-agent-workspace/builds/worker-6-tc1/target:/opt/rustwide/target:rw,Z" "-v" "/var/lib/crater-agent-workspace/builds/worker-6-tc1/source:/opt/rustwide/workdir:ro,Z" "-v" "/var/lib/crater-agent-workspace/cargo-home:/opt/rustwide/cargo-home:ro,Z" "-v" "/var/lib/crater-agent-workspace/rustup-home:/opt/rustwide/rustup-home:ro,Z" "-e" "SOURCE_DIR=/opt/rustwide/workdir" "-e" "CARGO_TARGET_DIR=/opt/rustwide/target" "-e" "CARGO_INCREMENTAL=0" "-e" "RUST_BACKTRACE=full" "-e" "RUSTFLAGS=--cap-lints=warn" "-e" "RUSTDOCFLAGS=--cap-lints=warn" "-e" "CARGO_HOME=/opt/rustwide/cargo-home" "-e" "RUSTUP_HOME=/opt/rustwide/rustup-home" "-w" "/opt/rustwide/workdir" "-m" "1610612736" "--user" "0:0" "--network" "none" "ghcr.io/rust-lang/crates-build-env/linux@sha256:5ff2268d62e97bff2cde7d5815dd6ed5b47097566f13b8d0ca110b04b60e07ed" "/opt/rustwide/cargo-home/bin/cargo" "+1.69.0" "test" "--frozen" "--no-run" "--message-format=json", kill_on_drop: false }`
[INFO] [stdout] 5a7a28a11da188a1c9ca1350c28f9fd06ec37b80bbbeaf2dc192389f2ce904b1
[INFO] running `Command { std: "docker" "start" "-a" "5a7a28a11da188a1c9ca1350c28f9fd06ec37b80bbbeaf2dc192389f2ce904b1", kill_on_drop: false }`
[INFO] [stderr]    Compiling rpn_calc_by_banbiossa v0.1.0 (/opt/rustwide/workdir)
[INFO] [stderr]     Finished test [unoptimized + debuginfo] target(s) in 0.76s
[INFO] running `Command { std: "docker" "inspect" "5a7a28a11da188a1c9ca1350c28f9fd06ec37b80bbbeaf2dc192389f2ce904b1", kill_on_drop: false }`
[INFO] running `Command { std: "docker" "rm" "-f" "5a7a28a11da188a1c9ca1350c28f9fd06ec37b80bbbeaf2dc192389f2ce904b1", kill_on_drop: false }`
[INFO] [stdout] 5a7a28a11da188a1c9ca1350c28f9fd06ec37b80bbbeaf2dc192389f2ce904b1
[INFO] running `Command { std: "docker" "create" "-v" "/var/lib/crater-agent-workspace/builds/worker-6-tc1/target:/opt/rustwide/target:rw,Z" "-v" "/var/lib/crater-agent-workspace/builds/worker-6-tc1/source:/opt/rustwide/workdir:ro,Z" "-v" "/var/lib/crater-agent-workspace/cargo-home:/opt/rustwide/cargo-home:ro,Z" "-v" "/var/lib/crater-agent-workspace/rustup-home:/opt/rustwide/rustup-home:ro,Z" "-e" "SOURCE_DIR=/opt/rustwide/workdir" "-e" "CARGO_TARGET_DIR=/opt/rustwide/target" "-e" "CARGO_INCREMENTAL=0" "-e" "RUST_BACKTRACE=full" "-e" "RUSTFLAGS=--cap-lints=warn" "-e" "RUSTDOCFLAGS=--cap-lints=warn" "-e" "CARGO_HOME=/opt/rustwide/cargo-home" "-e" "RUSTUP_HOME=/opt/rustwide/rustup-home" "-w" "/opt/rustwide/workdir" "-m" "1610612736" "--user" "0:0" "--network" "none" "ghcr.io/rust-lang/crates-build-env/linux@sha256:5ff2268d62e97bff2cde7d5815dd6ed5b47097566f13b8d0ca110b04b60e07ed" "/opt/rustwide/cargo-home/bin/cargo" "+1.69.0" "test" "--frozen", kill_on_drop: false }`
[INFO] [stdout] a01ef8e1dac13f567207dc1122cab314f85339cd3e95d80bbea7c33a7404085a
[INFO] running `Command { std: "docker" "start" "-a" "a01ef8e1dac13f567207dc1122cab314f85339cd3e95d80bbea7c33a7404085a", kill_on_drop: false }`
[INFO] [stderr]     Finished test [unoptimized + debuginfo] target(s) in 0.01s
[INFO] [stderr]      Running unittests src/lib.rs (/opt/rustwide/target/debug/deps/rpn_calc_by_banbiossa-3d7756d33959dac1)
[INFO] [stdout] 
[INFO] [stdout] running 1 test
[INFO] [stdout] test tests::it_works ... ok
[INFO] [stdout] 
[INFO] [stdout] test result: ok. 1 passed; 0 failed; 0 ignored; 0 measured; 0 filtered out; finished in 0.01s
[INFO] [stdout] 
[INFO] [stderr]    Doc-tests rpn_calc_by_banbiossa
[INFO] [stdout] 
[INFO] [stdout] running 1 test
[INFO] [stdout] test src/lib.rs - eval (line 4) ... FAILED
[INFO] [stderr] error: doctest failed, to rerun pass `--doc`
[INFO] [stdout] 
[INFO] [stdout] failures:
[INFO] [stdout] 
[INFO] [stdout] ---- src/lib.rs - eval (line 4) stdout ----
[INFO] [stdout] error[E0425]: cannot find value `a` in this scope
[INFO] [stdout]  --> src/lib.rs:6:1
[INFO] [stdout]   |
[INFO] [stdout] 4 | a = rpn_calc::eval(src).unwrap();
[INFO] [stdout]   | ^
[INFO] [stdout]   |
[INFO] [stdout] help: you might have meant to introduce a new binding
[INFO] [stdout]   |
[INFO] [stdout] 4 | let a = rpn_calc::eval(src).unwrap();
[INFO] [stdout]   | +++
[INFO] [stdout] 
[INFO] [stdout] error[E0425]: cannot find value `a` in this scope
[INFO] [stdout]  --> src/lib.rs:7:16
[INFO] [stdout]   |
[INFO] [stdout] 5 | println!("{}", a); // -> 9
[INFO] [stdout]   |                ^ not found in this scope
[INFO] [stdout] 
[INFO] [stdout] error[E0433]: failed to resolve: use of undeclared crate or module `rpn_calc`
[INFO] [stdout]  --> src/lib.rs:6:5
[INFO] [stdout]   |
[INFO] [stdout] 4 | a = rpn_calc::eval(src).unwrap();
[INFO] [stdout]   |     ^^^^^^^^ use of undeclared crate or module `rpn_calc`
[INFO] [stdout] 
[INFO] [stdout] error: aborting due to 3 previous errors
[INFO] [stdout] 
[INFO] [stdout] Some errors have detailed explanations: E0425, E0433.
[INFO] [stdout] For more information about an error, try `rustc --explain E0425`.
[INFO] [stdout] Couldn't compile the test.
[INFO] [stdout] 
[INFO] [stdout] failures:
[INFO] [stdout]     src/lib.rs - eval (line 4)
[INFO] [stdout] 
[INFO] [stdout] test result: FAILED. 0 passed; 1 failed; 0 ignored; 0 measured; 0 filtered out; finished in 0.06s
[INFO] [stdout] 
[INFO] running `Command { std: "docker" "inspect" "a01ef8e1dac13f567207dc1122cab314f85339cd3e95d80bbea7c33a7404085a", kill_on_drop: false }`
[INFO] running `Command { std: "docker" "rm" "-f" "a01ef8e1dac13f567207dc1122cab314f85339cd3e95d80bbea7c33a7404085a", kill_on_drop: false }`
[INFO] [stdout] a01ef8e1dac13f567207dc1122cab314f85339cd3e95d80bbea7c33a7404085a
