[INFO] fetching crate rpc_calc_adrenaline 0.1.0...
[INFO] testing rpc_calc_adrenaline-0.1.0 against 1.69.0 for beta-1.70-1
[INFO] extracting crate rpc_calc_adrenaline 0.1.0 into /workspace/builds/worker-7-tc1/source
[INFO] validating manifest of crates.io crate rpc_calc_adrenaline 0.1.0 on toolchain 1.69.0
[INFO] running `Command { std: CARGO_HOME="/workspace/cargo-home" RUSTUP_HOME="/workspace/rustup-home" "/workspace/cargo-home/bin/cargo" "+1.69.0" "metadata" "--manifest-path" "Cargo.toml" "--no-deps", kill_on_drop: false }`
[INFO] started tweaking crates.io crate rpc_calc_adrenaline 0.1.0
[INFO] finished tweaking crates.io crate rpc_calc_adrenaline 0.1.0
[INFO] tweaked toml for crates.io crate rpc_calc_adrenaline 0.1.0 written to /workspace/builds/worker-7-tc1/source/Cargo.toml
[INFO] running `Command { std: CARGO_HOME="/workspace/cargo-home" RUSTUP_HOME="/workspace/rustup-home" __CARGO_TEST_CHANNEL_OVERRIDE_DO_NOT_USE_THIS="nightly" "/workspace/cargo-home/bin/cargo" "+1.69.0" "generate-lockfile" "--manifest-path" "Cargo.toml" "-Zno-index-update", kill_on_drop: false }`
[INFO] running `Command { std: CARGO_HOME="/workspace/cargo-home" RUSTUP_HOME="/workspace/rustup-home" "/workspace/cargo-home/bin/cargo" "+1.69.0" "fetch" "--manifest-path" "Cargo.toml", kill_on_drop: false }`
[INFO] running `Command { std: "docker" "create" "-v" "/var/lib/crater-agent-workspace/builds/worker-7-tc1/target:/opt/rustwide/target:rw,Z" "-v" "/var/lib/crater-agent-workspace/builds/worker-7-tc1/source:/opt/rustwide/workdir:ro,Z" "-v" "/var/lib/crater-agent-workspace/cargo-home:/opt/rustwide/cargo-home:ro,Z" "-v" "/var/lib/crater-agent-workspace/rustup-home:/opt/rustwide/rustup-home:ro,Z" "-e" "SOURCE_DIR=/opt/rustwide/workdir" "-e" "CARGO_TARGET_DIR=/opt/rustwide/target" "-e" "CARGO_HOME=/opt/rustwide/cargo-home" "-e" "RUSTUP_HOME=/opt/rustwide/rustup-home" "-w" "/opt/rustwide/workdir" "-m" "1610612736" "--user" "0:0" "--network" "none" "ghcr.io/rust-lang/crates-build-env/linux@sha256:5ff2268d62e97bff2cde7d5815dd6ed5b47097566f13b8d0ca110b04b60e07ed" "/opt/rustwide/cargo-home/bin/cargo" "+1.69.0" "metadata" "--no-deps" "--format-version=1", kill_on_drop: false }`
[INFO] [stdout] 1dbbbf8f969a897e35786134c71e5a2c6cf494485a2f2fe948a450d6d1d424a1
[INFO] running `Command { std: "docker" "start" "-a" "1dbbbf8f969a897e35786134c71e5a2c6cf494485a2f2fe948a450d6d1d424a1", kill_on_drop: false }`
[INFO] running `Command { std: "docker" "inspect" "1dbbbf8f969a897e35786134c71e5a2c6cf494485a2f2fe948a450d6d1d424a1", kill_on_drop: false }`
[INFO] running `Command { std: "docker" "rm" "-f" "1dbbbf8f969a897e35786134c71e5a2c6cf494485a2f2fe948a450d6d1d424a1", kill_on_drop: false }`
[INFO] [stdout] 1dbbbf8f969a897e35786134c71e5a2c6cf494485a2f2fe948a450d6d1d424a1
[INFO] running `Command { std: "docker" "create" "-v" "/var/lib/crater-agent-workspace/builds/worker-7-tc1/target:/opt/rustwide/target:rw,Z" "-v" "/var/lib/crater-agent-workspace/builds/worker-7-tc1/source:/opt/rustwide/workdir:ro,Z" "-v" "/var/lib/crater-agent-workspace/cargo-home:/opt/rustwide/cargo-home:ro,Z" "-v" "/var/lib/crater-agent-workspace/rustup-home:/opt/rustwide/rustup-home:ro,Z" "-e" "SOURCE_DIR=/opt/rustwide/workdir" "-e" "CARGO_TARGET_DIR=/opt/rustwide/target" "-e" "CARGO_INCREMENTAL=0" "-e" "RUST_BACKTRACE=full" "-e" "RUSTFLAGS=--cap-lints=warn" "-e" "RUSTDOCFLAGS=--cap-lints=warn" "-e" "CARGO_HOME=/opt/rustwide/cargo-home" "-e" "RUSTUP_HOME=/opt/rustwide/rustup-home" "-w" "/opt/rustwide/workdir" "-m" "1610612736" "--user" "0:0" "--network" "none" "ghcr.io/rust-lang/crates-build-env/linux@sha256:5ff2268d62e97bff2cde7d5815dd6ed5b47097566f13b8d0ca110b04b60e07ed" "/opt/rustwide/cargo-home/bin/cargo" "+1.69.0" "build" "--frozen" "--message-format=json", kill_on_drop: false }`
[INFO] [stdout] c7858009b040bb80d0743d94b488e8f1869e8b189ba1c7fc91b1da28021023e8
[INFO] running `Command { std: "docker" "start" "-a" "c7858009b040bb80d0743d94b488e8f1869e8b189ba1c7fc91b1da28021023e8", kill_on_drop: false }`
[INFO] [stderr]    Compiling rpc_calc_adrenaline v0.1.0 (/opt/rustwide/workdir)
[INFO] [stderr]     Finished dev [unoptimized + debuginfo] target(s) in 0.12s
[INFO] running `Command { std: "docker" "inspect" "c7858009b040bb80d0743d94b488e8f1869e8b189ba1c7fc91b1da28021023e8", kill_on_drop: false }`
[INFO] running `Command { std: "docker" "rm" "-f" "c7858009b040bb80d0743d94b488e8f1869e8b189ba1c7fc91b1da28021023e8", kill_on_drop: false }`
[INFO] [stdout] c7858009b040bb80d0743d94b488e8f1869e8b189ba1c7fc91b1da28021023e8
[INFO] running `Command { std: "docker" "create" "-v" "/var/lib/crater-agent-workspace/builds/worker-7-tc1/target:/opt/rustwide/target:rw,Z" "-v" "/var/lib/crater-agent-workspace/builds/worker-7-tc1/source:/opt/rustwide/workdir:ro,Z" "-v" "/var/lib/crater-agent-workspace/cargo-home:/opt/rustwide/cargo-home:ro,Z" "-v" "/var/lib/crater-agent-workspace/rustup-home:/opt/rustwide/rustup-home:ro,Z" "-e" "SOURCE_DIR=/opt/rustwide/workdir" "-e" "CARGO_TARGET_DIR=/opt/rustwide/target" "-e" "CARGO_INCREMENTAL=0" "-e" "RUST_BACKTRACE=full" "-e" "RUSTFLAGS=--cap-lints=warn" "-e" "RUSTDOCFLAGS=--cap-lints=warn" "-e" "CARGO_HOME=/opt/rustwide/cargo-home" "-e" "RUSTUP_HOME=/opt/rustwide/rustup-home" "-w" "/opt/rustwide/workdir" "-m" "1610612736" "--user" "0:0" "--network" "none" "ghcr.io/rust-lang/crates-build-env/linux@sha256:5ff2268d62e97bff2cde7d5815dd6ed5b47097566f13b8d0ca110b04b60e07ed" "/opt/rustwide/cargo-home/bin/cargo" "+1.69.0" "test" "--frozen" "--no-run" "--message-format=json", kill_on_drop: false }`
[INFO] [stdout] 6b5d2fcdf9793daed6d55a0fbea0332e0237c0fbfe954b664ad8a8a8bb4c1c91
[INFO] running `Command { std: "docker" "start" "-a" "6b5d2fcdf9793daed6d55a0fbea0332e0237c0fbfe954b664ad8a8a8bb4c1c91", kill_on_drop: false }`
[INFO] [stderr]    Compiling rpc_calc_adrenaline v0.1.0 (/opt/rustwide/workdir)
[INFO] [stderr]     Finished test [unoptimized + debuginfo] target(s) in 0.27s
[INFO] running `Command { std: "docker" "inspect" "6b5d2fcdf9793daed6d55a0fbea0332e0237c0fbfe954b664ad8a8a8bb4c1c91", kill_on_drop: false }`
[INFO] running `Command { std: "docker" "rm" "-f" "6b5d2fcdf9793daed6d55a0fbea0332e0237c0fbfe954b664ad8a8a8bb4c1c91", kill_on_drop: false }`
[INFO] [stdout] 6b5d2fcdf9793daed6d55a0fbea0332e0237c0fbfe954b664ad8a8a8bb4c1c91
[INFO] running `Command { std: "docker" "create" "-v" "/var/lib/crater-agent-workspace/builds/worker-7-tc1/target:/opt/rustwide/target:rw,Z" "-v" "/var/lib/crater-agent-workspace/builds/worker-7-tc1/source:/opt/rustwide/workdir:ro,Z" "-v" "/var/lib/crater-agent-workspace/cargo-home:/opt/rustwide/cargo-home:ro,Z" "-v" "/var/lib/crater-agent-workspace/rustup-home:/opt/rustwide/rustup-home:ro,Z" "-e" "SOURCE_DIR=/opt/rustwide/workdir" "-e" "CARGO_TARGET_DIR=/opt/rustwide/target" "-e" "CARGO_INCREMENTAL=0" "-e" "RUST_BACKTRACE=full" "-e" "RUSTFLAGS=--cap-lints=warn" "-e" "RUSTDOCFLAGS=--cap-lints=warn" "-e" "CARGO_HOME=/opt/rustwide/cargo-home" "-e" "RUSTUP_HOME=/opt/rustwide/rustup-home" "-w" "/opt/rustwide/workdir" "-m" "1610612736" "--user" "0:0" "--network" "none" "ghcr.io/rust-lang/crates-build-env/linux@sha256:5ff2268d62e97bff2cde7d5815dd6ed5b47097566f13b8d0ca110b04b60e07ed" "/opt/rustwide/cargo-home/bin/cargo" "+1.69.0" "test" "--frozen", kill_on_drop: false }`
[INFO] [stdout] 15c39804c3d4a829e57960cfd709f42ae85c1fa98dc4bd30fc69ad1f06e8ee77
[INFO] running `Command { std: "docker" "start" "-a" "15c39804c3d4a829e57960cfd709f42ae85c1fa98dc4bd30fc69ad1f06e8ee77", kill_on_drop: false }`
[INFO] [stderr]     Finished test [unoptimized + debuginfo] target(s) in 0.00s
[INFO] [stderr]      Running unittests src/lib.rs (/opt/rustwide/target/debug/deps/rpc_calc_adrenaline-f177ecd4c9721215)
[INFO] [stdout] 
[INFO] [stdout] running 1 test
[INFO] [stdout] test tests::it_works ... ok
[INFO] [stdout] 
[INFO] [stdout] test result: ok. 1 passed; 0 failed; 0 ignored; 0 measured; 0 filtered out; finished in 0.00s
[INFO] [stdout] 
[INFO] [stderr]    Doc-tests rpc_calc_adrenaline
[INFO] [stdout] 
[INFO] [stdout] running 1 test
[INFO] [stdout] test src/lib.rs - eval (line 3) ... FAILED
[INFO] [stdout] 
[INFO] [stdout] failures:
[INFO] [stdout] 
[INFO] [stdout] ---- src/lib.rs - eval (line 3) stdout ----
[INFO] [stdout] error[E0425]: cannot find value `stc` in this scope
[INFO] [stdout]  --> src/lib.rs:5:24
[INFO] [stdout]   |
[INFO] [stdout] 4 | let a = rpn_calc::eval(stc).unwrap();
[INFO] [stdout]   |                        ^^^ help: a local variable with a similar name exists: `src`
[INFO] [stdout] 
[INFO] [stdout] error[E0433]: failed to resolve: use of undeclared crate or module `rpn_calc`
[INFO] [stdout]  --> src/lib.rs:5:9
[INFO] [stdout]   |
[INFO] [stdout] 4 | let a = rpn_calc::eval(stc).unwrap();
[INFO] [stdout]   |         ^^^^^^^^ use of undeclared crate or module `rpn_calc`
[INFO] [stdout] 
[INFO] [stdout] error: aborting due to 2 previous errors
[INFO] [stdout] 
[INFO] [stdout] Some errors have detailed explanations: E0425, E0433.
[INFO] [stdout] For more information about an error, try `rustc --explain E0425`.
[INFO] [stdout] Couldn't compile the test.
[INFO] [stdout] 
[INFO] [stdout] failures:
[INFO] [stdout]     src/lib.rs - eval (line 3)
[INFO] [stdout] 
[INFO] [stdout] test result: FAILED. 0 passed; 1 failed; 0 ignored; 0 measured; 0 filtered out; finished in 0.03s
[INFO] [stdout] 
[INFO] [stderr] error: doctest failed, to rerun pass `--doc`
[INFO] running `Command { std: "docker" "inspect" "15c39804c3d4a829e57960cfd709f42ae85c1fa98dc4bd30fc69ad1f06e8ee77", kill_on_drop: false }`
[INFO] running `Command { std: "docker" "rm" "-f" "15c39804c3d4a829e57960cfd709f42ae85c1fa98dc4bd30fc69ad1f06e8ee77", kill_on_drop: false }`
[INFO] [stdout] 15c39804c3d4a829e57960cfd709f42ae85c1fa98dc4bd30fc69ad1f06e8ee77
