[INFO] fetching crate rp1-macros 0.3.1...
[INFO] testing rp1-macros-0.3.1 against 1.69.0 for beta-1.70-1
[INFO] extracting crate rp1-macros 0.3.1 into /workspace/builds/worker-4-tc1/source
[INFO] validating manifest of crates.io crate rp1-macros 0.3.1 on toolchain 1.69.0
[INFO] running `Command { std: CARGO_HOME="/workspace/cargo-home" RUSTUP_HOME="/workspace/rustup-home" "/workspace/cargo-home/bin/cargo" "+1.69.0" "metadata" "--manifest-path" "Cargo.toml" "--no-deps", kill_on_drop: false }`
[INFO] started tweaking crates.io crate rp1-macros 0.3.1
[INFO] finished tweaking crates.io crate rp1-macros 0.3.1
[INFO] tweaked toml for crates.io crate rp1-macros 0.3.1 written to /workspace/builds/worker-4-tc1/source/Cargo.toml
[INFO] running `Command { std: CARGO_HOME="/workspace/cargo-home" RUSTUP_HOME="/workspace/rustup-home" __CARGO_TEST_CHANNEL_OVERRIDE_DO_NOT_USE_THIS="nightly" "/workspace/cargo-home/bin/cargo" "+1.69.0" "generate-lockfile" "--manifest-path" "Cargo.toml" "-Zno-index-update", kill_on_drop: false }`
[INFO] [stderr]     Blocking waiting for file lock on package cache
[INFO] running `Command { std: CARGO_HOME="/workspace/cargo-home" RUSTUP_HOME="/workspace/rustup-home" "/workspace/cargo-home/bin/cargo" "+1.69.0" "fetch" "--manifest-path" "Cargo.toml", kill_on_drop: false }`
[INFO] running `Command { std: "docker" "create" "-v" "/var/lib/crater-agent-workspace/builds/worker-4-tc1/target:/opt/rustwide/target:rw,Z" "-v" "/var/lib/crater-agent-workspace/builds/worker-4-tc1/source:/opt/rustwide/workdir:ro,Z" "-v" "/var/lib/crater-agent-workspace/cargo-home:/opt/rustwide/cargo-home:ro,Z" "-v" "/var/lib/crater-agent-workspace/rustup-home:/opt/rustwide/rustup-home:ro,Z" "-e" "SOURCE_DIR=/opt/rustwide/workdir" "-e" "CARGO_TARGET_DIR=/opt/rustwide/target" "-e" "CARGO_HOME=/opt/rustwide/cargo-home" "-e" "RUSTUP_HOME=/opt/rustwide/rustup-home" "-w" "/opt/rustwide/workdir" "-m" "1610612736" "--user" "0:0" "--network" "none" "ghcr.io/rust-lang/crates-build-env/linux@sha256:5ff2268d62e97bff2cde7d5815dd6ed5b47097566f13b8d0ca110b04b60e07ed" "/opt/rustwide/cargo-home/bin/cargo" "+1.69.0" "metadata" "--no-deps" "--format-version=1", kill_on_drop: false }`
[INFO] [stdout] e4997cf3b65414bd2e1f93dc8fbbd882dc18a2f9e7626a1dcaac5dd73c2f6f04
[INFO] running `Command { std: "docker" "start" "-a" "e4997cf3b65414bd2e1f93dc8fbbd882dc18a2f9e7626a1dcaac5dd73c2f6f04", kill_on_drop: false }`
[INFO] running `Command { std: "docker" "inspect" "e4997cf3b65414bd2e1f93dc8fbbd882dc18a2f9e7626a1dcaac5dd73c2f6f04", kill_on_drop: false }`
[INFO] running `Command { std: "docker" "rm" "-f" "e4997cf3b65414bd2e1f93dc8fbbd882dc18a2f9e7626a1dcaac5dd73c2f6f04", kill_on_drop: false }`
[INFO] [stdout] e4997cf3b65414bd2e1f93dc8fbbd882dc18a2f9e7626a1dcaac5dd73c2f6f04
[INFO] running `Command { std: "docker" "create" "-v" "/var/lib/crater-agent-workspace/builds/worker-4-tc1/target:/opt/rustwide/target:rw,Z" "-v" "/var/lib/crater-agent-workspace/builds/worker-4-tc1/source:/opt/rustwide/workdir:ro,Z" "-v" "/var/lib/crater-agent-workspace/cargo-home:/opt/rustwide/cargo-home:ro,Z" "-v" "/var/lib/crater-agent-workspace/rustup-home:/opt/rustwide/rustup-home:ro,Z" "-e" "SOURCE_DIR=/opt/rustwide/workdir" "-e" "CARGO_TARGET_DIR=/opt/rustwide/target" "-e" "CARGO_INCREMENTAL=0" "-e" "RUST_BACKTRACE=full" "-e" "RUSTFLAGS=--cap-lints=warn" "-e" "RUSTDOCFLAGS=--cap-lints=warn" "-e" "CARGO_HOME=/opt/rustwide/cargo-home" "-e" "RUSTUP_HOME=/opt/rustwide/rustup-home" "-w" "/opt/rustwide/workdir" "-m" "1610612736" "--user" "0:0" "--network" "none" "ghcr.io/rust-lang/crates-build-env/linux@sha256:5ff2268d62e97bff2cde7d5815dd6ed5b47097566f13b8d0ca110b04b60e07ed" "/opt/rustwide/cargo-home/bin/cargo" "+1.69.0" "build" "--frozen" "--message-format=json", kill_on_drop: false }`
[INFO] [stdout] 2638f1d8787d942dc4e675f9bc2da9d01d7d41d0df39cbb7aeccb2cd9f87758b
[INFO] running `Command { std: "docker" "start" "-a" "2638f1d8787d942dc4e675f9bc2da9d01d7d41d0df39cbb7aeccb2cd9f87758b", kill_on_drop: false }`
[INFO] [stderr]    Compiling fnv v1.0.7
[INFO] [stderr]    Compiling ident_case v1.0.1
[INFO] [stderr]    Compiling strsim v0.10.0
[INFO] [stderr]    Compiling regex-syntax v0.7.1
[INFO] [stderr]    Compiling lazy_static v1.4.0
[INFO] [stderr]    Compiling memchr v2.5.0
[INFO] [stderr]    Compiling darling_core v0.13.4
[INFO] [stderr]    Compiling aho-corasick v1.0.1
[INFO] [stderr]    Compiling darling_macro v0.13.4
[INFO] [stderr]    Compiling regex v1.8.1
[INFO] [stderr]    Compiling darling v0.13.4
[INFO] [stderr]    Compiling Inflector v0.11.4
[INFO] [stderr]    Compiling rp1-macros v0.3.1 (/opt/rustwide/workdir)
[INFO] [stderr]     Finished dev [unoptimized + debuginfo] target(s) in 7.27s
[INFO] running `Command { std: "docker" "inspect" "2638f1d8787d942dc4e675f9bc2da9d01d7d41d0df39cbb7aeccb2cd9f87758b", kill_on_drop: false }`
[INFO] running `Command { std: "docker" "rm" "-f" "2638f1d8787d942dc4e675f9bc2da9d01d7d41d0df39cbb7aeccb2cd9f87758b", kill_on_drop: false }`
[INFO] [stdout] 2638f1d8787d942dc4e675f9bc2da9d01d7d41d0df39cbb7aeccb2cd9f87758b
[INFO] running `Command { std: "docker" "create" "-v" "/var/lib/crater-agent-workspace/builds/worker-4-tc1/target:/opt/rustwide/target:rw,Z" "-v" "/var/lib/crater-agent-workspace/builds/worker-4-tc1/source:/opt/rustwide/workdir:ro,Z" "-v" "/var/lib/crater-agent-workspace/cargo-home:/opt/rustwide/cargo-home:ro,Z" "-v" "/var/lib/crater-agent-workspace/rustup-home:/opt/rustwide/rustup-home:ro,Z" "-e" "SOURCE_DIR=/opt/rustwide/workdir" "-e" "CARGO_TARGET_DIR=/opt/rustwide/target" "-e" "CARGO_INCREMENTAL=0" "-e" "RUST_BACKTRACE=full" "-e" "RUSTFLAGS=--cap-lints=warn" "-e" "RUSTDOCFLAGS=--cap-lints=warn" "-e" "CARGO_HOME=/opt/rustwide/cargo-home" "-e" "RUSTUP_HOME=/opt/rustwide/rustup-home" "-w" "/opt/rustwide/workdir" "-m" "1610612736" "--user" "0:0" "--network" "none" "ghcr.io/rust-lang/crates-build-env/linux@sha256:5ff2268d62e97bff2cde7d5815dd6ed5b47097566f13b8d0ca110b04b60e07ed" "/opt/rustwide/cargo-home/bin/cargo" "+1.69.0" "test" "--frozen" "--no-run" "--message-format=json", kill_on_drop: false }`
[INFO] [stdout] 34846590091ac07c805c8835cf16aae8ee04469b302255180565adb4c0b7c693
[INFO] running `Command { std: "docker" "start" "-a" "34846590091ac07c805c8835cf16aae8ee04469b302255180565adb4c0b7c693", kill_on_drop: false }`
[INFO] [stderr]    Compiling rp1-macros v0.3.1 (/opt/rustwide/workdir)
[INFO] [stderr]     Finished test [unoptimized + debuginfo] target(s) in 1.69s
[INFO] running `Command { std: "docker" "inspect" "34846590091ac07c805c8835cf16aae8ee04469b302255180565adb4c0b7c693", kill_on_drop: false }`
[INFO] running `Command { std: "docker" "rm" "-f" "34846590091ac07c805c8835cf16aae8ee04469b302255180565adb4c0b7c693", kill_on_drop: false }`
[INFO] [stdout] 34846590091ac07c805c8835cf16aae8ee04469b302255180565adb4c0b7c693
[INFO] running `Command { std: "docker" "create" "-v" "/var/lib/crater-agent-workspace/builds/worker-4-tc1/target:/opt/rustwide/target:rw,Z" "-v" "/var/lib/crater-agent-workspace/builds/worker-4-tc1/source:/opt/rustwide/workdir:ro,Z" "-v" "/var/lib/crater-agent-workspace/cargo-home:/opt/rustwide/cargo-home:ro,Z" "-v" "/var/lib/crater-agent-workspace/rustup-home:/opt/rustwide/rustup-home:ro,Z" "-e" "SOURCE_DIR=/opt/rustwide/workdir" "-e" "CARGO_TARGET_DIR=/opt/rustwide/target" "-e" "CARGO_INCREMENTAL=0" "-e" "RUST_BACKTRACE=full" "-e" "RUSTFLAGS=--cap-lints=warn" "-e" "RUSTDOCFLAGS=--cap-lints=warn" "-e" "CARGO_HOME=/opt/rustwide/cargo-home" "-e" "RUSTUP_HOME=/opt/rustwide/rustup-home" "-w" "/opt/rustwide/workdir" "-m" "1610612736" "--user" "0:0" "--network" "none" "ghcr.io/rust-lang/crates-build-env/linux@sha256:5ff2268d62e97bff2cde7d5815dd6ed5b47097566f13b8d0ca110b04b60e07ed" "/opt/rustwide/cargo-home/bin/cargo" "+1.69.0" "test" "--frozen", kill_on_drop: false }`
[INFO] [stdout] 8e59fa1a0c8cce080f92779a4a6d876df8e15153f888f789a8a6560986886d71
[INFO] running `Command { std: "docker" "start" "-a" "8e59fa1a0c8cce080f92779a4a6d876df8e15153f888f789a8a6560986886d71", kill_on_drop: false }`
[INFO] [stderr]     Finished test [unoptimized + debuginfo] target(s) in 0.01s
[INFO] [stderr]      Running unittests src/lib.rs (/opt/rustwide/target/debug/deps/rp1_macros-3a3d53c840d0e067)
[INFO] [stdout] 
[INFO] [stdout] running 0 tests
[INFO] [stdout] 
[INFO] [stdout] test result: ok. 0 passed; 0 failed; 0 ignored; 0 measured; 0 filtered out; finished in 0.00s
[INFO] [stdout] 
[INFO] [stderr]    Doc-tests rp1-macros
[INFO] [stdout] 
[INFO] [stdout] running 1 test
[INFO] [stdout] test src/lib.rs - crud (line 17) ... FAILED
[INFO] [stdout] 
[INFO] [stdout] failures:
[INFO] [stdout] 
[INFO] [stdout] ---- src/lib.rs - crud (line 17) stdout ----
[INFO] [stdout] error[E0433]: failed to resolve: use of undeclared crate or module `rp1`
[INFO] [stdout]  --> src/lib.rs:18:3
[INFO] [stdout]   |
[INFO] [stdout] 3 | #[rp1::crud(database = "Db", table = "users", auth = false)]
[INFO] [stdout]   |   ^^^ use of undeclared crate or module `rp1`
[INFO] [stdout] 
[INFO] [stdout] error: cannot find attribute `primary_key` in this scope
[INFO] [stdout]  --> src/lib.rs:20:7
[INFO] [stdout]   |
[INFO] [stdout] 5 |     #[primary_key]
[INFO] [stdout]   |       ^^^^^^^^^^^
[INFO] [stdout] 
[INFO] [stdout] error: cannot find attribute `validate` in this scope
[INFO] [stdout]  --> src/lib.rs:22:7
[INFO] [stdout]   |
[INFO] [stdout] 7 |     #[validate(email)]
[INFO] [stdout]   |       ^^^^^^^^
[INFO] [stdout] 
[INFO] [stdout] error: cannot find attribute `generated` in this scope
[INFO] [stdout]   --> src/lib.rs:25:7
[INFO] [stdout]    |
[INFO] [stdout] 10 |     #[generated]
[INFO] [stdout]    |       ^^^^^^^^^
[INFO] [stdout] 
[INFO] [stdout] error: cannot find attribute `generated` in this scope
[INFO] [stdout]   --> src/lib.rs:27:7
[INFO] [stdout]    |
[INFO] [stdout] 12 |     #[generated]
[INFO] [stdout]    |       ^^^^^^^^^
[INFO] [stdout] 
[INFO] [stdout] error[E0433]: failed to resolve: use of undeclared crate or module `rp1`
[INFO] [stdout]   --> src/lib.rs:26:17
[INFO] [stdout]    |
[INFO] [stdout] 11 |     created_at: rp1::datetime::OffsetDateTime,
[INFO] [stdout]    |                 ^^^ use of undeclared crate or module `rp1`
[INFO] [stdout] 
[INFO] [stdout] error[E0433]: failed to resolve: use of undeclared crate or module `rp1`
[INFO] [stdout]   --> src/lib.rs:28:17
[INFO] [stdout]    |
[INFO] [stdout] 13 |     updated_at: rp1::datetime::OffsetDateTime,
[INFO] [stdout]    |                 ^^^ use of undeclared crate or module `rp1`
[INFO] [stdout] 
[INFO] [stdout] error: aborting due to 7 previous errors
[INFO] [stdout] 
[INFO] [stdout] For more information about this error, try `rustc --explain E0433`.
[INFO] [stdout] Couldn't compile the test.
[INFO] [stdout] 
[INFO] [stdout] failures:
[INFO] [stdout]     src/lib.rs - crud (line 17)
[INFO] [stdout] 
[INFO] [stdout] test result: FAILED. 0 passed; 1 failed; 0 ignored; 0 measured; 0 filtered out; finished in 0.04s
[INFO] [stdout] 
[INFO] [stderr] error: doctest failed, to rerun pass `--doc`
[INFO] running `Command { std: "docker" "inspect" "8e59fa1a0c8cce080f92779a4a6d876df8e15153f888f789a8a6560986886d71", kill_on_drop: false }`
[INFO] running `Command { std: "docker" "rm" "-f" "8e59fa1a0c8cce080f92779a4a6d876df8e15153f888f789a8a6560986886d71", kill_on_drop: false }`
[INFO] [stdout] 8e59fa1a0c8cce080f92779a4a6d876df8e15153f888f789a8a6560986886d71
