[INFO] fetching crate rossweisse 0.0.0...
[INFO] testing rossweisse-0.0.0 against 1.69.0 for beta-1.70-1
[INFO] extracting crate rossweisse 0.0.0 into /workspace/builds/worker-7-tc1/source
[INFO] validating manifest of crates.io crate rossweisse 0.0.0 on toolchain 1.69.0
[INFO] running `Command { std: CARGO_HOME="/workspace/cargo-home" RUSTUP_HOME="/workspace/rustup-home" "/workspace/cargo-home/bin/cargo" "+1.69.0" "metadata" "--manifest-path" "Cargo.toml" "--no-deps", kill_on_drop: false }`
[INFO] started tweaking crates.io crate rossweisse 0.0.0
[INFO] finished tweaking crates.io crate rossweisse 0.0.0
[INFO] tweaked toml for crates.io crate rossweisse 0.0.0 written to /workspace/builds/worker-7-tc1/source/Cargo.toml
[INFO] running `Command { std: CARGO_HOME="/workspace/cargo-home" RUSTUP_HOME="/workspace/rustup-home" __CARGO_TEST_CHANNEL_OVERRIDE_DO_NOT_USE_THIS="nightly" "/workspace/cargo-home/bin/cargo" "+1.69.0" "generate-lockfile" "--manifest-path" "Cargo.toml" "-Zno-index-update", kill_on_drop: false }`
[INFO] running `Command { std: CARGO_HOME="/workspace/cargo-home" RUSTUP_HOME="/workspace/rustup-home" "/workspace/cargo-home/bin/cargo" "+1.69.0" "fetch" "--manifest-path" "Cargo.toml", kill_on_drop: false }`
[INFO] running `Command { std: "docker" "create" "-v" "/var/lib/crater-agent-workspace/builds/worker-7-tc1/target:/opt/rustwide/target:rw,Z" "-v" "/var/lib/crater-agent-workspace/builds/worker-7-tc1/source:/opt/rustwide/workdir:ro,Z" "-v" "/var/lib/crater-agent-workspace/cargo-home:/opt/rustwide/cargo-home:ro,Z" "-v" "/var/lib/crater-agent-workspace/rustup-home:/opt/rustwide/rustup-home:ro,Z" "-e" "SOURCE_DIR=/opt/rustwide/workdir" "-e" "CARGO_TARGET_DIR=/opt/rustwide/target" "-e" "CARGO_HOME=/opt/rustwide/cargo-home" "-e" "RUSTUP_HOME=/opt/rustwide/rustup-home" "-w" "/opt/rustwide/workdir" "-m" "1610612736" "--user" "0:0" "--network" "none" "ghcr.io/rust-lang/crates-build-env/linux@sha256:5ff2268d62e97bff2cde7d5815dd6ed5b47097566f13b8d0ca110b04b60e07ed" "/opt/rustwide/cargo-home/bin/cargo" "+1.69.0" "metadata" "--no-deps" "--format-version=1", kill_on_drop: false }`
[INFO] [stdout] 3ecf2ae5521c67906337fc6c0101282b9bd627c54790f0256d699b92b14aed3a
[INFO] running `Command { std: "docker" "start" "-a" "3ecf2ae5521c67906337fc6c0101282b9bd627c54790f0256d699b92b14aed3a", kill_on_drop: false }`
[INFO] running `Command { std: "docker" "inspect" "3ecf2ae5521c67906337fc6c0101282b9bd627c54790f0256d699b92b14aed3a", kill_on_drop: false }`
[INFO] running `Command { std: "docker" "rm" "-f" "3ecf2ae5521c67906337fc6c0101282b9bd627c54790f0256d699b92b14aed3a", kill_on_drop: false }`
[INFO] [stdout] 3ecf2ae5521c67906337fc6c0101282b9bd627c54790f0256d699b92b14aed3a
[INFO] running `Command { std: "docker" "create" "-v" "/var/lib/crater-agent-workspace/builds/worker-7-tc1/target:/opt/rustwide/target:rw,Z" "-v" "/var/lib/crater-agent-workspace/builds/worker-7-tc1/source:/opt/rustwide/workdir:ro,Z" "-v" "/var/lib/crater-agent-workspace/cargo-home:/opt/rustwide/cargo-home:ro,Z" "-v" "/var/lib/crater-agent-workspace/rustup-home:/opt/rustwide/rustup-home:ro,Z" "-e" "SOURCE_DIR=/opt/rustwide/workdir" "-e" "CARGO_TARGET_DIR=/opt/rustwide/target" "-e" "CARGO_INCREMENTAL=0" "-e" "RUST_BACKTRACE=full" "-e" "RUSTFLAGS=--cap-lints=warn" "-e" "RUSTDOCFLAGS=--cap-lints=warn" "-e" "CARGO_HOME=/opt/rustwide/cargo-home" "-e" "RUSTUP_HOME=/opt/rustwide/rustup-home" "-w" "/opt/rustwide/workdir" "-m" "1610612736" "--user" "0:0" "--network" "none" "ghcr.io/rust-lang/crates-build-env/linux@sha256:5ff2268d62e97bff2cde7d5815dd6ed5b47097566f13b8d0ca110b04b60e07ed" "/opt/rustwide/cargo-home/bin/cargo" "+1.69.0" "build" "--frozen" "--message-format=json", kill_on_drop: false }`
[INFO] [stdout] f92c0ccb4845caee5d281eaa5cb1ab1eee1399e1d530107a18cdf8e0b04f1b81
[INFO] running `Command { std: "docker" "start" "-a" "f92c0ccb4845caee5d281eaa5cb1ab1eee1399e1d530107a18cdf8e0b04f1b81", kill_on_drop: false }`
[INFO] [stderr]    Compiling syn v2.0.15
[INFO] [stderr]    Compiling rossweisse v0.0.0 (/opt/rustwide/workdir)
[INFO] [stderr]     Finished dev [unoptimized + debuginfo] target(s) in 6.84s
[INFO] running `Command { std: "docker" "inspect" "f92c0ccb4845caee5d281eaa5cb1ab1eee1399e1d530107a18cdf8e0b04f1b81", kill_on_drop: false }`
[INFO] running `Command { std: "docker" "rm" "-f" "f92c0ccb4845caee5d281eaa5cb1ab1eee1399e1d530107a18cdf8e0b04f1b81", kill_on_drop: false }`
[INFO] [stdout] f92c0ccb4845caee5d281eaa5cb1ab1eee1399e1d530107a18cdf8e0b04f1b81
[INFO] running `Command { std: "docker" "create" "-v" "/var/lib/crater-agent-workspace/builds/worker-7-tc1/target:/opt/rustwide/target:rw,Z" "-v" "/var/lib/crater-agent-workspace/builds/worker-7-tc1/source:/opt/rustwide/workdir:ro,Z" "-v" "/var/lib/crater-agent-workspace/cargo-home:/opt/rustwide/cargo-home:ro,Z" "-v" "/var/lib/crater-agent-workspace/rustup-home:/opt/rustwide/rustup-home:ro,Z" "-e" "SOURCE_DIR=/opt/rustwide/workdir" "-e" "CARGO_TARGET_DIR=/opt/rustwide/target" "-e" "CARGO_INCREMENTAL=0" "-e" "RUST_BACKTRACE=full" "-e" "RUSTFLAGS=--cap-lints=warn" "-e" "RUSTDOCFLAGS=--cap-lints=warn" "-e" "CARGO_HOME=/opt/rustwide/cargo-home" "-e" "RUSTUP_HOME=/opt/rustwide/rustup-home" "-w" "/opt/rustwide/workdir" "-m" "1610612736" "--user" "0:0" "--network" "none" "ghcr.io/rust-lang/crates-build-env/linux@sha256:5ff2268d62e97bff2cde7d5815dd6ed5b47097566f13b8d0ca110b04b60e07ed" "/opt/rustwide/cargo-home/bin/cargo" "+1.69.0" "test" "--frozen" "--no-run" "--message-format=json", kill_on_drop: false }`
[INFO] [stdout] 3b08720550ad78e7c6408a2e19aee4e84955347ae98b824a17e45a8e8bef6749
[INFO] running `Command { std: "docker" "start" "-a" "3b08720550ad78e7c6408a2e19aee4e84955347ae98b824a17e45a8e8bef6749", kill_on_drop: false }`
[INFO] [stderr]    Compiling rossweisse v0.0.0 (/opt/rustwide/workdir)
[INFO] [stderr]     Finished test [unoptimized + debuginfo] target(s) in 1.31s
[INFO] running `Command { std: "docker" "inspect" "3b08720550ad78e7c6408a2e19aee4e84955347ae98b824a17e45a8e8bef6749", kill_on_drop: false }`
[INFO] running `Command { std: "docker" "rm" "-f" "3b08720550ad78e7c6408a2e19aee4e84955347ae98b824a17e45a8e8bef6749", kill_on_drop: false }`
[INFO] [stdout] 3b08720550ad78e7c6408a2e19aee4e84955347ae98b824a17e45a8e8bef6749
[INFO] running `Command { std: "docker" "create" "-v" "/var/lib/crater-agent-workspace/builds/worker-7-tc1/target:/opt/rustwide/target:rw,Z" "-v" "/var/lib/crater-agent-workspace/builds/worker-7-tc1/source:/opt/rustwide/workdir:ro,Z" "-v" "/var/lib/crater-agent-workspace/cargo-home:/opt/rustwide/cargo-home:ro,Z" "-v" "/var/lib/crater-agent-workspace/rustup-home:/opt/rustwide/rustup-home:ro,Z" "-e" "SOURCE_DIR=/opt/rustwide/workdir" "-e" "CARGO_TARGET_DIR=/opt/rustwide/target" "-e" "CARGO_INCREMENTAL=0" "-e" "RUST_BACKTRACE=full" "-e" "RUSTFLAGS=--cap-lints=warn" "-e" "RUSTDOCFLAGS=--cap-lints=warn" "-e" "CARGO_HOME=/opt/rustwide/cargo-home" "-e" "RUSTUP_HOME=/opt/rustwide/rustup-home" "-w" "/opt/rustwide/workdir" "-m" "1610612736" "--user" "0:0" "--network" "none" "ghcr.io/rust-lang/crates-build-env/linux@sha256:5ff2268d62e97bff2cde7d5815dd6ed5b47097566f13b8d0ca110b04b60e07ed" "/opt/rustwide/cargo-home/bin/cargo" "+1.69.0" "test" "--frozen", kill_on_drop: false }`
[INFO] [stdout] 744317d86bd6b2a36b26f570ca3631f867c54fef8554f39779fa7c048bef6c23
[INFO] running `Command { std: "docker" "start" "-a" "744317d86bd6b2a36b26f570ca3631f867c54fef8554f39779fa7c048bef6c23", kill_on_drop: false }`
[INFO] [stderr]     Finished test [unoptimized + debuginfo] target(s) in 0.01s
[INFO] [stderr]      Running unittests src/lib.rs (/opt/rustwide/target/debug/deps/rossweisse-d1100e358e9b810c)
[INFO] [stderr]    Doc-tests rossweisse
[INFO] [stdout] 
[INFO] [stdout] running 0 tests
[INFO] [stdout] 
[INFO] [stdout] test result: ok. 0 passed; 0 failed; 0 ignored; 0 measured; 0 filtered out; finished in 0.00s
[INFO] [stdout] 
[INFO] [stdout] 
[INFO] [stdout] running 2 tests
[INFO] [stdout] test src/lib.rs - route (line 72) ... FAILED
[INFO] [stdout] test src/lib.rs - router (line 41) ... FAILED
[INFO] [stdout] 
[INFO] [stdout] failures:
[INFO] [stdout] 
[INFO] [stdout] ---- src/lib.rs - route (line 72) stdout ----
[INFO] [stdout] error: cannot find attribute `route` in this scope
[INFO] [stdout]  --> src/lib.rs:75:5
[INFO] [stdout]   |
[INFO] [stdout] 6 |   #[route]
[INFO] [stdout]   |     ^^^^^
[INFO] [stdout]   |
[INFO] [stdout]   = help: consider importing this attribute macro:
[INFO] [stdout]           rossweisse::route
[INFO] [stdout] 
[INFO] [stdout] error[E0433]: failed to resolve: use of undeclared crate or module `windmark`
[INFO] [stdout]  --> src/lib.rs:77:15
[INFO] [stdout]   |
[INFO] [stdout] 8 |     _context: windmark::context::RouteContext,
[INFO] [stdout]   |               ^^^^^^^^ use of undeclared crate or module `windmark`
[INFO] [stdout] 
[INFO] [stdout] error[E0433]: failed to resolve: use of undeclared crate or module `windmark`
[INFO] [stdout]  --> src/lib.rs:78:8
[INFO] [stdout]   |
[INFO] [stdout] 9 |   ) -> windmark::Response {
[INFO] [stdout]   |        ^^^^^^^^ use of undeclared crate or module `windmark`
[INFO] [stdout] 
[INFO] [stdout] error[E0433]: failed to resolve: use of undeclared crate or module `windmark`
[INFO] [stdout]   --> src/lib.rs:79:5
[INFO] [stdout]    |
[INFO] [stdout] 10 |     windmark::Response::success("Hello, World!")
[INFO] [stdout]    |     ^^^^^^^^ use of undeclared crate or module `windmark`
[INFO] [stdout] 
[INFO] [stdout] error[E0412]: cannot find type `Router` in this scope
[INFO] [stdout]  --> src/lib.rs:74:6
[INFO] [stdout]   |
[INFO] [stdout] 5 | impl Router {
[INFO] [stdout]   |      ^^^^^^ not found in this scope
[INFO] [stdout] 
[INFO] [stdout] error: aborting due to 5 previous errors
[INFO] [stdout] 
[INFO] [stdout] Some errors have detailed explanations: E0412, E0433.
[INFO] [stdout] For more information about an error, try `rustc --explain E0412`.
[INFO] [stdout] Couldn't compile the test.
[INFO] [stdout] ---- src/lib.rs - router (line 41) stdout ----
[INFO] [stdout] error: cannot find attribute `route` in this scope
[INFO] [stdout]   --> src/lib.rs:49:5
[INFO] [stdout]    |
[INFO] [stdout] 11 |   #[route]
[INFO] [stdout]    |     ^^^^^
[INFO] [stdout]    |
[INFO] [stdout]    = help: consider importing this attribute macro:
[INFO] [stdout]            rossweisse::route
[INFO] [stdout] 
[INFO] [stdout] error[E0433]: failed to resolve: could not find `windmark` in the list of imported crates
[INFO] [stdout]  --> src/lib.rs:42:1
[INFO] [stdout]   |
[INFO] [stdout] 4 | #[rossweisse::router]
[INFO] [stdout]   | ^^^^^^^^^^^^^^^^^^^^^ could not find `windmark` in the list of imported crates
[INFO] [stdout]   |
[INFO] [stdout]   = note: this error originates in the attribute macro `rossweisse::router` (in Nightly builds, run with -Z macro-backtrace for more info)
[INFO] [stdout] 
[INFO] [stdout] error[E0433]: failed to resolve: use of undeclared crate or module `windmark`
[INFO] [stdout]   --> src/lib.rs:51:15
[INFO] [stdout]    |
[INFO] [stdout] 13 |     _context: windmark::context::RouteContext,
[INFO] [stdout]    |               ^^^^^^^^ use of undeclared crate or module `windmark`
[INFO] [stdout] 
[INFO] [stdout] error[E0433]: failed to resolve: use of undeclared crate or module `windmark`
[INFO] [stdout]   --> src/lib.rs:52:8
[INFO] [stdout]    |
[INFO] [stdout] 14 |   ) -> windmark::Response {
[INFO] [stdout]    |        ^^^^^^^^ use of undeclared crate or module `windmark`
[INFO] [stdout] 
[INFO] [stdout] error[E0433]: failed to resolve: use of undeclared crate or module `windmark`
[INFO] [stdout]   --> src/lib.rs:53:5
[INFO] [stdout]    |
[INFO] [stdout] 15 |     windmark::Response::success("Hello, World!")
[INFO] [stdout]    |     ^^^^^^^^ use of undeclared crate or module `windmark`
[INFO] [stdout] 
[INFO] [stdout] error: aborting due to 5 previous errors
[INFO] [stdout] 
[INFO] [stdout] For more information about this error, try `rustc --explain E0433`.
[INFO] [stdout] Couldn't compile the test.
[INFO] [stdout] 
[INFO] [stdout] failures:
[INFO] [stdout]     src/lib.rs - route (line 72)
[INFO] [stdout]     src/lib.rs - router (line 41)
[INFO] [stdout] 
[INFO] [stdout] test result: FAILED. 0 passed; 2 failed; 0 ignored; 0 measured; 0 filtered out; finished in 0.14s
[INFO] [stdout] 
[INFO] [stderr] error: doctest failed, to rerun pass `--doc`
[INFO] running `Command { std: "docker" "inspect" "744317d86bd6b2a36b26f570ca3631f867c54fef8554f39779fa7c048bef6c23", kill_on_drop: false }`
[INFO] running `Command { std: "docker" "rm" "-f" "744317d86bd6b2a36b26f570ca3631f867c54fef8554f39779fa7c048bef6c23", kill_on_drop: false }`
[INFO] [stdout] 744317d86bd6b2a36b26f570ca3631f867c54fef8554f39779fa7c048bef6c23
