[INFO] fetching crate rosetta-server-bitcoin 0.1.0...
[INFO] testing rosetta-server-bitcoin-0.1.0 against beta-2023-04-20 for beta-1.70-1
[INFO] extracting crate rosetta-server-bitcoin 0.1.0 into /workspace/builds/worker-2-tc2/source
[INFO] validating manifest of crates.io crate rosetta-server-bitcoin 0.1.0 on toolchain beta-2023-04-20
[INFO] running `Command { std: CARGO_HOME="/workspace/cargo-home" RUSTUP_HOME="/workspace/rustup-home" "/workspace/cargo-home/bin/cargo" "+beta-2023-04-20" "metadata" "--manifest-path" "Cargo.toml" "--no-deps", kill_on_drop: false }`
[INFO] started tweaking crates.io crate rosetta-server-bitcoin 0.1.0
[INFO] finished tweaking crates.io crate rosetta-server-bitcoin 0.1.0
[INFO] tweaked toml for crates.io crate rosetta-server-bitcoin 0.1.0 written to /workspace/builds/worker-2-tc2/source/Cargo.toml
[INFO] crate crates.io crate rosetta-server-bitcoin 0.1.0 already has a lockfile, it will not be regenerated
[INFO] running `Command { std: CARGO_HOME="/workspace/cargo-home" RUSTUP_HOME="/workspace/rustup-home" "/workspace/cargo-home/bin/cargo" "+beta-2023-04-20" "fetch" "--manifest-path" "Cargo.toml", kill_on_drop: false }`
[INFO] [stderr]     Updating crates.io index
[INFO] [stderr]  Downloading crates ...
[INFO] [stderr]   Downloaded scale-info v2.5.0
[INFO] [stderr]   Downloaded rosetta-config-polkadot v0.1.0
[INFO] [stderr]   Downloaded rosetta-docker v0.1.0
[INFO] [stderr]   Downloaded blake2-rfc v0.2.18
[INFO] [stderr]   Downloaded rosetta-core v0.1.0
[INFO] [stderr]   Downloaded subtle-ng v2.5.0
[INFO] [stderr]   Downloaded zeroize_derive v1.4.1
[INFO] [stderr]   Downloaded jsonrpc-async v2.0.2
[INFO] [stderr]   Downloaded rosetta-config-ethereum v0.1.0
[INFO] [stderr]   Downloaded rosetta-tx-polkadot v0.1.0
[INFO] [stderr]   Downloaded pbkdf2 v0.8.0
[INFO] [stderr]   Downloaded substrate-bip39 v0.4.4
[INFO] [stderr]   Downloaded rosetta-tx-ethereum v0.1.0
[INFO] [stderr]   Downloaded ss58-registry v1.39.0
[INFO] [stderr]   Downloaded rosetta-config-bitcoin v0.1.0
[INFO] [stderr]   Downloaded scale-info-derive v2.5.0
[INFO] [stderr]   Downloaded merlin v2.0.1
[INFO] [stderr]   Downloaded rosetta-crypto v0.1.0
[INFO] [stderr]   Downloaded merlin v3.0.0
[INFO] [stderr]   Downloaded ecdsa v0.16.2
[INFO] [stderr]   Downloaded pkcs8 v0.10.1
[INFO] [stderr]   Downloaded rosetta-types v0.1.0
[INFO] [stderr]   Downloaded bitcoin_hashes v0.9.7
[INFO] [stderr]   Downloaded p256 v0.13.0
[INFO] [stderr]   Downloaded fraction v0.13.1
[INFO] [stderr]   Downloaded k256 v0.13.0
[INFO] [stderr]   Downloaded rustls v0.18.1
[INFO] [stderr]   Downloaded elliptic-curve v0.13.2
[INFO] [stderr]   Downloaded rust-bip39 v1.0.0
[INFO] [stderr]   Downloaded base64-compat v1.0.0
[INFO] [stderr]   Downloaded serde_with_macros v2.3.1
[INFO] [stderr]   Downloaded docker-api v0.13.0
[INFO] [stderr]   Downloaded webpki-roots v0.20.0
[INFO] [stderr]   Downloaded config v0.10.1
[INFO] [stderr]   Downloaded primeorder v0.13.0
[INFO] [stderr]   Downloaded async-tls v0.10.0
[INFO] [stderr]   Downloaded deadpool v0.7.0
[INFO] [stderr]   Downloaded serde_fmt v1.0.1
[INFO] [stderr]   Downloaded curve25519-dalek-ng v4.1.1
[INFO] [stderr]   Downloaded curve25519-dalek v2.1.3
[INFO] [stderr]   Downloaded femme v2.2.1
[INFO] [stderr]   Downloaded schnorrkel v0.10.2
[INFO] [stderr]   Downloaded sapio-secp256k1 v0.20.1
[INFO] [stderr]   Downloaded rosetta-server v0.1.0
[INFO] [stderr]   Downloaded bitcoincore-rpc-async v3.0.1
[INFO] [stderr]   Downloaded bitcoincore-rpc-json-async v3.0.1
[INFO] [stderr]   Downloaded rosetta-client v0.1.0
[INFO] [stderr]   Downloaded schnorrkel v0.9.1
[INFO] [stderr]   Downloaded sapio-bitcoin v0.26.0
[INFO] running `Command { std: "docker" "create" "-v" "/var/lib/crater-agent-workspace/builds/worker-2-tc2/target:/opt/rustwide/target:rw,Z" "-v" "/var/lib/crater-agent-workspace/builds/worker-2-tc2/source:/opt/rustwide/workdir:ro,Z" "-v" "/var/lib/crater-agent-workspace/cargo-home:/opt/rustwide/cargo-home:ro,Z" "-v" "/var/lib/crater-agent-workspace/rustup-home:/opt/rustwide/rustup-home:ro,Z" "-e" "SOURCE_DIR=/opt/rustwide/workdir" "-e" "CARGO_TARGET_DIR=/opt/rustwide/target" "-e" "CARGO_HOME=/opt/rustwide/cargo-home" "-e" "RUSTUP_HOME=/opt/rustwide/rustup-home" "-w" "/opt/rustwide/workdir" "-m" "1610612736" "--user" "0:0" "--network" "none" "ghcr.io/rust-lang/crates-build-env/linux@sha256:5ff2268d62e97bff2cde7d5815dd6ed5b47097566f13b8d0ca110b04b60e07ed" "/opt/rustwide/cargo-home/bin/cargo" "+beta-2023-04-20" "metadata" "--no-deps" "--format-version=1", kill_on_drop: false }`
[INFO] [stdout] 5d62646ed85c4cdd19e8865f0e8335d2bcf667bbfe9c47d1932c3ae41301d53b
[INFO] running `Command { std: "docker" "start" "-a" "5d62646ed85c4cdd19e8865f0e8335d2bcf667bbfe9c47d1932c3ae41301d53b", kill_on_drop: false }`
[INFO] running `Command { std: "docker" "inspect" "5d62646ed85c4cdd19e8865f0e8335d2bcf667bbfe9c47d1932c3ae41301d53b", kill_on_drop: false }`
[INFO] running `Command { std: "docker" "rm" "-f" "5d62646ed85c4cdd19e8865f0e8335d2bcf667bbfe9c47d1932c3ae41301d53b", kill_on_drop: false }`
[INFO] [stdout] 5d62646ed85c4cdd19e8865f0e8335d2bcf667bbfe9c47d1932c3ae41301d53b
[INFO] running `Command { std: "docker" "create" "-v" "/var/lib/crater-agent-workspace/builds/worker-2-tc2/target:/opt/rustwide/target:rw,Z" "-v" "/var/lib/crater-agent-workspace/builds/worker-2-tc2/source:/opt/rustwide/workdir:ro,Z" "-v" "/var/lib/crater-agent-workspace/cargo-home:/opt/rustwide/cargo-home:ro,Z" "-v" "/var/lib/crater-agent-workspace/rustup-home:/opt/rustwide/rustup-home:ro,Z" "-e" "SOURCE_DIR=/opt/rustwide/workdir" "-e" "CARGO_TARGET_DIR=/opt/rustwide/target" "-e" "CARGO_INCREMENTAL=0" "-e" "RUST_BACKTRACE=full" "-e" "RUSTFLAGS=--cap-lints=warn" "-e" "RUSTDOCFLAGS=--cap-lints=warn" "-e" "CARGO_HOME=/opt/rustwide/cargo-home" "-e" "RUSTUP_HOME=/opt/rustwide/rustup-home" "-w" "/opt/rustwide/workdir" "-m" "1610612736" "--user" "0:0" "--network" "none" "ghcr.io/rust-lang/crates-build-env/linux@sha256:5ff2268d62e97bff2cde7d5815dd6ed5b47097566f13b8d0ca110b04b60e07ed" "/opt/rustwide/cargo-home/bin/cargo" "+beta-2023-04-20" "build" "--frozen" "--message-format=json", kill_on_drop: false }`
[INFO] [stdout] 3cae74edb4445cbc5d3fa190835e5f0f1e242012d0d15a1f11bf782edb585c5f
[INFO] running `Command { std: "docker" "start" "-a" "3cae74edb4445cbc5d3fa190835e5f0f1e242012d0d15a1f11bf782edb585c5f", kill_on_drop: false }`
[INFO] [stderr]    Compiling proc-macro2 v1.0.54
[INFO] [stderr]    Compiling version_check v0.9.4
[INFO] [stderr]    Compiling libc v0.2.140
[INFO] [stderr]    Compiling typenum v1.16.0
[INFO] [stderr]    Compiling serde_derive v1.0.159
[INFO] [stderr]    Compiling serde v1.0.159
[INFO] [stderr]    Compiling subtle v2.4.1
[INFO] [stderr]    Compiling syn v1.0.109
[INFO] [stderr]    Compiling erased-serde v0.3.25
[INFO] [stderr]    Compiling getrandom v0.1.16
[INFO] [stderr]    Compiling log v0.4.17
[INFO] [stderr]    Compiling byteorder v1.4.3
[INFO] [stderr]    Compiling opaque-debug v0.3.0
[INFO] [stderr]    Compiling io-lifetimes v1.0.9
[INFO] [stderr]    Compiling ppv-lite86 v0.2.17
[INFO] [stderr]    Compiling cpufeatures v0.2.6
[INFO] [stderr]    Compiling futures-core v0.3.27
[INFO] [stderr]    Compiling lock_api v0.4.9
[INFO] [stderr]    Compiling event-listener v2.5.3
[INFO] [stderr]    Compiling rustix v0.37.5
[INFO] [stderr]    Compiling smallvec v1.10.0
[INFO] [stderr]    Compiling serde_json v1.0.95
[INFO] [stderr]    Compiling linux-raw-sys v0.3.0
[INFO] [stderr]    Compiling generic-array v0.14.7
[INFO] [stderr]    Compiling value-bag v1.0.0-alpha.9
[INFO] [stderr]    Compiling parking_lot_core v0.9.7
[INFO] [stderr]    Compiling futures-io v0.3.27
[INFO] [stderr]    Compiling concurrent-queue v2.1.0
[INFO] [stderr]    Compiling waker-fn v1.1.0
[INFO] [stderr]    Compiling const-oid v0.9.2
[INFO] [stderr]    Compiling fastrand v1.9.0
[INFO] [stderr]    Compiling parking v2.0.0
[INFO] [stderr]    Compiling standback v0.2.17
[INFO] [stderr]    Compiling async-lock v2.7.0
[INFO] [stderr]    Compiling polling v2.6.0
[INFO] [stderr]    Compiling tokio v1.27.0
[INFO] [stderr]    Compiling proc-macro-hack v0.5.20+deprecated
[INFO] [stderr]    Compiling async-io v1.13.0
[INFO] [stderr]    Compiling quote v1.0.26
[INFO] [stderr]    Compiling anyhow v1.0.70
[INFO] [stderr]    Compiling futures-lite v1.12.0
[INFO] [stderr]    Compiling syn v2.0.11
[INFO] [stderr]    Compiling generic-array v0.12.4
[INFO] [stderr]    Compiling const_fn v0.4.9
[INFO] [stderr]    Compiling async-task v4.4.0
[INFO] [stderr]    Compiling keccak v0.1.3
[INFO] [stderr]    Compiling cpuid-bool v0.2.0
[INFO] [stderr]    Compiling base16ct v0.2.0
[INFO] [stderr]    Compiling signal-hook v0.3.15
[INFO] [stderr]    Compiling async-channel v1.8.0
[INFO] [stderr]    Compiling time v0.2.27
[INFO] [stderr]    Compiling async-process v1.6.0
[INFO] [stderr]    Compiling atomic-waker v1.1.0
[INFO] [stderr]    Compiling byte-tools v0.3.1
[INFO] [stderr]    Compiling thiserror v1.0.40
[INFO] [stderr]    Compiling getrandom v0.2.8
[INFO] [stderr]    Compiling signal-hook-registry v1.4.1
[INFO] [stderr]    Compiling socket2 v0.4.9
[INFO] [stderr]    Compiling num_cpus v1.15.0
[INFO] [stderr]    Compiling rand_core v0.6.4
[INFO] [stderr]    Compiling rand_core v0.5.1
[INFO] [stderr]    Compiling ff v0.13.0
[INFO] [stderr]    Compiling rand_chacha v0.3.1
[INFO] [stderr]    Compiling parking_lot v0.12.1
[INFO] [stderr]    Compiling rand_chacha v0.2.2
[INFO] [stderr]    Compiling group v0.13.0
[INFO] [stderr]    Compiling rand v0.7.3
[INFO] [stderr]    Compiling block-padding v0.1.5
[INFO] [stderr]    Compiling blocking v1.3.0
[INFO] [stderr]    Compiling async-executor v1.5.0
[INFO] [stderr]    Compiling digest v0.8.1
[INFO] [stderr]    Compiling cookie v0.14.4
[INFO] [stderr]    Compiling rand v0.8.5
[INFO] [stderr]    Compiling block-buffer v0.7.3
[INFO] [stderr]    Compiling arrayvec v0.7.2
[INFO] [stderr]    Compiling Inflector v0.11.4
[INFO] [stderr]    Compiling http-types v2.12.0
[INFO] [stderr]    Compiling arrayref v0.3.7
[INFO] [stderr]    Compiling cc v1.0.79
[INFO] [stderr]    Compiling base64 v0.13.1
[INFO] [stderr]    Compiling opaque-debug v0.2.3
[INFO] [stderr]    Compiling fake-simd v0.1.2
[INFO] [stderr]    Compiling arrayvec v0.4.12
[INFO] [stderr]    Compiling unicode-xid v0.2.4
[INFO] [stderr]    Compiling signature v1.6.4
[INFO] [stderr]    Compiling arrayvec v0.5.2
[INFO] [stderr]    Compiling nodrop v0.1.14
[INFO] [stderr]    Compiling sha2 v0.8.2
[INFO] [stderr]    Compiling infer v0.2.3
[INFO] [stderr]    Compiling subtle-ng v2.5.0
[INFO] [stderr]    Compiling num-format v0.4.4
[INFO] [stderr]    Compiling ed25519 v1.5.3
[INFO] [stderr]    Compiling utf8parse v0.2.1
[INFO] [stderr]    Compiling parking_lot_core v0.8.6
[INFO] [stderr]    Compiling futures-task v0.3.27
[INFO] [stderr]    Compiling bitcoin_hashes v0.11.0
[INFO] [stderr]    Compiling constant_time_eq v0.1.5
[INFO] [stderr]    Compiling anstyle-parse v0.1.1
[INFO] [stderr]    Compiling simple-mutex v1.1.5
[INFO] [stderr]    Compiling crossbeam-epoch v0.9.14
[INFO] [stderr]    Compiling instant v0.1.12
[INFO] [stderr]    Compiling concolor-override v1.0.0
[INFO] [stderr]    Compiling crc32fast v1.3.2
[INFO] [stderr]    Compiling anstyle v0.3.5
[INFO] [stderr]    Compiling concolor-query v0.3.3
[INFO] [stderr]    Compiling blake2-rfc v0.2.18
[INFO] [stderr]    Compiling bs58 v0.4.0
[INFO] [stderr]    Compiling bech32 v0.9.1
[INFO] [stderr]    Compiling futures-util v0.3.27
[INFO] [stderr]    Compiling hex v0.4.3
[INFO] [stderr]    Compiling is-terminal v0.4.6
[INFO] [stderr]    Compiling anstream v0.2.6
[INFO] [stderr]    Compiling async-dup v1.2.2
[INFO] [stderr]    Compiling bech32 v0.7.3
[INFO] [stderr]    Compiling secp256k1-sys v0.4.2
[INFO] [stderr]    Compiling heck v0.4.1
[INFO] [stderr]    Compiling clap_lex v0.4.1
[INFO] [stderr]    Compiling pin-project-lite v0.1.12
[INFO] [stderr]    Compiling strsim v0.10.0
[INFO] [stderr]    Compiling parking_lot v0.11.2
[INFO] [stderr]    Compiling fs2 v0.4.3
[INFO] [stderr]    Compiling base64-compat v1.0.0
[INFO] [stderr]    Compiling clap_builder v4.2.1
[INFO] [stderr]    Compiling fxhash v0.2.1
[INFO] [stderr]    Compiling hex v0.3.2
[INFO] [stderr]    Compiling route-recognizer v0.2.0
[INFO] [stderr]    Compiling ctor v0.1.26
[INFO] [stderr]    Compiling time-macros-impl v0.1.2
[INFO] [stderr]    Compiling pin-project-internal v1.0.12
[INFO] [stderr]    Compiling futures-macro v0.3.27
[INFO] [stderr]    Compiling zeroize_derive v1.4.1
[INFO] [stderr]    Compiling tokio-macros v2.0.0
[INFO] [stderr]    Compiling thiserror-impl v1.0.40
[INFO] [stderr]    Compiling async-trait v0.1.68
[INFO] [stderr]    Compiling clap_derive v4.2.0
[INFO] [stderr]    Compiling zeroize v1.6.0
[INFO] [stderr]    Compiling time-macros v0.1.1
[INFO] [stderr]    Compiling der v0.7.1
[INFO] [stderr]    Compiling curve25519-dalek v2.1.3
[INFO] [stderr]    Compiling merlin v2.0.1
[INFO] [stderr]    Compiling merlin v3.0.0
[INFO] [stderr]    Compiling pin-project v1.0.12
[INFO] [stderr]    Compiling digest v0.9.0
[INFO] [stderr]    Compiling crypto-common v0.1.6
[INFO] [stderr]    Compiling block-buffer v0.10.4
[INFO] [stderr]    Compiling block-buffer v0.9.0
[INFO] [stderr]    Compiling cipher v0.2.5
[INFO] [stderr]    Compiling universal-hash v0.4.1
[INFO] [stderr]    Compiling digest v0.10.6
[INFO] [stderr]    Compiling crypto-mac v0.10.1
[INFO] [stderr]    Compiling crypto-bigint v0.5.1
[INFO] [stderr]    Compiling sha2 v0.9.9
[INFO] [stderr]    Compiling polyval v0.4.5
[INFO] [stderr]    Compiling aes-soft v0.6.4
[INFO] [stderr]    Compiling hmac v0.10.1
[INFO] [stderr]    Compiling ctr v0.6.0
[INFO] [stderr]    Compiling spki v0.7.0
[INFO] [stderr]    Compiling sec1 v0.7.1
[INFO] [stderr]    Compiling ghash v0.3.1
[INFO] [stderr]    Compiling hmac v0.12.1
[INFO] [stderr]    Compiling aead v0.3.2
[INFO] [stderr]    Compiling aes v0.6.0
[INFO] [stderr]    Compiling pkcs8 v0.10.1
[INFO] [stderr]    Compiling hkdf v0.10.0
[INFO] [stderr]    Compiling aes-gcm v0.8.0
[INFO] [stderr]    Compiling rfc6979 v0.4.0
[INFO] [stderr]    Compiling signature v2.0.0
[INFO] [stderr]    Compiling crypto-mac v0.11.1
[INFO] [stderr]    Compiling sha2 v0.10.6
[INFO] [stderr]    Compiling curve25519-dalek v3.2.0
[INFO] [stderr]    Compiling hmac v0.11.0
[INFO] [stderr]    Compiling pbkdf2 v0.8.0
[INFO] [stderr]    Compiling curve25519-dalek-ng v4.1.1
[INFO] [stderr]    Compiling schnorrkel v0.9.1
[INFO] [stderr]    Compiling ripemd v0.1.3
[INFO] [stderr]    Compiling sha3 v0.10.6
[INFO] [stderr]    Compiling clap v4.2.1
[INFO] [stderr]    Compiling elliptic-curve v0.13.2
[INFO] [stderr]    Compiling substrate-bip39 v0.4.4
[INFO] [stderr]    Compiling ecdsa v0.16.2
[INFO] [stderr]    Compiling primeorder v0.13.0
[INFO] [stderr]    Compiling k256 v0.13.0
[INFO] [stderr]    Compiling p256 v0.13.0
[INFO] [stderr]    Compiling sval v1.0.0-alpha.5
[INFO] [stderr]    Compiling serde_fmt v1.0.1
[INFO] [stderr]    Compiling url v2.3.1
[INFO] [stderr]    Compiling serde_qs v0.8.5
[INFO] [stderr]    Compiling serde_urlencoded v0.7.1
[INFO] [stderr]    Compiling serde_bytes v0.11.9
[INFO] [stderr]    Compiling ed25519-dalek v1.0.1
[INFO] [stderr]    Compiling rust-bip39 v1.0.0
[INFO] [stderr]    Compiling bitcoin_hashes v0.9.7
[INFO] [stderr]    Compiling sapio-secp256k1 v0.20.1
[INFO] [stderr]    Compiling schnorrkel v0.10.2
[INFO] [stderr]    Compiling ss58-registry v1.39.0
[INFO] [stderr]    Compiling rosetta-types v0.1.0
[INFO] [stderr]    Compiling mio v0.8.6
[INFO] [stderr]    Compiling kv-log-macro v1.0.7
[INFO] [stderr]    Compiling femme v2.2.1
[INFO] [stderr]    Compiling sled v0.34.7
[INFO] [stderr]    Compiling rosetta-crypto v0.1.0
[INFO] [stderr]    Compiling rosetta-core v0.1.0
[INFO] [stderr]    Compiling rosetta-config-bitcoin v0.1.0
[INFO] [stderr]    Compiling sapio-bitcoin v0.26.0
[INFO] [stderr]    Compiling async-global-executor v2.3.1
[INFO] [stderr]    Compiling jsonrpc-async v2.0.2
[INFO] [stderr]    Compiling async-std v1.12.0
[INFO] [stderr]    Compiling bitcoincore-rpc-json-async v3.0.1
[INFO] [stderr]    Compiling bitcoincore-rpc-async v3.0.1
[INFO] [stderr]    Compiling async-h1 v2.3.3
[INFO] [stderr]    Compiling http-client v6.5.3
[INFO] [stderr]    Compiling async-sse v4.1.0
[INFO] [stderr]    Compiling tide v0.16.0
[INFO] [stderr]    Compiling rosetta-server v0.1.0
[INFO] [stderr]    Compiling rosetta-server-bitcoin v0.1.0 (/opt/rustwide/workdir)
[INFO] [stderr]     Finished dev [unoptimized + debuginfo] target(s) in 49.88s
[INFO] running `Command { std: "docker" "inspect" "3cae74edb4445cbc5d3fa190835e5f0f1e242012d0d15a1f11bf782edb585c5f", kill_on_drop: false }`
[INFO] running `Command { std: "docker" "rm" "-f" "3cae74edb4445cbc5d3fa190835e5f0f1e242012d0d15a1f11bf782edb585c5f", kill_on_drop: false }`
[INFO] [stdout] 3cae74edb4445cbc5d3fa190835e5f0f1e242012d0d15a1f11bf782edb585c5f
[INFO] running `Command { std: "docker" "create" "-v" "/var/lib/crater-agent-workspace/builds/worker-2-tc2/target:/opt/rustwide/target:rw,Z" "-v" "/var/lib/crater-agent-workspace/builds/worker-2-tc2/source:/opt/rustwide/workdir:ro,Z" "-v" "/var/lib/crater-agent-workspace/cargo-home:/opt/rustwide/cargo-home:ro,Z" "-v" "/var/lib/crater-agent-workspace/rustup-home:/opt/rustwide/rustup-home:ro,Z" "-e" "SOURCE_DIR=/opt/rustwide/workdir" "-e" "CARGO_TARGET_DIR=/opt/rustwide/target" "-e" "CARGO_INCREMENTAL=0" "-e" "RUST_BACKTRACE=full" "-e" "RUSTFLAGS=--cap-lints=warn" "-e" "RUSTDOCFLAGS=--cap-lints=warn" "-e" "CARGO_HOME=/opt/rustwide/cargo-home" "-e" "RUSTUP_HOME=/opt/rustwide/rustup-home" "-w" "/opt/rustwide/workdir" "-m" "1610612736" "--user" "0:0" "--network" "none" "ghcr.io/rust-lang/crates-build-env/linux@sha256:5ff2268d62e97bff2cde7d5815dd6ed5b47097566f13b8d0ca110b04b60e07ed" "/opt/rustwide/cargo-home/bin/cargo" "+beta-2023-04-20" "test" "--frozen" "--no-run" "--message-format=json", kill_on_drop: false }`
[INFO] [stdout] 996625adf34e4c87c75919360453e4fd16c8c2512e1e0eb9f0878d4f2d3d2480
[INFO] running `Command { std: "docker" "start" "-a" "996625adf34e4c87c75919360453e4fd16c8c2512e1e0eb9f0878d4f2d3d2480", kill_on_drop: false }`
[INFO] [stderr]    Compiling syn v1.0.109
[INFO] [stderr]    Compiling memchr v2.5.0
[INFO] [stderr]    Compiling serde_json v1.0.95
[INFO] [stderr]    Compiling bytes v1.4.0
[INFO] [stderr]    Compiling toml_datetime v0.6.1
[INFO] [stderr]    Compiling winnow v0.4.1
[INFO] [stderr]    Compiling static_assertions v1.1.0
[INFO] [stderr]    Compiling arrayvec v0.5.2
[INFO] [stderr]    Compiling num-traits v0.2.15
[INFO] [stderr]    Compiling num-integer v0.1.45
[INFO] [stderr]    Compiling futures-channel v0.3.27
[INFO] [stderr]    Compiling futures-util v0.3.27
[INFO] [stderr]    Compiling futures-sink v0.3.27
[INFO] [stderr]    Compiling crunchy v0.2.2
[INFO] [stderr]    Compiling byte-slice-cast v1.2.2
[INFO] [stderr]    Compiling unicode-xid v0.2.4
[INFO] [stderr]    Compiling ring v0.16.20
[INFO] [stderr]    Compiling rustc-hex v2.1.0
[INFO] [stderr]    Compiling ss58-registry v1.39.0
[INFO] [stderr]    Compiling spin v0.5.2
[INFO] [stderr]    Compiling untrusted v0.7.1
[INFO] [stderr]    Compiling schnorrkel v0.9.1
[INFO] [stderr]    Compiling lexical-core v0.7.6
[INFO] [stderr]    Compiling tiny-keccak v2.0.2
[INFO] [stderr]    Compiling fixed-hash v0.8.0
[INFO] [stderr]    Compiling impl-serde v0.4.0
[INFO] [stderr]    Compiling nom v5.1.2
[INFO] [stderr]    Compiling proc-macro-error-attr v1.0.4
[INFO] [stderr]    Compiling uint v0.9.5
[INFO] [stderr]    Compiling time v0.1.45
[INFO] [stderr]    Compiling unicase v2.6.0
[INFO] [stderr]    Compiling proc-macro-error v1.0.4
[INFO] [stderr]    Compiling iana-time-zone v0.1.54
[INFO] [stderr]    Compiling rustversion v1.0.12
[INFO] [stderr]    Compiling ident_case v1.0.1
[INFO] [stderr]    Compiling futures-lite v1.12.0
[INFO] [stderr]    Compiling substrate-bip39 v0.4.4
[INFO] [stderr]    Compiling crossbeam-queue v0.3.8
[INFO] [stderr]    Compiling aho-corasick v0.7.20
[INFO] [stderr]    Compiling num-bigint v0.4.3
[INFO] [stderr]    Compiling regex-syntax v0.6.29
[INFO] [stderr]    Compiling rosetta-types v0.1.0
[INFO] [stderr]    Compiling toml_edit v0.19.8
[INFO] [stderr]    Compiling http v0.2.9
[INFO] [stderr]    Compiling num-rational v0.4.1
[INFO] [stderr]    Compiling num-iter v0.1.43
[INFO] [stderr]    Compiling rosetta-crypto v0.1.0
[INFO] [stderr]    Compiling blocking v1.3.0
[INFO] [stderr]    Compiling async-executor v1.5.0
[INFO] [stderr]    Compiling hashbrown v0.12.3
[INFO] [stderr]    Compiling chrono v0.4.24
[INFO] [stderr]    Compiling regex v1.7.3
[INFO] [stderr]    Compiling http-body v0.4.5
[INFO] [stderr]    Compiling mime_guess v2.0.4
[INFO] [stderr]    Compiling paste v1.0.12
[INFO] [stderr]    Compiling dashmap v5.4.0
[INFO] [stderr]    Compiling miniz_oxide v0.6.2
[INFO] [stderr]    Compiling proc-macro-crate v1.3.1
[INFO] [stderr]    Compiling num-complex v0.4.3
[INFO] [stderr]    Compiling tempfile v3.5.0
[INFO] [stderr]    Compiling rosetta-core v0.1.0
[INFO] [stderr]    Compiling xattr v0.2.3
[INFO] [stderr]    Compiling filetime v0.2.20
[INFO] [stderr]    Compiling config v0.10.1
[INFO] [stderr]    Compiling webpki v0.21.4
[INFO] [stderr]    Compiling sct v0.6.1
[INFO] [stderr]    Compiling num v0.4.0
[INFO] [stderr]    Compiling tar v0.4.38
[INFO] [stderr]    Compiling rosetta-config-polkadot v0.1.0
[INFO] [stderr]    Compiling rosetta-config-ethereum v0.1.0
[INFO] [stderr]    Compiling flate2 v1.0.25
[INFO] [stderr]    Compiling webpki-roots v0.20.0
[INFO] [stderr]    Compiling dirs-sys-next v0.1.2
[INFO] [stderr]    Compiling fraction v0.13.1
[INFO] [stderr]    Compiling rosetta-config-bitcoin v0.1.0
[INFO] [stderr]    Compiling humantime v2.1.0
[INFO] [stderr]    Compiling termcolor v1.2.0
[INFO] [stderr]    Compiling bitcoincore-rpc-json-async v3.0.1
[INFO] [stderr]    Compiling dirs-next v2.0.0
[INFO] [stderr]    Compiling darling_core v0.14.4
[INFO] [stderr]    Compiling ctor v0.1.26
[INFO] [stderr]    Compiling parity-scale-codec-derive v3.1.4
[INFO] [stderr]    Compiling impl-trait-for-tuples v0.2.2
[INFO] [stderr]    Compiling futures-macro v0.3.27
[INFO] [stderr]    Compiling rlp-derive v0.1.0
[INFO] [stderr]    Compiling time-macros-impl v0.1.2
[INFO] [stderr]    Compiling derive_more v0.99.17
[INFO] [stderr]    Compiling scale-info-derive v2.5.0
[INFO] [stderr]    Compiling pin-project-internal v1.0.12
[INFO] [stderr]    Compiling auto_impl v1.0.1
[INFO] [stderr]    Compiling open-fastrlp-derive v0.1.1
[INFO] [stderr]    Compiling strum_macros v0.24.3
[INFO] [stderr]    Compiling num_enum_derive v0.5.11
[INFO] [stderr]    Compiling rlp v0.5.2
[INFO] [stderr]    Compiling value-bag v1.0.0-alpha.9
[INFO] [stderr]    Compiling time-macros v0.1.1
[INFO] [stderr]    Compiling time v0.2.27
[INFO] [stderr]    Compiling log v0.4.17
[INFO] [stderr]    Compiling impl-rlp v0.3.0
[INFO] [stderr]    Compiling darling_macro v0.14.4
[INFO] [stderr]    Compiling mio v0.8.6
[INFO] [stderr]    Compiling polling v2.6.0
[INFO] [stderr]    Compiling kv-log-macro v1.0.7
[INFO] [stderr]    Compiling rustls v0.18.1
[INFO] [stderr]    Compiling want v0.3.0
[INFO] [stderr]    Compiling cookie v0.14.4
[INFO] [stderr]    Compiling async-io v1.13.0
[INFO] [stderr]    Compiling tokio v1.27.0
[INFO] [stderr]    Compiling pin-project v1.0.12
[INFO] [stderr]    Compiling num_enum v0.5.11
[INFO] [stderr]    Compiling strum v0.24.1
[INFO] [stderr]    Compiling femme v2.2.1
[INFO] [stderr]    Compiling env_logger v0.10.0
[INFO] [stderr]    Compiling sled v0.34.7
[INFO] [stderr]    Compiling darling v0.14.4
[INFO] [stderr]    Compiling serde_with_macros v2.3.1
[INFO] [stderr]    Compiling async-process v1.6.0
[INFO] [stderr]    Compiling parity-scale-codec v3.4.0
[INFO] [stderr]    Compiling async-tls v0.10.0
[INFO] [stderr]    Compiling serde_with v2.3.1
[INFO] [stderr]    Compiling scale-info v2.5.0
[INFO] [stderr]    Compiling impl-codec v0.6.0
[INFO] [stderr]    Compiling rosetta-tx-polkadot v0.1.0
[INFO] [stderr]    Compiling futures-executor v0.3.27
[INFO] [stderr]    Compiling asynchronous-codec v0.6.1
[INFO] [stderr]    Compiling futures v0.3.27
[INFO] [stderr]    Compiling ethbloom v0.13.0
[INFO] [stderr]    Compiling primitive-types v0.12.1
[INFO] [stderr]    Compiling docker-api-stubs v0.5.0
[INFO] [stderr]    Compiling ethereum-types v0.14.1
[INFO] [stderr]    Compiling async-global-executor v2.3.1
[INFO] [stderr]    Compiling deadpool v0.7.0
[INFO] [stderr]    Compiling hyper v0.14.25
[INFO] [stderr]    Compiling jsonrpc-async v2.0.2
[INFO] [stderr]    Compiling ethabi v18.0.0
[INFO] [stderr]    Compiling open-fastrlp v0.1.4
[INFO] [stderr]    Compiling async-std v1.12.0
[INFO] [stderr]    Compiling bitcoincore-rpc-async v3.0.1
[INFO] [stderr]    Compiling ethers-core v2.0.2
[INFO] [stderr]    Compiling hyperlocal v0.8.0
[INFO] [stderr]    Compiling http-types v2.12.0
[INFO] [stderr]    Compiling containers-api v0.8.0
[INFO] [stderr]    Compiling async-h1 v2.3.3
[INFO] [stderr]    Compiling async-sse v4.1.0
[INFO] [stderr]    Compiling http-client v6.5.3
[INFO] [stderr]    Compiling surf v2.3.2
[INFO] [stderr]    Compiling tide v0.16.0
[INFO] [stderr]    Compiling rosetta-tx-ethereum v0.1.0
[INFO] [stderr]    Compiling rosetta-client v0.1.0
[INFO] [stderr]    Compiling docker-api v0.13.0
[INFO] [stderr]    Compiling rosetta-docker v0.1.0
[INFO] [stderr]    Compiling rosetta-server v0.1.0
[INFO] [stderr]    Compiling rosetta-server-bitcoin v0.1.0 (/opt/rustwide/workdir)
[INFO] [stderr]     Finished test [unoptimized + debuginfo] target(s) in 51.72s
[INFO] [stderr] warning: the following packages contain code that will be rejected by a future version of Rust: nom v5.1.2
[INFO] [stderr] note: to see what the problems were, use the option `--future-incompat-report`, or run `cargo report future-incompatibilities --id 1`
[INFO] running `Command { std: "docker" "inspect" "996625adf34e4c87c75919360453e4fd16c8c2512e1e0eb9f0878d4f2d3d2480", kill_on_drop: false }`
[INFO] running `Command { std: "docker" "rm" "-f" "996625adf34e4c87c75919360453e4fd16c8c2512e1e0eb9f0878d4f2d3d2480", kill_on_drop: false }`
[INFO] [stdout] 996625adf34e4c87c75919360453e4fd16c8c2512e1e0eb9f0878d4f2d3d2480
[INFO] running `Command { std: "docker" "create" "-v" "/var/lib/crater-agent-workspace/builds/worker-2-tc2/target:/opt/rustwide/target:rw,Z" "-v" "/var/lib/crater-agent-workspace/builds/worker-2-tc2/source:/opt/rustwide/workdir:ro,Z" "-v" "/var/lib/crater-agent-workspace/cargo-home:/opt/rustwide/cargo-home:ro,Z" "-v" "/var/lib/crater-agent-workspace/rustup-home:/opt/rustwide/rustup-home:ro,Z" "-e" "SOURCE_DIR=/opt/rustwide/workdir" "-e" "CARGO_TARGET_DIR=/opt/rustwide/target" "-e" "CARGO_INCREMENTAL=0" "-e" "RUST_BACKTRACE=full" "-e" "RUSTFLAGS=--cap-lints=warn" "-e" "RUSTDOCFLAGS=--cap-lints=warn" "-e" "CARGO_HOME=/opt/rustwide/cargo-home" "-e" "RUSTUP_HOME=/opt/rustwide/rustup-home" "-w" "/opt/rustwide/workdir" "-m" "1610612736" "--user" "0:0" "--network" "none" "ghcr.io/rust-lang/crates-build-env/linux@sha256:5ff2268d62e97bff2cde7d5815dd6ed5b47097566f13b8d0ca110b04b60e07ed" "/opt/rustwide/cargo-home/bin/cargo" "+beta-2023-04-20" "test" "--frozen", kill_on_drop: false }`
[INFO] [stdout] b20abfb23a6c95a9167f7f0e56f99a26f96152b3cf643fc76d35d27e702d1fd4
[INFO] running `Command { std: "docker" "start" "-a" "b20abfb23a6c95a9167f7f0e56f99a26f96152b3cf643fc76d35d27e702d1fd4", kill_on_drop: false }`
[INFO] [stderr]     Finished test [unoptimized + debuginfo] target(s) in 0.69s
[INFO] [stderr] warning: the following packages contain code that will be rejected by a future version of Rust: nom v5.1.2
[INFO] [stderr] note: to see what the problems were, use the option `--future-incompat-report`, or run `cargo report future-incompatibilities --id 1`
[INFO] [stderr]      Running unittests src/lib.rs (/opt/rustwide/target/debug/deps/rosetta_server_bitcoin-6d96b97d65d1a8c7)
[INFO] [stdout] 
[INFO] [stdout] running 5 tests
[INFO] [stdout] test tests::test_account ... ignored
[INFO] [stdout] test tests::test_construction ... ignored
[INFO] [stdout] test tests::test_network_options ... FAILED
[INFO] [stderr] error: test failed, to rerun pass `--lib`
[INFO] [stdout] test tests::test_network_status ... FAILED
[INFO] [stdout] test tests::test_network_list ... FAILED
[INFO] [stdout] 
[INFO] [stdout] failures:
[INFO] [stdout] 
[INFO] [stdout] ---- tests::test_network_options stdout ----
[INFO] [stdout] Error: error trying to connect: No such file or directory (os error 2)
[INFO] [stdout] 
[INFO] [stdout] Caused by:
[INFO] [stdout]     No such file or directory (os error 2)
[INFO] [stdout] 
[INFO] [stdout] ---- tests::test_network_status stdout ----
[INFO] [stdout] Error: error trying to connect: No such file or directory (os error 2)
[INFO] [stdout] 
[INFO] [stdout] Caused by:
[INFO] [stdout]     No such file or directory (os error 2)
[INFO] [stdout] 
[INFO] [stdout] ---- tests::test_network_list stdout ----
[INFO] [stdout] Error: error trying to connect: No such file or directory (os error 2)
[INFO] [stdout] 
[INFO] [stdout] Caused by:
[INFO] [stdout]     No such file or directory (os error 2)
[INFO] [stdout] 
[INFO] [stdout] 
[INFO] [stdout] failures:
[INFO] [stdout]     tests::test_network_list
[INFO] [stdout]     tests::test_network_options
[INFO] [stdout]     tests::test_network_status
[INFO] [stdout] 
[INFO] [stdout] test result: FAILED. 0 passed; 3 failed; 2 ignored; 0 measured; 0 filtered out; finished in 0.02s
[INFO] [stdout] 
[INFO] running `Command { std: "docker" "inspect" "b20abfb23a6c95a9167f7f0e56f99a26f96152b3cf643fc76d35d27e702d1fd4", kill_on_drop: false }`
[INFO] running `Command { std: "docker" "rm" "-f" "b20abfb23a6c95a9167f7f0e56f99a26f96152b3cf643fc76d35d27e702d1fd4", kill_on_drop: false }`
[INFO] [stdout] b20abfb23a6c95a9167f7f0e56f99a26f96152b3cf643fc76d35d27e702d1fd4
