[INFO] fetching crate rora-javascript-adapter 0.0.2...
[INFO] testing rora-javascript-adapter-0.0.2 against 1.69.0 for beta-1.70-1
[INFO] extracting crate rora-javascript-adapter 0.0.2 into /workspace/builds/worker-6-tc1/source
[INFO] validating manifest of crates.io crate rora-javascript-adapter 0.0.2 on toolchain 1.69.0
[INFO] running `Command { std: CARGO_HOME="/workspace/cargo-home" RUSTUP_HOME="/workspace/rustup-home" "/workspace/cargo-home/bin/cargo" "+1.69.0" "metadata" "--manifest-path" "Cargo.toml" "--no-deps", kill_on_drop: false }`
[INFO] started tweaking crates.io crate rora-javascript-adapter 0.0.2
[INFO] finished tweaking crates.io crate rora-javascript-adapter 0.0.2
[INFO] tweaked toml for crates.io crate rora-javascript-adapter 0.0.2 written to /workspace/builds/worker-6-tc1/source/Cargo.toml
[INFO] running `Command { std: CARGO_HOME="/workspace/cargo-home" RUSTUP_HOME="/workspace/rustup-home" __CARGO_TEST_CHANNEL_OVERRIDE_DO_NOT_USE_THIS="nightly" "/workspace/cargo-home/bin/cargo" "+1.69.0" "generate-lockfile" "--manifest-path" "Cargo.toml" "-Zno-index-update", kill_on_drop: false }`
[INFO] running `Command { std: CARGO_HOME="/workspace/cargo-home" RUSTUP_HOME="/workspace/rustup-home" "/workspace/cargo-home/bin/cargo" "+1.69.0" "fetch" "--manifest-path" "Cargo.toml", kill_on_drop: false }`
[INFO] running `Command { std: "docker" "create" "-v" "/var/lib/crater-agent-workspace/builds/worker-6-tc1/target:/opt/rustwide/target:rw,Z" "-v" "/var/lib/crater-agent-workspace/builds/worker-6-tc1/source:/opt/rustwide/workdir:ro,Z" "-v" "/var/lib/crater-agent-workspace/cargo-home:/opt/rustwide/cargo-home:ro,Z" "-v" "/var/lib/crater-agent-workspace/rustup-home:/opt/rustwide/rustup-home:ro,Z" "-e" "SOURCE_DIR=/opt/rustwide/workdir" "-e" "CARGO_TARGET_DIR=/opt/rustwide/target" "-e" "CARGO_HOME=/opt/rustwide/cargo-home" "-e" "RUSTUP_HOME=/opt/rustwide/rustup-home" "-w" "/opt/rustwide/workdir" "-m" "1610612736" "--user" "0:0" "--network" "none" "ghcr.io/rust-lang/crates-build-env/linux@sha256:5ff2268d62e97bff2cde7d5815dd6ed5b47097566f13b8d0ca110b04b60e07ed" "/opt/rustwide/cargo-home/bin/cargo" "+1.69.0" "metadata" "--no-deps" "--format-version=1", kill_on_drop: false }`
[INFO] [stdout] 1f996c32d3cc13af740f418ed7a34c0c1685c6ee3332c9909b448b81a56b67f4
[INFO] running `Command { std: "docker" "start" "-a" "1f996c32d3cc13af740f418ed7a34c0c1685c6ee3332c9909b448b81a56b67f4", kill_on_drop: false }`
[INFO] running `Command { std: "docker" "inspect" "1f996c32d3cc13af740f418ed7a34c0c1685c6ee3332c9909b448b81a56b67f4", kill_on_drop: false }`
[INFO] running `Command { std: "docker" "rm" "-f" "1f996c32d3cc13af740f418ed7a34c0c1685c6ee3332c9909b448b81a56b67f4", kill_on_drop: false }`
[INFO] [stdout] 1f996c32d3cc13af740f418ed7a34c0c1685c6ee3332c9909b448b81a56b67f4
[INFO] running `Command { std: "docker" "create" "-v" "/var/lib/crater-agent-workspace/builds/worker-6-tc1/target:/opt/rustwide/target:rw,Z" "-v" "/var/lib/crater-agent-workspace/builds/worker-6-tc1/source:/opt/rustwide/workdir:ro,Z" "-v" "/var/lib/crater-agent-workspace/cargo-home:/opt/rustwide/cargo-home:ro,Z" "-v" "/var/lib/crater-agent-workspace/rustup-home:/opt/rustwide/rustup-home:ro,Z" "-e" "SOURCE_DIR=/opt/rustwide/workdir" "-e" "CARGO_TARGET_DIR=/opt/rustwide/target" "-e" "CARGO_INCREMENTAL=0" "-e" "RUST_BACKTRACE=full" "-e" "RUSTFLAGS=--cap-lints=warn" "-e" "RUSTDOCFLAGS=--cap-lints=warn" "-e" "CARGO_HOME=/opt/rustwide/cargo-home" "-e" "RUSTUP_HOME=/opt/rustwide/rustup-home" "-w" "/opt/rustwide/workdir" "-m" "1610612736" "--user" "0:0" "--network" "none" "ghcr.io/rust-lang/crates-build-env/linux@sha256:5ff2268d62e97bff2cde7d5815dd6ed5b47097566f13b8d0ca110b04b60e07ed" "/opt/rustwide/cargo-home/bin/cargo" "+1.69.0" "build" "--frozen" "--message-format=json", kill_on_drop: false }`
[INFO] [stdout] 387d3433ae2396019d8e24b2fef3b498538624f686fef77b0a23ff96bf25043c
[INFO] running `Command { std: "docker" "start" "-a" "387d3433ae2396019d8e24b2fef3b498538624f686fef77b0a23ff96bf25043c", kill_on_drop: false }`
[INFO] [stderr]    Compiling wasm-bindgen-shared v0.2.84
[INFO] [stderr]    Compiling syn v1.0.109
[INFO] [stderr]    Compiling log v0.4.17
[INFO] [stderr]    Compiling serde v1.0.160
[INFO] [stderr]    Compiling once_cell v1.17.1
[INFO] [stderr]    Compiling bumpalo v3.12.1
[INFO] [stderr]    Compiling wasm-bindgen v0.2.84
[INFO] [stderr]    Compiling wasm-bindgen-backend v0.2.84
[INFO] [stderr]    Compiling serde_json v1.0.96
[INFO] [stderr]    Compiling wasm-bindgen-macro-support v0.2.84
[INFO] [stderr]    Compiling wasm-bindgen-macro v0.2.84
[INFO] [stderr]    Compiling rora-javascript-adapter v0.0.2 (/opt/rustwide/workdir)
[INFO] [stdout] warning: use of deprecated associated function `wasm_bindgen::JsValue::from_serde`: causes dependency cycles, use `serde-wasm-bindgen` or `gloo_utils::format::JsValueSerdeExt` instead
[INFO] [stdout]   --> src/lib.rs:78:18
[INFO] [stdout]    |
[INFO] [stdout] 78 |         JsValue::from_serde(&self.headers).unwrap()
[INFO] [stdout]    |                  ^^^^^^^^^^
[INFO] [stdout]    |
[INFO] [stdout]    = note: `#[warn(deprecated)]` on by default
[INFO] [stdout] 
[INFO] [stdout] 
[INFO] [stdout] warning: use of deprecated associated function `wasm_bindgen::JsValue::from_serde`: causes dependency cycles, use `serde-wasm-bindgen` or `gloo_utils::format::JsValueSerdeExt` instead
[INFO] [stdout]    --> src/lib.rs:135:18
[INFO] [stdout]     |
[INFO] [stdout] 135 |         JsValue::from_serde(&self.headers).unwrap()
[INFO] [stdout]     |                  ^^^^^^^^^^
[INFO] [stdout] 
[INFO] [stdout] 
[INFO] [stderr]     Finished dev [unoptimized + debuginfo] target(s) in 10.62s
[INFO] [stdout] warning: 2 warnings emitted
[INFO] [stdout] 
[INFO] [stdout] 
[INFO] running `Command { std: "docker" "inspect" "387d3433ae2396019d8e24b2fef3b498538624f686fef77b0a23ff96bf25043c", kill_on_drop: false }`
[INFO] running `Command { std: "docker" "rm" "-f" "387d3433ae2396019d8e24b2fef3b498538624f686fef77b0a23ff96bf25043c", kill_on_drop: false }`
[INFO] [stdout] 387d3433ae2396019d8e24b2fef3b498538624f686fef77b0a23ff96bf25043c
[INFO] running `Command { std: "docker" "create" "-v" "/var/lib/crater-agent-workspace/builds/worker-6-tc1/target:/opt/rustwide/target:rw,Z" "-v" "/var/lib/crater-agent-workspace/builds/worker-6-tc1/source:/opt/rustwide/workdir:ro,Z" "-v" "/var/lib/crater-agent-workspace/cargo-home:/opt/rustwide/cargo-home:ro,Z" "-v" "/var/lib/crater-agent-workspace/rustup-home:/opt/rustwide/rustup-home:ro,Z" "-e" "SOURCE_DIR=/opt/rustwide/workdir" "-e" "CARGO_TARGET_DIR=/opt/rustwide/target" "-e" "CARGO_INCREMENTAL=0" "-e" "RUST_BACKTRACE=full" "-e" "RUSTFLAGS=--cap-lints=warn" "-e" "RUSTDOCFLAGS=--cap-lints=warn" "-e" "CARGO_HOME=/opt/rustwide/cargo-home" "-e" "RUSTUP_HOME=/opt/rustwide/rustup-home" "-w" "/opt/rustwide/workdir" "-m" "1610612736" "--user" "0:0" "--network" "none" "ghcr.io/rust-lang/crates-build-env/linux@sha256:5ff2268d62e97bff2cde7d5815dd6ed5b47097566f13b8d0ca110b04b60e07ed" "/opt/rustwide/cargo-home/bin/cargo" "+1.69.0" "test" "--frozen" "--no-run" "--message-format=json", kill_on_drop: false }`
[INFO] [stdout] 862cf78755948415cad0bcbefc7524ea8b06dafaab97ab55e779bff9dc27ecd0
[INFO] running `Command { std: "docker" "start" "-a" "862cf78755948415cad0bcbefc7524ea8b06dafaab97ab55e779bff9dc27ecd0", kill_on_drop: false }`
[INFO] [stderr]    Compiling rora-javascript-adapter v0.0.2 (/opt/rustwide/workdir)
[INFO] [stdout] warning: use of deprecated associated function `wasm_bindgen::JsValue::from_serde`: causes dependency cycles, use `serde-wasm-bindgen` or `gloo_utils::format::JsValueSerdeExt` instead
[INFO] [stdout]   --> src/lib.rs:78:18
[INFO] [stdout]    |
[INFO] [stdout] 78 |         JsValue::from_serde(&self.headers).unwrap()
[INFO] [stdout]    |                  ^^^^^^^^^^
[INFO] [stdout]    |
[INFO] [stdout]    = note: `#[warn(deprecated)]` on by default
[INFO] [stdout] 
[INFO] [stdout] 
[INFO] [stdout] warning: use of deprecated associated function `wasm_bindgen::JsValue::from_serde`: causes dependency cycles, use `serde-wasm-bindgen` or `gloo_utils::format::JsValueSerdeExt` instead
[INFO] [stdout]    --> src/lib.rs:135:18
[INFO] [stdout]     |
[INFO] [stdout] 135 |         JsValue::from_serde(&self.headers).unwrap()
[INFO] [stdout]     |                  ^^^^^^^^^^
[INFO] [stdout] 
[INFO] [stdout] 
[INFO] [stdout] warning: 2 warnings emitted
[INFO] [stdout] 
[INFO] [stdout] 
[INFO] [stdout] warning: use of deprecated associated function `wasm_bindgen::JsValue::from_serde`: causes dependency cycles, use `serde-wasm-bindgen` or `gloo_utils::format::JsValueSerdeExt` instead
[INFO] [stdout]   --> src/lib.rs:78:18
[INFO] [stdout]    |
[INFO] [stdout] 78 |         JsValue::from_serde(&self.headers).unwrap()
[INFO] [stdout]    |                  ^^^^^^^^^^
[INFO] [stdout]    |
[INFO] [stdout]    = note: `#[warn(deprecated)]` on by default
[INFO] [stdout] 
[INFO] [stdout] 
[INFO] [stdout] warning: use of deprecated associated function `wasm_bindgen::JsValue::from_serde`: causes dependency cycles, use `serde-wasm-bindgen` or `gloo_utils::format::JsValueSerdeExt` instead
[INFO] [stdout]    --> src/lib.rs:135:18
[INFO] [stdout]     |
[INFO] [stdout] 135 |         JsValue::from_serde(&self.headers).unwrap()
[INFO] [stdout]     |                  ^^^^^^^^^^
[INFO] [stdout] 
[INFO] [stdout] 
[INFO] [stdout] warning: 2 warnings emitted
[INFO] [stdout] 
[INFO] [stdout] 
[INFO] [stderr]     Finished test [unoptimized + debuginfo] target(s) in 0.60s
[INFO] running `Command { std: "docker" "inspect" "862cf78755948415cad0bcbefc7524ea8b06dafaab97ab55e779bff9dc27ecd0", kill_on_drop: false }`
[INFO] running `Command { std: "docker" "rm" "-f" "862cf78755948415cad0bcbefc7524ea8b06dafaab97ab55e779bff9dc27ecd0", kill_on_drop: false }`
[INFO] [stdout] 862cf78755948415cad0bcbefc7524ea8b06dafaab97ab55e779bff9dc27ecd0
[INFO] running `Command { std: "docker" "create" "-v" "/var/lib/crater-agent-workspace/builds/worker-6-tc1/target:/opt/rustwide/target:rw,Z" "-v" "/var/lib/crater-agent-workspace/builds/worker-6-tc1/source:/opt/rustwide/workdir:ro,Z" "-v" "/var/lib/crater-agent-workspace/cargo-home:/opt/rustwide/cargo-home:ro,Z" "-v" "/var/lib/crater-agent-workspace/rustup-home:/opt/rustwide/rustup-home:ro,Z" "-e" "SOURCE_DIR=/opt/rustwide/workdir" "-e" "CARGO_TARGET_DIR=/opt/rustwide/target" "-e" "CARGO_INCREMENTAL=0" "-e" "RUST_BACKTRACE=full" "-e" "RUSTFLAGS=--cap-lints=warn" "-e" "RUSTDOCFLAGS=--cap-lints=warn" "-e" "CARGO_HOME=/opt/rustwide/cargo-home" "-e" "RUSTUP_HOME=/opt/rustwide/rustup-home" "-w" "/opt/rustwide/workdir" "-m" "1610612736" "--user" "0:0" "--network" "none" "ghcr.io/rust-lang/crates-build-env/linux@sha256:5ff2268d62e97bff2cde7d5815dd6ed5b47097566f13b8d0ca110b04b60e07ed" "/opt/rustwide/cargo-home/bin/cargo" "+1.69.0" "test" "--frozen", kill_on_drop: false }`
[INFO] [stdout] b5f3123c39be3ca83d24fbf1194c4ec4a800417f64fd9d65ad26de0b25815c25
[INFO] running `Command { std: "docker" "start" "-a" "b5f3123c39be3ca83d24fbf1194c4ec4a800417f64fd9d65ad26de0b25815c25", kill_on_drop: false }`
[INFO] [stderr] warning: use of deprecated associated function `wasm_bindgen::JsValue::from_serde`: causes dependency cycles, use `serde-wasm-bindgen` or `gloo_utils::format::JsValueSerdeExt` instead
[INFO] [stderr]   --> src/lib.rs:78:18
[INFO] [stderr]    |
[INFO] [stderr] 78 |         JsValue::from_serde(&self.headers).unwrap()
[INFO] [stderr]    |                  ^^^^^^^^^^
[INFO] [stderr]    |
[INFO] [stderr]    = note: `#[warn(deprecated)]` on by default
[INFO] [stderr] 
[INFO] [stderr] warning: use of deprecated associated function `wasm_bindgen::JsValue::from_serde`: causes dependency cycles, use `serde-wasm-bindgen` or `gloo_utils::format::JsValueSerdeExt` instead
[INFO] [stderr]    --> src/lib.rs:135:18
[INFO] [stderr]     |
[INFO] [stderr] 135 |         JsValue::from_serde(&self.headers).unwrap()
[INFO] [stderr]     |                  ^^^^^^^^^^
[INFO] [stderr] 
[INFO] [stderr] warning: `rora-javascript-adapter` (lib) generated 2 warnings
[INFO] [stderr] warning: `rora-javascript-adapter` (lib test) generated 2 warnings (2 duplicates)
[INFO] [stderr]     Finished test [unoptimized + debuginfo] target(s) in 0.03s
[INFO] [stderr]      Running unittests src/lib.rs (/opt/rustwide/target/debug/deps/rora_javascript_adapter-5dc74e74860d2694)
[INFO] [stdout] 
[INFO] [stdout] running 0 tests
[INFO] [stdout] 
[INFO] [stdout] test result: ok. 0 passed; 0 failed; 0 ignored; 0 measured; 0 filtered out; finished in 0.00s
[INFO] [stdout] 
[INFO] [stderr]    Doc-tests rora-javascript-adapter
[INFO] [stdout] 
[INFO] [stdout] running 2 tests
[INFO] [stdout] test src/lib.rs - JsResponse (line 88) ... FAILED
[INFO] [stdout] test src/lib.rs - JsRequest (line 24) ... FAILED
[INFO] [stdout] 
[INFO] [stdout] failures:
[INFO] [stdout] 
[INFO] [stdout] ---- src/lib.rs - JsResponse (line 88) stdout ----
[INFO] [stdout] error[E0432]: unresolved import `crate::javascript_adapter`
[INFO] [stdout]  --> src/lib.rs:89:12
[INFO] [stdout]   |
[INFO] [stdout] 3 | use crate::javascript_adapter::JsResponse;
[INFO] [stdout]   |            ^^^^^^^^^^^^^^^^^^ could not find `javascript_adapter` in the crate root
[INFO] [stdout] 
[INFO] [stdout] error: cannot find attribute `wasm_bindgen` in this scope
[INFO] [stdout]  --> src/lib.rs:91:3
[INFO] [stdout]   |
[INFO] [stdout] 5 | #[wasm_bindgen]
[INFO] [stdout]   |   ^^^^^^^^^^^^
[INFO] [stdout]   |
[INFO] [stdout]   = help: consider importing this attribute macro:
[INFO] [stdout]           wasm_bindgen::prelude::wasm_bindgen
[INFO] [stdout]   = note: `wasm_bindgen` is in scope, but it is a crate, not an attribute
[INFO] [stdout] 
[INFO] [stdout] error: aborting due to 2 previous errors
[INFO] [stdout] 
[INFO] [stdout] For more information about this error, try `rustc --explain E0432`.
[INFO] [stdout] Couldn't compile the test.
[INFO] [stdout] ---- src/lib.rs - JsRequest (line 24) stdout ----
[INFO] [stdout] error[E0432]: unresolved import `javascript_adapter`
[INFO] [stdout]  --> src/lib.rs:25:5
[INFO] [stdout]   |
[INFO] [stdout] 3 | use javascript_adapter::JsRequest;
[INFO] [stdout]   |     ^^^^^^^^^^^^^^^^^^ use of undeclared crate or module `javascript_adapter`
[INFO] [stdout]   |
[INFO] [stdout] help: there is a crate or module with a similar name
[INFO] [stdout]   |
[INFO] [stdout] 3 | use rora_javascript_adapter::JsRequest;
[INFO] [stdout]   |     ~~~~~~~~~~~~~~~~~~~~~~~
[INFO] [stdout] 
[INFO] [stdout] error: cannot find attribute `wasm_bindgen` in this scope
[INFO] [stdout]  --> src/lib.rs:27:3
[INFO] [stdout]   |
[INFO] [stdout] 5 | #[wasm_bindgen]
[INFO] [stdout]   |   ^^^^^^^^^^^^
[INFO] [stdout]   |
[INFO] [stdout]   = help: consider importing this attribute macro:
[INFO] [stdout]           wasm_bindgen::prelude::wasm_bindgen
[INFO] [stdout]   = note: `wasm_bindgen` is in scope, but it is a crate, not an attribute
[INFO] [stdout] 
[INFO] [stdout] error: aborting due to 2 previous errors
[INFO] [stdout] 
[INFO] [stdout] For more information about this error, try `rustc --explain E0432`.
[INFO] [stdout] Couldn't compile the test.
[INFO] [stdout] 
[INFO] [stdout] failures:
[INFO] [stdout]     src/lib.rs - JsRequest (line 24)
[INFO] [stdout]     src/lib.rs - JsResponse (line 88)
[INFO] [stdout] 
[INFO] [stdout] test result: FAILED. 0 passed; 2 failed; 0 ignored; 0 measured; 0 filtered out; finished in 0.05s
[INFO] [stdout] 
[INFO] [stderr] error: doctest failed, to rerun pass `--doc`
[INFO] running `Command { std: "docker" "inspect" "b5f3123c39be3ca83d24fbf1194c4ec4a800417f64fd9d65ad26de0b25815c25", kill_on_drop: false }`
[INFO] running `Command { std: "docker" "rm" "-f" "b5f3123c39be3ca83d24fbf1194c4ec4a800417f64fd9d65ad26de0b25815c25", kill_on_drop: false }`
[INFO] [stdout] b5f3123c39be3ca83d24fbf1194c4ec4a800417f64fd9d65ad26de0b25815c25
