[INFO] fetching crate rnafamprob 0.1.0...
[INFO] testing rnafamprob-0.1.0 against beta-2023-04-20 for beta-1.70-1
[INFO] extracting crate rnafamprob 0.1.0 into /workspace/builds/worker-3-tc2/source
[INFO] validating manifest of crates.io crate rnafamprob 0.1.0 on toolchain beta-2023-04-20
[INFO] running `Command { std: CARGO_HOME="/workspace/cargo-home" RUSTUP_HOME="/workspace/rustup-home" "/workspace/cargo-home/bin/cargo" "+beta-2023-04-20" "metadata" "--manifest-path" "Cargo.toml" "--no-deps", kill_on_drop: false }`
[INFO] started tweaking crates.io crate rnafamprob 0.1.0
[INFO] finished tweaking crates.io crate rnafamprob 0.1.0
[INFO] tweaked toml for crates.io crate rnafamprob 0.1.0 written to /workspace/builds/worker-3-tc2/source/Cargo.toml
[INFO] crate crates.io crate rnafamprob 0.1.0 already has a lockfile, it will not be regenerated
[INFO] running `Command { std: CARGO_HOME="/workspace/cargo-home" RUSTUP_HOME="/workspace/rustup-home" "/workspace/cargo-home/bin/cargo" "+beta-2023-04-20" "fetch" "--manifest-path" "Cargo.toml", kill_on_drop: false }`
[INFO] [stderr]     Updating crates.io index
[INFO] [stderr]  Downloading crates ...
[INFO] [stderr]   Downloaded newtype_derive v0.1.6
[INFO] [stderr]   Downloaded ucd-util v0.1.5
[INFO] [stderr]   Downloaded itertools-num v0.1.3
[INFO] [stderr]   Downloaded bytecount v0.3.2
[INFO] [stderr]   Downloaded bio-seq-algos v0.1.12
[INFO] [stderr]   Downloaded ordered-float v0.5.2
[INFO] [stderr]   Downloaded bv v0.7.4
[INFO] [stderr]   Downloaded bit-vec v0.4.4
[INFO] [stderr]   Downloaded itertools v0.6.5
[INFO] [stderr]   Downloaded bio v0.20.3
[INFO] [stderr]   Downloaded bit-set v0.4.0
[INFO] [stderr]   Downloaded multimap v0.4.0
[INFO] [stderr]   Downloaded ndarray v0.9.1
[INFO] [stderr]   Downloaded rna-ss-params v0.1.13
[INFO] [stderr]   Downloaded rna-algos v0.1.10
[INFO] running `Command { std: "docker" "create" "-v" "/var/lib/crater-agent-workspace/builds/worker-3-tc2/target:/opt/rustwide/target:rw,Z" "-v" "/var/lib/crater-agent-workspace/builds/worker-3-tc2/source:/opt/rustwide/workdir:ro,Z" "-v" "/var/lib/crater-agent-workspace/cargo-home:/opt/rustwide/cargo-home:ro,Z" "-v" "/var/lib/crater-agent-workspace/rustup-home:/opt/rustwide/rustup-home:ro,Z" "-e" "SOURCE_DIR=/opt/rustwide/workdir" "-e" "CARGO_TARGET_DIR=/opt/rustwide/target" "-e" "CARGO_HOME=/opt/rustwide/cargo-home" "-e" "RUSTUP_HOME=/opt/rustwide/rustup-home" "-w" "/opt/rustwide/workdir" "-m" "1610612736" "--user" "0:0" "--network" "none" "ghcr.io/rust-lang/crates-build-env/linux@sha256:5ff2268d62e97bff2cde7d5815dd6ed5b47097566f13b8d0ca110b04b60e07ed" "/opt/rustwide/cargo-home/bin/cargo" "+beta-2023-04-20" "metadata" "--no-deps" "--format-version=1", kill_on_drop: false }`
[INFO] [stdout] 32db363a0e4ecdd7443d0156341814917e1986aa978397da5bc91962c125b28e
[INFO] running `Command { std: "docker" "start" "-a" "32db363a0e4ecdd7443d0156341814917e1986aa978397da5bc91962c125b28e", kill_on_drop: false }`
[INFO] running `Command { std: "docker" "inspect" "32db363a0e4ecdd7443d0156341814917e1986aa978397da5bc91962c125b28e", kill_on_drop: false }`
[INFO] running `Command { std: "docker" "rm" "-f" "32db363a0e4ecdd7443d0156341814917e1986aa978397da5bc91962c125b28e", kill_on_drop: false }`
[INFO] [stdout] 32db363a0e4ecdd7443d0156341814917e1986aa978397da5bc91962c125b28e
[INFO] running `Command { std: "docker" "create" "-v" "/var/lib/crater-agent-workspace/builds/worker-3-tc2/target:/opt/rustwide/target:rw,Z" "-v" "/var/lib/crater-agent-workspace/builds/worker-3-tc2/source:/opt/rustwide/workdir:ro,Z" "-v" "/var/lib/crater-agent-workspace/cargo-home:/opt/rustwide/cargo-home:ro,Z" "-v" "/var/lib/crater-agent-workspace/rustup-home:/opt/rustwide/rustup-home:ro,Z" "-e" "SOURCE_DIR=/opt/rustwide/workdir" "-e" "CARGO_TARGET_DIR=/opt/rustwide/target" "-e" "CARGO_INCREMENTAL=0" "-e" "RUST_BACKTRACE=full" "-e" "RUSTFLAGS=--cap-lints=warn" "-e" "RUSTDOCFLAGS=--cap-lints=warn" "-e" "CARGO_HOME=/opt/rustwide/cargo-home" "-e" "RUSTUP_HOME=/opt/rustwide/rustup-home" "-w" "/opt/rustwide/workdir" "-m" "1610612736" "--user" "0:0" "--network" "none" "ghcr.io/rust-lang/crates-build-env/linux@sha256:5ff2268d62e97bff2cde7d5815dd6ed5b47097566f13b8d0ca110b04b60e07ed" "/opt/rustwide/cargo-home/bin/cargo" "+beta-2023-04-20" "build" "--frozen" "--message-format=json", kill_on_drop: false }`
[INFO] [stdout] 993a99f5a14137a6666867ffbf250ac3d375b9e9f590a4a3327ee59df1fd3bb0
[INFO] running `Command { std: "docker" "start" "-a" "993a99f5a14137a6666867ffbf250ac3d375b9e9f590a4a3327ee59df1fd3bb0", kill_on_drop: false }`
[INFO] [stderr]    Compiling autocfg v0.1.7
[INFO] [stderr]    Compiling proc-macro2 v1.0.6
[INFO] [stderr]    Compiling unicode-xid v0.2.0
[INFO] [stderr]    Compiling libc v0.2.65
[INFO] [stderr]    Compiling syn v1.0.5
[INFO] [stderr]    Compiling serde v1.0.101
[INFO] [stderr]    Compiling memchr v2.2.1
[INFO] [stderr]    Compiling byteorder v1.3.2
[INFO] [stderr]    Compiling semver v0.1.20
[INFO] [stderr]    Compiling num-traits v0.2.8
[INFO] [stderr]    Compiling rustc_version v0.1.7
[INFO] [stderr]    Compiling either v1.5.3
[INFO] [stderr]    Compiling ryu v1.0.2
[INFO] [stderr]    Compiling matrixmultiply v0.1.15
[INFO] [stderr]    Compiling num-integer v0.1.41
[INFO] [stderr]    Compiling newtype_derive v0.1.6
[INFO] [stderr]    Compiling regex-automata v0.1.8
[INFO] [stderr]    Compiling void v1.0.2
[INFO] [stderr]    Compiling ucd-util v0.1.5
[INFO] [stderr]    Compiling quote v1.0.2
[INFO] [stderr]    Compiling regex v0.2.11
[INFO] [stderr]    Compiling rawpointer v0.1.0
[INFO] [stderr]    Compiling ndarray v0.9.1
[INFO] [stderr]    Compiling bv v0.7.4
[INFO] [stderr]    Compiling csv-core v0.1.6
[INFO] [stderr]    Compiling aho-corasick v0.6.10
[INFO] [stderr]    Compiling regex-syntax v0.5.6
[INFO] [stderr]    Compiling unreachable v1.0.0
[INFO] [stderr]    Compiling num-traits v0.1.43
[INFO] [stderr]    Compiling num-complex v0.1.43
[INFO] [stderr]    Compiling itertools v0.6.5
[INFO] [stderr]    Compiling thread_local v0.3.6
[INFO] [stderr]    Compiling itoa v0.4.4
[INFO] [stderr]    Compiling utf8-ranges v1.0.4
[INFO] [stderr]    Compiling fnv v1.0.6
[INFO] [stderr]    Compiling bit-vec v0.4.4
[INFO] [stderr]    Compiling lazy_static v0.1.16
[INFO] [stderr]    Compiling ordered-float v0.5.2
[INFO] [stderr]    Compiling bio-seq-algos v0.1.12
[INFO] [stderr]    Compiling bit-set v0.4.0
[INFO] [stderr]    Compiling itertools-num v0.1.3
[INFO] [stderr]    Compiling fxhash v0.2.1
[INFO] [stderr]    Compiling bytecount v0.3.2
[INFO] [stderr]    Compiling quick-error v1.2.2
[INFO] [stderr]    Compiling custom_derive v0.1.7
[INFO] [stderr]    Compiling lazy_static v0.2.11
[INFO] [stderr]    Compiling unicode-width v0.1.6
[INFO] [stderr]    Compiling approx v0.1.1
[INFO] [stderr]    Compiling rna-ss-params v0.1.13
[INFO] [stderr]    Compiling num_cpus v1.10.1
[INFO] [stderr]    Compiling getopts v0.2.21
[INFO] [stderr]    Compiling scoped_threadpool v0.1.9
[INFO] [stderr]    Compiling time v0.1.42
[INFO] [stderr]    Compiling itertools v0.7.11
[INFO] [stderr]    Compiling serde_derive v1.0.101
[INFO] [stderr]    Compiling bstr v0.2.8
[INFO] [stderr]    Compiling multimap v0.4.0
[INFO] [stderr]    Compiling vec_map v0.8.1
[INFO] [stderr]    Compiling csv v1.1.1
[INFO] [stderr]    Compiling bio v0.20.3
[INFO] [stderr]    Compiling rna-algos v0.1.10
[INFO] [stderr]    Compiling rnafamprob v0.1.0 (/opt/rustwide/workdir)
[INFO] [stdout] warning: unnecessary trailing semicolon
[INFO] [stdout]     --> src/lib.rs:1279:152
[INFO] [stdout]      |
[INFO] [stdout] 1279 | ...[&pos_pair_2] + sta_fe_params.extending_gap_penalty;;
[INFO] [stdout]      |                                                        ^ help: remove this semicolon
[INFO] [stdout]      |
[INFO] [stdout]      = note: `#[warn(redundant_semicolons)]` on by default
[INFO] [stdout] 
[INFO] [stdout] 
[INFO] [stdout] warning: use of deprecated constant `std::sync::ONCE_INIT`: the `new` function is now preferred
[INFO] [stdout]   --> src/utils.rs:26:1
[INFO] [stdout]    |
[INFO] [stdout] 26 | / lazy_static! {
[INFO] [stdout] 27 | |   pub static ref RIBOSUM_85_60_BA_SCORE_MAT: BaScoreMat = {
[INFO] [stdout] 28 | |     [
[INFO] [stdout] 29 | |       (AA, 2.22), (AC, -1.86), (AG, -1.46), (AU, -1.39),
[INFO] [stdout] ...  |
[INFO] [stdout] 44 | |   };
[INFO] [stdout] 45 | | }
[INFO] [stdout]    | |_^
[INFO] [stdout]    |
[INFO] [stdout]    = note: `#[warn(deprecated)]` on by default
[INFO] [stdout]    = note: this warning originates in the macro `lazy_static` (in Nightly builds, run with -Z macro-backtrace for more info)
[INFO] [stdout] 
[INFO] [stdout] 
[INFO] [stdout] warning: use of deprecated constant `std::sync::ONCE_INIT`: the `new` function is now preferred
[INFO] [stdout]   --> src/utils.rs:26:1
[INFO] [stdout]    |
[INFO] [stdout] 26 | / lazy_static! {
[INFO] [stdout] 27 | |   pub static ref RIBOSUM_85_60_BA_SCORE_MAT: BaScoreMat = {
[INFO] [stdout] 28 | |     [
[INFO] [stdout] 29 | |       (AA, 2.22), (AC, -1.86), (AG, -1.46), (AU, -1.39),
[INFO] [stdout] ...  |
[INFO] [stdout] 44 | |   };
[INFO] [stdout] 45 | | }
[INFO] [stdout]    | |_^
[INFO] [stdout]    |
[INFO] [stdout]    = note: this warning originates in the macro `lazy_static` (in Nightly builds, run with -Z macro-backtrace for more info)
[INFO] [stdout] 
[INFO] [stdout] 
[INFO] [stdout] warning: use of deprecated constant `std::sync::ONCE_INIT`: the `new` function is now preferred
[INFO] [stdout]   --> src/utils.rs:26:1
[INFO] [stdout]    |
[INFO] [stdout] 26 | / lazy_static! {
[INFO] [stdout] 27 | |   pub static ref RIBOSUM_85_60_BA_SCORE_MAT: BaScoreMat = {
[INFO] [stdout] 28 | |     [
[INFO] [stdout] 29 | |       (AA, 2.22), (AC, -1.86), (AG, -1.46), (AU, -1.39),
[INFO] [stdout] ...  |
[INFO] [stdout] 44 | |   };
[INFO] [stdout] 45 | | }
[INFO] [stdout]    | |_^
[INFO] [stdout]    |
[INFO] [stdout]    = note: this warning originates in the macro `lazy_static` (in Nightly builds, run with -Z macro-backtrace for more info)
[INFO] [stdout] 
[INFO] [stdout] 
[INFO] [stdout] warning: use of deprecated constant `std::sync::ONCE_INIT`: the `new` function is now preferred
[INFO] [stdout]   --> src/utils.rs:26:1
[INFO] [stdout]    |
[INFO] [stdout] 26 | / lazy_static! {
[INFO] [stdout] 27 | |   pub static ref RIBOSUM_85_60_BA_SCORE_MAT: BaScoreMat = {
[INFO] [stdout] 28 | |     [
[INFO] [stdout] 29 | |       (AA, 2.22), (AC, -1.86), (AG, -1.46), (AU, -1.39),
[INFO] [stdout] ...  |
[INFO] [stdout] 44 | |   };
[INFO] [stdout] 45 | | }
[INFO] [stdout]    | |_^
[INFO] [stdout]    |
[INFO] [stdout]    = note: this warning originates in the macro `lazy_static` (in Nightly builds, run with -Z macro-backtrace for more info)
[INFO] [stdout] 
[INFO] [stdout] 
[INFO] [stdout] warning: 5 warnings emitted
[INFO] [stdout] 
[INFO] [stdout] 
[INFO] [stdout] warning: panic message is not a string literal
[INFO] [stdout]   --> src/main.rs:49:72
[INFO] [stdout]    |
[INFO] [stdout] 49 |     Err(failure) => {print_program_usage(&program_name, &opts); panic!(failure.to_string())}
[INFO] [stdout]    |                                                                        ^^^^^^^^^^^^^^^^^^^
[INFO] [stdout]    |
[INFO] [stdout]    = note: this usage of `panic!()` is deprecated; it will be a hard error in Rust 2021
[INFO] [stdout]    = note: for more information, see <https://doc.rust-lang.org/nightly/edition-guide/rust-2021/panic-macro-consistency.html>
[INFO] [stdout]    = note: `#[warn(non_fmt_panics)]` on by default
[INFO] [stdout] help: add a "{}" format string to `Display` the message
[INFO] [stdout]    |
[INFO] [stdout] 49 |     Err(failure) => {print_program_usage(&program_name, &opts); panic!("{}", failure.to_string())}
[INFO] [stdout]    |                                                                        +++++
[INFO] [stdout] 
[INFO] [stdout] 
[INFO] [stdout] warning: 1 warning emitted
[INFO] [stdout] 
[INFO] [stdout] 
[INFO] [stderr]     Finished dev [unoptimized + debuginfo] target(s) in 30.73s
[INFO] running `Command { std: "docker" "inspect" "993a99f5a14137a6666867ffbf250ac3d375b9e9f590a4a3327ee59df1fd3bb0", kill_on_drop: false }`
[INFO] running `Command { std: "docker" "rm" "-f" "993a99f5a14137a6666867ffbf250ac3d375b9e9f590a4a3327ee59df1fd3bb0", kill_on_drop: false }`
[INFO] [stdout] 993a99f5a14137a6666867ffbf250ac3d375b9e9f590a4a3327ee59df1fd3bb0
[INFO] running `Command { std: "docker" "create" "-v" "/var/lib/crater-agent-workspace/builds/worker-3-tc2/target:/opt/rustwide/target:rw,Z" "-v" "/var/lib/crater-agent-workspace/builds/worker-3-tc2/source:/opt/rustwide/workdir:ro,Z" "-v" "/var/lib/crater-agent-workspace/cargo-home:/opt/rustwide/cargo-home:ro,Z" "-v" "/var/lib/crater-agent-workspace/rustup-home:/opt/rustwide/rustup-home:ro,Z" "-e" "SOURCE_DIR=/opt/rustwide/workdir" "-e" "CARGO_TARGET_DIR=/opt/rustwide/target" "-e" "CARGO_INCREMENTAL=0" "-e" "RUST_BACKTRACE=full" "-e" "RUSTFLAGS=--cap-lints=warn" "-e" "RUSTDOCFLAGS=--cap-lints=warn" "-e" "CARGO_HOME=/opt/rustwide/cargo-home" "-e" "RUSTUP_HOME=/opt/rustwide/rustup-home" "-w" "/opt/rustwide/workdir" "-m" "1610612736" "--user" "0:0" "--network" "none" "ghcr.io/rust-lang/crates-build-env/linux@sha256:5ff2268d62e97bff2cde7d5815dd6ed5b47097566f13b8d0ca110b04b60e07ed" "/opt/rustwide/cargo-home/bin/cargo" "+beta-2023-04-20" "test" "--frozen" "--no-run" "--message-format=json", kill_on_drop: false }`
[INFO] [stdout] a2c4dcd848e004f533a39e338e8e7680cf32c532341bf991ae0151e567e40088
[INFO] running `Command { std: "docker" "start" "-a" "a2c4dcd848e004f533a39e338e8e7680cf32c532341bf991ae0151e567e40088", kill_on_drop: false }`
[INFO] [stderr]     Blocking waiting for file lock on package cache
[INFO] [stderr]    Compiling rnafamprob v0.1.0 (/opt/rustwide/workdir)
[INFO] [stdout] warning: unnecessary trailing semicolon
[INFO] [stdout]     --> src/lib.rs:1279:152
[INFO] [stdout]      |
[INFO] [stdout] 1279 | ...[&pos_pair_2] + sta_fe_params.extending_gap_penalty;;
[INFO] [stdout]      |                                                        ^ help: remove this semicolon
[INFO] [stdout]      |
[INFO] [stdout]      = note: `#[warn(redundant_semicolons)]` on by default
[INFO] [stdout] 
[INFO] [stdout] 
[INFO] [stdout] warning: use of deprecated constant `std::sync::ONCE_INIT`: the `new` function is now preferred
[INFO] [stdout]   --> src/utils.rs:26:1
[INFO] [stdout]    |
[INFO] [stdout] 26 | / lazy_static! {
[INFO] [stdout] 27 | |   pub static ref RIBOSUM_85_60_BA_SCORE_MAT: BaScoreMat = {
[INFO] [stdout] 28 | |     [
[INFO] [stdout] 29 | |       (AA, 2.22), (AC, -1.86), (AG, -1.46), (AU, -1.39),
[INFO] [stdout] ...  |
[INFO] [stdout] 44 | |   };
[INFO] [stdout] 45 | | }
[INFO] [stdout]    | |_^
[INFO] [stdout]    |
[INFO] [stdout]    = note: `#[warn(deprecated)]` on by default
[INFO] [stdout]    = note: this warning originates in the macro `lazy_static` (in Nightly builds, run with -Z macro-backtrace for more info)
[INFO] [stdout] 
[INFO] [stdout] 
[INFO] [stdout] warning: use of deprecated constant `std::sync::ONCE_INIT`: the `new` function is now preferred
[INFO] [stdout]   --> src/utils.rs:26:1
[INFO] [stdout]    |
[INFO] [stdout] 26 | / lazy_static! {
[INFO] [stdout] 27 | |   pub static ref RIBOSUM_85_60_BA_SCORE_MAT: BaScoreMat = {
[INFO] [stdout] 28 | |     [
[INFO] [stdout] 29 | |       (AA, 2.22), (AC, -1.86), (AG, -1.46), (AU, -1.39),
[INFO] [stdout] ...  |
[INFO] [stdout] 44 | |   };
[INFO] [stdout] 45 | | }
[INFO] [stdout]    | |_^
[INFO] [stdout]    |
[INFO] [stdout]    = note: this warning originates in the macro `lazy_static` (in Nightly builds, run with -Z macro-backtrace for more info)
[INFO] [stdout] 
[INFO] [stdout] 
[INFO] [stdout] warning: use of deprecated constant `std::sync::ONCE_INIT`: the `new` function is now preferred
[INFO] [stdout]   --> src/utils.rs:26:1
[INFO] [stdout]    |
[INFO] [stdout] 26 | / lazy_static! {
[INFO] [stdout] 27 | |   pub static ref RIBOSUM_85_60_BA_SCORE_MAT: BaScoreMat = {
[INFO] [stdout] 28 | |     [
[INFO] [stdout] 29 | |       (AA, 2.22), (AC, -1.86), (AG, -1.46), (AU, -1.39),
[INFO] [stdout] ...  |
[INFO] [stdout] 44 | |   };
[INFO] [stdout] 45 | | }
[INFO] [stdout]    | |_^
[INFO] [stdout]    |
[INFO] [stdout]    = note: this warning originates in the macro `lazy_static` (in Nightly builds, run with -Z macro-backtrace for more info)
[INFO] [stdout] 
[INFO] [stdout] 
[INFO] [stdout] warning: use of deprecated constant `std::sync::ONCE_INIT`: the `new` function is now preferred
[INFO] [stdout]   --> src/utils.rs:26:1
[INFO] [stdout]    |
[INFO] [stdout] 26 | / lazy_static! {
[INFO] [stdout] 27 | |   pub static ref RIBOSUM_85_60_BA_SCORE_MAT: BaScoreMat = {
[INFO] [stdout] 28 | |     [
[INFO] [stdout] 29 | |       (AA, 2.22), (AC, -1.86), (AG, -1.46), (AU, -1.39),
[INFO] [stdout] ...  |
[INFO] [stdout] 44 | |   };
[INFO] [stdout] 45 | | }
[INFO] [stdout]    | |_^
[INFO] [stdout]    |
[INFO] [stdout]    = note: this warning originates in the macro `lazy_static` (in Nightly builds, run with -Z macro-backtrace for more info)
[INFO] [stdout] 
[INFO] [stdout] 
[INFO] [stdout] warning: 5 warnings emitted
[INFO] [stdout] 
[INFO] [stdout] 
[INFO] [stdout] warning: panic message is not a string literal
[INFO] [stdout]   --> src/main.rs:49:72
[INFO] [stdout]    |
[INFO] [stdout] 49 |     Err(failure) => {print_program_usage(&program_name, &opts); panic!(failure.to_string())}
[INFO] [stdout]    |                                                                        ^^^^^^^^^^^^^^^^^^^
[INFO] [stdout]    |
[INFO] [stdout]    = note: this usage of `panic!()` is deprecated; it will be a hard error in Rust 2021
[INFO] [stdout]    = note: for more information, see <https://doc.rust-lang.org/nightly/edition-guide/rust-2021/panic-macro-consistency.html>
[INFO] [stdout]    = note: `#[warn(non_fmt_panics)]` on by default
[INFO] [stdout] help: add a "{}" format string to `Display` the message
[INFO] [stdout]    |
[INFO] [stdout] 49 |     Err(failure) => {print_program_usage(&program_name, &opts); panic!("{}", failure.to_string())}
[INFO] [stdout]    |                                                                        +++++
[INFO] [stdout] 
[INFO] [stdout] 
[INFO] [stdout] warning: 1 warning emitted
[INFO] [stdout] 
[INFO] [stdout] 
[INFO] [stdout] warning: unnecessary trailing semicolon
[INFO] [stdout]     --> src/lib.rs:1279:152
[INFO] [stdout]      |
[INFO] [stdout] 1279 | ...[&pos_pair_2] + sta_fe_params.extending_gap_penalty;;
[INFO] [stdout]      |                                                        ^ help: remove this semicolon
[INFO] [stdout]      |
[INFO] [stdout]      = note: `#[warn(redundant_semicolons)]` on by default
[INFO] [stdout] 
[INFO] [stdout] 
[INFO] [stdout] warning: use of deprecated constant `std::sync::ONCE_INIT`: the `new` function is now preferred
[INFO] [stdout]   --> src/utils.rs:26:1
[INFO] [stdout]    |
[INFO] [stdout] 26 | / lazy_static! {
[INFO] [stdout] 27 | |   pub static ref RIBOSUM_85_60_BA_SCORE_MAT: BaScoreMat = {
[INFO] [stdout] 28 | |     [
[INFO] [stdout] 29 | |       (AA, 2.22), (AC, -1.86), (AG, -1.46), (AU, -1.39),
[INFO] [stdout] ...  |
[INFO] [stdout] 44 | |   };
[INFO] [stdout] 45 | | }
[INFO] [stdout]    | |_^
[INFO] [stdout]    |
[INFO] [stdout]    = note: `#[warn(deprecated)]` on by default
[INFO] [stdout]    = note: this warning originates in the macro `lazy_static` (in Nightly builds, run with -Z macro-backtrace for more info)
[INFO] [stdout] 
[INFO] [stdout] 
[INFO] [stdout] warning: use of deprecated constant `std::sync::ONCE_INIT`: the `new` function is now preferred
[INFO] [stdout]   --> src/utils.rs:26:1
[INFO] [stdout]    |
[INFO] [stdout] 26 | / lazy_static! {
[INFO] [stdout] 27 | |   pub static ref RIBOSUM_85_60_BA_SCORE_MAT: BaScoreMat = {
[INFO] [stdout] 28 | |     [
[INFO] [stdout] 29 | |       (AA, 2.22), (AC, -1.86), (AG, -1.46), (AU, -1.39),
[INFO] [stdout] ...  |
[INFO] [stdout] 44 | |   };
[INFO] [stdout] 45 | | }
[INFO] [stdout]    | |_^
[INFO] [stdout]    |
[INFO] [stdout]    = note: this warning originates in the macro `lazy_static` (in Nightly builds, run with -Z macro-backtrace for more info)
[INFO] [stdout] 
[INFO] [stdout] 
[INFO] [stdout] warning: use of deprecated constant `std::sync::ONCE_INIT`: the `new` function is now preferred
[INFO] [stdout]   --> src/utils.rs:26:1
[INFO] [stdout]    |
[INFO] [stdout] 26 | / lazy_static! {
[INFO] [stdout] 27 | |   pub static ref RIBOSUM_85_60_BA_SCORE_MAT: BaScoreMat = {
[INFO] [stdout] 28 | |     [
[INFO] [stdout] 29 | |       (AA, 2.22), (AC, -1.86), (AG, -1.46), (AU, -1.39),
[INFO] [stdout] ...  |
[INFO] [stdout] 44 | |   };
[INFO] [stdout] 45 | | }
[INFO] [stdout]    | |_^
[INFO] [stdout]    |
[INFO] [stdout]    = note: this warning originates in the macro `lazy_static` (in Nightly builds, run with -Z macro-backtrace for more info)
[INFO] [stdout] 
[INFO] [stdout] 
[INFO] [stdout] warning: use of deprecated constant `std::sync::ONCE_INIT`: the `new` function is now preferred
[INFO] [stdout]   --> src/utils.rs:26:1
[INFO] [stdout]    |
[INFO] [stdout] 26 | / lazy_static! {
[INFO] [stdout] 27 | |   pub static ref RIBOSUM_85_60_BA_SCORE_MAT: BaScoreMat = {
[INFO] [stdout] 28 | |     [
[INFO] [stdout] 29 | |       (AA, 2.22), (AC, -1.86), (AG, -1.46), (AU, -1.39),
[INFO] [stdout] ...  |
[INFO] [stdout] 44 | |   };
[INFO] [stdout] 45 | | }
[INFO] [stdout]    | |_^
[INFO] [stdout]    |
[INFO] [stdout]    = note: this warning originates in the macro `lazy_static` (in Nightly builds, run with -Z macro-backtrace for more info)
[INFO] [stdout] 
[INFO] [stdout] 
[INFO] [stdout] warning: panic message is not a string literal
[INFO] [stdout]   --> src/main.rs:49:72
[INFO] [stdout]    |
[INFO] [stdout] 49 |     Err(failure) => {print_program_usage(&program_name, &opts); panic!(failure.to_string())}
[INFO] [stdout]    |                                                                        ^^^^^^^^^^^^^^^^^^^
[INFO] [stdout]    |
[INFO] [stdout]    = note: this usage of `panic!()` is deprecated; it will be a hard error in Rust 2021
[INFO] [stdout]    = note: for more information, see <https://doc.rust-lang.org/nightly/edition-guide/rust-2021/panic-macro-consistency.html>
[INFO] [stdout]    = note: `#[warn(non_fmt_panics)]` on by default
[INFO] [stdout] help: add a "{}" format string to `Display` the message
[INFO] [stdout]    |
[INFO] [stdout] 49 |     Err(failure) => {print_program_usage(&program_name, &opts); panic!("{}", failure.to_string())}
[INFO] [stdout]    |                                                                        +++++
[INFO] [stdout] 
[INFO] [stdout] 
[INFO] [stdout] warning: 1 warning emitted
[INFO] [stdout] 
[INFO] [stdout] 
[INFO] [stdout] warning: 5 warnings emitted
[INFO] [stdout] 
[INFO] [stdout] 
[INFO] [stderr]     Finished test [unoptimized + debuginfo] target(s) in 1.65s
[INFO] running `Command { std: "docker" "inspect" "a2c4dcd848e004f533a39e338e8e7680cf32c532341bf991ae0151e567e40088", kill_on_drop: false }`
[INFO] running `Command { std: "docker" "rm" "-f" "a2c4dcd848e004f533a39e338e8e7680cf32c532341bf991ae0151e567e40088", kill_on_drop: false }`
[INFO] [stdout] a2c4dcd848e004f533a39e338e8e7680cf32c532341bf991ae0151e567e40088
[INFO] running `Command { std: "docker" "create" "-v" "/var/lib/crater-agent-workspace/builds/worker-3-tc2/target:/opt/rustwide/target:rw,Z" "-v" "/var/lib/crater-agent-workspace/builds/worker-3-tc2/source:/opt/rustwide/workdir:ro,Z" "-v" "/var/lib/crater-agent-workspace/cargo-home:/opt/rustwide/cargo-home:ro,Z" "-v" "/var/lib/crater-agent-workspace/rustup-home:/opt/rustwide/rustup-home:ro,Z" "-e" "SOURCE_DIR=/opt/rustwide/workdir" "-e" "CARGO_TARGET_DIR=/opt/rustwide/target" "-e" "CARGO_INCREMENTAL=0" "-e" "RUST_BACKTRACE=full" "-e" "RUSTFLAGS=--cap-lints=warn" "-e" "RUSTDOCFLAGS=--cap-lints=warn" "-e" "CARGO_HOME=/opt/rustwide/cargo-home" "-e" "RUSTUP_HOME=/opt/rustwide/rustup-home" "-w" "/opt/rustwide/workdir" "-m" "1610612736" "--user" "0:0" "--network" "none" "ghcr.io/rust-lang/crates-build-env/linux@sha256:5ff2268d62e97bff2cde7d5815dd6ed5b47097566f13b8d0ca110b04b60e07ed" "/opt/rustwide/cargo-home/bin/cargo" "+beta-2023-04-20" "test" "--frozen", kill_on_drop: false }`
[INFO] [stdout] bc9727a92c93f573415190d2d727e35835bea25e69f7556b27f712d65d84d3e1
[INFO] running `Command { std: "docker" "start" "-a" "bc9727a92c93f573415190d2d727e35835bea25e69f7556b27f712d65d84d3e1", kill_on_drop: false }`
[INFO] [stderr] warning: unnecessary trailing semicolon
[INFO] [stderr]     --> src/lib.rs:1279:152
[INFO] [stderr]      |
[INFO] [stderr] 1279 | ...[&pos_pair_2] + sta_fe_params.extending_gap_penalty;;
[INFO] [stderr]      |                                                        ^ help: remove this semicolon
[INFO] [stderr]      |
[INFO] [stderr]      = note: `#[warn(redundant_semicolons)]` on by default
[INFO] [stderr] 
[INFO] [stderr] warning: use of deprecated constant `std::sync::ONCE_INIT`: the `new` function is now preferred
[INFO] [stderr]   --> src/utils.rs:26:1
[INFO] [stderr]    |
[INFO] [stderr] 26 | / lazy_static! {
[INFO] [stderr] 27 | |   pub static ref RIBOSUM_85_60_BA_SCORE_MAT: BaScoreMat = {
[INFO] [stderr] 28 | |     [
[INFO] [stderr] 29 | |       (AA, 2.22), (AC, -1.86), (AG, -1.46), (AU, -1.39),
[INFO] [stderr] ...  |
[INFO] [stderr] 44 | |   };
[INFO] [stderr] 45 | | }
[INFO] [stderr]    | |_^
[INFO] [stderr]    |
[INFO] [stderr]    = note: `#[warn(deprecated)]` on by default
[INFO] [stderr]    = note: this warning originates in the macro `lazy_static` (in Nightly builds, run with -Z macro-backtrace for more info)
[INFO] [stderr] 
[INFO] [stderr] warning: use of deprecated constant `std::sync::ONCE_INIT`: the `new` function is now preferred
[INFO] [stderr]   --> src/utils.rs:26:1
[INFO] [stderr]    |
[INFO] [stderr] 26 | / lazy_static! {
[INFO] [stderr] 27 | |   pub static ref RIBOSUM_85_60_BA_SCORE_MAT: BaScoreMat = {
[INFO] [stderr] 28 | |     [
[INFO] [stderr] 29 | |       (AA, 2.22), (AC, -1.86), (AG, -1.46), (AU, -1.39),
[INFO] [stderr] ...  |
[INFO] [stderr] 44 | |   };
[INFO] [stderr] 45 | | }
[INFO] [stderr]    | |_^
[INFO] [stderr]    |
[INFO] [stderr]    = note: this warning originates in the macro `lazy_static` (in Nightly builds, run with -Z macro-backtrace for more info)
[INFO] [stderr] 
[INFO] [stderr] warning: `rnafamprob` (lib) generated 5 warnings (2 duplicates)
[INFO] [stderr] warning: `rnafamprob` (lib test) generated 5 warnings (5 duplicates)
[INFO] [stderr] warning: panic message is not a string literal
[INFO] [stderr]   --> src/main.rs:49:72
[INFO] [stderr]    |
[INFO] [stderr] 49 |     Err(failure) => {print_program_usage(&program_name, &opts); panic!(failure.to_string())}
[INFO] [stderr]    |                                                                        ^^^^^^^^^^^^^^^^^^^
[INFO] [stderr]    |
[INFO] [stderr]    = note: this usage of `panic!()` is deprecated; it will be a hard error in Rust 2021
[INFO] [stderr]    = note: for more information, see <https://doc.rust-lang.org/nightly/edition-guide/rust-2021/panic-macro-consistency.html>
[INFO] [stderr]    = note: `#[warn(non_fmt_panics)]` on by default
[INFO] [stderr] help: add a "{}" format string to `Display` the message
[INFO] [stderr]    |
[INFO] [stderr] 49 |     Err(failure) => {print_program_usage(&program_name, &opts); panic!("{}", failure.to_string())}
[INFO] [stderr]    |                                                                        +++++
[INFO] [stderr] 
[INFO] [stderr] warning: `rnafamprob` (bin "rnafamprob" test) generated 1 warning (run `cargo fix --bin "rnafamprob" --tests` to apply 1 suggestion)
[INFO] [stderr] warning: `rnafamprob` (bin "rnafamprob") generated 1 warning (1 duplicate)
[INFO] [stderr]     Finished test [unoptimized + debuginfo] target(s) in 0.06s
[INFO] [stdout] 
[INFO] [stdout] running 0 tests
[INFO] [stdout] 
[INFO] [stdout] test result: ok. 0 passed; 0 failed; 0 ignored; 0 measured; 0 filtered out; finished in 0.00s
[INFO] [stdout] 
[INFO] [stderr]      Running unittests src/lib.rs (/opt/rustwide/target/debug/deps/rnafamprob-f5ff2d71966d95c3)
[INFO] [stderr]      Running unittests src/main.rs (/opt/rustwide/target/debug/deps/rnafamprob-dc200a2087bdbb72)
[INFO] [stdout] 
[INFO] [stdout] running 0 tests
[INFO] [stdout] 
[INFO] [stdout] test result: ok. 0 passed; 0 failed; 0 ignored; 0 measured; 0 filtered out; finished in 0.00s
[INFO] [stdout] 
[INFO] [stderr]      Running tests/tests.rs (/opt/rustwide/target/debug/deps/tests-58db7975457f9abe)
[INFO] [stdout] 
[INFO] [stdout] running 1 test
[INFO] [stdout] test test_rnafam_program ... FAILED
[INFO] [stdout] 
[INFO] [stdout] failures:
[INFO] [stdout] 
[INFO] [stdout] ---- test_rnafam_program stdout ----
[INFO] [stdout] thread 'test_rnafam_program' panicked at 'Failed to run the RNAfamProb program.: Os { code: 2, kind: NotFound, message: "No such file or directory" }', tests/tests.rs:19:45
[INFO] [stdout] stack backtrace:
[INFO] [stdout]    0:     0x564393bd8cfa - std::backtrace_rs::backtrace::libunwind::trace::h2f05d0192276a8f6
[INFO] [stdout]                                at /rustc/1b7dd2252b99671ce5d1cb9664c5f8636329436d/library/std/src/../../backtrace/src/backtrace/libunwind.rs:93:5
[INFO] [stdout]    1:     0x564393bd8cfa - std::backtrace_rs::backtrace::trace_unsynchronized::hedc23dff7a1af150
[INFO] [stdout]                                at /rustc/1b7dd2252b99671ce5d1cb9664c5f8636329436d/library/std/src/../../backtrace/src/backtrace/mod.rs:66:5
[INFO] [stdout]    2:     0x564393bd8cfa - std::sys_common::backtrace::_print_fmt::h17541ef7592f3ce2
[INFO] [stdout]                                at /rustc/1b7dd2252b99671ce5d1cb9664c5f8636329436d/library/std/src/sys_common/backtrace.rs:65:5
[INFO] [stdout]    3:     0x564393bd8cfa - <std::sys_common::backtrace::_print::DisplayBacktrace as core::fmt::Display>::fmt::h20f75df5ab0c0792
[INFO] [stdout]                                at /rustc/1b7dd2252b99671ce5d1cb9664c5f8636329436d/library/std/src/sys_common/backtrace.rs:44:22
[INFO] [stdout]    4:     0x564393bfca4f - core::fmt::write::h78109e6f466b3af6
[INFO] [stdout]                                at /rustc/1b7dd2252b99671ce5d1cb9664c5f8636329436d/library/core/src/fmt/mod.rs:1254:17
[INFO] [stdout]    5:     0x564393bd6045 - std::io::Write::write_fmt::hd24bfb68a1b35a25
[INFO] [stdout]                                at /rustc/1b7dd2252b99671ce5d1cb9664c5f8636329436d/library/std/src/io/mod.rs:1698:15
[INFO] [stdout]    6:     0x564393bd8ac5 - std::sys_common::backtrace::_print::h8dac57a9f8fbf9a5
[INFO] [stdout]                                at /rustc/1b7dd2252b99671ce5d1cb9664c5f8636329436d/library/std/src/sys_common/backtrace.rs:47:5
[INFO] [stdout]    7:     0x564393bd8ac5 - std::sys_common::backtrace::print::hf9ecbf41d1aa712f
[INFO] [stdout]                                at /rustc/1b7dd2252b99671ce5d1cb9664c5f8636329436d/library/std/src/sys_common/backtrace.rs:34:9
[INFO] [stdout]    8:     0x564393bda77e - std::panicking::default_hook::{{closure}}::h04c07acfc84ca028
[INFO] [stdout]                                at /rustc/1b7dd2252b99671ce5d1cb9664c5f8636329436d/library/std/src/panicking.rs:269:22
[INFO] [stdout]    9:     0x564393bda4b1 - std::panicking::default_hook::h01f6bb23e1eceb2c
[INFO] [stdout]                                at /rustc/1b7dd2252b99671ce5d1cb9664c5f8636329436d/library/std/src/panicking.rs:285:9
[INFO] [stdout]   10:     0x564393bac0fb - <alloc::boxed::Box<F,A> as core::ops::function::Fn<Args>>::call::h87fe9f7b2fd49e4c
[INFO] [stdout]                                at /rustc/1b7dd2252b99671ce5d1cb9664c5f8636329436d/library/alloc/src/boxed.rs:1987:9
[INFO] [stdout]   11:     0x564393bac0fb - test::test_main::{{closure}}::he94d679243a7531b
[INFO] [stdout]                                at /rustc/1b7dd2252b99671ce5d1cb9664c5f8636329436d/library/test/src/lib.rs:134:21
[INFO] [stdout]   12:     0x564393bdae64 - <alloc::boxed::Box<F,A> as core::ops::function::Fn<Args>>::call::h3f2d6d8b14c4769f
[INFO] [stdout]                                at /rustc/1b7dd2252b99671ce5d1cb9664c5f8636329436d/library/alloc/src/boxed.rs:1987:9
[INFO] [stdout]   13:     0x564393bdae64 - std::panicking::rust_panic_with_hook::h2bb3722bbaf2f6df
[INFO] [stdout]                                at /rustc/1b7dd2252b99671ce5d1cb9664c5f8636329436d/library/std/src/panicking.rs:695:13
[INFO] [stdout]   14:     0x564393bdabd9 - std::panicking::begin_panic_handler::{{closure}}::h91bc7f36a4be011b
[INFO] [stdout]                                at /rustc/1b7dd2252b99671ce5d1cb9664c5f8636329436d/library/std/src/panicking.rs:582:13
[INFO] [stdout]   15:     0x564393bd9166 - std::sys_common::backtrace::__rust_end_short_backtrace::h8b3d3717114f9e59
[INFO] [stdout]                                at /rustc/1b7dd2252b99671ce5d1cb9664c5f8636329436d/library/std/src/sys_common/backtrace.rs:150:18
[INFO] [stdout]   16:     0x564393bda932 - rust_begin_unwind
[INFO] [stdout]                                at /rustc/1b7dd2252b99671ce5d1cb9664c5f8636329436d/library/std/src/panicking.rs:578:5
[INFO] [stdout]   17:     0x564393b74b93 - core::panicking::panic_fmt::hfd368e3fbdabea26
[INFO] [stdout]                                at /rustc/1b7dd2252b99671ce5d1cb9664c5f8636329436d/library/core/src/panicking.rs:67:14
[INFO] [stdout]   18:     0x564393b74fe3 - core::result::unwrap_failed::he54eb4b2f125b26f
[INFO] [stdout]                                at /rustc/1b7dd2252b99671ce5d1cb9664c5f8636329436d/library/core/src/result.rs:1687:5
[INFO] [stdout]   19:     0x564393b76d42 - core::result::Result<T,E>::expect::hbb0c4746cad0ac9b
[INFO] [stdout]                                at /rustc/1b7dd2252b99671ce5d1cb9664c5f8636329436d/library/core/src/result.rs:1046:23
[INFO] [stdout]   20:     0x564393b7666c - tests::run_command::h7122b92d9dfdca62
[INFO] [stdout]                                at /opt/rustwide/workdir/tests/tests.rs:19:3
[INFO] [stdout]   21:     0x564393b76784 - tests::test_rnafam_program::hb38d22260b355a22
[INFO] [stdout]                                at /opt/rustwide/workdir/tests/tests.rs:12:3
[INFO] [stdout]   22:     0x564393b766b7 - tests::test_rnafam_program::{{closure}}::h7468cf538471dc1c
[INFO] [stdout]                                at /opt/rustwide/workdir/tests/tests.rs:8:26
[INFO] [stdout]   23:     0x564393b77d25 - core::ops::function::FnOnce::call_once::hcb23d9a68702a12c
[INFO] [stdout]                                at /rustc/1b7dd2252b99671ce5d1cb9664c5f8636329436d/library/core/src/ops/function.rs:250:5
[INFO] [stdout]   24:     0x564393bb0fcf - core::ops::function::FnOnce::call_once::ha6a70e79f7481a7e
[INFO] [stdout]                                at /rustc/1b7dd2252b99671ce5d1cb9664c5f8636329436d/library/core/src/ops/function.rs:250:5
[INFO] [stdout]   25:     0x564393bb0fcf - test::__rust_begin_short_backtrace::hce33033019b61e69
[INFO] [stdout]                                at /rustc/1b7dd2252b99671ce5d1cb9664c5f8636329436d/library/test/src/lib.rs:655:18
[INFO] [stdout]   26:     0x564393b7e7bc - test::run_test::{{closure}}::h858d3528838ae3e5
[INFO] [stdout]                                at /rustc/1b7dd2252b99671ce5d1cb9664c5f8636329436d/library/test/src/lib.rs:646:30
[INFO] [stdout]   27:     0x564393b7e7bc - core::ops::function::FnOnce::call_once{{vtable.shim}}::he8ac2b00f01ae79e
[INFO] [stdout]                                at /rustc/1b7dd2252b99671ce5d1cb9664c5f8636329436d/library/core/src/ops/function.rs:250:5
[INFO] [stdout]   28:     0x564393bb00a6 - <alloc::boxed::Box<F,A> as core::ops::function::FnOnce<Args>>::call_once::h8093d25b522725ef
[INFO] [stdout]                                at /rustc/1b7dd2252b99671ce5d1cb9664c5f8636329436d/library/alloc/src/boxed.rs:1973:9
[INFO] [stdout]   29:     0x564393bb00a6 - <core::panic::unwind_safe::AssertUnwindSafe<F> as core::ops::function::FnOnce<()>>::call_once::h5c334c204e4a3913
[INFO] [stdout]                                at /rustc/1b7dd2252b99671ce5d1cb9664c5f8636329436d/library/core/src/panic/unwind_safe.rs:271:9
[INFO] [stdout]   30:     0x564393bb00a6 - std::panicking::try::do_call::ha8b740c7b9478074
[INFO] [stdout]                                at /rustc/1b7dd2252b99671ce5d1cb9664c5f8636329436d/library/std/src/panicking.rs:485:40
[INFO] [stdout]   31:     0x564393bb00a6 - std::panicking::try::h5d34f63d0e41b64e
[INFO] [stdout]                                at /rustc/1b7dd2252b99671ce5d1cb9664c5f8636329436d/library/std/src/panicking.rs:449:19
[INFO] [stdout]   32:     0x564393bb00a6 - std::panic::catch_unwind::hcfbb511e1aa7fc67
[INFO] [stdout]                                at /rustc/1b7dd2252b99671ce5d1cb9664c5f8636329436d/library/std/src/panic.rs:140:14
[INFO] [stdout]   33:     0x564393bb00a6 - test::run_test_in_process::h9abda90f802eaf21
[INFO] [stdout]                                at /rustc/1b7dd2252b99671ce5d1cb9664c5f8636329436d/library/test/src/lib.rs:678:27
[INFO] [stdout]   34:     0x564393bb00a6 - test::run_test::run_test_inner::{{closure}}::h0f058de91f6c6edf
[INFO] [stdout]                                at /rustc/1b7dd2252b99671ce5d1cb9664c5f8636329436d/library/test/src/lib.rs:572:39
[INFO] [stdout]   35:     0x564393b78fc5 - test::run_test::run_test_inner::{{closure}}::h5ca48a4c59c6c1fb
[INFO] [stdout]                                at /rustc/1b7dd2252b99671ce5d1cb9664c5f8636329436d/library/test/src/lib.rs:599:37
[INFO] [stdout]   36:     0x564393b78fc5 - std::sys_common::backtrace::__rust_begin_short_backtrace::h32bd51e1495d4a33
[INFO] [stdout]                                at /rustc/1b7dd2252b99671ce5d1cb9664c5f8636329436d/library/std/src/sys_common/backtrace.rs:134:18
[INFO] [stdout]   37:     0x564393b7e501 - std::thread::Builder::spawn_unchecked_::{{closure}}::{{closure}}::hc086fae9b128b2db
[INFO] [stdout]                                at /rustc/1b7dd2252b99671ce5d1cb9664c5f8636329436d/library/std/src/thread/mod.rs:526:17
[INFO] [stdout]   38:     0x564393b7e501 - <core::panic::unwind_safe::AssertUnwindSafe<F> as core::ops::function::FnOnce<()>>::call_once::hb66571888d270d43
[INFO] [stdout]                                at /rustc/1b7dd2252b99671ce5d1cb9664c5f8636329436d/library/core/src/panic/unwind_safe.rs:271:9
[INFO] [stdout]   39:     0x564393b7e501 - std::panicking::try::do_call::h4fa2ef4f6e51fecf
[INFO] [stdout]                                at /rustc/1b7dd2252b99671ce5d1cb9664c5f8636329436d/library/std/src/panicking.rs:485:40
[INFO] [stdout]   40:     0x564393b7e501 - std::panicking::try::h1e9e22b8584489b5
[INFO] [stdout]                                at /rustc/1b7dd2252b99671ce5d1cb9664c5f8636329436d/library/std/src/panicking.rs:449:19
[INFO] [stdout]   41:     0x564393b7e501 - std::panic::catch_unwind::h44698a3de0e0769e
[INFO] [stdout]                                at /rustc/1b7dd2252b99671ce5d1cb9664c5f8636329436d/library/std/src/panic.rs:140:14
[INFO] [stdout]   42:     0x564393b7e501 - std::thread::Builder::spawn_unchecked_::{{closure}}::h50153abde3fe239e
[INFO] [stdout]                                at /rustc/1b7dd2252b99671ce5d1cb9664c5f8636329436d/library/std/src/thread/mod.rs:525:30
[INFO] [stdout]   43:     0x564393b7e501 - core::ops::function::FnOnce::call_once{{vtable.shim}}::hbe5bbf6f38394364
[INFO] [stdout]                                at /rustc/1b7dd2252b99671ce5d1cb9664c5f8636329436d/library/core/src/ops/function.rs:250:5
[INFO] [stdout]   44:     0x564393bdf435 - <alloc::boxed::Box<F,A> as core::ops::function::FnOnce<Args>>::call_once::h0d83cb2920a49046
[INFO] [stdout]                                at /rustc/1b7dd2252b99671ce5d1cb9664c5f8636329436d/library/alloc/src/boxed.rs:1973:9
[INFO] [stdout]   45:     0x564393bdf435 - <alloc::boxed::Box<F,A> as core::ops::function::FnOnce<Args>>::call_once::hbe0a008aa7d9ef59
[INFO] [stdout]                                at /rustc/1b7dd2252b99671ce5d1cb9664c5f8636329436d/library/alloc/src/boxed.rs:1973:9
[INFO] [stdout]   46:     0x564393bdf435 - std::sys::unix::thread::Thread::new::thread_start::h3a466996bdf6b1f9
[INFO] [stdout]                                at /rustc/1b7dd2252b99671ce5d1cb9664c5f8636329436d/library/std/src/sys/unix/thread.rs:108:17
[INFO] [stdout]   47:     0x7f33a0203b43 - <unknown>
[INFO] [stdout]   48:     0x7f33a0294bb4 - __clone
[INFO] [stdout]   49:                0x0 - <unknown>
[INFO] [stdout] 
[INFO] [stdout] 
[INFO] [stdout] failures:
[INFO] [stdout]     test_rnafam_program
[INFO] [stdout] 
[INFO] [stdout] test result: FAILED. 0 passed; 1 failed; 0 ignored; 0 measured; 0 filtered out; finished in 0.03s
[INFO] [stdout] 
[INFO] [stderr] error: test failed, to rerun pass `--test tests`
[INFO] running `Command { std: "docker" "inspect" "bc9727a92c93f573415190d2d727e35835bea25e69f7556b27f712d65d84d3e1", kill_on_drop: false }`
[INFO] running `Command { std: "docker" "rm" "-f" "bc9727a92c93f573415190d2d727e35835bea25e69f7556b27f712d65d84d3e1", kill_on_drop: false }`
[INFO] [stdout] bc9727a92c93f573415190d2d727e35835bea25e69f7556b27f712d65d84d3e1
