[INFO] fetching crate rml 0.1.1...
[INFO] testing rml-0.1.1 against 1.69.0 for beta-1.70-1
[INFO] extracting crate rml 0.1.1 into /workspace/builds/worker-5-tc1/source
[INFO] validating manifest of crates.io crate rml 0.1.1 on toolchain 1.69.0
[INFO] running `Command { std: CARGO_HOME="/workspace/cargo-home" RUSTUP_HOME="/workspace/rustup-home" "/workspace/cargo-home/bin/cargo" "+1.69.0" "metadata" "--manifest-path" "Cargo.toml" "--no-deps", kill_on_drop: false }`
[INFO] started tweaking crates.io crate rml 0.1.1
[INFO] removed 1 missing examples
[INFO] finished tweaking crates.io crate rml 0.1.1
[INFO] tweaked toml for crates.io crate rml 0.1.1 written to /workspace/builds/worker-5-tc1/source/Cargo.toml
[INFO] crate crates.io crate rml 0.1.1 already has a lockfile, it will not be regenerated
[INFO] running `Command { std: CARGO_HOME="/workspace/cargo-home" RUSTUP_HOME="/workspace/rustup-home" "/workspace/cargo-home/bin/cargo" "+1.69.0" "fetch" "--manifest-path" "Cargo.toml", kill_on_drop: false }`
[INFO] running `Command { std: "docker" "create" "-v" "/var/lib/crater-agent-workspace/builds/worker-5-tc1/target:/opt/rustwide/target:rw,Z" "-v" "/var/lib/crater-agent-workspace/builds/worker-5-tc1/source:/opt/rustwide/workdir:ro,Z" "-v" "/var/lib/crater-agent-workspace/cargo-home:/opt/rustwide/cargo-home:ro,Z" "-v" "/var/lib/crater-agent-workspace/rustup-home:/opt/rustwide/rustup-home:ro,Z" "-e" "SOURCE_DIR=/opt/rustwide/workdir" "-e" "CARGO_TARGET_DIR=/opt/rustwide/target" "-e" "CARGO_HOME=/opt/rustwide/cargo-home" "-e" "RUSTUP_HOME=/opt/rustwide/rustup-home" "-w" "/opt/rustwide/workdir" "-m" "1610612736" "--user" "0:0" "--network" "none" "ghcr.io/rust-lang/crates-build-env/linux@sha256:5ff2268d62e97bff2cde7d5815dd6ed5b47097566f13b8d0ca110b04b60e07ed" "/opt/rustwide/cargo-home/bin/cargo" "+1.69.0" "metadata" "--no-deps" "--format-version=1", kill_on_drop: false }`
[INFO] [stdout] 06cff26ed4ef2743bd492c6bde954a6878612a2e0720b62317bd7240edb9dce4
[INFO] running `Command { std: "docker" "start" "-a" "06cff26ed4ef2743bd492c6bde954a6878612a2e0720b62317bd7240edb9dce4", kill_on_drop: false }`
[INFO] running `Command { std: "docker" "inspect" "06cff26ed4ef2743bd492c6bde954a6878612a2e0720b62317bd7240edb9dce4", kill_on_drop: false }`
[INFO] running `Command { std: "docker" "rm" "-f" "06cff26ed4ef2743bd492c6bde954a6878612a2e0720b62317bd7240edb9dce4", kill_on_drop: false }`
[INFO] [stdout] 06cff26ed4ef2743bd492c6bde954a6878612a2e0720b62317bd7240edb9dce4
[INFO] running `Command { std: "docker" "create" "-v" "/var/lib/crater-agent-workspace/builds/worker-5-tc1/target:/opt/rustwide/target:rw,Z" "-v" "/var/lib/crater-agent-workspace/builds/worker-5-tc1/source:/opt/rustwide/workdir:ro,Z" "-v" "/var/lib/crater-agent-workspace/cargo-home:/opt/rustwide/cargo-home:ro,Z" "-v" "/var/lib/crater-agent-workspace/rustup-home:/opt/rustwide/rustup-home:ro,Z" "-e" "SOURCE_DIR=/opt/rustwide/workdir" "-e" "CARGO_TARGET_DIR=/opt/rustwide/target" "-e" "CARGO_INCREMENTAL=0" "-e" "RUST_BACKTRACE=full" "-e" "RUSTFLAGS=--cap-lints=warn" "-e" "RUSTDOCFLAGS=--cap-lints=warn" "-e" "CARGO_HOME=/opt/rustwide/cargo-home" "-e" "RUSTUP_HOME=/opt/rustwide/rustup-home" "-w" "/opt/rustwide/workdir" "-m" "1610612736" "--user" "0:0" "--network" "none" "ghcr.io/rust-lang/crates-build-env/linux@sha256:5ff2268d62e97bff2cde7d5815dd6ed5b47097566f13b8d0ca110b04b60e07ed" "/opt/rustwide/cargo-home/bin/cargo" "+1.69.0" "build" "--frozen" "--message-format=json", kill_on_drop: false }`
[INFO] [stdout] ad0470c336dcb4100c0388baecbc5a12fb0c3faa14a12b6b22b8622ea8373de1
[INFO] running `Command { std: "docker" "start" "-a" "ad0470c336dcb4100c0388baecbc5a12fb0c3faa14a12b6b22b8622ea8373de1", kill_on_drop: false }`
[INFO] [stderr]    Compiling autocfg v1.0.1
[INFO] [stderr]    Compiling crossbeam-utils v0.8.5
[INFO] [stderr]    Compiling libc v0.2.100
[INFO] [stderr]    Compiling crossbeam-epoch v0.9.5
[INFO] [stderr]    Compiling memchr v2.4.1
[INFO] [stderr]    Compiling rayon-core v1.9.1
[INFO] [stderr]    Compiling serde v1.0.127
[INFO] [stderr]    Compiling ryu v1.0.5
[INFO] [stderr]    Compiling regex-automata v0.1.10
[INFO] [stderr]    Compiling either v1.6.1
[INFO] [stderr]    Compiling memoffset v0.6.4
[INFO] [stderr]    Compiling rayon v1.5.1
[INFO] [stderr]    Compiling itoa v0.4.7
[INFO] [stderr]    Compiling crossbeam-channel v0.5.1
[INFO] [stderr]    Compiling num_cpus v1.13.0
[INFO] [stderr]    Compiling csv-core v0.1.10
[INFO] [stderr]    Compiling crossbeam-deque v0.8.1
[INFO] [stderr]    Compiling bstr v0.2.16
[INFO] [stderr]    Compiling csv v1.1.6
[INFO] [stderr]    Compiling rml v0.1.1 (/opt/rustwide/workdir)
[INFO] [stderr]     Finished dev [unoptimized + debuginfo] target(s) in 12.29s
[INFO] running `Command { std: "docker" "inspect" "ad0470c336dcb4100c0388baecbc5a12fb0c3faa14a12b6b22b8622ea8373de1", kill_on_drop: false }`
[INFO] running `Command { std: "docker" "rm" "-f" "ad0470c336dcb4100c0388baecbc5a12fb0c3faa14a12b6b22b8622ea8373de1", kill_on_drop: false }`
[INFO] [stdout] ad0470c336dcb4100c0388baecbc5a12fb0c3faa14a12b6b22b8622ea8373de1
[INFO] running `Command { std: "docker" "create" "-v" "/var/lib/crater-agent-workspace/builds/worker-5-tc1/target:/opt/rustwide/target:rw,Z" "-v" "/var/lib/crater-agent-workspace/builds/worker-5-tc1/source:/opt/rustwide/workdir:ro,Z" "-v" "/var/lib/crater-agent-workspace/cargo-home:/opt/rustwide/cargo-home:ro,Z" "-v" "/var/lib/crater-agent-workspace/rustup-home:/opt/rustwide/rustup-home:ro,Z" "-e" "SOURCE_DIR=/opt/rustwide/workdir" "-e" "CARGO_TARGET_DIR=/opt/rustwide/target" "-e" "CARGO_INCREMENTAL=0" "-e" "RUST_BACKTRACE=full" "-e" "RUSTFLAGS=--cap-lints=warn" "-e" "RUSTDOCFLAGS=--cap-lints=warn" "-e" "CARGO_HOME=/opt/rustwide/cargo-home" "-e" "RUSTUP_HOME=/opt/rustwide/rustup-home" "-w" "/opt/rustwide/workdir" "-m" "1610612736" "--user" "0:0" "--network" "none" "ghcr.io/rust-lang/crates-build-env/linux@sha256:5ff2268d62e97bff2cde7d5815dd6ed5b47097566f13b8d0ca110b04b60e07ed" "/opt/rustwide/cargo-home/bin/cargo" "+1.69.0" "test" "--frozen" "--no-run" "--message-format=json", kill_on_drop: false }`
[INFO] [stdout] cea2064a3ef4748a959ed14134535733e60f2488c04b731a5614ba5acd618d6a
[INFO] running `Command { std: "docker" "start" "-a" "cea2064a3ef4748a959ed14134535733e60f2488c04b731a5614ba5acd618d6a", kill_on_drop: false }`
[INFO] [stderr]     Blocking waiting for file lock on package cache
[INFO] [stderr]    Compiling rml v0.1.1 (/opt/rustwide/workdir)
[INFO] [stderr]     Finished test [unoptimized + debuginfo] target(s) in 0.75s
[INFO] running `Command { std: "docker" "inspect" "cea2064a3ef4748a959ed14134535733e60f2488c04b731a5614ba5acd618d6a", kill_on_drop: false }`
[INFO] running `Command { std: "docker" "rm" "-f" "cea2064a3ef4748a959ed14134535733e60f2488c04b731a5614ba5acd618d6a", kill_on_drop: false }`
[INFO] [stdout] cea2064a3ef4748a959ed14134535733e60f2488c04b731a5614ba5acd618d6a
[INFO] running `Command { std: "docker" "create" "-v" "/var/lib/crater-agent-workspace/builds/worker-5-tc1/target:/opt/rustwide/target:rw,Z" "-v" "/var/lib/crater-agent-workspace/builds/worker-5-tc1/source:/opt/rustwide/workdir:ro,Z" "-v" "/var/lib/crater-agent-workspace/cargo-home:/opt/rustwide/cargo-home:ro,Z" "-v" "/var/lib/crater-agent-workspace/rustup-home:/opt/rustwide/rustup-home:ro,Z" "-e" "SOURCE_DIR=/opt/rustwide/workdir" "-e" "CARGO_TARGET_DIR=/opt/rustwide/target" "-e" "CARGO_INCREMENTAL=0" "-e" "RUST_BACKTRACE=full" "-e" "RUSTFLAGS=--cap-lints=warn" "-e" "RUSTDOCFLAGS=--cap-lints=warn" "-e" "CARGO_HOME=/opt/rustwide/cargo-home" "-e" "RUSTUP_HOME=/opt/rustwide/rustup-home" "-w" "/opt/rustwide/workdir" "-m" "1610612736" "--user" "0:0" "--network" "none" "ghcr.io/rust-lang/crates-build-env/linux@sha256:5ff2268d62e97bff2cde7d5815dd6ed5b47097566f13b8d0ca110b04b60e07ed" "/opt/rustwide/cargo-home/bin/cargo" "+1.69.0" "test" "--frozen", kill_on_drop: false }`
[INFO] [stdout] bc369c97fccee681f28dbdf8b7bfd3757d457ad30c10d16fb6ab88fc1a34a078
[INFO] running `Command { std: "docker" "start" "-a" "bc369c97fccee681f28dbdf8b7bfd3757d457ad30c10d16fb6ab88fc1a34a078", kill_on_drop: false }`
[INFO] [stderr]     Finished test [unoptimized + debuginfo] target(s) in 0.02s
[INFO] [stderr]      Running unittests src/lib.rs (/opt/rustwide/target/debug/deps/rml-568733e215b22d97)
[INFO] [stdout] 
[INFO] [stdout] running 7 tests
[INFO] [stdout] test knn::tests::normalize_data_test ... ok
[INFO] [stdout] test math::distance::tests::euclidean_distance_test ... ok
[INFO] [stdout] test math::distance::tests::manhattan_distance_test ... ok
[INFO] [stdout] test math::norm::tests::l1_norm_test ... ok
[INFO] [stdout] test math::norm::tests::normalize_vector_test ... ok
[INFO] [stderr]    Doc-tests rml
[INFO] [stdout] test math::norm::tests::l2_norm_test ... ok
[INFO] [stdout] test knn::tests::calculate_distances_test ... ok
[INFO] [stdout] 
[INFO] [stdout] test result: ok. 7 passed; 0 failed; 0 ignored; 0 measured; 0 filtered out; finished in 0.02s
[INFO] [stdout] 
[INFO] [stdout] 
[INFO] [stdout] running 6 tests
[INFO] [stdout] test src/math/norm.rs - math::norm::l2_norm (line 29) ... FAILED
[INFO] [stdout] test src/math/distance.rs - math::distance::euclidean_distance (line 31) ... FAILED
[INFO] [stdout] test src/math/norm.rs - math::norm::l1_norm (line 41) ... FAILED
[INFO] [stdout] test src/math/distance.rs - math::distance::manhattan_distance (line 48) ... FAILED
[INFO] [stdout] test src/math/norm.rs - math::norm::normalize_vector (line 53) ... FAILED
[INFO] [stdout] test src/knn.rs - knn (line 23) ... FAILED
[INFO] [stdout] 
[INFO] [stdout] failures:
[INFO] [stdout] 
[INFO] [stdout] ---- src/math/norm.rs - math::norm::l2_norm (line 29) stdout ----
[INFO] [stdout] error[E0425]: cannot find function `l2_norm` in this scope
[INFO] [stdout]  --> src/math/norm.rs:31:16
[INFO] [stdout]   |
[INFO] [stdout] 4 | println!("{}", l2_norm(&p));
[INFO] [stdout]   |                ^^^^^^^ not found in this scope
[INFO] [stdout]   |
[INFO] [stdout] help: consider importing this function
[INFO] [stdout]   |
[INFO] [stdout] 2 | use rml::math::norm::l2_norm;
[INFO] [stdout]   |
[INFO] [stdout] 
[INFO] [stdout] error: aborting due to previous error
[INFO] [stdout] 
[INFO] [stdout] For more information about this error, try `rustc --explain E0425`.
[INFO] [stdout] Couldn't compile the test.
[INFO] [stdout] ---- src/math/distance.rs - math::distance::euclidean_distance (line 31) stdout ----
[INFO] [stdout] error[E0425]: cannot find function `euclidean_distance` in this scope
[INFO] [stdout]  --> src/math/distance.rs:34:16
[INFO] [stdout]   |
[INFO] [stdout] 5 | println!("{}", euclidean_distance(&x, &y))
[INFO] [stdout]   |                ^^^^^^^^^^^^^^^^^^ not found in this scope
[INFO] [stdout]   |
[INFO] [stdout] help: consider importing this function
[INFO] [stdout]   |
[INFO] [stdout] 2 | use rml::math::distance::euclidean_distance;
[INFO] [stdout]   |
[INFO] [stdout] 
[INFO] [stdout] error: aborting due to previous error
[INFO] [stdout] 
[INFO] [stdout] For more information about this error, try `rustc --explain E0425`.
[INFO] [stdout] Couldn't compile the test.
[INFO] [stdout] ---- src/math/norm.rs - math::norm::l1_norm (line 41) stdout ----
[INFO] [stdout] error[E0425]: cannot find function `l1_norm` in this scope
[INFO] [stdout]  --> src/math/norm.rs:43:16
[INFO] [stdout]   |
[INFO] [stdout] 4 | println!("{}", l1_norm(&p));
[INFO] [stdout]   |                ^^^^^^^ not found in this scope
[INFO] [stdout]   |
[INFO] [stdout] help: consider importing this function
[INFO] [stdout]   |
[INFO] [stdout] 2 | use rml::math::norm::l1_norm;
[INFO] [stdout]   |
[INFO] [stdout] 
[INFO] [stdout] error: aborting due to previous error
[INFO] [stdout] 
[INFO] [stdout] For more information about this error, try `rustc --explain E0425`.
[INFO] [stdout] Couldn't compile the test.
[INFO] [stdout] ---- src/math/distance.rs - math::distance::manhattan_distance (line 48) stdout ----
[INFO] [stdout] error[E0425]: cannot find function `manhattan_distance` in this scope
[INFO] [stdout]  --> src/math/distance.rs:51:16
[INFO] [stdout]   |
[INFO] [stdout] 5 | println!("{}", manhattan_distance(&x, &y))
[INFO] [stdout]   |                ^^^^^^^^^^^^^^^^^^ not found in this scope
[INFO] [stdout]   |
[INFO] [stdout] help: consider importing this function
[INFO] [stdout]   |
[INFO] [stdout] 2 | use rml::math::distance::manhattan_distance;
[INFO] [stdout]   |
[INFO] [stdout] 
[INFO] [stdout] error: aborting due to previous error
[INFO] [stdout] 
[INFO] [stdout] For more information about this error, try `rustc --explain E0425`.
[INFO] [stdout] Couldn't compile the test.
[INFO] [stdout] ---- src/math/norm.rs - math::norm::normalize_vector (line 53) stdout ----
[INFO] [stdout] error[E0433]: failed to resolve: use of undeclared type `Norm`
[INFO] [stdout]  --> src/math/norm.rs:55:44
[INFO] [stdout]   |
[INFO] [stdout] 4 | println!("{:?}", normalize_vector(&mut p, &Norm::L2));
[INFO] [stdout]   |                                            ^^^^ use of undeclared type `Norm`
[INFO] [stdout] 
[INFO] [stdout] error[E0425]: cannot find function `normalize_vector` in this scope
[INFO] [stdout]  --> src/math/norm.rs:55:18
[INFO] [stdout]   |
[INFO] [stdout] 4 | println!("{:?}", normalize_vector(&mut p, &Norm::L2));
[INFO] [stdout]   |                  ^^^^^^^^^^^^^^^^ not found in this scope
[INFO] [stdout]   |
[INFO] [stdout] help: consider importing this function
[INFO] [stdout]   |
[INFO] [stdout] 2 | use rml::math::norm::normalize_vector;
[INFO] [stdout]   |
[INFO] [stdout] 
[INFO] [stdout] error: aborting due to 2 previous errors
[INFO] [stdout] 
[INFO] [stdout] Some errors have detailed explanations: E0425, E0433.
[INFO] [stdout] For more information about an error, try `rustc --explain E0425`.
[INFO] [stdout] Couldn't compile the test.
[INFO] [stdout] ---- src/knn.rs - knn (line 23) stdout ----
[INFO] [stdout] error[E0433]: failed to resolve: use of undeclared crate or module `math`
[INFO] [stdout]   --> src/knn.rs:36:6
[INFO] [stdout]    |
[INFO] [stdout] 15 | Some(math::norm::Norm::L2), // L2 Normalization
[INFO] [stdout]    |      ^^^^ use of undeclared crate or module `math`
[INFO] [stdout] 
[INFO] [stdout] error[E0412]: cannot find type `CSVOutput` in this scope
[INFO] [stdout]  --> src/knn.rs:27:20
[INFO] [stdout]   |
[INFO] [stdout] 6 | let training_data: CSVOutput = (Vec::new, Vec::new);
[INFO] [stdout]   |                    ^^^^^^^^^ not found in this scope
[INFO] [stdout] 
[INFO] [stdout] error[E0412]: cannot find type `CSVOutput` in this scope
[INFO] [stdout]  --> src/knn.rs:28:19
[INFO] [stdout]   |
[INFO] [stdout] 7 | let testing_data: CSVOutput = (Vec::new, Vec::new);
[INFO] [stdout]   |                   ^^^^^^^^^ not found in this scope
[INFO] [stdout] 
[INFO] [stdout] error[E0433]: failed to resolve: use of undeclared crate or module `knn`
[INFO] [stdout]   --> src/knn.rs:31:11
[INFO] [stdout]    |
[INFO] [stdout] 10 | let knn = knn::KNN::new(
[INFO] [stdout]    |           ^^^ use of undeclared crate or module `knn`
[INFO] [stdout]    |
[INFO] [stdout] help: consider importing this struct
[INFO] [stdout]    |
[INFO] [stdout] 5  | use rml::knn::KNN;
[INFO] [stdout]    |
[INFO] [stdout] help: if you import `KNN`, refer to it directly
[INFO] [stdout]    |
[INFO] [stdout] 10 - let knn = knn::KNN::new(
[INFO] [stdout] 10 + let knn = KNN::new(
[INFO] [stdout]    |
[INFO] [stdout] 
[INFO] [stdout] error: aborting due to 4 previous errors
[INFO] [stdout] 
[INFO] [stdout] Some errors have detailed explanations: E0412, E0433.
[INFO] [stdout] For more information about an error, try `rustc --explain E0412`.
[INFO] [stdout] Couldn't compile the test.
[INFO] [stdout] 
[INFO] [stdout] failures:
[INFO] [stdout]     src/knn.rs - knn (line 23)
[INFO] [stdout]     src/math/distance.rs - math::distance::euclidean_distance (line 31)
[INFO] [stdout]     src/math/distance.rs - math::distance::manhattan_distance (line 48)
[INFO] [stdout]     src/math/norm.rs - math::norm::l1_norm (line 41)
[INFO] [stdout]     src/math/norm.rs - math::norm::l2_norm (line 29)
[INFO] [stdout]     src/math/norm.rs - math::norm::normalize_vector (line 53)
[INFO] [stdout] 
[INFO] [stdout] test result: FAILED. 0 passed; 6 failed; 0 ignored; 0 measured; 0 filtered out; finished in 0.09s
[INFO] [stdout] 
[INFO] [stderr] error: doctest failed, to rerun pass `--doc`
[INFO] running `Command { std: "docker" "inspect" "bc369c97fccee681f28dbdf8b7bfd3757d457ad30c10d16fb6ab88fc1a34a078", kill_on_drop: false }`
[INFO] running `Command { std: "docker" "rm" "-f" "bc369c97fccee681f28dbdf8b7bfd3757d457ad30c10d16fb6ab88fc1a34a078", kill_on_drop: false }`
[INFO] [stdout] bc369c97fccee681f28dbdf8b7bfd3757d457ad30c10d16fb6ab88fc1a34a078
