[INFO] fetching crate rlxc 0.1.0...
[INFO] testing rlxc-0.1.0 against 1.69.0 for beta-1.70-1
[INFO] extracting crate rlxc 0.1.0 into /workspace/builds/worker-2-tc1/source
[INFO] validating manifest of crates.io crate rlxc 0.1.0 on toolchain 1.69.0
[INFO] running `Command { std: CARGO_HOME="/workspace/cargo-home" RUSTUP_HOME="/workspace/rustup-home" "/workspace/cargo-home/bin/cargo" "+1.69.0" "metadata" "--manifest-path" "Cargo.toml" "--no-deps", kill_on_drop: false }`
[INFO] removed /workspace/builds/worker-2-tc1/source/rust-toolchain
[INFO] started tweaking crates.io crate rlxc 0.1.0
[INFO] finished tweaking crates.io crate rlxc 0.1.0
[INFO] tweaked toml for crates.io crate rlxc 0.1.0 written to /workspace/builds/worker-2-tc1/source/Cargo.toml
[INFO] crate crates.io crate rlxc 0.1.0 already has a lockfile, it will not be regenerated
[INFO] running `Command { std: CARGO_HOME="/workspace/cargo-home" RUSTUP_HOME="/workspace/rustup-home" "/workspace/cargo-home/bin/cargo" "+1.69.0" "fetch" "--manifest-path" "Cargo.toml", kill_on_drop: false }`
[INFO] [stderr]     Blocking waiting for file lock on package cache
[INFO] [stderr]  Downloading crates ...
[INFO] [stderr]   Downloaded rust-argon2 v0.8.2
[INFO] [stderr]   Downloaded anyhow v1.0.32
[INFO] [stderr]   Downloaded either v1.6.0
[INFO] [stderr]   Downloaded rayon-core v1.8.0
[INFO] [stderr]   Downloaded lxc-sys v0.2.1
[INFO] running `Command { std: "docker" "create" "-v" "/var/lib/crater-agent-workspace/builds/worker-2-tc1/target:/opt/rustwide/target:rw,Z" "-v" "/var/lib/crater-agent-workspace/builds/worker-2-tc1/source:/opt/rustwide/workdir:ro,Z" "-v" "/var/lib/crater-agent-workspace/cargo-home:/opt/rustwide/cargo-home:ro,Z" "-v" "/var/lib/crater-agent-workspace/rustup-home:/opt/rustwide/rustup-home:ro,Z" "-e" "SOURCE_DIR=/opt/rustwide/workdir" "-e" "CARGO_TARGET_DIR=/opt/rustwide/target" "-e" "CARGO_HOME=/opt/rustwide/cargo-home" "-e" "RUSTUP_HOME=/opt/rustwide/rustup-home" "-w" "/opt/rustwide/workdir" "-m" "1610612736" "--user" "0:0" "--network" "none" "ghcr.io/rust-lang/crates-build-env/linux@sha256:5ff2268d62e97bff2cde7d5815dd6ed5b47097566f13b8d0ca110b04b60e07ed" "/opt/rustwide/cargo-home/bin/cargo" "+1.69.0" "metadata" "--no-deps" "--format-version=1", kill_on_drop: false }`
[INFO] [stdout] 36daa2b6688e8f47e4da6c67a09c77a8f1ef38e6a4938d4ec577a655aae5126a
[INFO] running `Command { std: "docker" "start" "-a" "36daa2b6688e8f47e4da6c67a09c77a8f1ef38e6a4938d4ec577a655aae5126a", kill_on_drop: false }`
[INFO] running `Command { std: "docker" "inspect" "36daa2b6688e8f47e4da6c67a09c77a8f1ef38e6a4938d4ec577a655aae5126a", kill_on_drop: false }`
[INFO] running `Command { std: "docker" "rm" "-f" "36daa2b6688e8f47e4da6c67a09c77a8f1ef38e6a4938d4ec577a655aae5126a", kill_on_drop: false }`
[INFO] [stdout] 36daa2b6688e8f47e4da6c67a09c77a8f1ef38e6a4938d4ec577a655aae5126a
[INFO] running `Command { std: "docker" "create" "-v" "/var/lib/crater-agent-workspace/builds/worker-2-tc1/target:/opt/rustwide/target:rw,Z" "-v" "/var/lib/crater-agent-workspace/builds/worker-2-tc1/source:/opt/rustwide/workdir:ro,Z" "-v" "/var/lib/crater-agent-workspace/cargo-home:/opt/rustwide/cargo-home:ro,Z" "-v" "/var/lib/crater-agent-workspace/rustup-home:/opt/rustwide/rustup-home:ro,Z" "-e" "SOURCE_DIR=/opt/rustwide/workdir" "-e" "CARGO_TARGET_DIR=/opt/rustwide/target" "-e" "CARGO_INCREMENTAL=0" "-e" "RUST_BACKTRACE=full" "-e" "RUSTFLAGS=--cap-lints=warn" "-e" "RUSTDOCFLAGS=--cap-lints=warn" "-e" "CARGO_HOME=/opt/rustwide/cargo-home" "-e" "RUSTUP_HOME=/opt/rustwide/rustup-home" "-w" "/opt/rustwide/workdir" "-m" "1610612736" "--user" "0:0" "--network" "none" "ghcr.io/rust-lang/crates-build-env/linux@sha256:5ff2268d62e97bff2cde7d5815dd6ed5b47097566f13b8d0ca110b04b60e07ed" "/opt/rustwide/cargo-home/bin/cargo" "+1.69.0" "build" "--frozen" "--message-format=json", kill_on_drop: false }`
[INFO] [stdout] 91c49d6099d345ec83dd213e0a887fef2a9fda0c22d7432ca14e407abef52afc
[INFO] running `Command { std: "docker" "start" "-a" "91c49d6099d345ec83dd213e0a887fef2a9fda0c22d7432ca14e407abef52afc", kill_on_drop: false }`
[INFO] [stderr]    Compiling libc v0.2.72
[INFO] [stderr]    Compiling memchr v2.3.3
[INFO] [stderr]    Compiling cfg-if v0.1.10
[INFO] [stderr]    Compiling bitflags v1.2.1
[INFO] [stderr]    Compiling unicode-width v0.1.8
[INFO] [stderr]    Compiling version_check v0.1.5
[INFO] [stderr]    Compiling cc v1.0.58
[INFO] [stderr]    Compiling glob v0.3.0
[INFO] [stderr]    Compiling crossbeam-utils v0.7.2
[INFO] [stderr]    Compiling textwrap v0.11.0
[INFO] [stderr]    Compiling nom v4.2.3
[INFO] [stderr]    Compiling ansi_term v0.11.0
[INFO] [stderr]    Compiling clang-sys v0.28.1
[INFO] [stderr]    Compiling maybe-uninit v2.0.0
[INFO] [stderr]    Compiling strsim v0.8.0
[INFO] [stderr]    Compiling proc-macro2 v1.0.18
[INFO] [stderr]    Compiling byteorder v1.3.4
[INFO] [stderr]    Compiling vec_map v0.8.2
[INFO] [stderr]    Compiling log v0.4.8
[INFO] [stderr]    Compiling aho-corasick v0.7.13
[INFO] [stderr]    Compiling atty v0.2.14
[INFO] [stderr]    Compiling memoffset v0.5.5
[INFO] [stderr]    Compiling thread_local v1.0.1
[INFO] [stderr]    Compiling regex-syntax v0.6.18
[INFO] [stderr]    Compiling libloading v0.5.2
[INFO] [stderr]    Compiling clap v2.33.3
[INFO] [stderr]    Compiling quick-error v1.2.3
[INFO] [stderr]    Compiling humantime v1.3.0
[INFO] [stderr]    Compiling crossbeam-epoch v0.8.2
[INFO] [stderr]    Compiling bindgen v0.51.1
[INFO] [stderr]    Compiling termcolor v1.1.0
[INFO] [stderr]    Compiling serde v1.0.115
[INFO] [stderr]    Compiling quote v1.0.7
[INFO] [stderr]    Compiling which v3.1.1
[INFO] [stderr]    Compiling cexpr v0.3.6
[INFO] [stderr]    Compiling ryu v1.0.5
[INFO] [stderr]    Compiling rayon-core v1.8.0
[INFO] [stderr]    Compiling rustc-hash v1.1.0
[INFO] [stderr]    Compiling peeking_take_while v0.1.2
[INFO] [stderr]    Compiling shlex v0.1.1
[INFO] [stderr]    Compiling regex-automata v0.1.9
[INFO] [stderr]    Compiling regex v1.3.9
[INFO] [stderr]    Compiling crossbeam-deque v0.7.3
[INFO] [stderr]    Compiling crossbeam-channel v0.4.4
[INFO] [stderr]    Compiling num_cpus v1.13.0
[INFO] [stderr]    Compiling dirs v1.0.5
[INFO] [stderr]    Compiling env_logger v0.6.2
[INFO] [stderr]    Compiling csv-core v0.1.10
[INFO] [stderr]    Compiling rayon v1.4.0
[INFO] [stderr]    Compiling anyhow v1.0.32
[INFO] [stderr]    Compiling itoa v0.4.6
[INFO] [stderr]    Compiling term v0.5.2
[INFO] [stderr]    Compiling either v1.6.0
[INFO] [stderr]    Compiling encode_unicode v0.3.6
[INFO] [stderr]    Compiling xdg v2.2.0
[INFO] [stderr]    Compiling bstr v0.2.13
[INFO] [stderr]    Compiling rlxc v0.1.0 (/opt/rustwide/workdir)
[INFO] [stderr]    Compiling csv v1.1.3
[INFO] [stderr]    Compiling prettytable-rs v0.8.0
[INFO] [stderr]    Compiling lxc-sys v0.2.1
[INFO] [stderr]     Finished dev [unoptimized + debuginfo] target(s) in 47.69s
[INFO] [stderr] warning: the following packages contain code that will be rejected by a future version of Rust: cexpr v0.3.6, nom v4.2.3
[INFO] [stderr] note: to see what the problems were, use the option `--future-incompat-report`, or run `cargo report future-incompatibilities --id 1`
[INFO] running `Command { std: "docker" "inspect" "91c49d6099d345ec83dd213e0a887fef2a9fda0c22d7432ca14e407abef52afc", kill_on_drop: false }`
[INFO] running `Command { std: "docker" "rm" "-f" "91c49d6099d345ec83dd213e0a887fef2a9fda0c22d7432ca14e407abef52afc", kill_on_drop: false }`
[INFO] [stdout] 91c49d6099d345ec83dd213e0a887fef2a9fda0c22d7432ca14e407abef52afc
[INFO] running `Command { std: "docker" "create" "-v" "/var/lib/crater-agent-workspace/builds/worker-2-tc1/target:/opt/rustwide/target:rw,Z" "-v" "/var/lib/crater-agent-workspace/builds/worker-2-tc1/source:/opt/rustwide/workdir:ro,Z" "-v" "/var/lib/crater-agent-workspace/cargo-home:/opt/rustwide/cargo-home:ro,Z" "-v" "/var/lib/crater-agent-workspace/rustup-home:/opt/rustwide/rustup-home:ro,Z" "-e" "SOURCE_DIR=/opt/rustwide/workdir" "-e" "CARGO_TARGET_DIR=/opt/rustwide/target" "-e" "CARGO_INCREMENTAL=0" "-e" "RUST_BACKTRACE=full" "-e" "RUSTFLAGS=--cap-lints=warn" "-e" "RUSTDOCFLAGS=--cap-lints=warn" "-e" "CARGO_HOME=/opt/rustwide/cargo-home" "-e" "RUSTUP_HOME=/opt/rustwide/rustup-home" "-w" "/opt/rustwide/workdir" "-m" "1610612736" "--user" "0:0" "--network" "none" "ghcr.io/rust-lang/crates-build-env/linux@sha256:5ff2268d62e97bff2cde7d5815dd6ed5b47097566f13b8d0ca110b04b60e07ed" "/opt/rustwide/cargo-home/bin/cargo" "+1.69.0" "test" "--frozen" "--no-run" "--message-format=json", kill_on_drop: false }`
[INFO] [stdout] 859c517f398418d947370e4181e77a86d877c49b0340f0bbd45fc6fe9313a4a4
[INFO] running `Command { std: "docker" "start" "-a" "859c517f398418d947370e4181e77a86d877c49b0340f0bbd45fc6fe9313a4a4", kill_on_drop: false }`
[INFO] [stderr]    Compiling rlxc v0.1.0 (/opt/rustwide/workdir)
[INFO] [stderr]     Finished test [unoptimized + debuginfo] target(s) in 0.80s
[INFO] [stderr] warning: the following packages contain code that will be rejected by a future version of Rust: cexpr v0.3.6, nom v4.2.3
[INFO] [stderr] note: to see what the problems were, use the option `--future-incompat-report`, or run `cargo report future-incompatibilities --id 1`
[INFO] running `Command { std: "docker" "inspect" "859c517f398418d947370e4181e77a86d877c49b0340f0bbd45fc6fe9313a4a4", kill_on_drop: false }`
[INFO] running `Command { std: "docker" "rm" "-f" "859c517f398418d947370e4181e77a86d877c49b0340f0bbd45fc6fe9313a4a4", kill_on_drop: false }`
[INFO] [stdout] 859c517f398418d947370e4181e77a86d877c49b0340f0bbd45fc6fe9313a4a4
[INFO] running `Command { std: "docker" "create" "-v" "/var/lib/crater-agent-workspace/builds/worker-2-tc1/target:/opt/rustwide/target:rw,Z" "-v" "/var/lib/crater-agent-workspace/builds/worker-2-tc1/source:/opt/rustwide/workdir:ro,Z" "-v" "/var/lib/crater-agent-workspace/cargo-home:/opt/rustwide/cargo-home:ro,Z" "-v" "/var/lib/crater-agent-workspace/rustup-home:/opt/rustwide/rustup-home:ro,Z" "-e" "SOURCE_DIR=/opt/rustwide/workdir" "-e" "CARGO_TARGET_DIR=/opt/rustwide/target" "-e" "CARGO_INCREMENTAL=0" "-e" "RUST_BACKTRACE=full" "-e" "RUSTFLAGS=--cap-lints=warn" "-e" "RUSTDOCFLAGS=--cap-lints=warn" "-e" "CARGO_HOME=/opt/rustwide/cargo-home" "-e" "RUSTUP_HOME=/opt/rustwide/rustup-home" "-w" "/opt/rustwide/workdir" "-m" "1610612736" "--user" "0:0" "--network" "none" "ghcr.io/rust-lang/crates-build-env/linux@sha256:5ff2268d62e97bff2cde7d5815dd6ed5b47097566f13b8d0ca110b04b60e07ed" "/opt/rustwide/cargo-home/bin/cargo" "+1.69.0" "test" "--frozen", kill_on_drop: false }`
[INFO] [stdout] a2909eb894ea8607c600231a56ef0d6a8870e42ed68aa3def13aee428ad369d9
[INFO] running `Command { std: "docker" "start" "-a" "a2909eb894ea8607c600231a56ef0d6a8870e42ed68aa3def13aee428ad369d9", kill_on_drop: false }`
[INFO] [stderr]     Blocking waiting for file lock on package cache
[INFO] [stderr]     Finished test [unoptimized + debuginfo] target(s) in 0.20s
[INFO] [stderr] warning: the following packages contain code that will be rejected by a future version of Rust: cexpr v0.3.6, nom v4.2.3
[INFO] [stderr] note: to see what the problems were, use the option `--future-incompat-report`, or run `cargo report future-incompatibilities --id 1`
[INFO] [stderr]      Running unittests src/lib.rs (/opt/rustwide/target/debug/deps/rlxc-8e68e4d8b43ce307)
[INFO] [stdout] 
[INFO] [stdout] running 0 tests
[INFO] [stdout] 
[INFO] [stdout] test result: ok. 0 passed; 0 failed; 0 ignored; 0 measured; 0 filtered out; finished in 0.00s
[INFO] [stdout] 
[INFO] [stderr]      Running unittests src/bin/rlxc.rs (/opt/rustwide/target/debug/deps/rlxc-9f02baf165ca2670)
[INFO] [stderr]    Doc-tests rlxc
[INFO] [stdout] 
[INFO] [stdout] running 0 tests
[INFO] [stdout] 
[INFO] [stdout] test result: ok. 0 passed; 0 failed; 0 ignored; 0 measured; 0 filtered out; finished in 0.00s
[INFO] [stdout] 
[INFO] [stdout] 
[INFO] [stdout] running 1 test
[INFO] [stderr] error: doctest failed, to rerun pass `--doc`
[INFO] [stdout] test src/util/ffi.rs - util::ffi::ToCString (line 140) ... FAILED
[INFO] [stdout] 
[INFO] [stdout] failures:
[INFO] [stdout] 
[INFO] [stdout] ---- src/util/ffi.rs - util::ffi::ToCString (line 140) stdout ----
[INFO] [stdout] error[E0107]: enum takes 2 generic arguments but 1 generic argument was supplied
[INFO] [stdout]  --> src/util/ffi.rs:143:44
[INFO] [stdout]   |
[INFO] [stdout] 6 | fn foo<T: ?Sized + ToCString>(path: &T) -> Result<()> {
[INFO] [stdout]   |                                            ^^^^^^ -- supplied 1 generic argument
[INFO] [stdout]   |                                            |
[INFO] [stdout]   |                                            expected 2 generic arguments
[INFO] [stdout]   |
[INFO] [stdout] help: add missing generic argument
[INFO] [stdout]   |
[INFO] [stdout] 6 | fn foo<T: ?Sized + ToCString>(path: &T) -> Result<(), E> {
[INFO] [stdout]   |                                                     +++
[INFO] [stdout] 
[INFO] [stdout] error[E0425]: cannot find function `c_function` in this scope
[INFO] [stdout]  --> src/util/ffi.rs:145:14
[INFO] [stdout]   |
[INFO] [stdout] 8 |     unsafe { c_function(cpath.as_ptr()) };
[INFO] [stdout]   |              ^^^^^^^^^^ not found in this scope
[INFO] [stdout] 
[INFO] [stdout] error: aborting due to 2 previous errors
[INFO] [stdout] 
[INFO] [stdout] Some errors have detailed explanations: E0107, E0425.
[INFO] [stdout] For more information about an error, try `rustc --explain E0107`.
[INFO] [stdout] Couldn't compile the test.
[INFO] [stdout] 
[INFO] [stdout] failures:
[INFO] [stdout]     src/util/ffi.rs - util::ffi::ToCString (line 140)
[INFO] [stdout] 
[INFO] [stdout] test result: FAILED. 0 passed; 1 failed; 0 ignored; 0 measured; 0 filtered out; finished in 0.08s
[INFO] [stdout] 
[INFO] running `Command { std: "docker" "inspect" "a2909eb894ea8607c600231a56ef0d6a8870e42ed68aa3def13aee428ad369d9", kill_on_drop: false }`
[INFO] running `Command { std: "docker" "rm" "-f" "a2909eb894ea8607c600231a56ef0d6a8870e42ed68aa3def13aee428ad369d9", kill_on_drop: false }`
[INFO] [stdout] a2909eb894ea8607c600231a56ef0d6a8870e42ed68aa3def13aee428ad369d9
