[INFO] fetching crate rl_ball_sym 3.0.0...
[INFO] testing rl_ball_sym-3.0.0 against beta-2023-04-20 for beta-1.70-1
[INFO] extracting crate rl_ball_sym 3.0.0 into /workspace/builds/worker-2-tc2/source
[INFO] validating manifest of crates.io crate rl_ball_sym 3.0.0 on toolchain beta-2023-04-20
[INFO] running `Command { std: CARGO_HOME="/workspace/cargo-home" RUSTUP_HOME="/workspace/rustup-home" "/workspace/cargo-home/bin/cargo" "+beta-2023-04-20" "metadata" "--manifest-path" "Cargo.toml" "--no-deps", kill_on_drop: false }`
[INFO] started tweaking crates.io crate rl_ball_sym 3.0.0
[INFO] finished tweaking crates.io crate rl_ball_sym 3.0.0
[INFO] tweaked toml for crates.io crate rl_ball_sym 3.0.0 written to /workspace/builds/worker-2-tc2/source/Cargo.toml
[INFO] crate crates.io crate rl_ball_sym 3.0.0 already has a lockfile, it will not be regenerated
[INFO] running `Command { std: CARGO_HOME="/workspace/cargo-home" RUSTUP_HOME="/workspace/rustup-home" "/workspace/cargo-home/bin/cargo" "+beta-2023-04-20" "fetch" "--manifest-path" "Cargo.toml", kill_on_drop: false }`
[INFO] [stderr]     Updating crates.io index
[INFO] [stderr]  Downloading crates ...
[INFO] [stderr]   Downloaded libflate_lz77 v1.2.0
[INFO] [stderr]   Downloaded include-flate-codegen v0.1.4
[INFO] [stderr]   Downloaded include-flate-codegen-exports v0.1.4
[INFO] [stderr]   Downloaded libflate v1.3.0
[INFO] [stderr]   Downloaded rle-decode-fast v1.0.3
[INFO] [stderr]   Downloaded combo_vec v0.5.1
[INFO] [stderr]   Downloaded include-flate v0.2.0
[INFO] running `Command { std: "docker" "create" "-v" "/var/lib/crater-agent-workspace/builds/worker-2-tc2/target:/opt/rustwide/target:rw,Z" "-v" "/var/lib/crater-agent-workspace/builds/worker-2-tc2/source:/opt/rustwide/workdir:ro,Z" "-v" "/var/lib/crater-agent-workspace/cargo-home:/opt/rustwide/cargo-home:ro,Z" "-v" "/var/lib/crater-agent-workspace/rustup-home:/opt/rustwide/rustup-home:ro,Z" "-e" "SOURCE_DIR=/opt/rustwide/workdir" "-e" "CARGO_TARGET_DIR=/opt/rustwide/target" "-e" "CARGO_HOME=/opt/rustwide/cargo-home" "-e" "RUSTUP_HOME=/opt/rustwide/rustup-home" "-w" "/opt/rustwide/workdir" "-m" "1610612736" "--user" "0:0" "--network" "none" "ghcr.io/rust-lang/crates-build-env/linux@sha256:5ff2268d62e97bff2cde7d5815dd6ed5b47097566f13b8d0ca110b04b60e07ed" "/opt/rustwide/cargo-home/bin/cargo" "+beta-2023-04-20" "metadata" "--no-deps" "--format-version=1", kill_on_drop: false }`
[INFO] [stdout] c8125adba74f2bfd2165175d239b7d401935dc42f10de624d2fe511683c3acb2
[INFO] running `Command { std: "docker" "start" "-a" "c8125adba74f2bfd2165175d239b7d401935dc42f10de624d2fe511683c3acb2", kill_on_drop: false }`
[INFO] running `Command { std: "docker" "inspect" "c8125adba74f2bfd2165175d239b7d401935dc42f10de624d2fe511683c3acb2", kill_on_drop: false }`
[INFO] running `Command { std: "docker" "rm" "-f" "c8125adba74f2bfd2165175d239b7d401935dc42f10de624d2fe511683c3acb2", kill_on_drop: false }`
[INFO] [stdout] c8125adba74f2bfd2165175d239b7d401935dc42f10de624d2fe511683c3acb2
[INFO] running `Command { std: "docker" "create" "-v" "/var/lib/crater-agent-workspace/builds/worker-2-tc2/target:/opt/rustwide/target:rw,Z" "-v" "/var/lib/crater-agent-workspace/builds/worker-2-tc2/source:/opt/rustwide/workdir:ro,Z" "-v" "/var/lib/crater-agent-workspace/cargo-home:/opt/rustwide/cargo-home:ro,Z" "-v" "/var/lib/crater-agent-workspace/rustup-home:/opt/rustwide/rustup-home:ro,Z" "-e" "SOURCE_DIR=/opt/rustwide/workdir" "-e" "CARGO_TARGET_DIR=/opt/rustwide/target" "-e" "CARGO_INCREMENTAL=0" "-e" "RUST_BACKTRACE=full" "-e" "RUSTFLAGS=--cap-lints=warn" "-e" "RUSTDOCFLAGS=--cap-lints=warn" "-e" "CARGO_HOME=/opt/rustwide/cargo-home" "-e" "RUSTUP_HOME=/opt/rustwide/rustup-home" "-w" "/opt/rustwide/workdir" "-m" "1610612736" "--user" "0:0" "--network" "none" "ghcr.io/rust-lang/crates-build-env/linux@sha256:5ff2268d62e97bff2cde7d5815dd6ed5b47097566f13b8d0ca110b04b60e07ed" "/opt/rustwide/cargo-home/bin/cargo" "+beta-2023-04-20" "build" "--frozen" "--message-format=json", kill_on_drop: false }`
[INFO] [stdout] cba16d49730a26758f958e6d9428c06f7e6857d7f04ae067670929a50f40e8a1
[INFO] running `Command { std: "docker" "start" "-a" "cba16d49730a26758f958e6d9428c06f7e6857d7f04ae067670929a50f40e8a1", kill_on_drop: false }`
[INFO] [stderr]    Compiling combo_vec v0.5.1
[INFO] [stderr]    Compiling glam v0.23.0
[INFO] [stderr]    Compiling byteorder v1.4.3
[INFO] [stderr]    Compiling radsort v0.1.0
[INFO] [stderr]    Compiling rl_ball_sym v3.0.0 (/opt/rustwide/workdir)
[INFO] [stderr]     Finished dev [unoptimized + debuginfo] target(s) in 2.10s
[INFO] running `Command { std: "docker" "inspect" "cba16d49730a26758f958e6d9428c06f7e6857d7f04ae067670929a50f40e8a1", kill_on_drop: false }`
[INFO] running `Command { std: "docker" "rm" "-f" "cba16d49730a26758f958e6d9428c06f7e6857d7f04ae067670929a50f40e8a1", kill_on_drop: false }`
[INFO] [stdout] cba16d49730a26758f958e6d9428c06f7e6857d7f04ae067670929a50f40e8a1
[INFO] running `Command { std: "docker" "create" "-v" "/var/lib/crater-agent-workspace/builds/worker-2-tc2/target:/opt/rustwide/target:rw,Z" "-v" "/var/lib/crater-agent-workspace/builds/worker-2-tc2/source:/opt/rustwide/workdir:ro,Z" "-v" "/var/lib/crater-agent-workspace/cargo-home:/opt/rustwide/cargo-home:ro,Z" "-v" "/var/lib/crater-agent-workspace/rustup-home:/opt/rustwide/rustup-home:ro,Z" "-e" "SOURCE_DIR=/opt/rustwide/workdir" "-e" "CARGO_TARGET_DIR=/opt/rustwide/target" "-e" "CARGO_INCREMENTAL=0" "-e" "RUST_BACKTRACE=full" "-e" "RUSTFLAGS=--cap-lints=warn" "-e" "RUSTDOCFLAGS=--cap-lints=warn" "-e" "CARGO_HOME=/opt/rustwide/cargo-home" "-e" "RUSTUP_HOME=/opt/rustwide/rustup-home" "-w" "/opt/rustwide/workdir" "-m" "1610612736" "--user" "0:0" "--network" "none" "ghcr.io/rust-lang/crates-build-env/linux@sha256:5ff2268d62e97bff2cde7d5815dd6ed5b47097566f13b8d0ca110b04b60e07ed" "/opt/rustwide/cargo-home/bin/cargo" "+beta-2023-04-20" "test" "--frozen" "--no-run" "--message-format=json", kill_on_drop: false }`
[INFO] [stdout] 05b1c97b12767a8a1cea36011c8e47bc6365efcbb971b929a4895e2ac8ad2f02
[INFO] running `Command { std: "docker" "start" "-a" "05b1c97b12767a8a1cea36011c8e47bc6365efcbb971b929a4895e2ac8ad2f02", kill_on_drop: false }`
[INFO] [stderr]    Compiling crossbeam-utils v0.8.15
[INFO] [stderr]    Compiling syn v1.0.109
[INFO] [stderr]    Compiling memoffset v0.8.0
[INFO] [stderr]    Compiling crossbeam-epoch v0.9.14
[INFO] [stderr]    Compiling serde v1.0.152
[INFO] [stderr]    Compiling num-traits v0.2.15
[INFO] [stderr]    Compiling rayon-core v1.10.2
[INFO] [stderr]    Compiling either v1.8.1
[INFO] [stderr]    Compiling half v1.8.2
[INFO] [stderr]    Compiling os_str_bytes v6.4.1
[INFO] [stderr]    Compiling ciborium-io v0.2.0
[INFO] [stderr]    Compiling plotters-backend v0.3.4
[INFO] [stderr]    Compiling cast v0.3.0
[INFO] [stderr]    Compiling regex-syntax v0.6.28
[INFO] [stderr]    Compiling same-file v1.0.6
[INFO] [stderr]    Compiling textwrap v0.16.0
[INFO] [stderr]    Compiling oorandom v11.1.3
[INFO] [stderr]    Compiling walkdir v2.3.2
[INFO] [stderr]    Compiling clap_lex v0.2.4
[INFO] [stderr]    Compiling ciborium-ll v0.2.0
[INFO] [stderr]    Compiling itertools v0.10.5
[INFO] [stderr]    Compiling anes v0.1.6
[INFO] [stderr]    Compiling plotters-svg v0.3.3
[INFO] [stderr]    Compiling rand v0.8.5
[INFO] [stderr]    Compiling clap v3.2.23
[INFO] [stderr]    Compiling crossbeam-channel v0.5.7
[INFO] [stderr]    Compiling crossbeam-deque v0.8.3
[INFO] [stderr]    Compiling regex v1.7.1
[INFO] [stderr]    Compiling criterion-plot v0.5.0
[INFO] [stderr]    Compiling rayon v1.6.1
[INFO] [stderr]    Compiling plotters v0.3.4
[INFO] [stderr]    Compiling serde_derive v1.0.152
[INFO] [stderr]    Compiling serde_json v1.0.93
[INFO] [stderr]    Compiling ciborium v0.2.0
[INFO] [stderr]    Compiling tinytemplate v1.2.1
[INFO] [stderr]    Compiling criterion v0.4.0
[INFO] [stderr]    Compiling rl_ball_sym v3.0.0 (/opt/rustwide/workdir)
[INFO] [stderr]     Finished test [unoptimized + debuginfo] target(s) in 19.41s
[INFO] running `Command { std: "docker" "inspect" "05b1c97b12767a8a1cea36011c8e47bc6365efcbb971b929a4895e2ac8ad2f02", kill_on_drop: false }`
[INFO] running `Command { std: "docker" "rm" "-f" "05b1c97b12767a8a1cea36011c8e47bc6365efcbb971b929a4895e2ac8ad2f02", kill_on_drop: false }`
[INFO] [stdout] 05b1c97b12767a8a1cea36011c8e47bc6365efcbb971b929a4895e2ac8ad2f02
[INFO] running `Command { std: "docker" "create" "-v" "/var/lib/crater-agent-workspace/builds/worker-2-tc2/target:/opt/rustwide/target:rw,Z" "-v" "/var/lib/crater-agent-workspace/builds/worker-2-tc2/source:/opt/rustwide/workdir:ro,Z" "-v" "/var/lib/crater-agent-workspace/cargo-home:/opt/rustwide/cargo-home:ro,Z" "-v" "/var/lib/crater-agent-workspace/rustup-home:/opt/rustwide/rustup-home:ro,Z" "-e" "SOURCE_DIR=/opt/rustwide/workdir" "-e" "CARGO_TARGET_DIR=/opt/rustwide/target" "-e" "CARGO_INCREMENTAL=0" "-e" "RUST_BACKTRACE=full" "-e" "RUSTFLAGS=--cap-lints=warn" "-e" "RUSTDOCFLAGS=--cap-lints=warn" "-e" "CARGO_HOME=/opt/rustwide/cargo-home" "-e" "RUSTUP_HOME=/opt/rustwide/rustup-home" "-w" "/opt/rustwide/workdir" "-m" "1610612736" "--user" "0:0" "--network" "none" "ghcr.io/rust-lang/crates-build-env/linux@sha256:5ff2268d62e97bff2cde7d5815dd6ed5b47097566f13b8d0ca110b04b60e07ed" "/opt/rustwide/cargo-home/bin/cargo" "+beta-2023-04-20" "test" "--frozen", kill_on_drop: false }`
[INFO] [stdout] d3f2b0dca2af60da29b56dc39e40d3042e48f9b20d37a5851774008fce89d8f8
[INFO] running `Command { std: "docker" "start" "-a" "d3f2b0dca2af60da29b56dc39e40d3042e48f9b20d37a5851774008fce89d8f8", kill_on_drop: false }`
[INFO] [stderr]     Finished test [unoptimized + debuginfo] target(s) in 0.08s
[INFO] [stderr]      Running unittests src/lib.rs (/opt/rustwide/target/debug/deps/rl_ball_sym-f0dc9dc66a04bf36)
[INFO] [stdout] 
[INFO] [stdout] running 29 tests
[INFO] [stdout] test linear_algebra::mat::test::mat3_dot ... ok
[INFO] [stdout] test simulation::bvh::test::global_bounding_box_min ... ok
[INFO] [stdout] test simulation::bvh::test::global_bounding_box_max ... ok
[INFO] [stdout] test simulation::bvh::test::global_bounding_box ... ok
[INFO] [stdout] test linear_algebra::math::test::test_dot ... ok
[INFO] [stdout] test simulation::bvh::test::test_bvh_collide ... ok
[INFO] [stdout] test simulation::bvh::test::test_bvh_intersect ... ok
[INFO] [stdout] test simulation::geometry::test::aabb_aabb_intersect ... ok
[INFO] [stdout] test simulation::bvh::test::test_bvh_build ... ok
[INFO] [stdout] test simulation::geometry::test::aabb_aabb_not_intersect ... ok
[INFO] [stdout] test simulation::bvh::test::hierarchy_depth_dropshot ... ok
[INFO] [stdout] test simulation::bvh::test::is_collision_ray_finite ... ok
[INFO] [stdout] test simulation::geometry::test::aabb_sphere_intersect ... ok
[INFO] [stdout] test simulation::geometry::test::tri_sphere_intersect ... ok
[INFO] [stdout] test simulation::ball::test::check_standard_num_slices ... ok
[INFO] [stdout] test simulation::geometry::test::aabb_sphere_not_intersect ... ok
[INFO] [stdout] test simulation::geometry::test::tri_sphere_not_intersect ... ok
[INFO] [stdout] test simulation::morton::test::morton ... ok
[INFO] [stdout] test simulation::ball::test::check_num_slices_for_time ... ok
[INFO] [stdout] test simulation::bvh::test::hierarchy_depth_standard ... ok
[INFO] [stdout] test simulation::bvh::test::gamemode_standard ... ok
[INFO] [stdout] test simulation::bvh::test::gamemode_dropshot ... ok
[INFO] [stdout] test simulation::ball::test::check_custom_num_slices ... ok
[INFO] [stdout] test simulation::bvh::test::hierarchy_depth_throwback_standard ... ok
[INFO] [stdout] test simulation::bvh::test::gamemode_throwback_standard ... ok
[INFO] [stdout] test simulation::bvh::test::hierarchy_depth_hoops ... ok
[INFO] [stdout] test simulation::bvh::test::gamemode_hoops ... ok
[INFO] [stdout] test simulation::bvh::test::basic_predict_throwback ... ok
[INFO] [stdout] test simulation::bvh::test::basic_predict_standard has been running for over 60 seconds
[INFO] [stdout] test simulation::bvh::test::basic_predict_standard ... ok
[INFO] [stdout] 
[INFO] [stdout] test result: ok. 29 passed; 0 failed; 0 ignored; 0 measured; 0 filtered out; finished in 78.86s
[INFO] [stdout] 
[INFO] [stderr]    Doc-tests rl_ball_sym
[INFO] [stdout] 
[INFO] [stdout] running 1 test
[INFO] [stdout] test src/lib.rs - (line 9) ... FAILED
[INFO] [stdout] 
[INFO] [stdout] failures:
[INFO] [stdout] 
[INFO] [stdout] ---- src/lib.rs - (line 9) stdout ----
[INFO] [stdout] error[E0432]: unresolved import `rl_ball_sym::BallPrediction`
[INFO] [stdout]  --> src/lib.rs:10:34
[INFO] [stdout]   |
[INFO] [stdout] 4 | use rl_ball_sym::{load_standard, BallPrediction, Vec3A};
[INFO] [stdout]   |                                  ^^^^^^^^^^^^^^ no `BallPrediction` in the root
[INFO] [stdout] 
[INFO] [stdout] error: aborting due to previous error
[INFO] [stdout] 
[INFO] [stdout] For more information about this error, try `rustc --explain E0432`.
[INFO] [stdout] Couldn't compile the test.
[INFO] [stdout] 
[INFO] [stdout] failures:
[INFO] [stdout]     src/lib.rs - (line 9)
[INFO] [stdout] 
[INFO] [stdout] test result: FAILED. 0 passed; 1 failed; 0 ignored; 0 measured; 0 filtered out; finished in 0.08s
[INFO] [stdout] 
[INFO] [stderr] error: doctest failed, to rerun pass `--doc`
[INFO] running `Command { std: "docker" "inspect" "d3f2b0dca2af60da29b56dc39e40d3042e48f9b20d37a5851774008fce89d8f8", kill_on_drop: false }`
[INFO] running `Command { std: "docker" "rm" "-f" "d3f2b0dca2af60da29b56dc39e40d3042e48f9b20d37a5851774008fce89d8f8", kill_on_drop: false }`
[INFO] [stdout] d3f2b0dca2af60da29b56dc39e40d3042e48f9b20d37a5851774008fce89d8f8
