[INFO] fetching crate rivia 0.2.6...
[INFO] testing rivia-0.2.6 against 1.69.0 for beta-1.70-1
[INFO] extracting crate rivia 0.2.6 into /workspace/builds/worker-4-tc1/source
[INFO] validating manifest of crates.io crate rivia 0.2.6 on toolchain 1.69.0
[INFO] running `Command { std: CARGO_HOME="/workspace/cargo-home" RUSTUP_HOME="/workspace/rustup-home" "/workspace/cargo-home/bin/cargo" "+1.69.0" "metadata" "--manifest-path" "Cargo.toml" "--no-deps", kill_on_drop: false }`
[INFO] started tweaking crates.io crate rivia 0.2.6
[INFO] finished tweaking crates.io crate rivia 0.2.6
[INFO] tweaked toml for crates.io crate rivia 0.2.6 written to /workspace/builds/worker-4-tc1/source/Cargo.toml
[INFO] crate crates.io crate rivia 0.2.6 already has a lockfile, it will not be regenerated
[INFO] running `Command { std: CARGO_HOME="/workspace/cargo-home" RUSTUP_HOME="/workspace/rustup-home" "/workspace/cargo-home/bin/cargo" "+1.69.0" "fetch" "--manifest-path" "Cargo.toml", kill_on_drop: false }`
[INFO] running `Command { std: "docker" "create" "-v" "/var/lib/crater-agent-workspace/builds/worker-4-tc1/target:/opt/rustwide/target:rw,Z" "-v" "/var/lib/crater-agent-workspace/builds/worker-4-tc1/source:/opt/rustwide/workdir:ro,Z" "-v" "/var/lib/crater-agent-workspace/cargo-home:/opt/rustwide/cargo-home:ro,Z" "-v" "/var/lib/crater-agent-workspace/rustup-home:/opt/rustwide/rustup-home:ro,Z" "-e" "SOURCE_DIR=/opt/rustwide/workdir" "-e" "CARGO_TARGET_DIR=/opt/rustwide/target" "-e" "CARGO_HOME=/opt/rustwide/cargo-home" "-e" "RUSTUP_HOME=/opt/rustwide/rustup-home" "-w" "/opt/rustwide/workdir" "-m" "1610612736" "--user" "0:0" "--network" "none" "ghcr.io/rust-lang/crates-build-env/linux@sha256:5ff2268d62e97bff2cde7d5815dd6ed5b47097566f13b8d0ca110b04b60e07ed" "/opt/rustwide/cargo-home/bin/cargo" "+1.69.0" "metadata" "--no-deps" "--format-version=1", kill_on_drop: false }`
[INFO] [stdout] a47498aa83e1931fdcb3b0735ae6e96961cebecfc9aab178d480924135669309
[INFO] running `Command { std: "docker" "start" "-a" "a47498aa83e1931fdcb3b0735ae6e96961cebecfc9aab178d480924135669309", kill_on_drop: false }`
[INFO] running `Command { std: "docker" "inspect" "a47498aa83e1931fdcb3b0735ae6e96961cebecfc9aab178d480924135669309", kill_on_drop: false }`
[INFO] running `Command { std: "docker" "rm" "-f" "a47498aa83e1931fdcb3b0735ae6e96961cebecfc9aab178d480924135669309", kill_on_drop: false }`
[INFO] [stdout] a47498aa83e1931fdcb3b0735ae6e96961cebecfc9aab178d480924135669309
[INFO] running `Command { std: "docker" "create" "-v" "/var/lib/crater-agent-workspace/builds/worker-4-tc1/target:/opt/rustwide/target:rw,Z" "-v" "/var/lib/crater-agent-workspace/builds/worker-4-tc1/source:/opt/rustwide/workdir:ro,Z" "-v" "/var/lib/crater-agent-workspace/cargo-home:/opt/rustwide/cargo-home:ro,Z" "-v" "/var/lib/crater-agent-workspace/rustup-home:/opt/rustwide/rustup-home:ro,Z" "-e" "SOURCE_DIR=/opt/rustwide/workdir" "-e" "CARGO_TARGET_DIR=/opt/rustwide/target" "-e" "CARGO_INCREMENTAL=0" "-e" "RUST_BACKTRACE=full" "-e" "RUSTFLAGS=--cap-lints=warn" "-e" "RUSTDOCFLAGS=--cap-lints=warn" "-e" "CARGO_HOME=/opt/rustwide/cargo-home" "-e" "RUSTUP_HOME=/opt/rustwide/rustup-home" "-w" "/opt/rustwide/workdir" "-m" "1610612736" "--user" "0:0" "--network" "none" "ghcr.io/rust-lang/crates-build-env/linux@sha256:5ff2268d62e97bff2cde7d5815dd6ed5b47097566f13b8d0ca110b04b60e07ed" "/opt/rustwide/cargo-home/bin/cargo" "+1.69.0" "build" "--frozen" "--message-format=json", kill_on_drop: false }`
[INFO] [stdout] 09c4d7041b26d9cb00d44866b0eb2bafde61ad4dec9abf48044d753f14d6311a
[INFO] running `Command { std: "docker" "start" "-a" "09c4d7041b26d9cb00d44866b0eb2bafde61ad4dec9abf48044d753f14d6311a", kill_on_drop: false }`
[INFO] [stderr]    Compiling memoffset v0.6.5
[INFO] [stderr]    Compiling libc v0.2.108
[INFO] [stderr]    Compiling either v1.6.1
[INFO] [stderr]    Compiling itertools v0.10.3
[INFO] [stderr]    Compiling nix v0.23.1
[INFO] [stderr]    Compiling rivia v0.2.6 (/opt/rustwide/workdir)
[INFO] [stderr]     Finished dev [unoptimized + debuginfo] target(s) in 5.61s
[INFO] running `Command { std: "docker" "inspect" "09c4d7041b26d9cb00d44866b0eb2bafde61ad4dec9abf48044d753f14d6311a", kill_on_drop: false }`
[INFO] running `Command { std: "docker" "rm" "-f" "09c4d7041b26d9cb00d44866b0eb2bafde61ad4dec9abf48044d753f14d6311a", kill_on_drop: false }`
[INFO] [stdout] 09c4d7041b26d9cb00d44866b0eb2bafde61ad4dec9abf48044d753f14d6311a
[INFO] running `Command { std: "docker" "create" "-v" "/var/lib/crater-agent-workspace/builds/worker-4-tc1/target:/opt/rustwide/target:rw,Z" "-v" "/var/lib/crater-agent-workspace/builds/worker-4-tc1/source:/opt/rustwide/workdir:ro,Z" "-v" "/var/lib/crater-agent-workspace/cargo-home:/opt/rustwide/cargo-home:ro,Z" "-v" "/var/lib/crater-agent-workspace/rustup-home:/opt/rustwide/rustup-home:ro,Z" "-e" "SOURCE_DIR=/opt/rustwide/workdir" "-e" "CARGO_TARGET_DIR=/opt/rustwide/target" "-e" "CARGO_INCREMENTAL=0" "-e" "RUST_BACKTRACE=full" "-e" "RUSTFLAGS=--cap-lints=warn" "-e" "RUSTDOCFLAGS=--cap-lints=warn" "-e" "CARGO_HOME=/opt/rustwide/cargo-home" "-e" "RUSTUP_HOME=/opt/rustwide/rustup-home" "-w" "/opt/rustwide/workdir" "-m" "1610612736" "--user" "0:0" "--network" "none" "ghcr.io/rust-lang/crates-build-env/linux@sha256:5ff2268d62e97bff2cde7d5815dd6ed5b47097566f13b8d0ca110b04b60e07ed" "/opt/rustwide/cargo-home/bin/cargo" "+1.69.0" "test" "--frozen" "--no-run" "--message-format=json", kill_on_drop: false }`
[INFO] [stdout] 72f94ac9efcf941e7811798ced61ad0ca3f58ba8e91ce20c5677ab28ded3e669
[INFO] running `Command { std: "docker" "start" "-a" "72f94ac9efcf941e7811798ced61ad0ca3f58ba8e91ce20c5677ab28ded3e669", kill_on_drop: false }`
[INFO] [stderr]    Compiling rivia v0.2.6 (/opt/rustwide/workdir)
[INFO] [stderr]     Finished test [unoptimized + debuginfo] target(s) in 11.46s
[INFO] running `Command { std: "docker" "inspect" "72f94ac9efcf941e7811798ced61ad0ca3f58ba8e91ce20c5677ab28ded3e669", kill_on_drop: false }`
[INFO] running `Command { std: "docker" "rm" "-f" "72f94ac9efcf941e7811798ced61ad0ca3f58ba8e91ce20c5677ab28ded3e669", kill_on_drop: false }`
[INFO] [stdout] 72f94ac9efcf941e7811798ced61ad0ca3f58ba8e91ce20c5677ab28ded3e669
[INFO] running `Command { std: "docker" "create" "-v" "/var/lib/crater-agent-workspace/builds/worker-4-tc1/target:/opt/rustwide/target:rw,Z" "-v" "/var/lib/crater-agent-workspace/builds/worker-4-tc1/source:/opt/rustwide/workdir:ro,Z" "-v" "/var/lib/crater-agent-workspace/cargo-home:/opt/rustwide/cargo-home:ro,Z" "-v" "/var/lib/crater-agent-workspace/rustup-home:/opt/rustwide/rustup-home:ro,Z" "-e" "SOURCE_DIR=/opt/rustwide/workdir" "-e" "CARGO_TARGET_DIR=/opt/rustwide/target" "-e" "CARGO_INCREMENTAL=0" "-e" "RUST_BACKTRACE=full" "-e" "RUSTFLAGS=--cap-lints=warn" "-e" "RUSTDOCFLAGS=--cap-lints=warn" "-e" "CARGO_HOME=/opt/rustwide/cargo-home" "-e" "RUSTUP_HOME=/opt/rustwide/rustup-home" "-w" "/opt/rustwide/workdir" "-m" "1610612736" "--user" "0:0" "--network" "none" "ghcr.io/rust-lang/crates-build-env/linux@sha256:5ff2268d62e97bff2cde7d5815dd6ed5b47097566f13b8d0ca110b04b60e07ed" "/opt/rustwide/cargo-home/bin/cargo" "+1.69.0" "test" "--frozen", kill_on_drop: false }`
[INFO] [stdout] c366f77a7f1acd366805a681673ee9468c87558eb484370882caa6862be0c844
[INFO] running `Command { std: "docker" "start" "-a" "c366f77a7f1acd366805a681673ee9468c87558eb484370882caa6862be0c844", kill_on_drop: false }`
[INFO] [stderr]     Finished test [unoptimized + debuginfo] target(s) in 0.01s
[INFO] [stderr]      Running unittests src/lib.rs (/opt/rustwide/target/debug/deps/rivia-8f17c5f34c27602f)
[INFO] [stdout] 
[INFO] [stdout] running 223 tests
[INFO] [stdout] test core::defer::tests::test_defer_actually_waits_until_scope_closes_end ... ok
[INFO] [stdout] test core::iter::tests::test_consume ... ok
[INFO] [stdout] test core::defer::tests::test_defer_fires_even_with_panic ... ok
[INFO] [stdout] test core::iter::tests::test_drop ... ok
[INFO] [stdout] test core::iter::tests::test_first ... ok
[INFO] [stdout] test core::iter::tests::test_eq ... ok
[INFO] [stdout] test core::iter::tests::test_first_result ... ok
[INFO] [stdout] test core::iter::tests::test_last_result ... ok
[INFO] [stdout] test core::iter::tests::test_single ... ok
[INFO] [stdout] test core::iter::tests::test_some ... ok
[INFO] [stdout] test core::option::tests::test_has ... ok
[INFO] [stdout] test core::iter::tests::test_slice ... ok
[INFO] [stdout] test core::peekable::tests::test_peekable_debug ... ok
[INFO] [stdout] test core::peekable::tests::test_take_while_p_should_keep_first_false ... ok
[INFO] [stdout] test core::string::tests::test_component_to_string ... ok
[INFO] [stdout] test core::string::tests::test_osstr_to_string ... ok
[INFO] [stdout] test core::string::tests::test_path_to_string ... ok
[INFO] [stdout] test core::string::tests::test_str_size ... ok
[INFO] [stdout] test core::string::tests::test_str_to_bool ... ok
[INFO] [stdout] test core::string::tests::test_str_trim_suffix ... ok
[INFO] [stdout] test core::string::tests::test_string_size ... ok
[INFO] [stdout] test core::string::tests::test_string_to_bool ... ok
[INFO] [stdout] test core::string::tests::test_string_trim_suffix ... ok
[INFO] [stdout] test core::tests::test_function_fqn_macro ... ok
[INFO] [stdout] test core::tests::test_trying_macro ... ok
[INFO] [stdout] test errors::core::tests::test_errors ... ok
[INFO] [stdout] test errors::file::tests::test_as_ref ... ok
[INFO] [stdout] test errors::file::tests::test_downcast ... ok
[INFO] [stdout] test errors::file::tests::test_file_errors ... ok
[INFO] [stdout] test errors::iter::tests::test_backtrace ... ok
[INFO] [stdout] test core::tests::test_function_macro ... ok
[INFO] [stdout] test errors::iter::tests::test_multiple_items_found ... ok
[INFO] [stdout] test errors::iter::tests::test_item_not_found ... ok
[INFO] [stdout] test errors::iter::tests::test_mutually_exclusive_indices ... ok
[INFO] [stdout] test errors::path::tests::test_as_ref ... ok
[INFO] [stdout] test errors::path::tests::test_backtrace ... ok
[INFO] [stdout] test errors::path::tests::test_new_path_empty ... ok
[INFO] [stdout] test errors::string::tests::test_errors ... ok
[INFO] [stdout] test errors::path::tests::test_other_errors ... ok
[INFO] [stdout] test errors::path::tests::test_parent_not_found ... ok
[INFO] [stdout] test errors::tests::test_downcast_ref ... ok
[INFO] [stdout] test errors::vfs::tests::test_as_ref ... ok
[INFO] [stdout] test errors::tests::test_is ... ok
[INFO] [stdout] test errors::user::tests::test_errors ... ok
[INFO] [stdout] test errors::vfs::tests::test_downcast ... ok
[INFO] [stdout] test errors::vfs::tests::test_vfs_errors ... ok
[INFO] [stdout] test sys::fs::chmod::tests::test_revoking_mode ... ok
[INFO] [stdout] test sys::fs::entries::tests::test_entries_debug ... ok
[INFO] [stdout] test sys::fs::chmod::tests::test_vfs_chmod_b_symbolic ... FAILED
[INFO] [stdout] test sys::fs::chmod::tests::test_vfs_chmod_symbolic ... ok
[INFO] [stdout] test errors::tests::test_error ... ok
[INFO] [stdout] test sys::fs::chmod::tests::test_vfs_chmod_b ... FAILED
[INFO] [stdout] test sys::fs::copy::tests::test_vfs_copy_errors ... FAILED
[INFO] [stdout] test sys::fs::chmod::tests::test_vfs_chmod ... FAILED
[INFO] [stdout] test sys::fs::copy::tests::test_vfs_copy_dir ... FAILED
[INFO] [stdout] test sys::fs::chmod::tests::test_vfs_chmod_follow ... FAILED
[INFO] [stdout] test sys::fs::chown::tests::test_vfs_chown_follow ... FAILED
[INFO] [stdout] test sys::fs::entries::tests::test_vfs_files ... FAILED
[INFO] [stdout] test sys::fs::entries::tests::test_vfs_dirs ... FAILED
[INFO] [stdout] test sys::fs::copy::tests::test_vfs_copy_chmod ... FAILED
[INFO] [stdout] test sys::fs::entries::tests::test_vfs_follow ... FAILED
[INFO] [stdout] test sys::fs::entries::tests::test_vfs_loop_detection ... FAILED
[INFO] [stdout] test sys::fs::entries::tests::test_vfs_single ... FAILED
[INFO] [stdout] test sys::fs::copy::tests::test_vfs_copy_follow ... FAILED
[INFO] [stdout] test sys::fs::entries::tests::test_vfs_multiple ... FAILED
[INFO] [stdout] test sys::fs::entry::tests::test_vfs_entry_alt_rel ... FAILED
[INFO] [stdout] test sys::fs::entry::tests::test_vfs_entry_follow ... FAILED
[INFO] [stdout] test sys::fs::entries::tests::test_vfs_filter ... FAILED
[INFO] [stdout] test sys::fs::entry::tests::test_vfs_entry_is_dir ... FAILED
[INFO] [stdout] test sys::fs::entries::tests::test_vfs_contents_first ... FAILED
[INFO] [stdout] test sys::fs::entries::tests::test_vfs_max_descriptors ... FAILED
[INFO] [stdout] test sys::fs::entry::tests::test_vfs_entry_is_symlink_dir ... FAILED
[INFO] [stdout] test sys::fs::entry::tests::test_vfs_entry_is_symlink ... FAILED
[INFO] [stdout] test sys::fs::entry::tests::test_vfs_entry_is_file ... FAILED
[INFO] [stdout] test sys::fs::entries::tests::test_vfs_depth ... FAILED
[INFO] [stdout] test sys::fs::entry::tests::test_vfs_entry_is_symlink_file ... FAILED
[INFO] [stdout] test sys::fs::chmod::tests::test_vfs_chmod_recurse ... FAILED
[INFO] [stdout] test sys::fs::entry::tests::test_vfs_entry_is_readonly ... FAILED
[INFO] [stdout] test sys::fs::entry_iter::tests::test_entry_follow ... ok
[INFO] [stdout] test sys::fs::entry_iter::tests::test_entry_iter_dirs_first ... ok
[INFO] [stdout] test sys::fs::chown::tests::test_vfs_chown ... FAILED
[INFO] [stdout] test sys::fs::entry_iter::tests::test_entry_iter_error ... ok
[INFO] [stdout] test sys::fs::memfs::file::tests::test_read_write_seek_len ... ok
[INFO] [stdout] test sys::fs::memfs::entry::tests::test_dir ... ok
[INFO] [stdout] test sys::fs::entry_iter::tests::test_entry_sort ... ok
[INFO] [stdout] test sys::fs::memfs::entry::tests::test_file ... ok
[INFO] [stdout] test sys::fs::entry::tests::test_vfs_entry_upcast ... FAILED
[INFO] [stdout] test sys::fs::copy::tests::test_vfs_copy_file ... FAILED
[INFO] [stdout] test sys::fs::memfs::vfs::tests::test_abs ... ok
[INFO] [stdout] test sys::fs::memfs::entry::tests::test_follow ... ok
[INFO] [stdout] test sys::fs::memfs::entry::tests::test_uid ... ok
[INFO] [stdout] test sys::fs::memfs::vfs::tests::test_all_dirs ... ok
[INFO] [stdout] test sys::fs::memfs::vfs::tests::test_all_files ... ok
[INFO] [stdout] test sys::fs::memfs::vfs::tests::test_all_paths ... ok
[INFO] [stdout] test sys::fs::memfs::vfs::tests::test_append ... ok
[INFO] [stdout] test sys::fs::memfs::vfs::tests::test_append_line ... ok
[INFO] [stdout] test sys::fs::memfs::vfs::tests::test_append_all ... ok
[INFO] [stdout] test sys::fs::memfs::vfs::tests::test_chmod_b ... ok
[INFO] [stdout] test sys::fs::memfs::vfs::tests::test_clone_entries ... ok
[INFO] [stdout] test sys::fs::memfs::vfs::tests::test_cwd ... ok
[INFO] [stdout] test sys::fs::memfs::vfs::tests::test_debug ... ok
[INFO] [stdout] test sys::fs::memfs::vfs::tests::test_dirs ... ok
[INFO] [stdout] test sys::fs::memfs::vfs::tests::test_entries ... ok
[INFO] [stdout] test sys::fs::memfs::vfs::tests::test_entry ... ok
[INFO] [stdout] test sys::fs::memfs::vfs::tests::test_entry_iter ... ok
[INFO] [stdout] test sys::fs::entries::tests::test_vfs_sort ... FAILED
[INFO] [stdout] test sys::fs::memfs::vfs::tests::test_copy_b ... ok
[INFO] [stdout] test sys::fs::memfs::vfs::tests::test_exists ... ok
[INFO] [stdout] test sys::fs::memfs::vfs::tests::test_chmod ... ok
[INFO] [stdout] test sys::fs::memfs::vfs::tests::test_files ... ok
[INFO] [stdout] test sys::fs::memfs::vfs::tests::test_gid_uid ... ok
[INFO] [stdout] test sys::fs::memfs::vfs::tests::test_is_dir ... ok
[INFO] [stdout] test sys::fs::memfs::vfs::tests::test_is_exec ... ok
[INFO] [stdout] test sys::fs::memfs::vfs::tests::test_is_file ... ok
[INFO] [stdout] test sys::fs::memfs::vfs::tests::test_is_readonly ... ok
[INFO] [stdout] test sys::fs::memfs::vfs::tests::test_is_symlink ... ok
[INFO] [stdout] test sys::fs::memfs::vfs::tests::test_mkdir_m ... ok
[INFO] [stdout] test sys::fs::memfs::vfs::tests::test_mkdir_p ... ok
[INFO] [stdout] test sys::fs::memfs::vfs::tests::test_mkfile ... ok
[INFO] [stdout] test sys::fs::memfs::vfs::tests::test_mkfile_m ... ok
[INFO] [stdout] test sys::fs::memfs::vfs::tests::test_mode ... ok
[INFO] [stdout] test sys::fs::memfs::vfs::tests::test_read ... ok
[INFO] [stdout] test sys::fs::memfs::vfs::tests::test_paths ... ok
[INFO] [stdout] test sys::fs::memfs::vfs::tests::test_read_all ... ok
[INFO] [stdout] test sys::fs::memfs::vfs::tests::test_read_lines ... ok
[INFO] [stdout] test sys::fs::memfs::vfs::tests::test_move_p ... ok
[INFO] [stdout] test sys::fs::memfs::vfs::tests::test_readlink ... ok
[INFO] [stdout] test sys::fs::memfs::vfs::tests::test_readlink_abs ... ok
[INFO] [stdout] test sys::fs::memfs::vfs::tests::test_remove ... ok
[INFO] [stdout] test sys::fs::memfs::vfs::tests::test_remove_all ... ok
[INFO] [stdout] test sys::fs::path::tests::test_pathext_base ... ok
[INFO] [stdout] test sys::fs::memfs::vfs::tests::test_symlink ... ok
[INFO] [stdout] test sys::fs::memfs::vfs::tests::test_write ... ok
[INFO] [stdout] test sys::fs::memfs::vfs::tests::test_write_all ... ok
[INFO] [stdout] test sys::fs::path::tests::test_pathext_clean ... ok
[INFO] [stdout] test sys::fs::path::tests::test_pathext_dir ... ok
[INFO] [stdout] test sys::fs::path::tests::test_pathext_concat ... ok
[INFO] [stdout] test sys::fs::memfs::vfs::tests::test_write_lines ... ok
[INFO] [stdout] test sys::fs::path::tests::test_pathext_ext ... ok
[INFO] [stdout] test sys::fs::path::tests::test_pathext_expand ... ok
[INFO] [stdout] test sys::fs::path::tests::test_pathext_first ... ok
[INFO] [stdout] test sys::fs::path::tests::test_pathext_has_prefix ... ok
[INFO] [stdout] test sys::fs::path::tests::test_pathext_has ... ok
[INFO] [stdout] test sys::fs::path::tests::test_pathext_has_suffix ... ok
[INFO] [stdout] test sys::fs::path::tests::test_pathext_is_empty ... ok
[INFO] [stdout] test sys::fs::path::tests::test_pathext_last ... ok
[INFO] [stdout] test sys::fs::path::tests::test_pathext_mash ... ok
[INFO] [stdout] test sys::fs::path::tests::test_pathext_name ... ok
[INFO] [stdout] test sys::fs::path::tests::test_pathext_relative ... ok
[INFO] [stdout] test sys::fs::path::tests::test_pathext_trim_first ... ok
[INFO] [stdout] test sys::fs::path::tests::test_pathext_trim_ext ... ok
[INFO] [stdout] test sys::fs::path::tests::test_pathext_trim_last ... ok
[INFO] [stdout] test sys::fs::memfs::vfs::tests::test_append_lines ... ok
[INFO] [stdout] test sys::fs::path::tests::test_pathext_trim_protocol ... ok
[INFO] [stdout] test sys::fs::path::tests::test_pathext_trim_suffix ... ok
[INFO] [stdout] test sys::fs::path::tests::test_sys_home_dir ... ok
[INFO] [stdout] test sys::fs::stdfs::vfs::tests::test_stdfs_all_dirs ... FAILED
[INFO] [stdout] test sys::fs::stdfs::vfs::tests::test_stdfs_all_files ... FAILED
[INFO] [stdout] test sys::fs::stdfs::vfs::tests::test_stdfs_abs ... ok
[INFO] [stdout] test sys::fs::stdfs::vfs::tests::test_stdfs_all_paths ... FAILED
[INFO] [stdout] test sys::fs::stdfs::vfs::tests::test_stdfs_append ... FAILED
[INFO] [stdout] test sys::fs::stdfs::vfs::tests::test_stdfs_append_lines ... FAILED
[INFO] [stdout] test sys::fs::stdfs::vfs::tests::test_stdfs_chmod ... FAILED
[INFO] [stdout] test sys::fs::stdfs::vfs::tests::test_stdfs_append_line ... FAILED
[INFO] [stdout] test sys::fs::stdfs::vfs::tests::test_stdfs_copy ... FAILED
[INFO] [stdout] test sys::fs::stdfs::vfs::tests::test_stdfs_chmod_b ... FAILED
[INFO] [stdout] test sys::fs::stdfs::vfs::tests::test_stdfs_dirs ... FAILED
[INFO] [stdout] test sys::fs::stdfs::vfs::tests::test_stdfs_entries ... FAILED
[INFO] [stdout] test sys::fs::stdfs::vfs::tests::test_stdfs_entry ... FAILED
[INFO] [stdout] test sys::fs::stdfs::vfs::tests::test_stdfs_exists ... FAILED
[INFO] [stdout] test sys::fs::stdfs::vfs::tests::test_stdfs_files ... FAILED
[INFO] [stdout] test sys::fs::stdfs::vfs::tests::test_stdfs_is_dir ... FAILED
[INFO] [stdout] test sys::fs::stdfs::vfs::tests::test_stdfs_is_exec ... FAILED
[INFO] [stdout] test sys::fs::stdfs::vfs::tests::test_stdfs_is_file ... FAILED
[INFO] [stdout] test sys::fs::stdfs::vfs::tests::test_stdfs_is_readonly ... FAILED
[INFO] [stdout] test sys::fs::stdfs::vfs::tests::test_stdfs_is_symlink ... FAILED
[INFO] [stdout] test sys::fs::stdfs::vfs::tests::test_stdfs_mkdir_p ... FAILED
[INFO] [stdout] test sys::fs::stdfs::vfs::tests::test_stdfs_mkfile_m ... FAILED
[INFO] [stdout] test sys::fs::stdfs::vfs::tests::test_stdfs_mkdir_m ... FAILED
[INFO] [stdout] test sys::fs::stdfs::vfs::tests::test_stdfs_mkfile ... FAILED
[INFO] [stdout] test sys::fs::stdfs::vfs::tests::test_stdfs_paths ... FAILED
[INFO] [stdout] test sys::fs::stdfs::vfs::tests::test_stdfs_read ... FAILED
[INFO] [stdout] test sys::fs::stdfs::vfs::tests::test_stdfs_read_all ... FAILED
[INFO] [stdout] test sys::fs::stdfs::vfs::tests::test_stdfs_read_lines ... FAILED
[INFO] [stdout] test sys::fs::stdfs::vfs::tests::test_stdfs_readlink ... FAILED
[INFO] [stdout] test sys::fs::stdfs::vfs::tests::test_stdfs_mode ... FAILED
[INFO] [stdout] test sys::fs::stdfs::vfs::tests::test_stdfs_readlink_abs ... FAILED
[INFO] [stdout] test sys::fs::stdfs::vfs::tests::test_stdfs_remove ... FAILED
[INFO] [stdout] test sys::fs::stdfs::vfs::tests::test_stdfs_remove_all ... FAILED
[INFO] [stdout] test sys::fs::memfs::vfs::tests::test_mkdir_p_multi_threaded ... ok
[INFO] [stdout] test sys::fs::stdfs::vfs::tests::test_stdfs_write ... FAILED
[INFO] [stdout] test sys::fs::stdfs::vfs::tests::test_stdfs_symlink ... FAILED
[INFO] [stdout] test sys::fs::vfs::tests::test_vfs_cwd ... FAILED
[INFO] [stdout] test sys::fs::stdfs::vfs::tests::test_stdfs_entry_iter ... FAILED
[INFO] [stdout] test sys::fs::path::tests::test_pathext_trim_prefix ... ok
[INFO] [stdout] test sys::fs::stdfs::vfs::tests::test_stdfs_write_lines ... FAILED
[INFO] [stdout] test sys::fs::vfs::tests::test_vfs_root ... FAILED
[INFO] [stdout] test sys::fs::vfs::tests::test_vfs_files ... FAILED
[INFO] [stdout] test sys::fs::vfs::tests::test_vfs_paths ... FAILED
[INFO] [stdout] test sys::user::tests::test_user_dirs ... ok
[INFO] [stdout] test sys::fs::stdfs::vfs::tests::test_stdfs_append_all ... FAILED
[INFO] [stdout] test sys::fs::stdfs::vfs::tests::test_stdfs_write_all ... FAILED
[INFO] [stdout] test sys::user::tests::test_user_home ... ok
[INFO] [stdout] test sys::fs::vfs::tests::test_vfs_upcast ... FAILED
[INFO] [stdout] test sys::user::tests::test_user_ids ... FAILED
[INFO] [stdout] test sys::fs::vfs::tests::test_vfs_move_p ... FAILED
[INFO] [stdout] test sys::fs::vfs::tests::test_vfs_dirs ... FAILED
[INFO] [stdout] test testing::assert::tests::test_assert_vfs_is_dir_no_dir ... ok
[INFO] [stdout] test testing::assert::tests::test_assert_vfs_copyfile ... ok
[INFO] [stdout] test testing::assert::tests::test_assert_vfs_exists_and_no_exists ... ok
[INFO] [stdout] test testing::assert::tests::test_assert_vfs_is_file_no_file ... ok
[INFO] [stdout] test testing::assert::tests::test_assert_vfs_mkdir_m ... ok
[INFO] [stdout] test testing::assert::tests::test_assert_vfs_is_symlink_no_symlink ... ok
[INFO] [stdout] test testing::assert::tests::test_assert_vfs_mkdir_p ... ok
[INFO] [stdout] test testing::assert::tests::test_assert_vfs_mkfile ... ok
[INFO] [stdout] test testing::assert::tests::test_assert_vfs_read_all ... ok
[INFO] [stdout] test testing::assert::tests::test_assert_vfs_remove_all ... ok
[INFO] [stdout] test testing::assert::tests::test_assert_vfs_readlink_abs ... ok
[INFO] [stdout] test testing::assert::tests::test_assert_vfs_remove ... ok
[INFO] [stdout] test testing::assert::tests::test_assert_vfs_readlink ... ok
[INFO] [stdout] test testing::assert::tests::test_vfs_setup ... ok
[INFO] [stdout] test testing::assert::tests::test_assert_vfs_symlink ... ok
[INFO] [stdout] test testing::assert::tests::test_assert_vfs_write_all ... ok
[INFO] [stdout] 
[INFO] [stdout] failures:
[INFO] [stdout] 
[INFO] [stdout] failures:
[INFO] [stdout]     sys::fs::chmod::tests::test_vfs_chmod
[INFO] [stdout]     sys::fs::chmod::tests::test_vfs_chmod_b
[INFO] [stdout]     sys::fs::chmod::tests::test_vfs_chmod_b_symbolic
[INFO] [stdout]     sys::fs::chmod::tests::test_vfs_chmod_follow
[INFO] [stdout]     sys::fs::chmod::tests::test_vfs_chmod_recurse
[INFO] [stdout]     sys::fs::chown::tests::test_vfs_chown
[INFO] [stdout]     sys::fs::chown::tests::test_vfs_chown_follow
[INFO] [stdout]     sys::fs::copy::tests::test_vfs_copy_chmod
[INFO] [stdout]     sys::fs::copy::tests::test_vfs_copy_dir
[INFO] [stdout]     sys::fs::copy::tests::test_vfs_copy_errors
[INFO] [stdout]     sys::fs::copy::tests::test_vfs_copy_file
[INFO] [stdout]     sys::fs::copy::tests::test_vfs_copy_follow
[INFO] [stdout]     sys::fs::entries::tests::test_vfs_contents_first
[INFO] [stdout]     sys::fs::entries::tests::test_vfs_depth
[INFO] [stdout]     sys::fs::entries::tests::test_vfs_dirs
[INFO] [stdout]     sys::fs::entries::tests::test_vfs_files
[INFO] [stdout]     sys::fs::entries::tests::test_vfs_filter
[INFO] [stdout]     sys::fs::entries::tests::test_vfs_follow
[INFO] [stdout]     sys::fs::entries::tests::test_vfs_loop_detection
[INFO] [stdout]     sys::fs::entries::tests::test_vfs_max_descriptors
[INFO] [stdout]     sys::fs::entries::tests::test_vfs_multiple
[INFO] [stdout]     sys::fs::entries::tests::test_vfs_single
[INFO] [stdout]     sys::fs::entries::tests::test_vfs_sort
[INFO] [stdout]     sys::fs::entry::tests::test_vfs_entry_alt_rel
[INFO] [stdout]     sys::fs::entry::tests::test_vfs_entry_follow
[INFO] [stdout]     sys::fs::entry::tests::test_vfs_entry_is_dir
[INFO] [stdout]     sys::fs::entry::tests::test_vfs_entry_is_file
[INFO] [stdout]     sys::fs::entry::tests::test_vfs_entry_is_readonly
[INFO] [stdout]     sys::fs::entry::tests::test_vfs_entry_is_symlink
[INFO] [stdout]     sys::fs::entry::tests::test_vfs_entry_is_symlink_dir
[INFO] [stdout]     sys::fs::entry::tests::test_vfs_entry_is_symlink_file
[INFO] [stdout]     sys::fs::entry::tests::test_vfs_entry_upcast
[INFO] [stdout]     sys::fs::stdfs::vfs::tests::test_stdfs_all_dirs
[INFO] [stdout]     sys::fs::stdfs::vfs::tests::test_stdfs_all_files
[INFO] [stdout]     sys::fs::stdfs::vfs::tests::test_stdfs_all_paths
[INFO] [stdout]     sys::fs::stdfs::vfs::tests::test_stdfs_append
[INFO] [stdout]     sys::fs::stdfs::vfs::tests::test_stdfs_append_all
[INFO] [stdout]     sys::fs::stdfs::vfs::tests::test_stdfs_append_line
[INFO] [stdout]     sys::fs::stdfs::vfs::tests::test_stdfs_append_lines
[INFO] [stdout]     sys::fs::stdfs::vfs::tests::test_stdfs_chmod
[INFO] [stdout]     sys::fs::stdfs::vfs::tests::test_stdfs_chmod_b
[INFO] [stdout]     sys::fs::stdfs::vfs::tests::test_stdfs_copy
[INFO] [stdout]     sys::fs::stdfs::vfs::tests::test_stdfs_dirs
[INFO] [stdout]     sys::fs::stdfs::vfs::tests::test_stdfs_entries
[INFO] [stdout]     sys::fs::stdfs::vfs::tests::test_stdfs_entry
[INFO] [stdout]     sys::fs::stdfs::vfs::tests::test_stdfs_entry_iter
[INFO] [stdout]     sys::fs::stdfs::vfs::tests::test_stdfs_exists
[INFO] [stdout]     sys::fs::stdfs::vfs::tests::test_stdfs_files
[INFO] [stdout]     sys::fs::stdfs::vfs::tests::test_stdfs_is_dir
[INFO] [stdout]     sys::fs::stdfs::vfs::tests::test_stdfs_is_exec
[INFO] [stdout]     sys::fs::stdfs::vfs::tests::test_stdfs_is_file
[INFO] [stdout]     sys::fs::stdfs::vfs::tests::test_stdfs_is_readonly
[INFO] [stdout]     sys::fs::stdfs::vfs::tests::test_stdfs_is_symlink
[INFO] [stdout]     sys::fs::stdfs::vfs::tests::test_stdfs_mkdir_m
[INFO] [stdout]     sys::fs::stdfs::vfs::tests::test_stdfs_mkdir_p
[INFO] [stdout]     sys::fs::stdfs::vfs::tests::test_stdfs_mkfile
[INFO] [stdout]     sys::fs::stdfs::vfs::tests::test_stdfs_mkfile_m
[INFO] [stdout]     sys::fs::stdfs::vfs::tests::test_stdfs_mode
[INFO] [stdout]     sys::fs::stdfs::vfs::tests::test_stdfs_paths
[INFO] [stdout]     sys::fs::stdfs::vfs::tests::test_stdfs_read
[INFO] [stdout]     sys::fs::stdfs::vfs::tests::test_stdfs_read_all
[INFO] [stdout]     sys::fs::stdfs::vfs::tests::test_stdfs_read_lines
[INFO] [stdout]     sys::fs::stdfs::vfs::tests::test_stdfs_readlink
[INFO] [stdout]     sys::fs::stdfs::vfs::tests::test_stdfs_readlink_abs
[INFO] [stdout]     sys::fs::stdfs::vfs::tests::test_stdfs_remove
[INFO] [stdout]     sys::fs::stdfs::vfs::tests::test_stdfs_remove_all
[INFO] [stdout]     sys::fs::stdfs::vfs::tests::test_stdfs_symlink
[INFO] [stdout]     sys::fs::stdfs::vfs::tests::test_stdfs_write
[INFO] [stdout]     sys::fs::stdfs::vfs::tests::test_stdfs_write_all
[INFO] [stdout]     sys::fs::stdfs::vfs::tests::test_stdfs_write_lines
[INFO] [stdout]     sys::fs::vfs::tests::test_vfs_cwd
[INFO] [stdout]     sys::fs::vfs::tests::test_vfs_dirs
[INFO] [stdout]     sys::fs::vfs::tests::test_vfs_files
[INFO] [stdout]     sys::fs::vfs::tests::test_vfs_move_p
[INFO] [stdout]     sys::fs::vfs::tests::test_vfs_paths
[INFO] [stdout]     sys::fs::vfs::tests::test_vfs_root
[INFO] [stdout]     sys::fs::vfs::tests::test_vfs_upcast
[INFO] [stdout]     sys::user::tests::test_user_ids
[INFO] [stdout] 
[INFO] [stdout] test result: FAILED. 145 passed; 78 failed; 0 ignored; 0 measured; 0 filtered out; finished in 0.03s
[INFO] [stdout] 
[INFO] [stderr] error: test failed, to rerun pass `--lib`
[INFO] running `Command { std: "docker" "inspect" "c366f77a7f1acd366805a681673ee9468c87558eb484370882caa6862be0c844", kill_on_drop: false }`
[INFO] running `Command { std: "docker" "rm" "-f" "c366f77a7f1acd366805a681673ee9468c87558eb484370882caa6862be0c844", kill_on_drop: false }`
[INFO] [stdout] c366f77a7f1acd366805a681673ee9468c87558eb484370882caa6862be0c844
