[INFO] fetching crate risclient 0.1.1...
[INFO] testing risclient-0.1.1 against 1.69.0 for beta-1.70-1
[INFO] extracting crate risclient 0.1.1 into /workspace/builds/worker-6-tc1/source
[INFO] validating manifest of crates.io crate risclient 0.1.1 on toolchain 1.69.0
[INFO] running `Command { std: CARGO_HOME="/workspace/cargo-home" RUSTUP_HOME="/workspace/rustup-home" "/workspace/cargo-home/bin/cargo" "+1.69.0" "metadata" "--manifest-path" "Cargo.toml" "--no-deps", kill_on_drop: false }`
[INFO] started tweaking crates.io crate risclient 0.1.1
[INFO] finished tweaking crates.io crate risclient 0.1.1
[INFO] tweaked toml for crates.io crate risclient 0.1.1 written to /workspace/builds/worker-6-tc1/source/Cargo.toml
[INFO] crate crates.io crate risclient 0.1.1 already has a lockfile, it will not be regenerated
[INFO] running `Command { std: CARGO_HOME="/workspace/cargo-home" RUSTUP_HOME="/workspace/rustup-home" "/workspace/cargo-home/bin/cargo" "+1.69.0" "fetch" "--manifest-path" "Cargo.toml", kill_on_drop: false }`
[INFO] [stderr]  Downloading crates ...
[INFO] [stderr]   Downloaded tokio-tungstenite v0.17.1
[INFO] [stderr]   Downloaded tungstenite v0.17.2
[INFO] running `Command { std: "docker" "create" "-v" "/var/lib/crater-agent-workspace/builds/worker-6-tc1/target:/opt/rustwide/target:rw,Z" "-v" "/var/lib/crater-agent-workspace/builds/worker-6-tc1/source:/opt/rustwide/workdir:ro,Z" "-v" "/var/lib/crater-agent-workspace/cargo-home:/opt/rustwide/cargo-home:ro,Z" "-v" "/var/lib/crater-agent-workspace/rustup-home:/opt/rustwide/rustup-home:ro,Z" "-e" "SOURCE_DIR=/opt/rustwide/workdir" "-e" "CARGO_TARGET_DIR=/opt/rustwide/target" "-e" "CARGO_HOME=/opt/rustwide/cargo-home" "-e" "RUSTUP_HOME=/opt/rustwide/rustup-home" "-w" "/opt/rustwide/workdir" "-m" "1610612736" "--user" "0:0" "--network" "none" "ghcr.io/rust-lang/crates-build-env/linux@sha256:5ff2268d62e97bff2cde7d5815dd6ed5b47097566f13b8d0ca110b04b60e07ed" "/opt/rustwide/cargo-home/bin/cargo" "+1.69.0" "metadata" "--no-deps" "--format-version=1", kill_on_drop: false }`
[INFO] [stdout] dfa861947968ddec0b21abb3f989708123b717d584203aae8eddf80a31ed2a9a
[INFO] running `Command { std: "docker" "start" "-a" "dfa861947968ddec0b21abb3f989708123b717d584203aae8eddf80a31ed2a9a", kill_on_drop: false }`
[INFO] running `Command { std: "docker" "inspect" "dfa861947968ddec0b21abb3f989708123b717d584203aae8eddf80a31ed2a9a", kill_on_drop: false }`
[INFO] running `Command { std: "docker" "rm" "-f" "dfa861947968ddec0b21abb3f989708123b717d584203aae8eddf80a31ed2a9a", kill_on_drop: false }`
[INFO] [stdout] dfa861947968ddec0b21abb3f989708123b717d584203aae8eddf80a31ed2a9a
[INFO] running `Command { std: "docker" "create" "-v" "/var/lib/crater-agent-workspace/builds/worker-6-tc1/target:/opt/rustwide/target:rw,Z" "-v" "/var/lib/crater-agent-workspace/builds/worker-6-tc1/source:/opt/rustwide/workdir:ro,Z" "-v" "/var/lib/crater-agent-workspace/cargo-home:/opt/rustwide/cargo-home:ro,Z" "-v" "/var/lib/crater-agent-workspace/rustup-home:/opt/rustwide/rustup-home:ro,Z" "-e" "SOURCE_DIR=/opt/rustwide/workdir" "-e" "CARGO_TARGET_DIR=/opt/rustwide/target" "-e" "CARGO_INCREMENTAL=0" "-e" "RUST_BACKTRACE=full" "-e" "RUSTFLAGS=--cap-lints=warn" "-e" "RUSTDOCFLAGS=--cap-lints=warn" "-e" "CARGO_HOME=/opt/rustwide/cargo-home" "-e" "RUSTUP_HOME=/opt/rustwide/rustup-home" "-w" "/opt/rustwide/workdir" "-m" "1610612736" "--user" "0:0" "--network" "none" "ghcr.io/rust-lang/crates-build-env/linux@sha256:5ff2268d62e97bff2cde7d5815dd6ed5b47097566f13b8d0ca110b04b60e07ed" "/opt/rustwide/cargo-home/bin/cargo" "+1.69.0" "build" "--frozen" "--message-format=json", kill_on_drop: false }`
[INFO] [stdout] adf0a954d2f048fdfec96b89ebb5ce0c199c38bcdc0465d556da2054642515cb
[INFO] running `Command { std: "docker" "start" "-a" "adf0a954d2f048fdfec96b89ebb5ce0c199c38bcdc0465d556da2054642515cb", kill_on_drop: false }`
[INFO] [stderr]    Compiling libc v0.2.121
[INFO] [stderr]    Compiling syn v1.0.90
[INFO] [stderr]    Compiling pkg-config v0.3.25
[INFO] [stderr]    Compiling cc v1.0.73
[INFO] [stderr]    Compiling log v0.4.16
[INFO] [stderr]    Compiling tinyvec_macros v0.1.0
[INFO] [stderr]    Compiling bytes v1.1.0
[INFO] [stderr]    Compiling openssl v0.10.38
[INFO] [stderr]    Compiling generic-array v0.14.5
[INFO] [stderr]    Compiling futures-core v0.3.21
[INFO] [stderr]    Compiling once_cell v1.10.0
[INFO] [stderr]    Compiling pin-project-lite v0.2.8
[INFO] [stderr]    Compiling matches v0.1.9
[INFO] [stderr]    Compiling native-tls v0.2.10
[INFO] [stderr]    Compiling quote v1.0.17
[INFO] [stderr]    Compiling httparse v1.6.0
[INFO] [stderr]    Compiling tinyvec v1.5.1
[INFO] [stderr]    Compiling futures-task v0.3.21
[INFO] [stderr]    Compiling unicode-bidi v0.3.7
[INFO] [stderr]    Compiling form_urlencoded v1.0.1
[INFO] [stderr]    Compiling futures-util v0.3.21
[INFO] [stderr]    Compiling serde v1.0.136
[INFO] [stderr]    Compiling http v0.2.6
[INFO] [stderr]    Compiling slab v0.4.5
[INFO] [stderr]    Compiling utf-8 v0.7.6
[INFO] [stderr]    Compiling futures-sink v0.3.21
[INFO] [stderr]    Compiling openssl-sys v0.9.72
[INFO] [stderr]    Compiling unicode-normalization v0.1.19
[INFO] [stderr]    Compiling block-buffer v0.10.2
[INFO] [stderr]    Compiling crypto-common v0.1.3
[INFO] [stderr]    Compiling getrandom v0.2.6
[INFO] [stderr]    Compiling socket2 v0.4.4
[INFO] [stderr]    Compiling mio v0.8.2
[INFO] [stderr]    Compiling num_cpus v1.13.1
[INFO] [stderr]    Compiling digest v0.10.3
[INFO] [stderr]    Compiling rand_core v0.6.3
[INFO] [stderr]    Compiling sha-1 v0.10.0
[INFO] [stderr]    Compiling rand_chacha v0.3.1
[INFO] [stderr]    Compiling rand v0.8.5
[INFO] [stderr]    Compiling idna v0.2.3
[INFO] [stderr]    Compiling url v2.2.2
[INFO] [stderr]    Compiling tokio-macros v1.7.0
[INFO] [stderr]    Compiling thiserror-impl v1.0.30
[INFO] [stderr]    Compiling futures-macro v0.3.21
[INFO] [stderr]    Compiling serde_derive v1.0.136
[INFO] [stderr]    Compiling serde_json v1.0.79
[INFO] [stderr]    Compiling tokio v1.17.0
[INFO] [stderr]    Compiling thiserror v1.0.30
[INFO] [stderr]    Compiling tungstenite v0.17.2
[INFO] [stderr]    Compiling tokio-native-tls v0.3.0
[INFO] [stderr]    Compiling tokio-stream v0.1.8
[INFO] [stderr]    Compiling tokio-tungstenite v0.17.1
[INFO] [stderr]    Compiling risclient v0.1.1 (/opt/rustwide/workdir)
[INFO] [stderr]     Finished dev [unoptimized + debuginfo] target(s) in 12.84s
[INFO] running `Command { std: "docker" "inspect" "adf0a954d2f048fdfec96b89ebb5ce0c199c38bcdc0465d556da2054642515cb", kill_on_drop: false }`
[INFO] running `Command { std: "docker" "rm" "-f" "adf0a954d2f048fdfec96b89ebb5ce0c199c38bcdc0465d556da2054642515cb", kill_on_drop: false }`
[INFO] [stdout] adf0a954d2f048fdfec96b89ebb5ce0c199c38bcdc0465d556da2054642515cb
[INFO] running `Command { std: "docker" "create" "-v" "/var/lib/crater-agent-workspace/builds/worker-6-tc1/target:/opt/rustwide/target:rw,Z" "-v" "/var/lib/crater-agent-workspace/builds/worker-6-tc1/source:/opt/rustwide/workdir:ro,Z" "-v" "/var/lib/crater-agent-workspace/cargo-home:/opt/rustwide/cargo-home:ro,Z" "-v" "/var/lib/crater-agent-workspace/rustup-home:/opt/rustwide/rustup-home:ro,Z" "-e" "SOURCE_DIR=/opt/rustwide/workdir" "-e" "CARGO_TARGET_DIR=/opt/rustwide/target" "-e" "CARGO_INCREMENTAL=0" "-e" "RUST_BACKTRACE=full" "-e" "RUSTFLAGS=--cap-lints=warn" "-e" "RUSTDOCFLAGS=--cap-lints=warn" "-e" "CARGO_HOME=/opt/rustwide/cargo-home" "-e" "RUSTUP_HOME=/opt/rustwide/rustup-home" "-w" "/opt/rustwide/workdir" "-m" "1610612736" "--user" "0:0" "--network" "none" "ghcr.io/rust-lang/crates-build-env/linux@sha256:5ff2268d62e97bff2cde7d5815dd6ed5b47097566f13b8d0ca110b04b60e07ed" "/opt/rustwide/cargo-home/bin/cargo" "+1.69.0" "test" "--frozen" "--no-run" "--message-format=json", kill_on_drop: false }`
[INFO] [stdout] 03cf641de4ec60f815b32c30e11ef392375fc15a9733f1987f8aaf774ead9758
[INFO] running `Command { std: "docker" "start" "-a" "03cf641de4ec60f815b32c30e11ef392375fc15a9733f1987f8aaf774ead9758", kill_on_drop: false }`
[INFO] [stderr]    Compiling risclient v0.1.1 (/opt/rustwide/workdir)
[INFO] [stderr]     Finished test [unoptimized + debuginfo] target(s) in 0.54s
[INFO] running `Command { std: "docker" "inspect" "03cf641de4ec60f815b32c30e11ef392375fc15a9733f1987f8aaf774ead9758", kill_on_drop: false }`
[INFO] running `Command { std: "docker" "rm" "-f" "03cf641de4ec60f815b32c30e11ef392375fc15a9733f1987f8aaf774ead9758", kill_on_drop: false }`
[INFO] [stdout] 03cf641de4ec60f815b32c30e11ef392375fc15a9733f1987f8aaf774ead9758
[INFO] running `Command { std: "docker" "create" "-v" "/var/lib/crater-agent-workspace/builds/worker-6-tc1/target:/opt/rustwide/target:rw,Z" "-v" "/var/lib/crater-agent-workspace/builds/worker-6-tc1/source:/opt/rustwide/workdir:ro,Z" "-v" "/var/lib/crater-agent-workspace/cargo-home:/opt/rustwide/cargo-home:ro,Z" "-v" "/var/lib/crater-agent-workspace/rustup-home:/opt/rustwide/rustup-home:ro,Z" "-e" "SOURCE_DIR=/opt/rustwide/workdir" "-e" "CARGO_TARGET_DIR=/opt/rustwide/target" "-e" "CARGO_INCREMENTAL=0" "-e" "RUST_BACKTRACE=full" "-e" "RUSTFLAGS=--cap-lints=warn" "-e" "RUSTDOCFLAGS=--cap-lints=warn" "-e" "CARGO_HOME=/opt/rustwide/cargo-home" "-e" "RUSTUP_HOME=/opt/rustwide/rustup-home" "-w" "/opt/rustwide/workdir" "-m" "1610612736" "--user" "0:0" "--network" "none" "ghcr.io/rust-lang/crates-build-env/linux@sha256:5ff2268d62e97bff2cde7d5815dd6ed5b47097566f13b8d0ca110b04b60e07ed" "/opt/rustwide/cargo-home/bin/cargo" "+1.69.0" "test" "--frozen", kill_on_drop: false }`
[INFO] [stdout] 172acc78ef8f81bfb2d01871f39cb3a042fa8391b1496309d8f555431fb21490
[INFO] running `Command { std: "docker" "start" "-a" "172acc78ef8f81bfb2d01871f39cb3a042fa8391b1496309d8f555431fb21490", kill_on_drop: false }`
[INFO] [stderr]     Finished test [unoptimized + debuginfo] target(s) in 0.08s
[INFO] [stderr]      Running unittests src/lib.rs (/opt/rustwide/target/debug/deps/risclient-8b8842c69c9f6838)
[INFO] [stdout] 
[INFO] [stdout] running 0 tests
[INFO] [stdout] 
[INFO] [stdout] test result: ok. 0 passed; 0 failed; 0 ignored; 0 measured; 0 filtered out; finished in 0.00s
[INFO] [stdout] 
[INFO] [stderr]      Running unittests src/ristest.rs (/opt/rustwide/target/debug/deps/ristest-48226ca18547bc44)
[INFO] [stdout] 
[INFO] [stdout] running 0 tests
[INFO] [stdout] 
[INFO] [stdout] test result: ok. 0 passed; 0 failed; 0 ignored; 0 measured; 0 filtered out; finished in 0.00s
[INFO] [stdout] 
[INFO] [stderr]    Doc-tests risclient
[INFO] [stdout] 
[INFO] [stdout] running 4 tests
[INFO] [stdout] test src/lib.rs - RisClient::stream (line 206) ... FAILED
[INFO] [stdout] test src/lib.rs - RisClient::stream_custom (line 138) ... FAILED
[INFO] [stdout] test src/lib.rs - RisClient::new (line 100) ... FAILED
[INFO] [stdout] test src/lib.rs - RisClient::default (line 115) ... ok
[INFO] [stdout] 
[INFO] [stdout] failures:
[INFO] [stdout] 
[INFO] [stdout] ---- src/lib.rs - RisClient::stream (line 206) stdout ----
[INFO] [stdout] error[E0599]: no method named `stream` found for enum `Result` in the current scope
[INFO] [stdout]    --> src/lib.rs:209:17
[INFO] [stdout]     |
[INFO] [stdout] 6   | let rx = client.stream();
[INFO] [stdout]     |                 ^^^^^^ method not found in `Result<RisClient, Box<dyn Error>>`
[INFO] [stdout]     |
[INFO] [stdout] note: the method `stream` exists on the type `RisClient`
[INFO] [stdout]    --> /opt/rustwide/workdir/src/lib.rs:218:5
[INFO] [stdout]     |
[INFO] [stdout] 218 |     pub async fn stream(&mut self) -> Result<Receiver<RisResponse>, Box<dyn error::Error>> {
[INFO] [stdout]     |     ^^^^^^^^^^^^^^^^^^^^^^^^^^^^^^^^^^^^^^^^^^^^^^^^^^^^^^^^^^^^^^^^^^^^^^^^^^^^^^^^^^^^^^
[INFO] [stdout] help: consider using `Result::expect` to unwrap the `RisClient` value, panicking if the value is a `Result::Err`
[INFO] [stdout]     |
[INFO] [stdout] 6   | let rx = client.expect("REASON").stream();
[INFO] [stdout]     |                +++++++++++++++++
[INFO] [stdout] 
[INFO] [stdout] error: aborting due to previous error
[INFO] [stdout] 
[INFO] [stdout] For more information about this error, try `rustc --explain E0599`.
[INFO] [stdout] Couldn't compile the test.
[INFO] [stdout] ---- src/lib.rs - RisClient::stream_custom (line 138) stdout ----
[INFO] [stdout] error[E0599]: no method named `stream_custom` found for enum `Result` in the current scope
[INFO] [stdout]    --> src/lib.rs:141:17
[INFO] [stdout]     |
[INFO] [stdout] 6   | let rx = client.stream_custom(Some("rrc16".to_string()), None, None, None);
[INFO] [stdout]     |                 ^^^^^^^^^^^^^ method not found in `Result<RisClient, Box<dyn Error>>`
[INFO] [stdout]     |
[INFO] [stdout] note: the method `stream_custom` exists on the type `RisClient`
[INFO] [stdout]    --> /opt/rustwide/workdir/src/lib.rs:150:5
[INFO] [stdout]     |
[INFO] [stdout] 150 |     pub async fn stream_custom(&mut self, host: Option<String>, data_type: Option<String>, require: Option<String>, path: Option<Vec<u32>>) -> Result<Receiver<RisResponse>, Box<dyn error::Error>...
[INFO] [stdout]     |     ^^^^^^^^^^^^^^^^^^^^^^^^^^^^^^^^^^^^^^^^^^^^^^^^^^^^^^^^^^^^^^^^^^^^^^^^^^^^^^^^^^^^^^^^^^^^^^^^^^^^^^^^^^^^^^^^^^^^^^^^^^^^^^^^^^^^^^^^^^^^^^^^^^^^^^^^^^^^^^^^^^^^^^^^^^^^^^^^^^^^^^^^^^^^^^^
[INFO] [stdout] help: consider using `Result::expect` to unwrap the `RisClient` value, panicking if the value is a `Result::Err`
[INFO] [stdout]     |
[INFO] [stdout] 6   | let rx = client.expect("REASON").stream_custom(Some("rrc16".to_string()), None, None, None);
[INFO] [stdout]     |                +++++++++++++++++
[INFO] [stdout] 
[INFO] [stdout] error: aborting due to previous error
[INFO] [stdout] 
[INFO] [stdout] For more information about this error, try `rustc --explain E0599`.
[INFO] [stdout] Couldn't compile the test.
[INFO] [stdout] ---- src/lib.rs - RisClient::new (line 100) stdout ----
[INFO] [stdout] error[E0308]: arguments to this function are incorrect
[INFO] [stdout]    --> src/lib.rs:102:14
[INFO] [stdout]     |
[INFO] [stdout] 5   | let client = RisClient::new("ris-live.ripe.net", "rust-risclient");
[INFO] [stdout]     |              ^^^^^^^^^^^^^^ -------------------  ---------------- expected `String`, found `&str`
[INFO] [stdout]     |                             |
[INFO] [stdout]     |                             expected `String`, found `&str`
[INFO] [stdout]     |
[INFO] [stdout] note: associated function defined here
[INFO] [stdout]    --> /opt/rustwide/workdir/src/lib.rs:104:12
[INFO] [stdout]     |
[INFO] [stdout] 104 |     pub fn new(host: String, client_id: String) -> Result<RisClient, Box<dyn error::Error>> {
[INFO] [stdout]     |            ^^^
[INFO] [stdout] help: try using a conversion method
[INFO] [stdout]     |
[INFO] [stdout] 5   | let client = RisClient::new("ris-live.ripe.net".to_string(), "rust-risclient");
[INFO] [stdout]     |                                                ++++++++++++
[INFO] [stdout] help: try using a conversion method
[INFO] [stdout]     |
[INFO] [stdout] 5   | let client = RisClient::new("ris-live.ripe.net", "rust-risclient".to_string());
[INFO] [stdout]     |                                                                  ++++++++++++
[INFO] [stdout] 
[INFO] [stdout] error: aborting due to previous error
[INFO] [stdout] 
[INFO] [stdout] For more information about this error, try `rustc --explain E0308`.
[INFO] [stdout] Couldn't compile the test.
[INFO] [stdout] 
[INFO] [stdout] failures:
[INFO] [stdout]     src/lib.rs - RisClient::new (line 100)
[INFO] [stdout]     src/lib.rs - RisClient::stream (line 206)
[INFO] [stdout]     src/lib.rs - RisClient::stream_custom (line 138)
[INFO] [stdout] 
[INFO] [stdout] test result: FAILED. 1 passed; 3 failed; 0 ignored; 0 measured; 0 filtered out; finished in 0.89s
[INFO] [stdout] 
[INFO] [stderr] error: doctest failed, to rerun pass `--doc`
[INFO] running `Command { std: "docker" "inspect" "172acc78ef8f81bfb2d01871f39cb3a042fa8391b1496309d8f555431fb21490", kill_on_drop: false }`
[INFO] running `Command { std: "docker" "rm" "-f" "172acc78ef8f81bfb2d01871f39cb3a042fa8391b1496309d8f555431fb21490", kill_on_drop: false }`
[INFO] [stdout] 172acc78ef8f81bfb2d01871f39cb3a042fa8391b1496309d8f555431fb21490
