[INFO] fetching crate rgeometry 0.9.0...
[INFO] testing rgeometry-0.9.0 against 1.69.0 for beta-1.70-1
[INFO] extracting crate rgeometry 0.9.0 into /workspace/builds/worker-3-tc1/source
[INFO] validating manifest of crates.io crate rgeometry 0.9.0 on toolchain 1.69.0
[INFO] running `Command { std: CARGO_HOME="/workspace/cargo-home" RUSTUP_HOME="/workspace/rustup-home" "/workspace/cargo-home/bin/cargo" "+1.69.0" "metadata" "--manifest-path" "Cargo.toml" "--no-deps", kill_on_drop: false }`
[INFO] started tweaking crates.io crate rgeometry 0.9.0
[INFO] finished tweaking crates.io crate rgeometry 0.9.0
[INFO] tweaked toml for crates.io crate rgeometry 0.9.0 written to /workspace/builds/worker-3-tc1/source/Cargo.toml
[INFO] crate crates.io crate rgeometry 0.9.0 already has a lockfile, it will not be regenerated
[INFO] running `Command { std: CARGO_HOME="/workspace/cargo-home" RUSTUP_HOME="/workspace/rustup-home" "/workspace/cargo-home/bin/cargo" "+1.69.0" "fetch" "--manifest-path" "Cargo.toml", kill_on_drop: false }`
[INFO] [stderr]  Downloading crates ...
[INFO] [stderr]   Downloaded structmeta-derive v0.1.5
[INFO] [stderr]   Downloaded array-init v2.0.0
[INFO] [stderr]   Downloaded claim v0.5.0
[INFO] [stderr]   Downloaded semver v1.0.9
[INFO] [stderr]   Downloaded az v1.2.0
[INFO] [stderr]   Downloaded test-strategy v0.2.0
[INFO] [stderr]   Downloaded ordered-float v3.0.0
[INFO] [stderr]   Downloaded structmeta v0.1.5
[INFO] [stderr]   Downloaded geometry-predicates v0.3.0
[INFO] [stderr]   Downloaded proptest v1.0.0
[INFO] [stderr]   Downloaded gmp-mpfr-sys v1.4.8
[INFO] [stderr]   Downloaded rug v1.16.0
[INFO] running `Command { std: "docker" "create" "-v" "/var/lib/crater-agent-workspace/builds/worker-3-tc1/target:/opt/rustwide/target:rw,Z" "-v" "/var/lib/crater-agent-workspace/builds/worker-3-tc1/source:/opt/rustwide/workdir:ro,Z" "-v" "/var/lib/crater-agent-workspace/cargo-home:/opt/rustwide/cargo-home:ro,Z" "-v" "/var/lib/crater-agent-workspace/rustup-home:/opt/rustwide/rustup-home:ro,Z" "-e" "SOURCE_DIR=/opt/rustwide/workdir" "-e" "CARGO_TARGET_DIR=/opt/rustwide/target" "-e" "CARGO_HOME=/opt/rustwide/cargo-home" "-e" "RUSTUP_HOME=/opt/rustwide/rustup-home" "-w" "/opt/rustwide/workdir" "-m" "1610612736" "--user" "0:0" "--network" "none" "ghcr.io/rust-lang/crates-build-env/linux@sha256:5ff2268d62e97bff2cde7d5815dd6ed5b47097566f13b8d0ca110b04b60e07ed" "/opt/rustwide/cargo-home/bin/cargo" "+1.69.0" "metadata" "--no-deps" "--format-version=1", kill_on_drop: false }`
[INFO] [stdout] 20811922e995ac6908af80a198024320d1289209f07c372b7349843cdf3a8314
[INFO] running `Command { std: "docker" "start" "-a" "20811922e995ac6908af80a198024320d1289209f07c372b7349843cdf3a8314", kill_on_drop: false }`
[INFO] running `Command { std: "docker" "inspect" "20811922e995ac6908af80a198024320d1289209f07c372b7349843cdf3a8314", kill_on_drop: false }`
[INFO] running `Command { std: "docker" "rm" "-f" "20811922e995ac6908af80a198024320d1289209f07c372b7349843cdf3a8314", kill_on_drop: false }`
[INFO] [stdout] 20811922e995ac6908af80a198024320d1289209f07c372b7349843cdf3a8314
[INFO] running `Command { std: "docker" "create" "-v" "/var/lib/crater-agent-workspace/builds/worker-3-tc1/target:/opt/rustwide/target:rw,Z" "-v" "/var/lib/crater-agent-workspace/builds/worker-3-tc1/source:/opt/rustwide/workdir:ro,Z" "-v" "/var/lib/crater-agent-workspace/cargo-home:/opt/rustwide/cargo-home:ro,Z" "-v" "/var/lib/crater-agent-workspace/rustup-home:/opt/rustwide/rustup-home:ro,Z" "-e" "SOURCE_DIR=/opt/rustwide/workdir" "-e" "CARGO_TARGET_DIR=/opt/rustwide/target" "-e" "CARGO_INCREMENTAL=0" "-e" "RUST_BACKTRACE=full" "-e" "RUSTFLAGS=--cap-lints=warn" "-e" "RUSTDOCFLAGS=--cap-lints=warn" "-e" "CARGO_HOME=/opt/rustwide/cargo-home" "-e" "RUSTUP_HOME=/opt/rustwide/rustup-home" "-w" "/opt/rustwide/workdir" "-m" "1610612736" "--user" "0:0" "--network" "none" "ghcr.io/rust-lang/crates-build-env/linux@sha256:5ff2268d62e97bff2cde7d5815dd6ed5b47097566f13b8d0ca110b04b60e07ed" "/opt/rustwide/cargo-home/bin/cargo" "+1.69.0" "build" "--frozen" "--message-format=json", kill_on_drop: false }`
[INFO] [stdout] eb2e9eae67331c059c85199d1246cb5fdeabee545db3221ec51dd0c9379a2445
[INFO] running `Command { std: "docker" "start" "-a" "eb2e9eae67331c059c85199d1246cb5fdeabee545db3221ec51dd0c9379a2445", kill_on_drop: false }`
[INFO] [stderr]    Compiling num-traits v0.2.15
[INFO] [stderr]    Compiling num-integer v0.1.45
[INFO] [stderr]    Compiling libc v0.2.126
[INFO] [stderr]    Compiling num-bigint v0.4.3
[INFO] [stderr]    Compiling num-iter v0.1.43
[INFO] [stderr]    Compiling num-rational v0.4.0
[INFO] [stderr]    Compiling claim v0.5.0
[INFO] [stderr]    Compiling ppv-lite86 v0.2.16
[INFO] [stderr]    Compiling array-init v2.0.0
[INFO] [stderr]    Compiling geometry-predicates v0.3.0
[INFO] [stderr]    Compiling getrandom v0.2.6
[INFO] [stderr]    Compiling rand_core v0.6.3
[INFO] [stderr]    Compiling rand_chacha v0.3.1
[INFO] [stderr]    Compiling num-complex v0.4.1
[INFO] [stderr]    Compiling ordered-float v3.0.0
[INFO] [stderr]    Compiling rand v0.8.5
[INFO] [stderr]    Compiling num v0.4.0
[INFO] [stderr]    Compiling rgeometry v0.9.0 (/opt/rustwide/workdir)
[INFO] [stderr]     Finished dev [unoptimized + debuginfo] target(s) in 9.78s
[INFO] running `Command { std: "docker" "inspect" "eb2e9eae67331c059c85199d1246cb5fdeabee545db3221ec51dd0c9379a2445", kill_on_drop: false }`
[INFO] running `Command { std: "docker" "rm" "-f" "eb2e9eae67331c059c85199d1246cb5fdeabee545db3221ec51dd0c9379a2445", kill_on_drop: false }`
[INFO] [stdout] eb2e9eae67331c059c85199d1246cb5fdeabee545db3221ec51dd0c9379a2445
[INFO] running `Command { std: "docker" "create" "-v" "/var/lib/crater-agent-workspace/builds/worker-3-tc1/target:/opt/rustwide/target:rw,Z" "-v" "/var/lib/crater-agent-workspace/builds/worker-3-tc1/source:/opt/rustwide/workdir:ro,Z" "-v" "/var/lib/crater-agent-workspace/cargo-home:/opt/rustwide/cargo-home:ro,Z" "-v" "/var/lib/crater-agent-workspace/rustup-home:/opt/rustwide/rustup-home:ro,Z" "-e" "SOURCE_DIR=/opt/rustwide/workdir" "-e" "CARGO_TARGET_DIR=/opt/rustwide/target" "-e" "CARGO_INCREMENTAL=0" "-e" "RUST_BACKTRACE=full" "-e" "RUSTFLAGS=--cap-lints=warn" "-e" "RUSTDOCFLAGS=--cap-lints=warn" "-e" "CARGO_HOME=/opt/rustwide/cargo-home" "-e" "RUSTUP_HOME=/opt/rustwide/rustup-home" "-w" "/opt/rustwide/workdir" "-m" "1610612736" "--user" "0:0" "--network" "none" "ghcr.io/rust-lang/crates-build-env/linux@sha256:5ff2268d62e97bff2cde7d5815dd6ed5b47097566f13b8d0ca110b04b60e07ed" "/opt/rustwide/cargo-home/bin/cargo" "+1.69.0" "test" "--frozen" "--no-run" "--message-format=json", kill_on_drop: false }`
[INFO] [stdout] 3ba07e0ce7beae163a9625af860642b070a8e64041bd125096ce568ba699b5d8
[INFO] running `Command { std: "docker" "start" "-a" "3ba07e0ce7beae163a9625af860642b070a8e64041bd125096ce568ba699b5d8", kill_on_drop: false }`
[INFO] [stderr]    Compiling proc-macro2 v1.0.39
[INFO] [stderr]    Compiling unicode-ident v1.0.0
[INFO] [stderr]    Compiling crossbeam-utils v0.8.8
[INFO] [stderr]    Compiling serde v1.0.137
[INFO] [stderr]    Compiling semver v1.0.9
[INFO] [stderr]    Compiling memoffset v0.6.5
[INFO] [stderr]    Compiling syn v1.0.95
[INFO] [stderr]    Compiling crossbeam-epoch v0.9.8
[INFO] [stderr]    Compiling memchr v2.5.0
[INFO] [stderr]    Compiling rayon-core v1.9.3
[INFO] [stderr]    Compiling serde_json v1.0.81
[INFO] [stderr]    Compiling either v1.6.1
[INFO] [stderr]    Compiling ryu v1.0.10
[INFO] [stderr]    Compiling rustc_version v0.4.0
[INFO] [stderr]    Compiling crossbeam-channel v0.5.4
[INFO] [stderr]    Compiling quote v1.0.18
[INFO] [stderr]    Compiling num_cpus v1.13.1
[INFO] [stderr]    Compiling cast v0.2.7
[INFO] [stderr]    Compiling crossbeam-deque v0.8.1
[INFO] [stderr]    Compiling rayon v1.5.3
[INFO] [stderr]    Compiling fastrand v1.7.0
[INFO] [stderr]    Compiling regex-automata v0.1.10
[INFO] [stderr]    Compiling regex-syntax v0.6.26
[INFO] [stderr]    Compiling serde_derive v1.0.137
[INFO] [stderr]    Compiling itoa v1.0.2
[INFO] [stderr]    Compiling remove_dir_all v0.5.3
[INFO] [stderr]    Compiling unicode-width v0.1.9
[INFO] [stderr]    Compiling plotters-backend v0.3.2
[INFO] [stderr]    Compiling textwrap v0.11.0
[INFO] [stderr]    Compiling tempfile v3.3.0
[INFO] [stderr]    Compiling plotters-svg v0.3.1
[INFO] [stderr]    Compiling csv-core v0.1.10
[INFO] [stderr]    Compiling itertools v0.10.3
[INFO] [stderr]    Compiling wait-timeout v0.2.0
[INFO] [stderr]    Compiling bit-vec v0.6.3
[INFO] [stderr]    Compiling itoa v0.4.8
[INFO] [stderr]    Compiling walkdir v2.3.2
[INFO] [stderr]    Compiling rusty-fork v0.3.0
[INFO] [stderr]    Compiling bit-set v0.5.2
[INFO] [stderr]    Compiling regex v1.5.6
[INFO] [stderr]    Compiling plotters v0.3.1
[INFO] [stderr]    Compiling clap v2.34.0
[INFO] [stderr]    Compiling criterion-plot v0.4.4
[INFO] [stderr]    Compiling bstr v0.2.17
[INFO] [stderr]    Compiling serde_cbor v0.11.2
[INFO] [stderr]    Compiling rand_xorshift v0.3.0
[INFO] [stderr]    Compiling atty v0.2.14
[INFO] [stderr]    Compiling csv v1.1.6
[INFO] [stderr]    Compiling byteorder v1.4.3
[INFO] [stderr]    Compiling quick-error v2.0.1
[INFO] [stderr]    Compiling tinytemplate v1.2.1
[INFO] [stderr]    Compiling proptest v1.0.0
[INFO] [stderr]    Compiling structmeta-derive v0.1.5
[INFO] [stderr]    Compiling structmeta v0.1.5
[INFO] [stderr]    Compiling test-strategy v0.2.0
[INFO] [stderr]    Compiling criterion v0.3.5
[INFO] [stderr]    Compiling rgeometry v0.9.0 (/opt/rustwide/workdir)
[INFO] [stderr]     Finished test [unoptimized + debuginfo] target(s) in 1m 02s
[INFO] [stderr] warning: the following packages contain code that will be rejected by a future version of Rust: criterion v0.3.5
[INFO] [stderr] note: to see what the problems were, use the option `--future-incompat-report`, or run `cargo report future-incompatibilities --id 3`
[INFO] running `Command { std: "docker" "inspect" "3ba07e0ce7beae163a9625af860642b070a8e64041bd125096ce568ba699b5d8", kill_on_drop: false }`
[INFO] running `Command { std: "docker" "rm" "-f" "3ba07e0ce7beae163a9625af860642b070a8e64041bd125096ce568ba699b5d8", kill_on_drop: false }`
[INFO] [stdout] 3ba07e0ce7beae163a9625af860642b070a8e64041bd125096ce568ba699b5d8
[INFO] running `Command { std: "docker" "create" "-v" "/var/lib/crater-agent-workspace/builds/worker-3-tc1/target:/opt/rustwide/target:rw,Z" "-v" "/var/lib/crater-agent-workspace/builds/worker-3-tc1/source:/opt/rustwide/workdir:ro,Z" "-v" "/var/lib/crater-agent-workspace/cargo-home:/opt/rustwide/cargo-home:ro,Z" "-v" "/var/lib/crater-agent-workspace/rustup-home:/opt/rustwide/rustup-home:ro,Z" "-e" "SOURCE_DIR=/opt/rustwide/workdir" "-e" "CARGO_TARGET_DIR=/opt/rustwide/target" "-e" "CARGO_INCREMENTAL=0" "-e" "RUST_BACKTRACE=full" "-e" "RUSTFLAGS=--cap-lints=warn" "-e" "RUSTDOCFLAGS=--cap-lints=warn" "-e" "CARGO_HOME=/opt/rustwide/cargo-home" "-e" "RUSTUP_HOME=/opt/rustwide/rustup-home" "-w" "/opt/rustwide/workdir" "-m" "1610612736" "--user" "0:0" "--network" "none" "ghcr.io/rust-lang/crates-build-env/linux@sha256:5ff2268d62e97bff2cde7d5815dd6ed5b47097566f13b8d0ca110b04b60e07ed" "/opt/rustwide/cargo-home/bin/cargo" "+1.69.0" "test" "--frozen", kill_on_drop: false }`
[INFO] [stdout] 428c27af9e7f3cf77f1624c23b7155917b5dddcd7caa46ad2de034d8061d35ab
[INFO] running `Command { std: "docker" "start" "-a" "428c27af9e7f3cf77f1624c23b7155917b5dddcd7caa46ad2de034d8061d35ab", kill_on_drop: false }`
[INFO] [stderr]     Finished test [unoptimized + debuginfo] target(s) in 0.13s
[INFO] [stderr] warning: the following packages contain code that will be rejected by a future version of Rust: criterion v0.3.5
[INFO] [stderr] note: to see what the problems were, use the option `--future-incompat-report`, or run `cargo report future-incompatibilities --id 3`
[INFO] [stderr]      Running unittests src/lib.rs (/opt/rustwide/target/debug/deps/rgeometry-2553ddba81c8aacc)
[INFO] [stdout] 
[INFO] [stdout] running 115 tests
[INFO] [stdout] test algorithms::convex_hull::graham_scan::tests::convex_hull_dups ... ok
[INFO] [stdout] test algorithms::convex_hull::graham_scan::tests::convex_hull_insufficient_dups ... ok
[INFO] [stdout] test algorithms::convex_hull::graham_scan::tests::convex_hull_colinear ... ok
[INFO] [stdout] test algorithms::convex_hull::graham_scan::tests::convex_hull_colinear_rev ... ok
[INFO] [stdout] test algorithms::convex_hull::graham_scan::tests::convex_hull_invalid ... ok
[INFO] [stdout] test algorithms::polygonization::monotone::monotone_testing::non_y_monotone ... ok
[INFO] [stdout] test algorithms::convex_hull::graham_scan::tests::unit_1 ... ok
[INFO] [stdout] test algorithms::convex_hull::graham_scan::tests::unit_2 ... ok
[INFO] [stdout] test algorithms::polygonization::monotone::monotone_testing::monotone_mountain ... ok
[INFO] [stdout] test algorithms::polygonization::monotone::monotone_testing::convex_polygon_is_montone ... ok
[INFO] [stdout] test algorithms::convex_hull::graham_scan::tests::convex_hull_prop_i8 ... ok
[INFO] [stdout] test algorithms::polygonization::two_opt::tests::linear_fuzz ... ok
[INFO] [stdout] test algorithms::polygonization::two_opt::tests::unit_1 ... ok
[INFO] [stdout] test algorithms::polygonization::two_opt::tests::unit_2 ... ok
[INFO] [stdout] test algorithms::polygonization::two_opt::tests::unit_3 ... ok
[INFO] [stdout] test algorithms::triangulation::earclip::tests::basic_1 ... ok
[INFO] [stdout] test algorithms::triangulation::earclip::tests::basic_2 ... ok
[INFO] [stdout] test algorithms::triangulation::earclip::tests::basic_3 ... ok
[INFO] [stdout] test algorithms::triangulation::earclip::tests::basic_4 ... ok
[INFO] [stdout] test algorithms::polygonization::monotone::monotone_testing::monotone_is_monotone_prop ... ok
[INFO] [stdout] test algorithms::polygonization::monotone::monotone_testing::valid_monotone ... ok
[INFO] [stdout] test algorithms::visibility::naive::naive_testing::case_1 ... ok
[INFO] [stdout] test algorithms::visibility::naive::naive_testing::case_2 ... ok
[INFO] [stdout] test algorithms::visibility::naive::naive_testing::point_outside_polygon ... ok
[INFO] [stdout] test algorithms::zhash::tests::cmp_prop_i64 ... ok
[INFO] [stdout] test algorithms::zhash::tests::cmp_prop_i8 ... ok
[INFO] [stdout] test algorithms::zhash::tests::hash_unhash_prop ... ok
[INFO] [stdout] test algorithms::triangulation::earclip::tests::equal_area_prop ... ok
[INFO] [stdout] test data::line::tests::ray_intersect_unit_1 ... ok
[INFO] [stdout] test data::line::tests::ray_intersect_unit_2 ... ok
[INFO] [stdout] test data::line::tests::ray_intersect_unit_3 ... ok
[INFO] [stdout] test data::line::tests::ray_intersect_unit_4 ... ok
[INFO] [stdout] test data::line::tests::ray_intersect_unit_5 ... ok
[INFO] [stdout] test data::line::tests::ray_intersect_unit_6 ... ok
[INFO] [stdout] test data::line_segment::tests::edge_no_touch ... ok
[INFO] [stdout] test data::line_segment::tests::edge_touch ... ok
[INFO] [stdout] test data::line_segment::tests::edges_overlap_1 ... ok
[INFO] [stdout] test data::line_segment::tests::edges_overlap_2 ... ok
[INFO] [stdout] test data::line_segment::tests::edges_overlap_3 ... ok
[INFO] [stdout] test data::line_segment::tests::edges_overlap_4 ... ok
[INFO] [stdout] test data::line_segment::tests::edges_overlap_5 ... ok
[INFO] [stdout] test data::line_segment::tests::endpoints_no_overlap ... ok
[INFO] [stdout] test data::line_segment::tests::endpoints_overlap_1 ... ok
[INFO] [stdout] test data::line_segment::tests::endpoints_overlap_2 ... ok
[INFO] [stdout] test data::line_segment::tests::endpoints_overlap_3 ... ok
[INFO] [stdout] test data::line_segment::tests::flip_intersects_prop ... ok
[INFO] [stdout] test data::line_segment::tests::line_crossing ... ok
[INFO] [stdout] test data::line_segment::tests::line_not_crossing ... ok
[INFO] [stdout] test data::line_segment::tests::subset_1 ... ok
[INFO] [stdout] test data::line_segment::tests::subset_2 ... ok
[INFO] [stdout] test data::line_segment::tests::unit_1 ... ok
[INFO] [stdout] test data::line_segment::tests::unit_2 ... ok
[INFO] [stdout] test data::line_segment::tests::unit_3 ... ok
[INFO] [stdout] test data::line_segment::tests::unit_4 ... ok
[INFO] [stdout] test data::line_segment::tests::unit_5 ... ok
[INFO] [stdout] test data::line_segment::tests::unit_6 ... ok
[INFO] [stdout] test data::line_segment::tests::unit_7 ... ok
[INFO] [stdout] test data::line_segment::tests::unit_8 ... ok
[INFO] [stdout] test data::point::tests::bigint_colinear ... ok
[INFO] [stdout] test data::point::tests::bigint_not_colinear ... ok
[INFO] [stdout] test data::point::tests::cmp_around_fuzz_i8 ... ok
[INFO] [stdout] test algorithms::triangulation::earclip::tests::hashed_identity_prop ... ok
[INFO] [stdout] test data::point::tests::cmp_dist_i8_fuzz ... ok
[INFO] [stdout] test data::point::tests::orient_bigint_i8_prop ... ok
[INFO] [stdout] test data::point::tests::orient_f64_i8_prop ... ok
[INFO] [stdout] test data::point::tests::orientation_reverse ... ok
[INFO] [stdout] test data::point::tests::squared_euclidean_distance_fuzz ... ok
[INFO] [stdout] test data::point::tests::squared_euclidean_distance_i8_fuzz ... ok
[INFO] [stdout] test data::point::tests::test_turns ... ok
[INFO] [stdout] test data::point::tests::unit_1 ... ok
[INFO] [stdout] test data::point::tests::unit_2 ... ok
[INFO] [stdout] test data::point::tests::unit_3 ... ok
[INFO] [stdout] test data::point::tests::cmp_around_fuzz_nn ... ok
[INFO] [stdout] test data::polygon::convex::tests::all_random_convex_polygons_are_valid_i8 ... ok
[INFO] [stdout] test data::polygon::convex::tests::fuzz_convex_traits ... ok
[INFO] [stdout] test data::polygon::convex::tests::all_random_convex_polygons_are_valid_i64 ... ok
[INFO] [stdout] test data::line::tests::raw_intersection_count_prop ... ok
[INFO] [stdout] test algorithms::convex_hull::graham_scan::tests::convex_hull_prop ... ok
[INFO] [stdout] test data::polygon::convex::tests::random_convex_prop ... ok
[INFO] [stdout] test data::polygon::convex::tests::sum_to_max ... ok
[INFO] [stdout] test algorithms::polygonization::two_opt::tests::fuzz_f64 ... ok
[INFO] [stdout] test data::polygon::convex::tests::fuzz_validate ... ok
[INFO] [stdout] test data::polygon::convex::tests::random_between_zero_properties ... ok
[INFO] [stdout] test data::polygon::convex::tests::sum_to_zero_vector ... ok
[INFO] [stdout] test data::polygon::tests::fuzz_new_polygon ... ok
[INFO] [stdout] test data::polygon::tests::fuzz_ensure_ccw ... ok
[INFO] [stdout] test data::polygon::tests::fuzz_orientation ... ok
[INFO] [stdout] test data::polygon::tests::fuzz_validate ... ok
[INFO] [stdout] test data::polygon::tests::locate_feature_fixme - should panic ... ok
[INFO] [stdout] test data::polygon::tests::fuzz_validate_weakly ... ok
[INFO] [stdout] test data::polygon::tests::locate_unit_1 ... ok
[INFO] [stdout] test data::polygon::tests::locate_unit_2 ... ok
[INFO] [stdout] test data::polygon::tests::equals_identity_prop ... ok
[INFO] [stdout] test algorithms::polygonization::two_opt::tests::fuzz_i8 ... ok
[INFO] [stdout] test data::vector::tests::cmp_along_fuzz ... ok
[INFO] [stdout] test data::vector::tests::cmp_along_prop_x ... ok
[INFO] [stdout] test data::vector::tests::cmp_along_prop_y ... ok
[INFO] [stdout] test data::vector::tests::unit_1 ... ok
[INFO] [stdout] test orientation::tests::cmp_around_1 ... ok
[INFO] [stdout] test orientation::tests::cmp_slope_1 ... ok
[INFO] [stdout] test orientation::tests::cmp_slope_2 ... ok
[INFO] [stdout] test orientation::tests::orientation_limit_1 ... ok
[INFO] [stdout] test data::polygon::tests::fuzz_centroid ... ok
[INFO] [stdout] test orientation::tests::sos_eq_prop ... ok
[INFO] [stdout] test orientation::tests::orientation_limit_2 ... ok
[INFO] [stdout] test orientation::tests::sos_rev_prop ... ok
[INFO] [stdout] test orientation::tests::sos_unit1 ... ok
[INFO] [stdout] test orientation::tests::sos_unit2 - should panic ... ok
[INFO] [stdout] test orientation::tests::sos_unit3 ... ok
[INFO] [stdout] test data::polygon::tests::fuzz_polygon_traits ... ok
[INFO] [stdout] test data::polygon::tests::random_polygon ... ok
[INFO] [stdout] test data::polygon::tests::locate_id_prop ... ok
[INFO] [stdout] test data::polygon::tests::signed_area_non_negative_prop ... ok
[INFO] [stdout] test algorithms::polygonization::two_opt::tests::points_to_polygon ... ok
[INFO] [stderr]      Running tests/two_opt.rs (/opt/rustwide/target/debug/deps/two_opt-1f340a4877b9357b)
[INFO] [stdout] test algorithms::polygonization::two_opt::tests::f64_to_polygon ... ok
[INFO] [stdout] 
[INFO] [stdout] test result: ok. 115 passed; 0 failed; 0 ignored; 0 measured; 0 filtered out; finished in 13.70s
[INFO] [stdout] 
[INFO] [stdout] 
[INFO] [stdout] running 7 tests
[INFO] [stdout] test two_opt::basic ... ok
[INFO] [stderr]    Doc-tests rgeometry
[INFO] [stdout] test two_opt::basic_3 ... ok
[INFO] [stdout] test two_opt::near_linear ... ok
[INFO] [stdout] test two_opt::with_dups ... ok
[INFO] [stdout] test two_opt::basic_2 ... ok
[INFO] [stdout] test two_opt::linear ... ok
[INFO] [stdout] test two_opt::clockwise ... ok
[INFO] [stdout] 
[INFO] [stdout] test result: ok. 7 passed; 0 failed; 0 ignored; 0 measured; 0 filtered out; finished in 0.01s
[INFO] [stdout] 
[INFO] [stdout] 
[INFO] [stdout] running 11 tests
[INFO] [stdout] test src/algorithms/convex_hull/graham_scan.rs - algorithms::convex_hull::graham_scan::convex_hull (line 52) - compile ... FAILED
[INFO] [stdout] test src/data/polygon/convex.rs - data::polygon::convex::PolygonConvex<T>::random (line 99) - compile ... FAILED
[INFO] [stdout] test src/data/point.rs - data::point::Point<T>::orient (line 259) ... ok
[INFO] [stdout] test src/algorithms/convex_hull/graham_scan.rs - algorithms::convex_hull::graham_scan::convex_hull (line 28) ... ok
[INFO] [stdout] test src/orientation.rs - orientation::Orientation::along_vector (line 73) ... ok
[INFO] [stdout] test src/algorithms/convex_hull/graham_scan.rs - algorithms::convex_hull::graham_scan::convex_hull (line 40) ... ok
[INFO] [stdout] test src/data/polygon.rs - data::polygon::Polygon<T>::signed_area_2x (line 376) ... ok
[INFO] [stdout] test src/data/polygon.rs - data::polygon::Polygon<T>::signed_area_2x (line 361) ... ok
[INFO] [stdout] test src/orientation.rs - orientation::Orientation::new (line 37) ... ok
[INFO] [stdout] test src/data/polygon.rs - data::polygon::Polygon<T>::signed_area (line 304) ... ok
[INFO] [stderr] error: doctest failed, to rerun pass `--doc`
[INFO] [stdout] test src/data/polygon.rs - data::polygon::Polygon<T>::signed_area (line 318) ... ok
[INFO] [stdout] 
[INFO] [stdout] failures:
[INFO] [stdout] 
[INFO] [stdout] ---- src/algorithms/convex_hull/graham_scan.rs - algorithms::convex_hull::graham_scan::convex_hull (line 52) stdout ----
[INFO] [stdout] error[E0433]: failed to resolve: use of undeclared crate or module `rgeometry_wasm`
[INFO] [stdout]  --> src/algorithms/convex_hull/graham_scan.rs:55:7
[INFO] [stdout]   |
[INFO] [stdout] 4 |   use rgeometry_wasm::playground::*;
[INFO] [stdout]   |       ^^^^^^^^^^^^^^ use of undeclared crate or module `rgeometry_wasm`
[INFO] [stdout] 
[INFO] [stdout] error[E0425]: cannot find function `on_mousemove` in this scope
[INFO] [stdout]  --> src/algorithms/convex_hull/graham_scan.rs:58:22
[INFO] [stdout]   |
[INFO] [stdout] 7 |   START.call_once(|| on_mousemove(|_event| main()));
[INFO] [stdout]   |                      ^^^^^^^^^^^^ not found in this scope
[INFO] [stdout] 
[INFO] [stdout] error[E0425]: cannot find function `clear_screen` in this scope
[INFO] [stdout]  --> src/algorithms/convex_hull/graham_scan.rs:60:3
[INFO] [stdout]   |
[INFO] [stdout] 9 |   clear_screen();
[INFO] [stdout]   |   ^^^^^^^^^^^^ not found in this scope
[INFO] [stdout] 
[INFO] [stdout] error[E0425]: cannot find function `set_viewport` in this scope
[INFO] [stdout]   --> src/algorithms/convex_hull/graham_scan.rs:61:3
[INFO] [stdout]    |
[INFO] [stdout] 10 |   set_viewport(2., 2.);
[INFO] [stdout]    |   ^^^^^^^^^^^^ not found in this scope
[INFO] [stdout] 
[INFO] [stdout] error[E0425]: cannot find function `with_points` in this scope
[INFO] [stdout]   --> src/algorithms/convex_hull/graham_scan.rs:63:13
[INFO] [stdout]    |
[INFO] [stdout] 12 |   let pts = with_points(7);
[INFO] [stdout]    |             ^^^^^^^^^^^ not found in this scope
[INFO] [stdout] 
[INFO] [stdout] error[E0425]: cannot find function `render_polygon` in this scope
[INFO] [stdout]   --> src/algorithms/convex_hull/graham_scan.rs:66:3
[INFO] [stdout]    |
[INFO] [stdout] 15 |   render_polygon(&convex);
[INFO] [stdout]    |   ^^^^^^^^^^^^^^ not found in this scope
[INFO] [stdout] 
[INFO] [stdout] error[E0425]: cannot find function `context` in this scope
[INFO] [stdout]   --> src/algorithms/convex_hull/graham_scan.rs:67:3
[INFO] [stdout]    |
[INFO] [stdout] 16 |   context().set_fill_style(&"grey".into());
[INFO] [stdout]    |   ^^^^^^^ help: a local variable with a similar name exists: `convex`
[INFO] [stdout] 
[INFO] [stdout] error[E0425]: cannot find function `context` in this scope
[INFO] [stdout]   --> src/algorithms/convex_hull/graham_scan.rs:68:3
[INFO] [stdout]    |
[INFO] [stdout] 17 |   context().fill();
[INFO] [stdout]    |   ^^^^^^^ help: a local variable with a similar name exists: `convex`
[INFO] [stdout] 
[INFO] [stdout] error[E0425]: cannot find function `render_point` in this scope
[INFO] [stdout]   --> src/algorithms/convex_hull/graham_scan.rs:71:5
[INFO] [stdout]    |
[INFO] [stdout] 20 |     render_point(&pt);
[INFO] [stdout]    |     ^^^^^^^^^^^^ not found in this scope
[INFO] [stdout] 
[INFO] [stdout] error: aborting due to 9 previous errors
[INFO] [stdout] 
[INFO] [stdout] Some errors have detailed explanations: E0425, E0433.
[INFO] [stdout] For more information about an error, try `rustc --explain E0425`.
[INFO] [stdout] Couldn't compile the test.
[INFO] [stdout] ---- src/data/polygon/convex.rs - data::polygon::convex::PolygonConvex<T>::random (line 99) stdout ----
[INFO] [stdout] error[E0433]: failed to resolve: use of undeclared crate or module `rgeometry_wasm`
[INFO] [stdout]  --> src/data/polygon/convex.rs:100:5
[INFO] [stdout]   |
[INFO] [stdout] 3 | use rgeometry_wasm::playground::*;
[INFO] [stdout]   |     ^^^^^^^^^^^^^^ use of undeclared crate or module `rgeometry_wasm`
[INFO] [stdout] 
[INFO] [stdout] error[E0425]: cannot find function `clear_screen` in this scope
[INFO] [stdout]  --> src/data/polygon/convex.rs:102:1
[INFO] [stdout]   |
[INFO] [stdout] 5 | clear_screen();
[INFO] [stdout]   | ^^^^^^^^^^^^ not found in this scope
[INFO] [stdout] 
[INFO] [stdout] error[E0425]: cannot find function `set_viewport` in this scope
[INFO] [stdout]  --> src/data/polygon/convex.rs:103:1
[INFO] [stdout]   |
[INFO] [stdout] 6 | set_viewport(2.0, 2.0);
[INFO] [stdout]   | ^^^^^^^^^^^^ not found in this scope
[INFO] [stdout] 
[INFO] [stdout] error[E0425]: cannot find function `render_polygon` in this scope
[INFO] [stdout]   --> src/data/polygon/convex.rs:107:1
[INFO] [stdout]    |
[INFO] [stdout] 10 | render_polygon(&convex.float().normalize());
[INFO] [stdout]    | ^^^^^^^^^^^^^^ not found in this scope
[INFO] [stdout] 
[INFO] [stdout] error: aborting due to 4 previous errors
[INFO] [stdout] 
[INFO] [stdout] Some errors have detailed explanations: E0425, E0433.
[INFO] [stdout] For more information about an error, try `rustc --explain E0425`.
[INFO] [stdout] Couldn't compile the test.
[INFO] [stdout] 
[INFO] [stdout] failures:
[INFO] [stdout]     src/algorithms/convex_hull/graham_scan.rs - algorithms::convex_hull::graham_scan::convex_hull (line 52)
[INFO] [stdout]     src/data/polygon/convex.rs - data::polygon::convex::PolygonConvex<T>::random (line 99)
[INFO] [stdout] 
[INFO] [stdout] test result: FAILED. 9 passed; 2 failed; 0 ignored; 0 measured; 0 filtered out; finished in 1.46s
[INFO] [stdout] 
[INFO] running `Command { std: "docker" "inspect" "428c27af9e7f3cf77f1624c23b7155917b5dddcd7caa46ad2de034d8061d35ab", kill_on_drop: false }`
[INFO] running `Command { std: "docker" "rm" "-f" "428c27af9e7f3cf77f1624c23b7155917b5dddcd7caa46ad2de034d8061d35ab", kill_on_drop: false }`
[INFO] [stdout] 428c27af9e7f3cf77f1624c23b7155917b5dddcd7caa46ad2de034d8061d35ab
