[INFO] fetching crate rfs_tester 0.2.1...
[INFO] testing rfs_tester-0.2.1 against beta-2023-04-20 for beta-1.70-1
[INFO] extracting crate rfs_tester 0.2.1 into /workspace/builds/worker-2-tc2/source
[INFO] validating manifest of crates.io crate rfs_tester 0.2.1 on toolchain beta-2023-04-20
[INFO] running `Command { std: CARGO_HOME="/workspace/cargo-home" RUSTUP_HOME="/workspace/rustup-home" "/workspace/cargo-home/bin/cargo" "+beta-2023-04-20" "metadata" "--manifest-path" "Cargo.toml" "--no-deps", kill_on_drop: false }`
[INFO] started tweaking crates.io crate rfs_tester 0.2.1
[INFO] finished tweaking crates.io crate rfs_tester 0.2.1
[INFO] tweaked toml for crates.io crate rfs_tester 0.2.1 written to /workspace/builds/worker-2-tc2/source/Cargo.toml
[INFO] running `Command { std: CARGO_HOME="/workspace/cargo-home" RUSTUP_HOME="/workspace/rustup-home" __CARGO_TEST_CHANNEL_OVERRIDE_DO_NOT_USE_THIS="nightly" "/workspace/cargo-home/bin/cargo" "+beta-2023-04-20" "generate-lockfile" "--manifest-path" "Cargo.toml" "-Zno-index-update", kill_on_drop: false }`
[INFO] running `Command { std: CARGO_HOME="/workspace/cargo-home" RUSTUP_HOME="/workspace/rustup-home" "/workspace/cargo-home/bin/cargo" "+beta-2023-04-20" "fetch" "--manifest-path" "Cargo.toml", kill_on_drop: false }`
[INFO] running `Command { std: "docker" "create" "-v" "/var/lib/crater-agent-workspace/builds/worker-2-tc2/target:/opt/rustwide/target:rw,Z" "-v" "/var/lib/crater-agent-workspace/builds/worker-2-tc2/source:/opt/rustwide/workdir:ro,Z" "-v" "/var/lib/crater-agent-workspace/cargo-home:/opt/rustwide/cargo-home:ro,Z" "-v" "/var/lib/crater-agent-workspace/rustup-home:/opt/rustwide/rustup-home:ro,Z" "-e" "SOURCE_DIR=/opt/rustwide/workdir" "-e" "CARGO_TARGET_DIR=/opt/rustwide/target" "-e" "CARGO_HOME=/opt/rustwide/cargo-home" "-e" "RUSTUP_HOME=/opt/rustwide/rustup-home" "-w" "/opt/rustwide/workdir" "-m" "1610612736" "--user" "0:0" "--network" "none" "ghcr.io/rust-lang/crates-build-env/linux@sha256:5ff2268d62e97bff2cde7d5815dd6ed5b47097566f13b8d0ca110b04b60e07ed" "/opt/rustwide/cargo-home/bin/cargo" "+beta-2023-04-20" "metadata" "--no-deps" "--format-version=1", kill_on_drop: false }`
[INFO] [stdout] b65bc83cf1508fece0b6b034cd5bb17b43a287eef37b40a96fcce20a66c211a0
[INFO] running `Command { std: "docker" "start" "-a" "b65bc83cf1508fece0b6b034cd5bb17b43a287eef37b40a96fcce20a66c211a0", kill_on_drop: false }`
[INFO] running `Command { std: "docker" "inspect" "b65bc83cf1508fece0b6b034cd5bb17b43a287eef37b40a96fcce20a66c211a0", kill_on_drop: false }`
[INFO] running `Command { std: "docker" "rm" "-f" "b65bc83cf1508fece0b6b034cd5bb17b43a287eef37b40a96fcce20a66c211a0", kill_on_drop: false }`
[INFO] [stdout] b65bc83cf1508fece0b6b034cd5bb17b43a287eef37b40a96fcce20a66c211a0
[INFO] running `Command { std: "docker" "create" "-v" "/var/lib/crater-agent-workspace/builds/worker-2-tc2/target:/opt/rustwide/target:rw,Z" "-v" "/var/lib/crater-agent-workspace/builds/worker-2-tc2/source:/opt/rustwide/workdir:ro,Z" "-v" "/var/lib/crater-agent-workspace/cargo-home:/opt/rustwide/cargo-home:ro,Z" "-v" "/var/lib/crater-agent-workspace/rustup-home:/opt/rustwide/rustup-home:ro,Z" "-e" "SOURCE_DIR=/opt/rustwide/workdir" "-e" "CARGO_TARGET_DIR=/opt/rustwide/target" "-e" "CARGO_INCREMENTAL=0" "-e" "RUST_BACKTRACE=full" "-e" "RUSTFLAGS=--cap-lints=warn" "-e" "RUSTDOCFLAGS=--cap-lints=warn" "-e" "CARGO_HOME=/opt/rustwide/cargo-home" "-e" "RUSTUP_HOME=/opt/rustwide/rustup-home" "-w" "/opt/rustwide/workdir" "-m" "1610612736" "--user" "0:0" "--network" "none" "ghcr.io/rust-lang/crates-build-env/linux@sha256:5ff2268d62e97bff2cde7d5815dd6ed5b47097566f13b8d0ca110b04b60e07ed" "/opt/rustwide/cargo-home/bin/cargo" "+beta-2023-04-20" "build" "--frozen" "--message-format=json", kill_on_drop: false }`
[INFO] [stdout] 40fb356d244dd960e2bc8e800e9186bca78301387582cb8f32a5d8376f312694
[INFO] running `Command { std: "docker" "start" "-a" "40fb356d244dd960e2bc8e800e9186bca78301387582cb8f32a5d8376f312694", kill_on_drop: false }`
[INFO] [stderr]    Compiling proc-macro2 v1.0.56
[INFO] [stderr]    Compiling quote v1.0.26
[INFO] [stderr]    Compiling unicode-ident v1.0.8
[INFO] [stderr]    Compiling libc v0.2.142
[INFO] [stderr]    Compiling serde_derive v1.0.160
[INFO] [stderr]    Compiling cfg-if v1.0.0
[INFO] [stderr]    Compiling autocfg v1.1.0
[INFO] [stderr]    Compiling serde v1.0.160
[INFO] [stderr]    Compiling ryu v1.0.13
[INFO] [stderr]    Compiling ppv-lite86 v0.2.17
[INFO] [stderr]    Compiling linked-hash-map v0.5.6
[INFO] [stderr]    Compiling hashbrown v0.12.3
[INFO] [stderr]    Compiling serde_json v1.0.96
[INFO] [stderr]    Compiling itoa v1.0.6
[INFO] [stderr]    Compiling yaml-rust v0.4.5
[INFO] [stderr]    Compiling indexmap v1.9.3
[INFO] [stderr]    Compiling syn v2.0.15
[INFO] [stderr]    Compiling getrandom v0.2.9
[INFO] [stderr]    Compiling rand_core v0.6.4
[INFO] [stderr]    Compiling rand_chacha v0.3.1
[INFO] [stderr]    Compiling rand v0.8.5
[INFO] [stderr]    Compiling serde_yaml v0.8.26
[INFO] [stderr]    Compiling rfs_tester v0.2.1 (/opt/rustwide/workdir)
[INFO] [stdout] warning: use of deprecated tuple variant `rfs::fs_tester::FileContent::Inline`: Please use InlineBytes instead
[INFO] [stdout]    --> src/rfs/fs_tester.rs:156:3
[INFO] [stdout]     |
[INFO] [stdout] 156 |   Inline(Vec<u8>),
[INFO] [stdout]     |   ^^^^^^
[INFO] [stdout]     |
[INFO] [stdout]     = note: `#[warn(deprecated)]` on by default
[INFO] [stdout] 
[INFO] [stdout] 
[INFO] [stdout] warning: use of deprecated tuple variant `rfs::fs_tester::FileContent::Inline`: Please use InlineBytes instead
[INFO] [stdout]    --> src/rfs/fs_tester.rs:296:26
[INFO] [stdout]     |
[INFO] [stdout] 296 |             FileContent::Inline(data) | FileContent::InlineBytes(data) => data,
[INFO] [stdout]     |                          ^^^^^^
[INFO] [stdout] 
[INFO] [stdout] 
[INFO] [stdout] warning: use of deprecated field `rfs::fs_tester::FileContent::Inline::0`: Please use InlineBytes instead
[INFO] [stdout]    --> src/rfs/fs_tester.rs:296:33
[INFO] [stdout]     |
[INFO] [stdout] 296 |             FileContent::Inline(data) | FileContent::InlineBytes(data) => data,
[INFO] [stdout]     |                                 ^^^^
[INFO] [stdout] 
[INFO] [stdout] 
[INFO] [stdout] warning: 3 warnings emitted
[INFO] [stdout] 
[INFO] [stdout] 
[INFO] [stderr]     Finished dev [unoptimized + debuginfo] target(s) in 10.25s
[INFO] running `Command { std: "docker" "inspect" "40fb356d244dd960e2bc8e800e9186bca78301387582cb8f32a5d8376f312694", kill_on_drop: false }`
[INFO] running `Command { std: "docker" "rm" "-f" "40fb356d244dd960e2bc8e800e9186bca78301387582cb8f32a5d8376f312694", kill_on_drop: false }`
[INFO] [stdout] 40fb356d244dd960e2bc8e800e9186bca78301387582cb8f32a5d8376f312694
[INFO] running `Command { std: "docker" "create" "-v" "/var/lib/crater-agent-workspace/builds/worker-2-tc2/target:/opt/rustwide/target:rw,Z" "-v" "/var/lib/crater-agent-workspace/builds/worker-2-tc2/source:/opt/rustwide/workdir:ro,Z" "-v" "/var/lib/crater-agent-workspace/cargo-home:/opt/rustwide/cargo-home:ro,Z" "-v" "/var/lib/crater-agent-workspace/rustup-home:/opt/rustwide/rustup-home:ro,Z" "-e" "SOURCE_DIR=/opt/rustwide/workdir" "-e" "CARGO_TARGET_DIR=/opt/rustwide/target" "-e" "CARGO_INCREMENTAL=0" "-e" "RUST_BACKTRACE=full" "-e" "RUSTFLAGS=--cap-lints=warn" "-e" "RUSTDOCFLAGS=--cap-lints=warn" "-e" "CARGO_HOME=/opt/rustwide/cargo-home" "-e" "RUSTUP_HOME=/opt/rustwide/rustup-home" "-w" "/opt/rustwide/workdir" "-m" "1610612736" "--user" "0:0" "--network" "none" "ghcr.io/rust-lang/crates-build-env/linux@sha256:5ff2268d62e97bff2cde7d5815dd6ed5b47097566f13b8d0ca110b04b60e07ed" "/opt/rustwide/cargo-home/bin/cargo" "+beta-2023-04-20" "test" "--frozen" "--no-run" "--message-format=json", kill_on_drop: false }`
[INFO] [stdout] e95b288a11c4a325c48ed501781898787d14b88949bf87760b75539b85e426c8
[INFO] running `Command { std: "docker" "start" "-a" "e95b288a11c4a325c48ed501781898787d14b88949bf87760b75539b85e426c8", kill_on_drop: false }`
[INFO] [stdout] warning: use of deprecated tuple variant `rfs::fs_tester::FileContent::Inline`: Please use InlineBytes instead
[INFO] [stdout]    --> src/rfs/fs_tester.rs:156:3
[INFO] [stdout]     |
[INFO] [stdout] 156 |   Inline(Vec<u8>),
[INFO] [stdout]     |   ^^^^^^
[INFO] [stdout]     |
[INFO] [stdout]     = note: `#[warn(deprecated)]` on by default
[INFO] [stdout] 
[INFO] [stdout] 
[INFO] [stdout] warning: use of deprecated tuple variant `rfs::fs_tester::FileContent::Inline`: Please use InlineBytes instead
[INFO] [stdout]    --> src/rfs/fs_tester.rs:296:26
[INFO] [stdout]     |
[INFO] [stdout] 296 |             FileContent::Inline(data) | FileContent::InlineBytes(data) => data,
[INFO] [stdout]     |                          ^^^^^^
[INFO] [stdout] 
[INFO] [stdout] 
[INFO] [stdout] warning: use of deprecated field `rfs::fs_tester::FileContent::Inline::0`: Please use InlineBytes instead
[INFO] [stdout]    --> src/rfs/fs_tester.rs:296:33
[INFO] [stdout]     |
[INFO] [stdout] 296 |             FileContent::Inline(data) | FileContent::InlineBytes(data) => data,
[INFO] [stdout]     |                                 ^^^^
[INFO] [stdout] 
[INFO] [stdout] 
[INFO] [stdout] warning: 3 warnings emitted
[INFO] [stdout] 
[INFO] [stdout] 
[INFO] [stderr]    Compiling rfs_tester v0.2.1 (/opt/rustwide/workdir)
[INFO] [stdout] warning: use of deprecated tuple variant `rfs::fs_tester::FileContent::Inline`: Please use InlineBytes instead
[INFO] [stdout]    --> src/rfs/fs_tester.rs:156:3
[INFO] [stdout]     |
[INFO] [stdout] 156 |   Inline(Vec<u8>),
[INFO] [stdout]     |   ^^^^^^
[INFO] [stdout]     |
[INFO] [stdout]     = note: `#[warn(deprecated)]` on by default
[INFO] [stdout] 
[INFO] [stdout] 
[INFO] [stdout] warning: use of deprecated tuple variant `rfs::fs_tester::FileContent::Inline`: Please use InlineBytes instead
[INFO] [stdout]    --> src/rfs/fs_tester.rs:296:26
[INFO] [stdout]     |
[INFO] [stdout] 296 |             FileContent::Inline(data) | FileContent::InlineBytes(data) => data,
[INFO] [stdout]     |                          ^^^^^^
[INFO] [stdout] 
[INFO] [stdout] 
[INFO] [stdout] warning: use of deprecated field `rfs::fs_tester::FileContent::Inline::0`: Please use InlineBytes instead
[INFO] [stdout]    --> src/rfs/fs_tester.rs:296:33
[INFO] [stdout]     |
[INFO] [stdout] 296 |             FileContent::Inline(data) | FileContent::InlineBytes(data) => data,
[INFO] [stdout]     |                                 ^^^^
[INFO] [stdout] 
[INFO] [stdout] 
[INFO] [stdout] warning: 3 warnings emitted
[INFO] [stdout] 
[INFO] [stdout] 
[INFO] [stderr]     Finished test [unoptimized + debuginfo] target(s) in 0.90s
[INFO] running `Command { std: "docker" "inspect" "e95b288a11c4a325c48ed501781898787d14b88949bf87760b75539b85e426c8", kill_on_drop: false }`
[INFO] running `Command { std: "docker" "rm" "-f" "e95b288a11c4a325c48ed501781898787d14b88949bf87760b75539b85e426c8", kill_on_drop: false }`
[INFO] [stdout] e95b288a11c4a325c48ed501781898787d14b88949bf87760b75539b85e426c8
[INFO] running `Command { std: "docker" "create" "-v" "/var/lib/crater-agent-workspace/builds/worker-2-tc2/target:/opt/rustwide/target:rw,Z" "-v" "/var/lib/crater-agent-workspace/builds/worker-2-tc2/source:/opt/rustwide/workdir:ro,Z" "-v" "/var/lib/crater-agent-workspace/cargo-home:/opt/rustwide/cargo-home:ro,Z" "-v" "/var/lib/crater-agent-workspace/rustup-home:/opt/rustwide/rustup-home:ro,Z" "-e" "SOURCE_DIR=/opt/rustwide/workdir" "-e" "CARGO_TARGET_DIR=/opt/rustwide/target" "-e" "CARGO_INCREMENTAL=0" "-e" "RUST_BACKTRACE=full" "-e" "RUSTFLAGS=--cap-lints=warn" "-e" "RUSTDOCFLAGS=--cap-lints=warn" "-e" "CARGO_HOME=/opt/rustwide/cargo-home" "-e" "RUSTUP_HOME=/opt/rustwide/rustup-home" "-w" "/opt/rustwide/workdir" "-m" "1610612736" "--user" "0:0" "--network" "none" "ghcr.io/rust-lang/crates-build-env/linux@sha256:5ff2268d62e97bff2cde7d5815dd6ed5b47097566f13b8d0ca110b04b60e07ed" "/opt/rustwide/cargo-home/bin/cargo" "+beta-2023-04-20" "test" "--frozen", kill_on_drop: false }`
[INFO] [stdout] 9a27a2ac870b83117e946519a8c75cb786a20e33abac297b3c48f6892d41fc82
[INFO] running `Command { std: "docker" "start" "-a" "9a27a2ac870b83117e946519a8c75cb786a20e33abac297b3c48f6892d41fc82", kill_on_drop: false }`
[INFO] [stderr] warning: use of deprecated tuple variant `rfs::fs_tester::FileContent::Inline`: Please use InlineBytes instead
[INFO] [stderr]    --> src/rfs/fs_tester.rs:156:3
[INFO] [stderr]     |
[INFO] [stderr] 156 |   Inline(Vec<u8>),
[INFO] [stderr]     |   ^^^^^^
[INFO] [stderr]     |
[INFO] [stderr]     = note: `#[warn(deprecated)]` on by default
[INFO] [stderr] 
[INFO] [stderr] warning: use of deprecated tuple variant `rfs::fs_tester::FileContent::Inline`: Please use InlineBytes instead
[INFO] [stderr]    --> src/rfs/fs_tester.rs:296:26
[INFO] [stderr]     |
[INFO] [stderr] 296 |             FileContent::Inline(data) | FileContent::InlineBytes(data) => data,
[INFO] [stderr]     |                          ^^^^^^
[INFO] [stderr] 
[INFO] [stderr] warning: use of deprecated field `rfs::fs_tester::FileContent::Inline::0`: Please use InlineBytes instead
[INFO] [stderr]    --> src/rfs/fs_tester.rs:296:33
[INFO] [stderr]     |
[INFO] [stderr] 296 |             FileContent::Inline(data) | FileContent::InlineBytes(data) => data,
[INFO] [stderr]     |                                 ^^^^
[INFO] [stderr] 
[INFO] [stderr] warning: `rfs_tester` (lib) generated 3 warnings
[INFO] [stderr] warning: `rfs_tester` (lib test) generated 3 warnings (3 duplicates)
[INFO] [stderr]     Finished test [unoptimized + debuginfo] target(s) in 0.01s
[INFO] [stderr]      Running unittests src/lib.rs (/opt/rustwide/target/debug/deps/rfs_tester-9a228a04528e7f1c)
[INFO] [stdout] 
[INFO] [stdout] running 18 tests
[INFO] [stdout] test rfs::fs_tester::tests::json_config_serialization_explorer ... ignored
[INFO] [stdout] test rfs::fs_tester::tests::parser_should_accept_json_correct_simple_config ... ok
[INFO] [stdout] test rfs::fs_tester::tests::parser_should_accept_yaml_config_with_directory_and_file_by_empty ... ok
[INFO] [stdout] test rfs::fs_tester::tests::parser_should_accept_yaml_config_with_directory_and_file_and_link ... ok
[INFO] [stdout] test rfs::fs_tester::tests::parser_should_accept_json_config_with_directory_and_file ... ok
[INFO] [stdout] test rfs::fs_tester::tests::parser_should_accept_yaml_config_with_directory_and_file_by_original_path ... ok
[INFO] [stdout] test rfs::fs_tester::tests::serialization_for_simple_json_config ... ok
[INFO] [stdout] test rfs::fs_tester::tests::parser_should_accept_yaml_config_with_directory_and_file_by_inline_bytes ... ok
[INFO] [stdout] test rfs::fs_tester::tests::serialization_for_simple_yaml_config ... ok
[INFO] [stdout] test rfs::fs_tester::tests::parser_should_accept_yaml_correct_simple_config ... ok
[INFO] [stdout] test rfs::fs_tester::tests::parser_should_accept_yaml_config_with_directory_and_file_by_inline_text ... ok
[INFO] [stdout] test rfs::fs_tester::tests::yaml_config_serialization_explorer ... ignored
[INFO] [stdout] test rfs::fs_tester::tests::constructor_should_throw_error_when_empty_config - should panic ... ok
[INFO] [stdout] test rfs::fs_tester::tests::constructor_should_panic_when_conf_starts_from_link - should panic ... ok
[INFO] [stdout] test rfs::fs_tester::tests::constructor_should_panic_when_base_dir_not_found - should panic ... ok
[INFO] [stdout] test rfs::fs_tester::tests::constructor_should_panic_when_conf_starts_from_file - should panic ... ok
[INFO] [stdout] test rfs::fs_tester::tests::start_simple_failed_test_should_be_success - should panic ... ok
[INFO] [stdout] test rfs::fs_tester::tests::start_simple_successfull_test_should_be_success ... FAILED
[INFO] [stdout] 
[INFO] [stdout] failures:
[INFO] [stdout] 
[INFO] [stdout] ---- rfs::fs_tester::tests::start_simple_successfull_test_should_be_success stdout ----
[INFO] [stdout] thread 'rfs::fs_tester::tests::start_simple_successfull_test_should_be_success' panicked at 'called `Result::unwrap()` on an `Err` value: Os { code: 30, kind: ReadOnlyFilesystem, message: "Read-only file system" }', src/rfs/fs_tester.rs:430:73
[INFO] [stdout] stack backtrace:
[INFO] [stdout]    0:     0x563047284ffa - std::backtrace_rs::backtrace::libunwind::trace::h2f05d0192276a8f6
[INFO] [stdout]                                at /rustc/1b7dd2252b99671ce5d1cb9664c5f8636329436d/library/std/src/../../backtrace/src/backtrace/libunwind.rs:93:5
[INFO] [stdout]    1:     0x563047284ffa - std::backtrace_rs::backtrace::trace_unsynchronized::hedc23dff7a1af150
[INFO] [stdout]                                at /rustc/1b7dd2252b99671ce5d1cb9664c5f8636329436d/library/std/src/../../backtrace/src/backtrace/mod.rs:66:5
[INFO] [stdout]    2:     0x563047284ffa - std::sys_common::backtrace::_print_fmt::h17541ef7592f3ce2
[INFO] [stdout]                                at /rustc/1b7dd2252b99671ce5d1cb9664c5f8636329436d/library/std/src/sys_common/backtrace.rs:65:5
[INFO] [stdout]    3:     0x563047284ffa - <std::sys_common::backtrace::_print::DisplayBacktrace as core::fmt::Display>::fmt::h20f75df5ab0c0792
[INFO] [stdout]                                at /rustc/1b7dd2252b99671ce5d1cb9664c5f8636329436d/library/std/src/sys_common/backtrace.rs:44:22
[INFO] [stdout]    4:     0x5630472ab54f - core::fmt::write::h78109e6f466b3af6
[INFO] [stdout]                                at /rustc/1b7dd2252b99671ce5d1cb9664c5f8636329436d/library/core/src/fmt/mod.rs:1254:17
[INFO] [stdout]    5:     0x563047282345 - std::io::Write::write_fmt::hd24bfb68a1b35a25
[INFO] [stdout]                                at /rustc/1b7dd2252b99671ce5d1cb9664c5f8636329436d/library/std/src/io/mod.rs:1698:15
[INFO] [stdout]    6:     0x563047284dc5 - std::sys_common::backtrace::_print::h8dac57a9f8fbf9a5
[INFO] [stdout]                                at /rustc/1b7dd2252b99671ce5d1cb9664c5f8636329436d/library/std/src/sys_common/backtrace.rs:47:5
[INFO] [stdout]    7:     0x563047284dc5 - std::sys_common::backtrace::print::hf9ecbf41d1aa712f
[INFO] [stdout]                                at /rustc/1b7dd2252b99671ce5d1cb9664c5f8636329436d/library/std/src/sys_common/backtrace.rs:34:9
[INFO] [stdout]    8:     0x563047286a7e - std::panicking::default_hook::{{closure}}::h04c07acfc84ca028
[INFO] [stdout]                                at /rustc/1b7dd2252b99671ce5d1cb9664c5f8636329436d/library/std/src/panicking.rs:269:22
[INFO] [stdout]    9:     0x5630472867b1 - std::panicking::default_hook::h01f6bb23e1eceb2c
[INFO] [stdout]                                at /rustc/1b7dd2252b99671ce5d1cb9664c5f8636329436d/library/std/src/panicking.rs:285:9
[INFO] [stdout]   10:     0x56304721cd5b - <alloc::boxed::Box<F,A> as core::ops::function::Fn<Args>>::call::h87fe9f7b2fd49e4c
[INFO] [stdout]                                at /rustc/1b7dd2252b99671ce5d1cb9664c5f8636329436d/library/alloc/src/boxed.rs:1987:9
[INFO] [stdout]   11:     0x56304721cd5b - test::test_main::{{closure}}::he94d679243a7531b
[INFO] [stdout]                                at /rustc/1b7dd2252b99671ce5d1cb9664c5f8636329436d/library/test/src/lib.rs:134:21
[INFO] [stdout]   12:     0x563047287164 - <alloc::boxed::Box<F,A> as core::ops::function::Fn<Args>>::call::h3f2d6d8b14c4769f
[INFO] [stdout]                                at /rustc/1b7dd2252b99671ce5d1cb9664c5f8636329436d/library/alloc/src/boxed.rs:1987:9
[INFO] [stdout]   13:     0x563047287164 - std::panicking::rust_panic_with_hook::h2bb3722bbaf2f6df
[INFO] [stdout]                                at /rustc/1b7dd2252b99671ce5d1cb9664c5f8636329436d/library/std/src/panicking.rs:695:13
[INFO] [stdout]   14:     0x563047286ed9 - std::panicking::begin_panic_handler::{{closure}}::h91bc7f36a4be011b
[INFO] [stdout]                                at /rustc/1b7dd2252b99671ce5d1cb9664c5f8636329436d/library/std/src/panicking.rs:582:13
[INFO] [stdout]   15:     0x563047285466 - std::sys_common::backtrace::__rust_end_short_backtrace::h8b3d3717114f9e59
[INFO] [stdout]                                at /rustc/1b7dd2252b99671ce5d1cb9664c5f8636329436d/library/std/src/sys_common/backtrace.rs:150:18
[INFO] [stdout]   16:     0x563047286c32 - rust_begin_unwind
[INFO] [stdout]                                at /rustc/1b7dd2252b99671ce5d1cb9664c5f8636329436d/library/std/src/panicking.rs:578:5
[INFO] [stdout]   17:     0x563047154583 - core::panicking::panic_fmt::hfd368e3fbdabea26
[INFO] [stdout]                                at /rustc/1b7dd2252b99671ce5d1cb9664c5f8636329436d/library/core/src/panicking.rs:67:14
[INFO] [stdout]   18:     0x563047154ac3 - core::result::unwrap_failed::he54eb4b2f125b26f
[INFO] [stdout]                                at /rustc/1b7dd2252b99671ce5d1cb9664c5f8636329436d/library/core/src/result.rs:1687:5
[INFO] [stdout]   19:     0x56304718142c - core::result::Result<T,E>::unwrap::h9359d1f4ac5fe6a1
[INFO] [stdout]                                at /rustc/1b7dd2252b99671ce5d1cb9664c5f8636329436d/library/core/src/result.rs:1089:23
[INFO] [stdout]   20:     0x563047176461 - rfs_tester::rfs::fs_tester::FsTester::new::hdb63838d1c28a3a2
[INFO] [stdout]                                at /opt/rustwide/workdir/src/rfs/fs_tester.rs:430:20
[INFO] [stdout]   21:     0x563047188acb - rfs_tester::rfs::fs_tester::tests::start_simple_successfull_test_should_be_success::h363d3baf18f8e46f
[INFO] [stdout]                                at /opt/rustwide/workdir/src/rfs/fs_tester.rs:791:18
[INFO] [stdout]   22:     0x563047188a87 - rfs_tester::rfs::fs_tester::tests::start_simple_successfull_test_should_be_success::{{closure}}::hb71d5b13a8b8d51d
[INFO] [stdout]                                at /opt/rustwide/workdir/src/rfs/fs_tester.rs:788:56
[INFO] [stdout]   23:     0x56304718a555 - core::ops::function::FnOnce::call_once::he45b1155ac4d572a
[INFO] [stdout]                                at /rustc/1b7dd2252b99671ce5d1cb9664c5f8636329436d/library/core/src/ops/function.rs:250:5
[INFO] [stdout]   24:     0x563047221c2f - core::ops::function::FnOnce::call_once::ha6a70e79f7481a7e
[INFO] [stdout]                                at /rustc/1b7dd2252b99671ce5d1cb9664c5f8636329436d/library/core/src/ops/function.rs:250:5
[INFO] [stdout]   25:     0x563047221c2f - test::__rust_begin_short_backtrace::hce33033019b61e69
[INFO] [stdout]                                at /rustc/1b7dd2252b99671ce5d1cb9664c5f8636329436d/library/test/src/lib.rs:655:18
[INFO] [stdout]   26:     0x5630471ef41c - test::run_test::{{closure}}::h858d3528838ae3e5
[INFO] [stdout]                                at /rustc/1b7dd2252b99671ce5d1cb9664c5f8636329436d/library/test/src/lib.rs:646:30
[INFO] [stdout]   27:     0x5630471ef41c - core::ops::function::FnOnce::call_once{{vtable.shim}}::he8ac2b00f01ae79e
[INFO] [stdout]                                at /rustc/1b7dd2252b99671ce5d1cb9664c5f8636329436d/library/core/src/ops/function.rs:250:5
[INFO] [stdout]   28:     0x563047220d06 - <alloc::boxed::Box<F,A> as core::ops::function::FnOnce<Args>>::call_once::h8093d25b522725ef
[INFO] [stdout]                                at /rustc/1b7dd2252b99671ce5d1cb9664c5f8636329436d/library/alloc/src/boxed.rs:1973:9
[INFO] [stdout]   29:     0x563047220d06 - <core::panic::unwind_safe::AssertUnwindSafe<F> as core::ops::function::FnOnce<()>>::call_once::h5c334c204e4a3913
[INFO] [stdout]                                at /rustc/1b7dd2252b99671ce5d1cb9664c5f8636329436d/library/core/src/panic/unwind_safe.rs:271:9
[INFO] [stdout]   30:     0x563047220d06 - std::panicking::try::do_call::ha8b740c7b9478074
[INFO] [stdout]                                at /rustc/1b7dd2252b99671ce5d1cb9664c5f8636329436d/library/std/src/panicking.rs:485:40
[INFO] [stdout]   31:     0x563047220d06 - std::panicking::try::h5d34f63d0e41b64e
[INFO] [stdout]                                at /rustc/1b7dd2252b99671ce5d1cb9664c5f8636329436d/library/std/src/panicking.rs:449:19
[INFO] [stdout]   32:     0x563047220d06 - std::panic::catch_unwind::hcfbb511e1aa7fc67
[INFO] [stdout]                                at /rustc/1b7dd2252b99671ce5d1cb9664c5f8636329436d/library/std/src/panic.rs:140:14
[INFO] [stdout]   33:     0x563047220d06 - test::run_test_in_process::h9abda90f802eaf21
[INFO] [stdout]                                at /rustc/1b7dd2252b99671ce5d1cb9664c5f8636329436d/library/test/src/lib.rs:678:27
[INFO] [stdout]   34:     0x563047220d06 - test::run_test::run_test_inner::{{closure}}::h0f058de91f6c6edf
[INFO] [stdout]                                at /rustc/1b7dd2252b99671ce5d1cb9664c5f8636329436d/library/test/src/lib.rs:572:39
[INFO] [stdout]   35:     0x5630471e9c25 - test::run_test::run_test_inner::{{closure}}::h5ca48a4c59c6c1fb
[INFO] [stdout]                                at /rustc/1b7dd2252b99671ce5d1cb9664c5f8636329436d/library/test/src/lib.rs:599:37
[INFO] [stdout]   36:     0x5630471e9c25 - std::sys_common::backtrace::__rust_begin_short_backtrace::h32bd51e1495d4a33
[INFO] [stdout]                                at /rustc/1b7dd2252b99671ce5d1cb9664c5f8636329436d/library/std/src/sys_common/backtrace.rs:134:18
[INFO] [stdout]   37:     0x5630471ef161 - std::thread::Builder::spawn_unchecked_::{{closure}}::{{closure}}::hc086fae9b128b2db
[INFO] [stdout]                                at /rustc/1b7dd2252b99671ce5d1cb9664c5f8636329436d/library/std/src/thread/mod.rs:526:17
[INFO] [stdout]   38:     0x5630471ef161 - <core::panic::unwind_safe::AssertUnwindSafe<F> as core::ops::function::FnOnce<()>>::call_once::hb66571888d270d43
[INFO] [stdout]                                at /rustc/1b7dd2252b99671ce5d1cb9664c5f8636329436d/library/core/src/panic/unwind_safe.rs:271:9
[INFO] [stdout]   39:     0x5630471ef161 - std::panicking::try::do_call::h4fa2ef4f6e51fecf
[INFO] [stdout]                                at /rustc/1b7dd2252b99671ce5d1cb9664c5f8636329436d/library/std/src/panicking.rs:485:40
[INFO] [stdout]   40:     0x5630471ef161 - std::panicking::try::h1e9e22b8584489b5
[INFO] [stdout]                                at /rustc/1b7dd2252b99671ce5d1cb9664c5f8636329436d/library/std/src/panicking.rs:449:19
[INFO] [stdout]   41:     0x5630471ef161 - std::panic::catch_unwind::h44698a3de0e0769e
[INFO] [stdout]                                at /rustc/1b7dd2252b99671ce5d1cb9664c5f8636329436d/library/std/src/panic.rs:140:14
[INFO] [stdout]   42:     0x5630471ef161 - std::thread::Builder::spawn_unchecked_::{{closure}}::h50153abde3fe239e
[INFO] [stdout]                                at /rustc/1b7dd2252b99671ce5d1cb9664c5f8636329436d/library/std/src/thread/mod.rs:525:30
[INFO] [stdout]   43:     0x5630471ef161 - core::ops::function::FnOnce::call_once{{vtable.shim}}::hbe5bbf6f38394364
[INFO] [stdout]                                at /rustc/1b7dd2252b99671ce5d1cb9664c5f8636329436d/library/core/src/ops/function.rs:250:5
[INFO] [stdout]   44:     0x56304728bfc5 - <alloc::boxed::Box<F,A> as core::ops::function::FnOnce<Args>>::call_once::h0d83cb2920a49046
[INFO] [stdout]                                at /rustc/1b7dd2252b99671ce5d1cb9664c5f8636329436d/library/alloc/src/boxed.rs:1973:9
[INFO] [stdout]   45:     0x56304728bfc5 - <alloc::boxed::Box<F,A> as core::ops::function::FnOnce<Args>>::call_once::hbe0a008aa7d9ef59
[INFO] [stdout]                                at /rustc/1b7dd2252b99671ce5d1cb9664c5f8636329436d/library/alloc/src/boxed.rs:1973:9
[INFO] [stdout]   46:     0x56304728bfc5 - std::sys::unix::thread::Thread::new::thread_start::h3a466996bdf6b1f9
[INFO] [stdout]                                at /rustc/1b7dd2252b99671ce5d1cb9664c5f8636329436d/library/std/src/sys/unix/thread.rs:108:17
[INFO] [stdout]   47:     0x7f4f0a889b43 - <unknown>
[INFO] [stdout]   48:     0x7f4f0a91abb4 - __clone
[INFO] [stderr] error: test failed, to rerun pass `--lib`
[INFO] [stdout]   49:                0x0 - <unknown>
[INFO] [stdout] 
[INFO] [stdout] 
[INFO] [stdout] failures:
[INFO] [stdout]     rfs::fs_tester::tests::start_simple_successfull_test_should_be_success
[INFO] [stdout] 
[INFO] [stdout] test result: FAILED. 15 passed; 1 failed; 2 ignored; 0 measured; 0 filtered out; finished in 0.02s
[INFO] [stdout] 
[INFO] running `Command { std: "docker" "inspect" "9a27a2ac870b83117e946519a8c75cb786a20e33abac297b3c48f6892d41fc82", kill_on_drop: false }`
[INFO] running `Command { std: "docker" "rm" "-f" "9a27a2ac870b83117e946519a8c75cb786a20e33abac297b3c48f6892d41fc82", kill_on_drop: false }`
[INFO] [stdout] 9a27a2ac870b83117e946519a8c75cb786a20e33abac297b3c48f6892d41fc82
